000
CDUS41 KCLE 300530
CLITOL


CLIMATE REPORT
NATIONAL WEATHER SERVICE CLEVELAND OH
128 AM EDT MON MAR 30 2015


...................................

...THE TOLEDO OH CLIMATE SUMMARY FOR MARCH 29 2015...

CLIMATE NORMAL PERIOD 1981 TO 2010
CLIMATE RECORD PERIOD 1873 TO 2015


WEATHER ITEM   OBSERVED TIME   RECORD YEAR NORMAL DEPARTURE LAST
                VALUE   (LST)  VALUE       VALUE  FROM      YEAR
                                                  NORMAL
..................................................................
TEMPERATURE (F)
 YESTERDAY
  MAXIMUM         45    322 PM  80    1963  53     -8       38
                                      1910
  MINIMUM         21    522 AM   8    1887  33    -12       32
  AVERAGE         33                        43    -10       35

PRECIPITATION (IN)
  YESTERDAY        0.01                      0.09  -0.08     0.03
  MONTH TO DATE    1.28                      2.29  -1.01     1.39
  SINCE MAR 1      1.28                      2.29  -1.01     1.39
  SINCE JAN 1      4.90                      6.41  -1.51     8.57

SNOWFALL (IN)
  YESTERDAY        T                         0.1   -0.1      0.2
  MONTH TO DATE    5.4                       5.5   -0.1     11.8
  SINCE MAR 1      5.4                       5.5   -0.1     11.8
  SINCE JUL 1     45.7                      36.0    9.7     85.3
  SNOW DEPTH       0

DEGREE DAYS
 HEATING
  YESTERDAY       32                        22     10       30
  MONTH TO DATE  946                       806    140     1072
  SINCE MAR 1    946                       806    140     1072
  SINCE JUL 1   6202                      5382    820     6398

 COOLING
  YESTERDAY        0                         0      0        0
  MONTH TO DATE    0                         0      0        0
  SINCE MAR 1      0                         0      0        0
  SINCE JAN 1      0                         0      0        0
..................................................................


WIND (MPH)
  HIGHEST WIND SPEED    26   HIGHEST WIND DIRECTION     S (190)
  HIGHEST GUST SPEED    40   HIGHEST GUST DIRECTION     S (200)
  AVERAGE WIND SPEED    12.1


SKY COVER
  POSSIBLE SUNSHINE  MM
  AVERAGE SKY COVER 0.3


WEATHER CONDITIONS
 THE FOLLOWING WEATHER WAS RECORDED YESTERDAY.
  LIGHT RAIN
  LIGHT SNOW
  SLEET


RELATIVE HUMIDITY (PERCENT)
 HIGHEST    68           500 AM
 LOWEST     31           200 PM
 AVERAGE    50

..........................................................


THE TOLEDO OH CLIMATE NORMALS FOR TODAY
                         NORMAL    RECORD    YEAR
 MAXIMUM TEMPERATURE (F)   53        81      1998
 MINIMUM TEMPERATURE (F)   33        12      1969
                                             1887


SUNRISE AND SUNSET
MARCH 30 2015.........SUNRISE   722 AM EDT   SUNSET   758 PM EDT
MARCH 31 2015.........SUNRISE   720 AM EDT   SUNSET   759 PM EDT


-  INDICATES NEGATIVE NUMBERS.
R  INDICATES RECORD WAS SET OR TIED.
MM INDICATES DATA IS MISSING.
T  INDICATES TRACE AMOUNT.




$$
