000
CDUS41 KCLE 280545
CLITOL


CLIMATE REPORT
NATIONAL WEATHER SERVICE CLEVELAND OH
145 AM EDT THU MAY 28 2015


...................................

...THE TOLEDO OH CLIMATE SUMMARY FOR MAY 27 2015...

CLIMATE NORMAL PERIOD 1981 TO 2010
CLIMATE RECORD PERIOD 1873 TO 2015


WEATHER ITEM   OBSERVED TIME   RECORD YEAR NORMAL DEPARTURE LAST
                VALUE   (LST)  VALUE       VALUE  FROM      YEAR
                                                  NORMAL
..................................................................
TEMPERATURE (F)
 YESTERDAY
  MAXIMUM         82   1209 PM  92    1911  75      7       89
  MINIMUM         62   1159 PM  33    1961  52     10       66
  AVERAGE         72                        63      9       78

PRECIPITATION (IN)
  YESTERDAY        0.05                      0.12  -0.07      T
  MONTH TO DATE    1.72                      3.09  -1.37     1.77
  SINCE MAR 1      5.75                      8.76  -3.01     6.47
  SINCE JAN 1      9.37                     12.88  -3.51    13.65

SNOWFALL (IN)
  YESTERDAY        0.0                       0.0    0.0      0.0
  MONTH TO DATE    0.0                       0.1   -0.1      0.0
  SINCE MAR 1      5.4                       7.1   -1.7     12.8
  SINCE JUL 1     45.7                      37.6    8.1     86.3
  SNOW DEPTH       0

DEGREE DAYS
 HEATING
  YESTERDAY        0                         4     -4        0
  MONTH TO DATE  119                       193    -74      190
  SINCE MAR 1   1592                      1519     73     1789
  SINCE JUL 1   6848                      6095    753     7115

 COOLING
  YESTERDAY        7                         2      5       13
  MONTH TO DATE   79                        33     46       52
  SINCE MAR 1     79                        41     38       54
  SINCE JAN 1     79                        41     38       54
..................................................................


WIND (MPH)
  HIGHEST WIND SPEED    29   HIGHEST WIND DIRECTION     W (250)
  HIGHEST GUST SPEED    36   HIGHEST GUST DIRECTION    SW (230)
  AVERAGE WIND SPEED     9.8


SKY COVER
  POSSIBLE SUNSHINE  MM
  AVERAGE SKY COVER 0.4


WEATHER CONDITIONS
 THE FOLLOWING WEATHER WAS RECORDED YESTERDAY.
  THUNDERSTORM
  LIGHT RAIN
  FOG


RELATIVE HUMIDITY (PERCENT)
 HIGHEST   100           900 PM
 LOWEST     54          1200 PM
 AVERAGE    77

..........................................................


THE TOLEDO OH CLIMATE NORMALS FOR TODAY
                         NORMAL    RECORD    YEAR
 MAXIMUM TEMPERATURE (F)   75        96      2012
 MINIMUM TEMPERATURE (F)   52        37      2008
                                             1971
                                             1889


SUNRISE AND SUNSET
MAY 28 2015...........SUNRISE   606 AM EDT   SUNSET   900 PM EDT
MAY 29 2015...........SUNRISE   605 AM EDT   SUNSET   900 PM EDT


-  INDICATES NEGATIVE NUMBERS.
R  INDICATES RECORD WAS SET OR TIED.
MM INDICATES DATA IS MISSING.
T  INDICATES TRACE AMOUNT.




$$
