000
CDUS41 KCLE 260530
CLITOL


CLIMATE REPORT
NATIONAL WEATHER SERVICE CLEVELAND OH
1229 AM EST FRI DEC 26 2014


...................................

...THE TOLEDO OH CLIMATE SUMMARY FOR DECEMBER 25 2014...

CLIMATE NORMAL PERIOD 1981 TO 2010
CLIMATE RECORD PERIOD 1873 TO 2014


WEATHER ITEM   OBSERVED TIME   RECORD YEAR NORMAL DEPARTURE LAST
                VALUE   (LST)  VALUE       VALUE  FROM      YEAR
                                                  NORMAL
..................................................................
TEMPERATURE (F)
 YESTERDAY
  MAXIMUM         39   1107 AM  63    1982  34      5       25
  MINIMUM         32   1159 PM -13    1983  21     11        9
  AVERAGE         36                        27      9       17

PRECIPITATION (IN)
  YESTERDAY        T                         0.08  -0.08     0.01
  MONTH TO DATE    1.00                      2.19  -1.19     2.98
  SINCE DEC 1      1.00                      2.19  -1.19     2.98
  SINCE JAN 1     31.61                     33.75  -2.14    36.74

SNOWFALL (IN)
  YESTERDAY        0.0                       0.2   -0.2      0.2
  MONTH TO DATE    T                         5.5   -5.5      9.7
  SINCE DEC 1      T                         5.5   -5.5      9.7
  SINCE JUL 1      2.8                       7.6   -4.8     10.2
  SNOW DEPTH       0

DEGREE DAYS
 HEATING
  YESTERDAY       29                        38     -9       48
  MONTH TO DATE  773                       862    -89      938
  SINCE DEC 1    773                       862    -89      938
  SINCE JUL 1   2211                      2095    116     2286

 COOLING
  YESTERDAY        0                         0      0        0
  MONTH TO DATE    0                         0      0        0
  SINCE DEC 1      0                         0      0        0
  SINCE JAN 1    654                       793   -139      793
..................................................................


WIND (MPH)
  HIGHEST WIND SPEED    26   HIGHEST WIND DIRECTION    SW (240)
  HIGHEST GUST SPEED    31   HIGHEST GUST DIRECTION    SW (240)
  AVERAGE WIND SPEED    14.7


SKY COVER
  POSSIBLE SUNSHINE  MM
  AVERAGE SKY COVER 0.9


WEATHER CONDITIONS
 THE FOLLOWING WEATHER WAS RECORDED YESTERDAY.
  LIGHT RAIN
  FOG


RELATIVE HUMIDITY (PERCENT)
 HIGHEST    92           500 AM
 LOWEST     70           100 PM
 AVERAGE    81

..........................................................


THE TOLEDO OH CLIMATE NORMALS FOR TODAY
                         NORMAL    RECORD    YEAR
 MAXIMUM TEMPERATURE (F)   34        62      1888
 MINIMUM TEMPERATURE (F)   20       -13      1944


SUNRISE AND SUNSET
DECEMBER 26 2014......SUNRISE   801 AM EST   SUNSET   511 PM EST
DECEMBER 27 2014......SUNRISE   801 AM EST   SUNSET   512 PM EST


-  INDICATES NEGATIVE NUMBERS.
R  INDICATES RECORD WAS SET OR TIED.
MM INDICATES DATA IS MISSING.
T  INDICATES TRACE AMOUNT.




$$
