000
CDUS41 KCLE 310540
CLITOL


CLIMATE REPORT
NATIONAL WEATHER SERVICE CLEVELAND OH
126 AM EDT WED AUG 31 2016


...................................

...THE TOLEDO OH CLIMATE SUMMARY FOR AUGUST 30 2016...

CLIMATE NORMAL PERIOD 1981 TO 2010
CLIMATE RECORD PERIOD 1873 TO 2016


WEATHER ITEM   OBSERVED TIME   RECORD YEAR NORMAL DEPARTURE LAST
                VALUE   (LST)  VALUE       VALUE  FROM      YEAR
                                                  NORMAL
..................................................................
TEMPERATURE (F)
 YESTERDAY
  MAXIMUM         85    311 PM  98    1953  81      4       85
  MINIMUM         60    527 AM  41    1986  59      1       67
                                      1976
                                      1946
  AVERAGE         73                        70      3       76

PRECIPITATION (IN)
  YESTERDAY        0.02                      0.09  -0.07     0.19
  MONTH TO DATE    4.89                      3.05   1.84     3.05
  SINCE JUN 1      9.55                      9.85  -0.30    16.43
  SINCE JAN 1     23.31                     23.22   0.09    28.33

SNOWFALL (IN)
  YESTERDAY        0.0                       0.0    0.0      0.0
  MONTH TO DATE    0.0                       0.0    0.0      0.0
  SINCE JUN 1      0.0                       0.0    0.0      0.0
  SINCE JUL 1      0.0                       0.0    0.0      0.0
  SNOW DEPTH       0

DEGREE DAYS
 HEATING
  YESTERDAY        0                         1     -1        0
  MONTH TO DATE    0                         6     -6       10
  SINCE JUN 1     14                        44    -30       47
  SINCE JUL 1      1                         9     -8       12

 COOLING
  YESTERDAY        8                         6      2       11
  MONTH TO DATE  314                       211    103      160
  SINCE JUN 1    813                       646    167      478
  SINCE JAN 1    882                       699    183      571
..................................................................


WIND (MPH)
  HIGHEST WIND SPEED    12   HIGHEST WIND DIRECTION     W (260)
  HIGHEST GUST SPEED    16   HIGHEST GUST DIRECTION     W (280)
  AVERAGE WIND SPEED     2.3


SKY COVER
  POSSIBLE SUNSHINE  MM
  AVERAGE SKY COVER 0.2


WEATHER CONDITIONS
 THE FOLLOWING WEATHER WAS RECORDED YESTERDAY.
  LIGHT RAIN
  FOG


RELATIVE HUMIDITY (PERCENT)
 HIGHEST   100          1200 AM
 LOWEST     44           100 PM
 AVERAGE    72

..........................................................


THE TOLEDO OH CLIMATE NORMALS FOR TODAY
                         NORMAL    RECORD    YEAR
 MAXIMUM TEMPERATURE (F)   81       101      1951
 MINIMUM TEMPERATURE (F)   59        44      1967


SUNRISE AND SUNSET
AUGUST 31 2016........SUNRISE   701 AM EDT   SUNSET   809 PM EDT
SEPTEMBER  1 2016.....SUNRISE   702 AM EDT   SUNSET   807 PM EDT


-  INDICATES NEGATIVE NUMBERS.
R  INDICATES RECORD WAS SET OR TIED.
MM INDICATES DATA IS MISSING.
T  INDICATES TRACE AMOUNT.




$$
