000
CDUS41 KCLE 250526
CLITOL


CLIMATE REPORT
NATIONAL WEATHER SERVICE CLEVELAND OH
126 AM EDT WED MAY 25 2016


...................................

...THE TOLEDO OH CLIMATE SUMMARY FOR MAY 24 2016...

CLIMATE NORMAL PERIOD 1981 TO 2010
CLIMATE RECORD PERIOD 1873 TO 2016


WEATHER ITEM   OBSERVED TIME   RECORD YEAR NORMAL DEPARTURE LAST
                VALUE   (LST)  VALUE       VALUE  FROM      YEAR
                                                  NORMAL
..................................................................
TEMPERATURE (F)
 YESTERDAY
  MAXIMUM         85    244 PM  90    2007  74     11       81
  MINIMUM         47    451 AM  31    1963  51     -4       48
  AVERAGE         66                        62      4       65

PRECIPITATION (IN)
  YESTERDAY        0.00                      0.12  -0.12     0.00
  MONTH TO DATE    1.43                      2.73  -1.30     1.54
  SINCE MAR 1     10.53                      8.40   2.13     5.57
  SINCE JAN 1     13.75                     12.52   1.23     9.19

SNOWFALL (IN)
  YESTERDAY        0.0                       0.0    0.0      0.0
  MONTH TO DATE    0.0                       0.1   -0.1      0.0
  SINCE MAR 1     11.4                       7.1    4.3      5.4
  SINCE JUL 1     26.4                      37.6  -11.2     45.7
  SNOW DEPTH       0

DEGREE DAYS
 HEATING
  YESTERDAY        0                         5     -5        0
  MONTH TO DATE  224                       180     44      119
  SINCE MAR 1   1446                      1506    -60     1592
  SINCE JUL 1   5344                      6082   -738     6848

 COOLING
  YESTERDAY        1                         2     -1        0
  MONTH TO DATE    3                        27    -24       54
  SINCE MAR 1      3                        35    -32       54
  SINCE JAN 1      3                        35    -32       54
..................................................................


WIND (MPH)
  HIGHEST WIND SPEED    17   HIGHEST WIND DIRECTION     W (250)
  HIGHEST GUST SPEED    22   HIGHEST GUST DIRECTION     W (250)
  AVERAGE WIND SPEED     6.0


SKY COVER
  POSSIBLE SUNSHINE  MM
  AVERAGE SKY COVER 0.0


WEATHER CONDITIONS
 THE FOLLOWING WEATHER WAS RECORDED YESTERDAY.
  NO SIGNIFICANT WEATHER WAS OBSERVED.


RELATIVE HUMIDITY (PERCENT)
 HIGHEST    93           300 AM
 LOWEST     23           300 PM
 AVERAGE    58

..........................................................


THE TOLEDO OH CLIMATE NORMALS FOR TODAY
                         NORMAL    RECORD    YEAR
 MAXIMUM TEMPERATURE (F)   74        92      2012
 MINIMUM TEMPERATURE (F)   51        33      1963


SUNRISE AND SUNSET
MAY 25 2016...........SUNRISE   607 AM EDT   SUNSET   858 PM EDT
MAY 26 2016...........SUNRISE   606 AM EDT   SUNSET   859 PM EDT


-  INDICATES NEGATIVE NUMBERS.
R  INDICATES RECORD WAS SET OR TIED.
MM INDICATES DATA IS MISSING.
T  INDICATES TRACE AMOUNT.




$$
