000
CDUS43 KTOP 230632
CLITOP


CLIMATE REPORT
NATIONAL WEATHER SERVICE TOPEKA KS
132 AM CDT WED APR 23 2014


...................................

...THE TOPEKA KS CLIMATE SUMMARY FOR APRIL 22 2014...

CLIMATE NORMAL PERIOD 1981 TO 2010
CLIMATE RECORD PERIOD 1887 TO 2014


WEATHER ITEM   OBSERVED TIME   RECORD YEAR NORMAL DEPARTURE LAST
                VALUE   (LST)  VALUE       VALUE  FROM      YEAR
                                                  NORMAL
..................................................................
TEMPERATURE (F)
 YESTERDAY
  MAXIMUM         74    448 PM  94    1953  69      5       64
  MINIMUM         45    604 AM  26    1986  46     -1       38
  AVERAGE         60                        57      3       51

PRECIPITATION (IN)
  YESTERDAY        0.00          2.36 1944   0.13  -0.13     0.20
  MONTH TO DATE    1.39                      2.42  -1.03     2.36
  SINCE MAR 1      2.12                      4.91  -2.79     4.37
  SINCE JAN 1      3.78                      7.09  -3.31     6.81

SNOWFALL (IN)
  YESTERDAY        0.0           T    1930   0.0    0.0      0.0
  MONTH TO DATE    0.1                       0.3   -0.2      T
  SINCE JAN 1     23.1                      11.3   11.8     23.9
  SINCE JUL 1     27.4                      17.8    9.6     29.3
  SNOW DEPTH       0

DEGREE DAYS
 HEATING
  YESTERDAY        5                         9     -4       14
  MONTH TO DATE  262                       262      0      350
  SINCE MAR 1    972                       890     82     1114
  SINCE JUL 1   5294                      4857    437     4671

 COOLING
  YESTERDAY        0                         1     -1        0
  MONTH TO DATE   10                        15     -5        0
  SINCE MAR 1     10                        18     -8        0
  SINCE JAN 1     10                        18     -8        0
..................................................................


WIND (MPH)
  HIGHEST WIND SPEED    14   HIGHEST WIND DIRECTION    NE (50)
  HIGHEST GUST SPEED    18   HIGHEST GUST DIRECTION     N (350)
  AVERAGE WIND SPEED     5.3


SKY COVER
  AVERAGE SKY COVER 0.0


WEATHER CONDITIONS
 THE FOLLOWING WEATHER WAS RECORDED YESTERDAY.
  NO SIGNIFICANT WEATHER WAS OBSERVED.


RELATIVE HUMIDITY (PERCENT)
 HIGHEST    66           700 AM
 LOWEST     20           400 PM
 AVERAGE    43

..........................................................


THE TOPEKA KS CLIMATE NORMALS FOR TODAY
                         NORMAL    RECORD    YEAR
 MAXIMUM TEMPERATURE (F)   69        92      1939
 MINIMUM TEMPERATURE (F)   46        30      1982
                                             1956


SUNRISE AND SUNSET
APRIL 23 2014.........SUNRISE   635 AM CDT   SUNSET   808 PM CDT
APRIL 24 2014.........SUNRISE   633 AM CDT   SUNSET   809 PM CDT


-  INDICATES NEGATIVE NUMBERS.
R  INDICATES RECORD WAS SET OR TIED.
MM INDICATES DATA IS MISSING.
T  INDICATES TRACE AMOUNT.




$$
