000
CDUS43 KTOP 270638
CLITOP


CLIMATE REPORT
NATIONAL WEATHER SERVICE TOPEKA KS
1238 AM CST MON FEB 27 2017


...................................

...THE TOPEKA KS CLIMATE SUMMARY FOR FEBRUARY 26 2017...

CLIMATE NORMAL PERIOD 1981 TO 2010
CLIMATE RECORD PERIOD 1887 TO 2017


WEATHER ITEM   OBSERVED TIME   RECORD YEAR NORMAL DEPARTURE LAST
                VALUE   (LST)  VALUE       VALUE  FROM      YEAR
                                                  NORMAL
..................................................................
TEMPERATURE (F)
 YESTERDAY
  MAXIMUM         54    414 PM  78    1896  49      5       61
  MINIMUM         32   1154 PM  -4    1934  27      5       20
  AVERAGE         43                        38      5       41

PRECIPITATION (IN)
  YESTERDAY        T             0.65 1913   0.05  -0.05     0.00
  MONTH TO DATE    0.11                      1.21  -1.10     0.37
  SINCE DEC 1      2.44                      3.42  -0.98     3.98
  SINCE JAN 1      1.39                      2.07  -0.68     1.27

SNOWFALL (IN)
  YESTERDAY        T             4.3  1989   0.1   -0.1      0.0
  MONTH TO DATE    T                         4.3   -4.3      0.2
  SINCE JAN 1      2.2                       9.2   -7.0      2.3
  SINCE JUL 1      5.3                      15.7  -10.4      3.5
  SNOW DEPTH       0

DEGREE DAYS
 HEATING
  YESTERDAY       22                        27     -5       24
  MONTH TO DATE  546                       804   -258      654
  SINCE DEC 1   2580                      2920   -340     2474
  SINCE JUL 1   3153                      3914   -761     3210

 COOLING
  YESTERDAY        0                         0      0        0
  MONTH TO DATE    0                         0      0        0
  SINCE DEC 1      0                         0      0        0
  SINCE JAN 1      0                         0      0        0
..................................................................


WIND (MPH)
  HIGHEST WIND SPEED    18   HIGHEST WIND DIRECTION     S (200)
  HIGHEST GUST SPEED    24   HIGHEST GUST DIRECTION     S (200)
  AVERAGE WIND SPEED     6.1


SKY COVER
  AVERAGE SKY COVER 0.4


WEATHER CONDITIONS
 THE FOLLOWING WEATHER WAS RECORDED YESTERDAY.
  LIGHT SNOW
  FOG


RELATIVE HUMIDITY (PERCENT)
 HIGHEST    96           800 AM
 LOWEST     32           400 PM
 AVERAGE    64

..........................................................


THE TOPEKA KS CLIMATE NORMALS FOR TODAY
                         NORMAL    RECORD    YEAR
 MAXIMUM TEMPERATURE (F)   50        76      1932
 MINIMUM TEMPERATURE (F)   28        -8      1934


SUNRISE AND SUNSET
FEBRUARY 27 2017......SUNRISE   658 AM CST   SUNSET   613 PM CST
FEBRUARY 28 2017......SUNRISE   656 AM CST   SUNSET   614 PM CST


-  INDICATES NEGATIVE NUMBERS.
R  INDICATES RECORD WAS SET OR TIED.
MM INDICATES DATA IS MISSING.
T  INDICATES TRACE AMOUNT.




$$
