000
CDUS45 KCYS 120730
CLITOR


CLIMATE REPORT
NATIONAL WEATHER SERVICE CHEYENNE WY
1229 AM MST FRI FEB 12 2016


...................................

...THE TORRINGTON WY AIRPORT CLIMATE SUMMARY FOR FEBRUARY 11 2016...

CLIMATE NORMAL PERIOD 1981 TO 2010
CLIMATE RECORD PERIOD 1998 TO 2016


WEATHER ITEM   OBSERVED TIME   RECORD YEAR NORMAL DEPARTURE LAST
                VALUE   (LST)  VALUE       VALUE  FROM      YEAR
                                                  NORMAL
..................................................................
TEMPERATURE (F)
 YESTERDAY
  MAXIMUM         57    323 PM  59    2005  44     13       55
  MINIMUM         27    326 AM  -8    2014  16     11       24
  AVERAGE         42                        30     12       40

PRECIPITATION (IN)
  YESTERDAY        0.00          0.03 2012   0.01  -0.01     0.00
  MONTH TO DATE    0.01                      0.12  -0.11     0.38
  SINCE JAN 1      0.15                      0.38  -0.23     0.62

DEGREE DAYS
 HEATING
  YESTERDAY       23                        35    -12       25
  MONTH TO DATE  372                       389    -17      272
  SINCE DEC 1   2600                      2701   -101     2565
  SINCE JUL 1   3891                      4284   -393     4097

 COOLING
  YESTERDAY        0                         0      0        0
  MONTH TO DATE    0                         0      0        0
  SINCE DEC 1      0                         0      0        0
  SINCE JAN 1      0                         0      0        0
..................................................................


WIND (MPH)
  HIGHEST WIND SPEED    29   HIGHEST WIND DIRECTION    NW (320)
  HIGHEST GUST SPEED    38   HIGHEST GUST DIRECTION    NW (310)
  AVERAGE WIND SPEED    10.8


SKY COVER
  AVERAGE SKY COVER 0.0


WEATHER CONDITIONS
 THE FOLLOWING WEATHER WAS RECORDED YESTERDAY.
  NO SIGNIFICANT WEATHER WAS OBSERVED.


RELATIVE HUMIDITY (PERCENT)
 HIGHEST    85          1100 PM
 LOWEST     26          1200 PM
 AVERAGE    56

..........................................................


THE TORRINGTON WY AIRPORT CLIMATE NORMALS FOR TODAY
                         NORMAL    RECORD    YEAR
 MAXIMUM TEMPERATURE (F)   44        62      2015
 MINIMUM TEMPERATURE (F)   17        -4      2004


SUNRISE AND SUNSET
FEBRUARY 12 2016......SUNRISE   657 AM MST   SUNSET   525 PM MST
FEBRUARY 13 2016......SUNRISE   656 AM MST   SUNSET   526 PM MST


-  INDICATES NEGATIVE NUMBERS.
R  INDICATES RECORD WAS SET OR TIED.
MM INDICATES DATA IS MISSING.
T  INDICATES TRACE AMOUNT.




$$
