000
CDUS45 KCYS 300731
CLITOR


CLIMATE REPORT
NATIONAL WEATHER SERVICE CHEYENNE WY
130 AM MDT SAT APR 30 2016


...................................

...THE TORRINGTON WY AIRPORT CLIMATE SUMMARY FOR APRIL 29 2016...

CLIMATE NORMAL PERIOD 1981 TO 2010
CLIMATE RECORD PERIOD 1998 TO 2016


WEATHER ITEM   OBSERVED TIME   RECORD YEAR NORMAL DEPARTURE LAST
                VALUE   (LST)  VALUE       VALUE  FROM      YEAR
                                                  NORMAL
..................................................................
TEMPERATURE (F)
 YESTERDAY
  MAXIMUM         44    139 PM  86    2007  66    -22       77
  MINIMUM         32   1159 PM  22    2005  37     -5       38
  AVERAGE         38                        51    -13       58

PRECIPITATION (IN)
  YESTERDAY        0.29R         0.15 2003   0.07   0.22     0.00
  MONTH TO DATE    2.51                      1.59   0.92     3.07
  SINCE JAN 1      5.02                      2.94   2.08     3.98

DEGREE DAYS
 HEATING
  YESTERDAY       27                        14     13        7
  MONTH TO DATE  492                       532    -40      506
  SINCE MAR 1   1215                      1372   -157     1152
  SINCE JUL 1   5532                      6216   -684     5866

 COOLING
  YESTERDAY        0                         0      0        0
  MONTH TO DATE    0                         0      0        0
  SINCE MAR 1      0                         0      0        0
  SINCE JAN 1      0                         0      0        0
..................................................................


WIND (MPH)
  HIGHEST WIND SPEED    20   HIGHEST WIND DIRECTION     E (80)
  HIGHEST GUST SPEED    23   HIGHEST GUST DIRECTION     E (80)
  AVERAGE WIND SPEED     7.4


SKY COVER
  AVERAGE SKY COVER 1.0


WEATHER CONDITIONS
 THE FOLLOWING WEATHER WAS RECORDED YESTERDAY.
  LIGHT RAIN
  LIGHT SNOW
  FOG


RELATIVE HUMIDITY (PERCENT)
 HIGHEST   100           100 AM
 LOWEST     65           100 PM
 AVERAGE    83

..........................................................


THE TORRINGTON WY AIRPORT CLIMATE NORMALS FOR TODAY
                         NORMAL    RECORD    YEAR
 MAXIMUM TEMPERATURE (F)   66        82      2007
 MINIMUM TEMPERATURE (F)   37        23      2005


SUNRISE AND SUNSET
APRIL 30 2016.........SUNRISE   553 AM MDT   SUNSET   755 PM MDT
MAY  1 2016...........SUNRISE   552 AM MDT   SUNSET   756 PM MDT


-  INDICATES NEGATIVE NUMBERS.
R  INDICATES RECORD WAS SET OR TIED.
MM INDICATES DATA IS MISSING.
T  INDICATES TRACE AMOUNT.




$$
