000
CDUS45 KCYS 210321
CLITOR


CLIMATE REPORT
NATIONAL WEATHER SERVICE CHEYENNE WY
921 PM MDT SAT SEP 20 2014


...................................

...THE TORRINGTON WY AIRPORT CLIMATE SUMMARY FOR SEPTEMBER 20 2014...
VALID TODAY AS OF 0900 PM LOCAL TIME.

CLIMATE NORMAL PERIOD 1981 TO 2010
CLIMATE RECORD PERIOD 1998 TO 2014


WEATHER ITEM   OBSERVED TIME   RECORD YEAR NORMAL DEPARTURE LAST
                VALUE   (LST)  VALUE       VALUE  FROM      YEAR
                                                  NORMAL
..................................................................
TEMPERATURE (F)
 TODAY
  MAXIMUM         83    210 PM  93    2010  75      8       75
  MINIMUM         50    623 AM  37    2013  42      8       37
  AVERAGE         67                        59      8       56

PRECIPITATION (IN)
  TODAY            0.00          0.46 2004   0.05  -0.05     0.00
  MONTH TO DATE    0.47                      0.90  -0.43     1.59
  SINCE JAN 1     14.63                     11.86   2.77     8.40

DEGREE DAYS
 HEATING
  TODAY            0                         7     -7        9
  MONTH TO DATE  114                        82     32       34
  SINCE SEP 1    114                        82     32       34
  SINCE JUL 1    129                       104     25       36

 COOLING
  TODAY            2                         1      1        0
  MONTH TO DATE   31                        42    -11      117
  SINCE SEP 1     31                        42    -11      117
  SINCE JAN 1    568                       675   -107      890
..................................................................


WIND (MPH)
  HIGHEST WIND SPEED    20   HIGHEST WIND DIRECTION     N (20)
  HIGHEST GUST SPEED    23   HIGHEST GUST DIRECTION     N (20)
  AVERAGE WIND SPEED     9.1


SKY COVER
  AVERAGE SKY COVER 0.0


WEATHER CONDITIONS
 THE FOLLOWING WEATHER WAS RECORDED TODAY.
  NO SIGNIFICANT WEATHER WAS OBSERVED.


RELATIVE HUMIDITY (PERCENT)
 HIGHEST    83           500 AM
 LOWEST     26           200 PM
 AVERAGE    55

..........................................................


THE TORRINGTON WY AIRPORT CLIMATE NORMALS FOR TOMORROW
                         NORMAL    RECORD    YEAR
 MAXIMUM TEMPERATURE (F)   75        89      2013
 MINIMUM TEMPERATURE (F)   42        32      2011
                                             1999


SUNRISE AND SUNSET
SEPTEMBER 20 2014.....SUNRISE   642 AM MDT   SUNSET   657 PM MDT
SEPTEMBER 21 2014.....SUNRISE   643 AM MDT   SUNSET   656 PM MDT


-  INDICATES NEGATIVE NUMBERS.
R  INDICATES RECORD WAS SET OR TIED.
MM INDICATES DATA IS MISSING.
T  INDICATES TRACE AMOUNT.




$$
