000
CDUS45 KCYS 290727
CLITOR


CLIMATE REPORT
NATIONAL WEATHER SERVICE CHEYENNE WY
127 AM MDT WED JUL 29 2015


...................................

...THE TORRINGTON WY AIRPORT CLIMATE SUMMARY FOR JULY 28 2015...

CLIMATE NORMAL PERIOD 1981 TO 2010
CLIMATE RECORD PERIOD 1998 TO 2015


WEATHER ITEM   OBSERVED TIME   RECORD YEAR NORMAL DEPARTURE LAST
                VALUE   (LST)  VALUE       VALUE  FROM      YEAR
                                                  NORMAL
..................................................................
TEMPERATURE (F)
 YESTERDAY
  MAXIMUM         83    510 PM 104    2006  91     -8       90
  MINIMUM         51R   526 AM  54    2005  59     -8       57
  AVERAGE         67                        75     -8       74

PRECIPITATION (IN)
  YESTERDAY        0.00          0.42 2007   0.06  -0.06     0.00
  MONTH TO DATE    1.92                      1.62   0.30     1.19
  SINCE JAN 1     15.43                      9.51   5.92    11.30

DEGREE DAYS
 HEATING
  YESTERDAY        0                         0      0        0
  MONTH TO DATE    8                         0      8        7
  SINCE JUN 1     11                        75    -64       85
  SINCE JUL 1      8                         0      8        7

 COOLING
  YESTERDAY        2                        10     -8        9
  MONTH TO DATE  205                       253    -48      244
  SINCE JUN 1    355                       369    -14      306
  SINCE JAN 1    355                       387    -32      322
..................................................................


WIND (MPH)
  HIGHEST WIND SPEED    22   HIGHEST WIND DIRECTION     W (290)
  HIGHEST GUST SPEED    31   HIGHEST GUST DIRECTION     W (290)
  AVERAGE WIND SPEED     8.9


SKY COVER
  AVERAGE SKY COVER 0.0


WEATHER CONDITIONS
 THE FOLLOWING WEATHER WAS RECORDED YESTERDAY.
  HAZE


RELATIVE HUMIDITY (PERCENT)
 HIGHEST    83           500 AM
 LOWEST     11           500 PM
 AVERAGE    47

..........................................................


THE TORRINGTON WY AIRPORT CLIMATE NORMALS FOR TODAY
                         NORMAL    RECORD    YEAR
 MAXIMUM TEMPERATURE (F)   91       102      2006
 MINIMUM TEMPERATURE (F)   59        50      2004


SUNRISE AND SUNSET
JULY 29 2015..........SUNRISE   547 AM MDT   SUNSET   819 PM MDT
JULY 30 2015..........SUNRISE   548 AM MDT   SUNSET   818 PM MDT


-  INDICATES NEGATIVE NUMBERS.
R  INDICATES RECORD WAS SET OR TIED.
MM INDICATES DATA IS MISSING.
T  INDICATES TRACE AMOUNT.




$$
