000
CDUS45 KCYS 260726
CLITOR


CLIMATE REPORT
NATIONAL WEATHER SERVICE CHEYENNE WY
126 AM MDT SAT JUL 26 2014


...................................

...THE TORRINGTON WY AIRPORT CLIMATE SUMMARY FOR JULY 25 2014...

CLIMATE NORMAL PERIOD 1981 TO 2010
CLIMATE RECORD PERIOD 1998 TO 2014


WEATHER ITEM   OBSERVED TIME   RECORD YEAR NORMAL DEPARTURE LAST
                VALUE   (LST)  VALUE       VALUE  FROM      YEAR
                                                  NORMAL
..................................................................
TEMPERATURE (F)
 YESTERDAY
  MAXIMUM         88    317 PM 105    2003  91     -3       87
  MINIMUM         61    511 AM  49    2004  59      2       58
  AVERAGE         75                        75      0       73

PRECIPITATION (IN)
  YESTERDAY        0.02          1.63 2005   0.05  -0.03     0.00
  MONTH TO DATE    1.19                      1.45  -0.26     0.42
  SINCE JAN 1     11.30                      9.34   1.96     5.84

DEGREE DAYS
 HEATING
  YESTERDAY        0                         0      0        0
  MONTH TO DATE    7                         0      7        0
  SINCE JUN 1     85                        75     10       34
  SINCE JUL 1      7                         0      7        0

 COOLING
  YESTERDAY       10                        10      0        8
  MONTH TO DATE  214                       223     -9      258
  SINCE JUN 1    276                       339    -63      418
  SINCE JAN 1    292                       357    -65      457
..................................................................


WIND (MPH)
  HIGHEST WIND SPEED    21   HIGHEST WIND DIRECTION    SE (130)
  HIGHEST GUST SPEED    35   HIGHEST GUST DIRECTION    SE (140)
  AVERAGE WIND SPEED     9.8


SKY COVER
  AVERAGE SKY COVER 0.0


WEATHER CONDITIONS
 THE FOLLOWING WEATHER WAS RECORDED YESTERDAY.
  THUNDERSTORM
  LIGHT RAIN


RELATIVE HUMIDITY (PERCENT)
 HIGHEST    73           500 AM
 LOWEST     24          1200 PM
 AVERAGE    49

..........................................................


THE TORRINGTON WY AIRPORT CLIMATE NORMALS FOR TODAY
                         NORMAL    RECORD    YEAR
 MAXIMUM TEMPERATURE (F)   91        99      2010
 MINIMUM TEMPERATURE (F)   59        48      2005


SUNRISE AND SUNSET
JULY 26 2014..........SUNRISE   544 AM MDT   SUNSET   822 PM MDT
JULY 27 2014..........SUNRISE   545 AM MDT   SUNSET   821 PM MDT


-  INDICATES NEGATIVE NUMBERS.
R  INDICATES RECORD WAS SET OR TIED.
MM INDICATES DATA IS MISSING.
T  INDICATES TRACE AMOUNT.




$$
