000
CDUS42 KTBW 250838
CLITPA


CLIMATE REPORT
NATIONAL WEATHER SERVICE TAMPA BAY FL
437 AM EDT MON JUL 25 2016


...................................

...THE TAMPA CLIMATE SUMMARY FOR JULY 24 2016...

CLIMATE NORMAL PERIOD 1981 TO 2010
CLIMATE RECORD PERIOD 1890 TO 2016


WEATHER ITEM   OBSERVED TIME   RECORD YEAR NORMAL DEPARTURE LAST
                VALUE   (LST)  VALUE       VALUE  FROM      YEAR
                                                  NORMAL
..................................................................
TEMPERATURE (F)
 YESTERDAY
  MAXIMUM         90    140 PM  96    1987  90      0       84
                                      1961
  MINIMUM         73    439 PM  65    1913  76     -3       74
                                      1890
  AVERAGE         82                        83     -1       79

PRECIPITATION (IN)
  YESTERDAY        1.31          3.76 1945   0.22   1.09     2.56
  MONTH TO DATE    3.23                      5.50  -2.27     5.76
  SINCE JUN 1     14.71                     12.18   2.53    11.99
  SINCE JAN 1     30.61                     24.38   6.23    32.88

DEGREE DAYS
 HEATING
  YESTERDAY        0                         0      0        0
  MONTH TO DATE    0                         0      0        0
  SINCE JUN 1      0                         0      0        0
  SINCE JUL 1      0                         0      0        0

 COOLING
  YESTERDAY       17                        18     -1       14
  MONTH TO DATE  485                       432     53      457
  SINCE JUN 1   1036                       948     88     1000
  SINCE JAN 1   2056                      1825    231     2221
..................................................................


WIND (MPH)
  RESULTANT WIND SPEED   3   RESULTANT WIND DIRECTION  SW (210)
  HIGHEST WIND SPEED    18   HIGHEST WIND DIRECTION     N (340)
  HIGHEST GUST SPEED    25   HIGHEST GUST DIRECTION    SE (130)
  AVERAGE WIND SPEED     5.5


SKY COVER
  POSSIBLE SUNSHINE  MM
  AVERAGE SKY COVER 0.4


WEATHER CONDITIONS
 THE FOLLOWING WEATHER WAS RECORDED YESTERDAY.
  THUNDERSTORM
  HEAVY RAIN
  RAIN
  LIGHT RAIN
  FOG


RELATIVE HUMIDITY (PERCENT)
 HIGHEST    94          1100 PM
 LOWEST     59           100 PM
 AVERAGE    77

..........................................................


THE TAMPA CLIMATE NORMALS FOR TODAY
                         NORMAL    RECORD    YEAR
 MAXIMUM TEMPERATURE (F)   90        96      1931
 MINIMUM TEMPERATURE (F)   76        67      1934


SUNRISE AND SUNSET
JULY 25 2016..........SUNRISE   649 AM EDT   SUNSET   824 PM EDT
JULY 26 2016..........SUNRISE   650 AM EDT   SUNSET   823 PM EDT


-  INDICATES NEGATIVE NUMBERS.
R  INDICATES RECORD WAS SET OR TIED.
MM INDICATES DATA IS MISSING.
T  INDICATES TRACE AMOUNT.




$$


&&
------------------------------------------------------------------
******************** SUPPLEMENTAL DATA ***************************

...RUSKIN                HIGH 91    LOW 73    PCPN 0.16
...SARASOTA/BRADENTON    HIGH 91    LOW 76    PCPN 0.38
...ST. PETERSBURG        HIGH 88    LOW 79    PCPN 0.02
...GULF WATER TEMPERATURE AT CLEARWATER BEACH 87 DEGREES
