000
CDUS42 KTBW 282124
CLITPA


CLIMATE REPORT
NATIONAL WEATHER SERVICE TAMPA BAY FL
521 PM EDT SUN MAY 28 2017


...................................

...THE TAMPA CLIMATE SUMMARY FOR MAY 28 2017...
VALID TODAY AS OF 0500 PM LOCAL TIME.

CLIMATE NORMAL PERIOD 1981 TO 2010
CLIMATE RECORD PERIOD 1890 TO 2017


WEATHER ITEM   OBSERVED TIME   RECORD YEAR NORMAL DEPARTURE LAST
                VALUE   (LST)  VALUE       VALUE  FROM      YEAR
                                                  NORMAL
..................................................................
TEMPERATURE (F)
 TODAY
  MAXIMUM         92   1243 PM  97    1989  89      3       89
  MINIMUM         72    557 AM  59    1934  73     -1       73
  AVERAGE         82                        81      1       81

PRECIPITATION (IN)
  TODAY            0.00          1.60 2014   0.09  -0.09     0.00
  MONTH TO DATE    1.48                      1.79  -0.31     3.76
  SINCE MAR 1      3.06                      6.85  -3.79     7.19
  SINCE JAN 1      6.02                     11.89  -5.87    15.90

DEGREE DAYS
 HEATING
  TODAY            0                         0      0        0
  MONTH TO DATE    0                         0      0        0
  SINCE MAR 1     28                        67    -39       15
  SINCE JUL 1    164                       538   -374      323

 COOLING
  TODAY           17                        16      1       16
  MONTH TO DATE  444                       370     74      381
  SINCE MAR 1   1003                       717    286      890
  SINCE JAN 1   1256                       830    426      968
..................................................................


WIND (MPH)
  RESULTANT WIND SPEED   7   RESULTANT WIND DIRECTION  NW (300)
  HIGHEST WIND SPEED    18   HIGHEST WIND DIRECTION     W (280)
  HIGHEST GUST SPEED    25   HIGHEST GUST DIRECTION     W (290)
  AVERAGE WIND SPEED     8.0


SKY COVER
  POSSIBLE SUNSHINE  MM
  AVERAGE SKY COVER 0.2


WEATHER CONDITIONS
 THE FOLLOWING WEATHER WAS RECORDED TODAY.
  NO SIGNIFICANT WEATHER WAS OBSERVED.


RELATIVE HUMIDITY (PERCENT)
 HIGHEST    93           600 AM
 LOWEST     44           100 PM

..........................................................


THE TAMPA CLIMATE NORMALS FOR TOMORROW
                         NORMAL    RECORD    YEAR
 MAXIMUM TEMPERATURE (F)   89        96      2006
 MINIMUM TEMPERATURE (F)   73        64      1968


SUNRISE AND SUNSET
MAY 28 2017...........SUNRISE   635 AM EDT   SUNSET   820 PM EDT
MAY 29 2017...........SUNRISE   635 AM EDT   SUNSET   821 PM EDT


-  INDICATES NEGATIVE NUMBERS.
R  INDICATES RECORD WAS SET OR TIED.
MM INDICATES DATA IS MISSING.
T  INDICATES TRACE AMOUNT.




$$


&&
------------------------------------------------------------------
******************** SUPPLEMENTAL DATA ***************************

...RUSKIN                HIGH 89    LOW 66    PCPN 0.00
...SARASOTA/BRADENTON    HIGH 89    LOW 71    PCPN 0.00
...LAKELAND*             HIGH 95    LOW 58    PCPN 0.00
...ST. PETERSBURG        HIGH 88    LOW 76    PCPN 0.00
...GULF WATER TEMPERATURE AT CLEARWATER BEACH 83 DEGREES

*LAKELAND DATA IS FROM 4:30 PM SATURDAY TO 4:30 PM SUNDAY
AND MAY REFLECT YESTERDAYS RAINFALL AND HIGH TEMPERATURE.
