000
CDUS42 KTBW 282214
CLITPA


CLIMATE REPORT
NATIONAL WEATHER SERVICE TAMPA BAY FL
513 PM EST SAT FEB 28 2015


...................................

...THE TAMPA CLIMATE SUMMARY FOR FEBRUARY 28 2015...
VALID TODAY AS OF 0500 PM LOCAL TIME.

CLIMATE NORMAL PERIOD 1981 TO 2010
CLIMATE RECORD PERIOD 1890 TO 2015


WEATHER ITEM   OBSERVED TIME   RECORD YEAR NORMAL DEPARTURE LAST
                VALUE   (LST)  VALUE       VALUE  FROM      YEAR
                                                  NORMAL
..................................................................
TEMPERATURE (F)
 TODAY
  MAXIMUM         67    459 PM  86    1997  74     -7       66
  MINIMUM         56    416 AM  30    1935  56      0       48
  AVERAGE         62                        65     -3       57

PRECIPITATION (IN)
  TODAY            2.19          3.14 1946   0.09   2.10     0.00
  MONTH TO DATE    6.41                      2.81   3.60     1.81
  SINCE DEC 1      9.73                      7.51   2.22     5.76
  SINCE JAN 1      8.16                      5.04   3.12     4.95

DEGREE DAYS
 HEATING
  TODAY            3                         3      0        8
  MONTH TO DATE  151                       107     44       78
  SINCE DEC 1    367                       427    -60      366
  SINCE JUL 1    455                       471    -16      396

 COOLING
  TODAY            0                         3     -3        0
  MONTH TO DATE   11                        63    -52       83
  SINCE DEC 1    162                       193    -31      254
  SINCE JAN 1     67                       113    -46      104
..................................................................


WIND (MPH)
  RESULTANT WIND SPEED   8   RESULTANT WIND DIRECTION  NE (40)
  HIGHEST WIND SPEED    14   HIGHEST WIND DIRECTION    NE (30)
  HIGHEST GUST SPEED    19   HIGHEST GUST DIRECTION    NE (50)
  AVERAGE WIND SPEED     8.0


SKY COVER
  POSSIBLE SUNSHINE  MM
  AVERAGE SKY COVER 1.0


WEATHER CONDITIONS
 THE FOLLOWING WEATHER WAS RECORDED TODAY.
  HEAVY RAIN
  RAIN
  LIGHT RAIN
  FOG


RELATIVE HUMIDITY (PERCENT)
 HIGHEST    93          1100 AM
 LOWEST     77          1200 AM

..........................................................


THE TAMPA CLIMATE NORMALS FOR TOMORROW
                         NORMAL    RECORD    YEAR
 MAXIMUM TEMPERATURE (F)   74        88      1997
 MINIMUM TEMPERATURE (F)   56        36      1984
                                             1968
                                             1920


SUNRISE AND SUNSET
FEBRUARY 28 2015......SUNRISE   656 AM EST   SUNSET   630 PM EST
MARCH  1 2015.........SUNRISE   655 AM EST   SUNSET   630 PM EST


-  INDICATES NEGATIVE NUMBERS.
R  INDICATES RECORD WAS SET OR TIED.
MM INDICATES DATA IS MISSING.
T  INDICATES TRACE AMOUNT.




$$


&&
------------------------------------------------------------------
******************** SUPPLEMENTAL DATA ***************************

...RUSKIN                HIGH 66    LOW 56    PCPN 1.43
...SARASOTA/BRADENTON    HIGH 71    LOW 56    PCPN    T
...LAKELAND              HIGH 64    LOW 50    PCPN 0.84
...ST. PETERSBURG        HIGH 65    LOW 57    PCPN 1.00
...GULF WATER TEMPERATURE AT CLEARWATER BEACH 61
