000
CDUS42 KTBW 302121
CLITPA


CLIMATE REPORT
NATIONAL WEATHER SERVICE TAMPA BAY FL
519 PM EDT SAT APR 30 2016


...................................

...THE TAMPA CLIMATE SUMMARY FOR APRIL 30 2016...
VALID TODAY AS OF 0500 PM LOCAL TIME.

CLIMATE NORMAL PERIOD 1981 TO 2010
CLIMATE RECORD PERIOD 1890 TO 2016


WEATHER ITEM   OBSERVED TIME   RECORD YEAR NORMAL DEPARTURE LAST
                VALUE   (LST)  VALUE       VALUE  FROM      YEAR
                                                  NORMAL
..................................................................
TEMPERATURE (F)
 TODAY
  MAXIMUM         89    357 PM  93    1975  84      5       79
  MINIMUM         74    548 AM  48    1965  66      8       68
  AVERAGE         82                        75      7       74

PRECIPITATION (IN)
  TODAY            0.00          2.20 1996   0.05  -0.05      T
  MONTH TO DATE    1.67                      2.03  -0.36     4.82
  SINCE MAR 1      3.43                      5.06  -1.63     5.85
  SINCE JAN 1     12.14                     10.10   2.04    14.15

DEGREE DAYS
 HEATING
  TODAY            0                         0      0        0
  MONTH TO DATE    0                         9     -9        0
  SINCE MAR 1     15                        67    -52       12
  SINCE JUL 1    323                       538   -215      467

 COOLING
  TODAY           17                        10      7        9
  MONTH TO DATE  294                       221     73      399
  SINCE MAR 1    509                       347    162      665
  SINCE JAN 1    587                       460    127      732
..................................................................


WIND (MPH)
  RESULTANT WIND SPEED   5   RESULTANT WIND DIRECTION  SE (150)
  HIGHEST WIND SPEED    13   HIGHEST WIND DIRECTION     S (170)
  HIGHEST GUST SPEED    19   HIGHEST GUST DIRECTION     S (170)
  AVERAGE WIND SPEED     5.5


SKY COVER
  POSSIBLE SUNSHINE  MM
  AVERAGE SKY COVER 0.7


WEATHER CONDITIONS
 THE FOLLOWING WEATHER WAS RECORDED TODAY.
  NO SIGNIFICANT WEATHER WAS OBSERVED.


RELATIVE HUMIDITY (PERCENT)
 HIGHEST    79           200 AM
 LOWEST     46           200 PM

..........................................................


THE TAMPA CLIMATE NORMALS FOR TOMORROW
                         NORMAL    RECORD    YEAR
 MAXIMUM TEMPERATURE (F)   84        92      1935
 MINIMUM TEMPERATURE (F)   66        52      1965


SUNRISE AND SUNSET
APRIL 30 2016.........SUNRISE   651 AM EDT   SUNSET   804 PM EDT
MAY  1 2016...........SUNRISE   650 AM EDT   SUNSET   805 PM EDT


-  INDICATES NEGATIVE NUMBERS.
R  INDICATES RECORD WAS SET OR TIED.
MM INDICATES DATA IS MISSING.
T  INDICATES TRACE AMOUNT.




$$


&&
------------------------------------------------------------------
******************** SUPPLEMENTAL DATA ***************************

...RUSKIN                HIGH 90    LOW 69    PCPN 0.00
...SARASOTA/BRADENTON    HIGH 89    LOW 71    PCPN 0.00
...LAKELAND              HIGH MSG   LOW MSG   PCPN  MSG
...ST. PETERSBURG        HIGH 88    LOW 75    PCPN 0.00
...GULF WATER TEMPERATURE AT CLEARWATER BEACH 80 DEGREES
