000
CDUS42 KTBW 290832
CLITPA


CLIMATE REPORT
NATIONAL WEATHER SERVICE TAMPA BAY FL
431 AM EDT WED MAR 29 2017


...................................

...THE TAMPA CLIMATE SUMMARY FOR MARCH 28 2017...

CLIMATE NORMAL PERIOD 1981 TO 2010
CLIMATE RECORD PERIOD 1890 TO 2017


WEATHER ITEM   OBSERVED TIME   RECORD YEAR NORMAL DEPARTURE LAST
                VALUE   (LST)  VALUE       VALUE  FROM      YEAR
                                                  NORMAL
..................................................................
TEMPERATURE (F)
 YESTERDAY
  MAXIMUM         85    250 PM  88    1989  78      7       81
  MINIMUM         66    505 AM  40    1969  60      6       71
  AVERAGE         76                        69      7       76

PRECIPITATION (IN)
  YESTERDAY        0.00          5.40 1930   0.10  -0.10     0.03
  MONTH TO DATE    0.97                      2.75  -1.78     1.38
  SINCE MAR 1      0.97                      2.75  -1.78     1.38
  SINCE JAN 1      3.93                      7.79  -3.86    10.09

DEGREE DAYS
 HEATING
  YESTERDAY        0                         1     -1        0
  MONTH TO DATE   28                        54    -26       15
  SINCE MAR 1     28                        54    -26       15
  SINCE JUL 1    164                       525   -361      323

 COOLING
  YESTERDAY       11                         5      6       11
  MONTH TO DATE  156                       110     46      189
  SINCE MAR 1    156                       110     46      189
  SINCE JAN 1    409                       223    186      267
..................................................................


WIND (MPH)
  RESULTANT WIND SPEED   3   RESULTANT WIND DIRECTION   W (250)
  HIGHEST WIND SPEED    17   HIGHEST WIND DIRECTION     W (280)
  HIGHEST GUST SPEED    29   HIGHEST GUST DIRECTION     W (280)
  AVERAGE WIND SPEED     5.9


SKY COVER
  POSSIBLE SUNSHINE  MM
  AVERAGE SKY COVER 0.1


WEATHER CONDITIONS
 THE FOLLOWING WEATHER WAS RECORDED YESTERDAY.
  NO SIGNIFICANT WEATHER WAS OBSERVED.


RELATIVE HUMIDITY (PERCENT)
 HIGHEST    84          1000 PM
 LOWEST     43           200 PM
 AVERAGE    64

..........................................................


THE TAMPA CLIMATE NORMALS FOR TODAY
                         NORMAL    RECORD    YEAR
 MAXIMUM TEMPERATURE (F)   78        90      1949
 MINIMUM TEMPERATURE (F)   60        41      1955


SUNRISE AND SUNSET
MARCH 29 2017.........SUNRISE   724 AM EDT   SUNSET   746 PM EDT
MARCH 30 2017.........SUNRISE   722 AM EDT   SUNSET   747 PM EDT


-  INDICATES NEGATIVE NUMBERS.
R  INDICATES RECORD WAS SET OR TIED.
MM INDICATES DATA IS MISSING.
T  INDICATES TRACE AMOUNT.




$$


&&
------------------------------------------------------------------
******************** SUPPLEMENTAL DATA ***************************

...RUSKIN                HIGH 83    LOW 60    PCPN 0.00
...SARASOTA/BRADENTON    HIGH 79    LOW 60    PCPN 0.00
...ST. PETERSBURG        HIGH 81    LOW 67    PCPN 0.00
