000
CDUS42 KTBW 242205
CLITPA


CLIMATE REPORT
NATIONAL WEATHER SERVICE TAMPA BAY FL
602 PM EDT THU APR 24 2014


...................................

...THE TAMPA CLIMATE SUMMARY FOR APRIL 24 2014...
VALID TODAY AS OF 0500 PM LOCAL TIME.

CLIMATE NORMAL PERIOD 1981 TO 2010
CLIMATE RECORD PERIOD 1890 TO 2014


WEATHER ITEM   OBSERVED TIME   RECORD YEAR NORMAL DEPARTURE LAST
                VALUE   (LST)  VALUE       VALUE  FROM      YEAR
                                                  NORMAL
..................................................................
TEMPERATURE (F)
 TODAY
  MAXIMUM         83    158 PM  90    2002  83      0       85
                                      1999
  MINIMUM         63    520 AM  48    1903  65     -2       62
  AVERAGE         73                        74     -1       74

PRECIPITATION (IN)
  TODAY            0.00          1.28 1994   0.06  -0.06     0.00
  MONTH TO DATE    0.89                      1.69  -0.80     1.60
  SINCE MAR 1      5.84                      4.72   1.12     3.66
  SINCE JAN 1     10.79                      9.76   1.03     5.22

DEGREE DAYS
 HEATING
  TODAY            0                         0      0        0
  MONTH TO DATE    0                         9     -9        0
  SINCE MAR 1     48                        65    -17      143
  SINCE JUL 1    444                       536    -92      400

 COOLING
  TODAY            8                         9     -1        9
  MONTH TO DATE  151                       164    -13      242
  SINCE MAR 1    229                       290    -61      287
  SINCE JAN 1    333                       403    -70      501
..................................................................


WIND (MPH)
  RESULTANT WIND SPEED   4   RESULTANT WIND DIRECTION   W (250)
  HIGHEST WIND SPEED    14   HIGHEST WIND DIRECTION     W (270)
  HIGHEST GUST SPEED    16   HIGHEST GUST DIRECTION     W (270)
  AVERAGE WIND SPEED     4.6


SKY COVER
  POSSIBLE SUNSHINE  MM
  AVERAGE SKY COVER 0.2


WEATHER CONDITIONS
 THE FOLLOWING WEATHER WAS RECORDED TODAY.
  FOG
  HAZE


RELATIVE HUMIDITY (PERCENT)
 HIGHEST    93           100 AM
 LOWEST     34           200 PM

..........................................................


THE TAMPA CLIMATE NORMALS FOR TOMORROW
                         NORMAL    RECORD    YEAR
 MAXIMUM TEMPERATURE (F)   83        93      1958
 MINIMUM TEMPERATURE (F)   65        52      2005
                                             1903


SUNRISE AND SUNSET
APRIL 24 2014.........SUNRISE   656 AM EDT   SUNSET   800 PM EDT
APRIL 25 2014.........SUNRISE   656 AM EDT   SUNSET   801 PM EDT


-  INDICATES NEGATIVE NUMBERS.
R  INDICATES RECORD WAS SET OR TIED.
MM INDICATES DATA IS MISSING.
T  INDICATES TRACE AMOUNT.




$$


&&
------------------------------------------------------------------
******************** SUPPLEMENTAL DATA ***************************

...RUSKIN                HIGH 82    LOW 60    PCPN 0.00
...SARASOTA/BRADENTON    HIGH 79    LOW 61    PCPN 0.00
...LAKELAND              HIGH 87    LOW 61    PCPN 0.00
...ST. PETERSBURG        HIGH 80    LOW 68    PCPN 0.00
...GULF WATER TEMPERATURE AT CLEARWATER BEACH 75
