000
CDUS42 KTBW 172115
CLITPA


CLIMATE REPORT
NATIONAL WEATHER SERVICE TAMPA BAY FL
512 PM EDT THU APR 17 2014


...................................

...THE TAMPA CLIMATE SUMMARY FOR APRIL 17 2014...
VALID TODAY AS OF 0500 PM LOCAL TIME.

CLIMATE NORMAL PERIOD 1981 TO 2010
CLIMATE RECORD PERIOD 1890 TO 2014


WEATHER ITEM   OBSERVED TIME   RECORD YEAR NORMAL DEPARTURE LAST
                VALUE   (LST)  VALUE       VALUE  FROM      YEAR
                                                  NORMAL
..................................................................
TEMPERATURE (F)
 TODAY
  MAXIMUM         81    100 PM  89    2013  81      0       89
                                      1960
  MINIMUM         62    542 AM  43    1962  63     -1       69
  AVERAGE         72                        72      0       79

PRECIPITATION (IN)
  TODAY            0.00          0.82 1895   0.07  -0.07     0.00
  MONTH TO DATE    0.28                      1.24  -0.96     1.16
  SINCE MAR 1      5.23                      4.27   0.96     3.22
  SINCE JAN 1     10.18                      9.31   0.87     4.78

DEGREE DAYS
 HEATING
  TODAY            0                         0      0        0
  MONTH TO DATE    0                         9     -9        0
  SINCE MAR 1     48                        65    -17      143
  SINCE JUL 1    444                       536    -92      400

 COOLING
  TODAY            7                         7      0       14
  MONTH TO DATE  118                       106     12      170
  SINCE MAR 1    196                       232    -36      215
  SINCE JAN 1    300                       345    -45      429
..................................................................


WIND (MPH)
  RESULTANT WIND SPEED   9   RESULTANT WIND DIRECTION  NE (60)
  HIGHEST WIND SPEED    17   HIGHEST WIND DIRECTION    NE (60)
  HIGHEST GUST SPEED    26   HIGHEST GUST DIRECTION    NE (50)
  AVERAGE WIND SPEED     9.3


SKY COVER
  POSSIBLE SUNSHINE  MM
  AVERAGE SKY COVER 0.8


WEATHER CONDITIONS
 THE FOLLOWING WEATHER WAS RECORDED TODAY.
  NO SIGNIFICANT WEATHER WAS OBSERVED.


RELATIVE HUMIDITY (PERCENT)
 HIGHEST    84           600 AM
 LOWEST     62          1200 PM

..........................................................


THE TAMPA CLIMATE NORMALS FOR TOMORROW
                         NORMAL    RECORD    YEAR
 MAXIMUM TEMPERATURE (F)   81        89      2013
                                             1990
                                             1960
 MINIMUM TEMPERATURE (F)   63        47      1905


SUNRISE AND SUNSET
APRIL 17 2014.........SUNRISE   703 AM EDT   SUNSET   757 PM EDT
APRIL 18 2014.........SUNRISE   702 AM EDT   SUNSET   757 PM EDT


-  INDICATES NEGATIVE NUMBERS.
R  INDICATES RECORD WAS SET OR TIED.
MM INDICATES DATA IS MISSING.
T  INDICATES TRACE AMOUNT.




$$


&&
------------------------------------------------------------------
******************** SUPPLEMENTAL DATA ***************************

...RUSKIN                HIGH 83    LOW 61    PCPN 0.00
...SARASOTA/BRADENTON    HIGH 87    LOW 63    PCPN 0.00
...LAKELAND              HIGH 78    LOW 60    PCPN 0.00
...ST. PETERSBURG        HIGH 79    LOW 66    PCPN 0.00

...GULF WATER TEMPERATURE AT CLEARWATER BEACH 72
