000
CDUS42 KTBW 190830
CLITPA


CLIMATE REPORT
NATIONAL WEATHER SERVICE TAMPA BAY FL
428 AM EDT FRI SEP 19 2014


...................................

...THE TAMPA CLIMATE SUMMARY FOR SEPTEMBER 18 2014...

CLIMATE NORMAL PERIOD 1981 TO 2010
CLIMATE RECORD PERIOD 1890 TO 2014


WEATHER ITEM   OBSERVED TIME   RECORD YEAR NORMAL DEPARTURE LAST
                VALUE   (LST)  VALUE       VALUE  FROM      YEAR
                                                  NORMAL
..................................................................
TEMPERATURE (F)
 YESTERDAY
  MAXIMUM         88    532 PM  95    2005  89     -1       91
                                      1990
                                      1960
  MINIMUM         73    515 AM  62    1981  74     -1       76
  AVERAGE         81                        82     -1       84

PRECIPITATION (IN)
  YESTERDAY        0.00          3.57 1947   0.21  -0.21     0.12
  MONTH TO DATE    3.73                      4.26  -0.53     3.53
  SINCE SEP 1      3.73                      4.26  -0.53     3.53
  SINCE JAN 1     43.68                     37.98   5.70    46.05

DEGREE DAYS
 HEATING
  YESTERDAY        0                         0      0        0
  MONTH TO DATE    0                         0      0        0
  SINCE SEP 1      0                         0      0        0
  SINCE JUL 1      0                         0      0        0

 COOLING
  YESTERDAY       16                        17     -1       19
  MONTH TO DATE  318                       314      4      332
  SINCE SEP 1    318                       314      4      332
  SINCE JAN 1   2835                      2829      6     2969
..................................................................


WIND (MPH)
  RESULTANT WIND SPEED   1   RESULTANT WIND DIRECTION   W (280)
  HIGHEST WIND SPEED    14   HIGHEST WIND DIRECTION     W (280)
  HIGHEST GUST SPEED    24   HIGHEST GUST DIRECTION     W (260)
  AVERAGE WIND SPEED     4.4


SKY COVER
  POSSIBLE SUNSHINE  MM
  AVERAGE SKY COVER 0.4


WEATHER CONDITIONS
 THE FOLLOWING WEATHER WAS RECORDED YESTERDAY.
  NO SIGNIFICANT WEATHER WAS OBSERVED.


RELATIVE HUMIDITY (PERCENT)
 HIGHEST    93           100 AM
 LOWEST     57          1100 AM
 AVERAGE    75

..........................................................


THE TAMPA CLIMATE NORMALS FOR TODAY
                         NORMAL    RECORD    YEAR
 MAXIMUM TEMPERATURE (F)   89        96      1972
 MINIMUM TEMPERATURE (F)   74        63      1910


SUNRISE AND SUNSET
SEPTEMBER 19 2014.....SUNRISE   717 AM EDT   SUNSET   730 PM EDT
SEPTEMBER 20 2014.....SUNRISE   718 AM EDT   SUNSET   729 PM EDT


-  INDICATES NEGATIVE NUMBERS.
R  INDICATES RECORD WAS SET OR TIED.
MM INDICATES DATA IS MISSING.
T  INDICATES TRACE AMOUNT.




$$


&&
------------------------------------------------------------------
******************** SUPPLEMENTAL DATA ***************************

...RUSKIN                HIGH 91    LOW 73    PCPN 0.00
...SARASOTA/BRADENTON    HIGH 91    LOW 70    PCPN 0.00
...ST. PETERSBURG        HIGH 89    LOW 76    PCPN 0.00
...GULF WATER TEMPERATURE AT CLEARWATER BEACH 85
