469
CDUS45 KLKN 271227
CLITPH


CLIMATE REPORT
NATIONAL WEATHER SERVICE ELKO NV
526 AM PDT WED JUL 27 2016


...................................

...THE TONOPAH AIRPORT NV CLIMATE SUMMARY FOR JULY 26 2016...

CLIMATE NORMAL PERIOD 1981 TO 2010
CLIMATE RECORD PERIOD 1954 TO 2016


WEATHER ITEM   OBSERVED TIME   RECORD YEAR NORMAL DEPARTURE LAST
                VALUE   (LST)  VALUE       VALUE  FROM      YEAR
                                                  NORMAL
..................................................................
TEMPERATURE (F)
 YESTERDAY
  MAXIMUM         99    501 PM 101    1980  93      6       93
  MINIMUM         59    401 AM  43    1983  58      1       58
  AVERAGE         79                        75      4       76

PRECIPITATION (IN)
  YESTERDAY        0.00          0.38 1970   0.02  -0.02     0.00
  MONTH TO DATE    0.08                      0.36  -0.28     0.11
  SINCE OCT 1      5.74                      4.26   1.48     2.66
  SINCE JAN 1      2.36                      3.17  -0.81     2.18

DEGREE DAYS
 HEATING
  YESTERDAY        0                         0      0        0
  MONTH TO DATE    0                         0      0        0
  SINCE JUN 1     10                        50    -40        6
  SINCE JUL 1      0                         0      0        0

 COOLING
  YESTERDAY       14                        10      4       11
  MONTH TO DATE  287                       248     39      217
  SINCE JUN 1    557                       393    164      508
  SINCE JAN 1    565                       420    145      531
..................................................................


WIND (MPH)
  HIGHEST WIND SPEED    14   HIGHEST WIND DIRECTION     W (260)
  HIGHEST GUST SPEED    18   HIGHEST GUST DIRECTION     W (270)
  AVERAGE WIND SPEED     6.0



WEATHER CONDITIONS
 THE FOLLOWING WEATHER WAS RECORDED YESTERDAY.
  NO SIGNIFICANT WEATHER WAS OBSERVED.


RELATIVE HUMIDITY (PERCENT)
 HIGHEST    15           400 AM
 LOWEST      5           500 PM
 AVERAGE    10

..........................................................


THE TONOPAH AIRPORT NV CLIMATE NORMALS FOR TODAY
                         NORMAL    RECORD    YEAR
 MAXIMUM TEMPERATURE (F)   93       100      2006
 MINIMUM TEMPERATURE (F)   58        44      1965


SUNRISE AND SUNSET
JULY 27 2016..........SUNRISE   548 AM PDT   SUNSET   802 PM PDT
JULY 28 2016..........SUNRISE   548 AM PDT   SUNSET   801 PM PDT


-  INDICATES NEGATIVE NUMBERS.
R  INDICATES RECORD WAS SET OR TIED.
MM INDICATES DATA IS MISSING.
T  INDICATES TRACE AMOUNT.




$$
