000
CDUS45 KLKN 080116
CLITPH


CLIMATE REPORT
NATIONAL WEATHER SERVICE ELKO NV
514 PM PST WED DEC 7 2016


...................................

...THE TONOPAH AIRPORT NV CLIMATE SUMMARY FOR DECEMBER 7 2016...
VALID TODAY AS OF 0500 PM LOCAL TIME.

CLIMATE NORMAL PERIOD 1981 TO 2010
CLIMATE RECORD PERIOD 1954 TO 2016


WEATHER ITEM   OBSERVED TIME   RECORD YEAR NORMAL DEPARTURE LAST
                VALUE   (LST)  VALUE       VALUE  FROM      YEAR
                                                  NORMAL
..................................................................
TEMPERATURE (F)
 TODAY
  MAXIMUM         35    226 PM  63    1977  45    -10       49
  MINIMUM         16    725 AM   3    1978  20     -4       22
  AVERAGE         26                        33     -7       36

PRECIPITATION (IN)
  TODAY            0.00          0.10 1991   0.01  -0.01     0.00
  MONTH TO DATE    0.00                      0.08  -0.08     0.00
  SINCE OCT 1      0.20                      0.86  -0.66     3.31
  SINCE JAN 1      3.77                      5.01  -1.24     5.78

DEGREE DAYS
 HEATING
  TODAY           39                        32      7       29
  MONTH TO DATE  225                       221      4      205
  SINCE DEC 1    225                       221      4      205
  SINCE JUL 1   1242                      1438   -196     1279

 COOLING
  TODAY            0                         0      0        0
  MONTH TO DATE    0                         0      0        0
  SINCE DEC 1      0                         0      0        0
  SINCE JAN 1   1022                       783    239     1034
..................................................................


WIND (MPH)
  HIGHEST WIND SPEED    14   HIGHEST WIND DIRECTION     N (10)
  HIGHEST GUST SPEED    15   HIGHEST GUST DIRECTION     N (10)



WEATHER CONDITIONS
 THE FOLLOWING WEATHER WAS RECORDED TODAY.
  NO SIGNIFICANT WEATHER WAS OBSERVED.


RELATIVE HUMIDITY (PERCENT)
 HIGHEST    67          1200 AM
 LOWEST     32           200 PM
 AVERAGE    50

..........................................................


THE TONOPAH AIRPORT NV CLIMATE NORMALS FOR TOMORROW
                         NORMAL    RECORD    YEAR
 MAXIMUM TEMPERATURE (F)   45        61      1979
 MINIMUM TEMPERATURE (F)   20        -2      2013


SUNRISE AND SUNSET
DECEMBER  7 2016......SUNRISE   652 AM PST   SUNSET   428 PM PST
DECEMBER  8 2016......SUNRISE   652 AM PST   SUNSET   429 PM PST


-  INDICATES NEGATIVE NUMBERS.
R  INDICATES RECORD WAS SET OR TIED.
MM INDICATES DATA IS MISSING.
T  INDICATES TRACE AMOUNT.




$$
