000
CDUS45 KLKN 290028
CLITPH


CLIMATE REPORT
NATIONAL WEATHER SERVICE ELKO NV
527 PM PDT FRI AUG 28 2015


...................................

...THE TONOPAH AIRPORT NV CLIMATE SUMMARY FOR AUGUST 28 2015...
VALID TODAY AS OF 0500 PM LOCAL TIME.

CLIMATE NORMAL PERIOD 1981 TO 2010
CLIMATE RECORD PERIOD 1954 TO 2015


WEATHER ITEM   OBSERVED TIME   RECORD YEAR NORMAL DEPARTURE LAST
                VALUE   (LST)  VALUE       VALUE  FROM      YEAR
                                                  NORMAL
..................................................................
TEMPERATURE (F)
 TODAY
  MAXIMUM         93    248 PM  97    2001  87      6       90
  MINIMUM         60    542 AM  45    1980  53      7       56
                                      1975
                                      1963
  AVERAGE         77                        70      7       73

PRECIPITATION (IN)
  TODAY            0.00          0.21 1982   0.01  -0.01     0.00
  MONTH TO DATE    0.22                      0.46  -0.24     0.77
  SINCE OCT 1      2.88                      4.81  -1.93     3.48
  SINCE JAN 1      2.40                      3.72  -1.32     3.02

DEGREE DAYS
 HEATING
  TODAY            0                         0      0        0
  MONTH TO DATE    0                         0      0        0
  SINCE JUN 1      6                        52    -46       15
  SINCE JUL 1      0                         2     -2        0

 COOLING
  TODAY           12                         6      6        8
  MONTH TO DATE  293                       223     70      182
  SINCE JUN 1    853                       671    182      800
  SINCE JAN 1    876                       698    178      834
..................................................................


WIND (MPH)
  HIGHEST WIND SPEED    23   HIGHEST WIND DIRECTION     S (200)
  HIGHEST GUST SPEED    30   HIGHEST GUST DIRECTION     S (190)



WEATHER CONDITIONS
 THE FOLLOWING WEATHER WAS RECORDED TODAY.
  NO SIGNIFICANT WEATHER WAS OBSERVED.


RELATIVE HUMIDITY (PERCENT)
 HIGHEST    46           500 AM
 LOWEST     14           400 PM
 AVERAGE    30

..........................................................


THE TONOPAH AIRPORT NV CLIMATE NORMALS FOR TOMORROW
                         NORMAL    RECORD    YEAR
 MAXIMUM TEMPERATURE (F)   87        97      1998
 MINIMUM TEMPERATURE (F)   53        41      1957


SUNRISE AND SUNSET
AUGUST 28 2015........SUNRISE   615 AM PDT   SUNSET   724 PM PDT
AUGUST 29 2015........SUNRISE   615 AM PDT   SUNSET   723 PM PDT


-  INDICATES NEGATIVE NUMBERS.
R  INDICATES RECORD WAS SET OR TIED.
MM INDICATES DATA IS MISSING.
T  INDICATES TRACE AMOUNT.




$$
