000
CDUS45 KLKN 260026
CLITPH


CLIMATE REPORT
NATIONAL WEATHER SERVICE ELKO NV
525 PM PDT SUN JUN 25 2017


...................................

...THE TONOPAH AIRPORT NV CLIMATE SUMMARY FOR JUNE 25 2017...
VALID TODAY AS OF 0500 PM LOCAL TIME.

CLIMATE NORMAL PERIOD 1981 TO 2010
CLIMATE RECORD PERIOD 1954 TO 2017


WEATHER ITEM   OBSERVED TIME   RECORD YEAR NORMAL DEPARTURE LAST
                VALUE   (LST)  VALUE       VALUE  FROM      YEAR
                                                  NORMAL
..................................................................
TEMPERATURE (F)
 TODAY
  MAXIMUM         99    340 PM 100    1961  88     11       92
  MINIMUM         68    350 AM  38    1975  54     14       58
  AVERAGE         84                        71     13       75

PRECIPITATION (IN)
  TODAY            0.00          0.14 2000   0.01  -0.01     0.00
  MONTH TO DATE    T                         0.26  -0.26     0.07
  SINCE OCT 1      2.78                      3.88  -1.10     5.62
  SINCE JAN 1      2.25                      2.79  -0.54     2.24

DEGREE DAYS
 HEATING
  TODAY            0                         0      0        0
  MONTH TO DATE   31                        48    -17       10
  SINCE JUN 1     31                        48    -17       10
  SINCE JUL 1   5010                      5459   -449     5148

 COOLING
  TODAY           19                         7     12       10
  MONTH TO DATE  233                       108    125      197
  SINCE JUN 1    233                       108    125      197
  SINCE JAN 1    266                       135    131      205
..................................................................


WIND (MPH)
  HIGHEST WIND SPEED    21   HIGHEST WIND DIRECTION    SW (220)
  HIGHEST GUST SPEED    27   HIGHEST GUST DIRECTION    SW (230)



WEATHER CONDITIONS
 THE FOLLOWING WEATHER WAS RECORDED TODAY.
  NO SIGNIFICANT WEATHER WAS OBSERVED.


RELATIVE HUMIDITY (PERCENT)
 HIGHEST    18          1200 AM
 LOWEST      8           200 PM
 AVERAGE    13

..........................................................


THE TONOPAH AIRPORT NV CLIMATE NORMALS FOR TOMORROW
                         NORMAL    RECORD    YEAR
 MAXIMUM TEMPERATURE (F)   88        98      1973
                                             1970
                                             1968
 MINIMUM TEMPERATURE (F)   55        41      1985
                                             1975


SUNRISE AND SUNSET
JUNE 25 2017..........SUNRISE   527 AM PDT   SUNSET   815 PM PDT
JUNE 26 2017..........SUNRISE   527 AM PDT   SUNSET   815 PM PDT


-  INDICATES NEGATIVE NUMBERS.
R  INDICATES RECORD WAS SET OR TIED.
MM INDICATES DATA IS MISSING.
T  INDICATES TRACE AMOUNT.




$$
