000
CDUS45 KLKN 230028
CLITPH


CLIMATE REPORT
NATIONAL WEATHER SERVICE ELKO NV
528 PM PDT TUE JUL 22 2014


...................................

...THE TONOPAH AIRPORT NV CLIMATE SUMMARY FOR JULY 22 2014...
VALID TODAY AS OF 0500 PM LOCAL TIME.

CLIMATE NORMAL PERIOD 1981 TO 2010
CLIMATE RECORD PERIOD 1954 TO 2014


WEATHER ITEM   OBSERVED TIME   RECORD YEAR NORMAL DEPARTURE LAST
                VALUE   (LST)  VALUE       VALUE  FROM      YEAR
                                                  NORMAL
..................................................................
TEMPERATURE (F)
 TODAY
  MAXIMUM         93    353 PM 101    1996  93      0       91
  MINIMUM         59    455 AM  40    1987  58      1       63
  AVERAGE         76                        75      1       77

PRECIPITATION (IN)
  TODAY            0.00          0.56 2012   0.02  -0.02     0.23
  MONTH TO DATE    1.08                      0.28   0.80     0.37
  SINCE OCT 1      2.46                      4.18  -1.72     2.54
  SINCE JAN 1      2.00                      3.09  -1.09     1.32

DEGREE DAYS
 HEATING
  TODAY            0                         0      0        0
  MONTH TO DATE    0                         0      0        0
  SINCE JUN 1     15                        50    -35        3
  SINCE JUL 1      0                         0      0        0

 COOLING
  TODAY           11                        10      1       12
  MONTH TO DATE  295                       208     87      306
  SINCE JUN 1    511                       353    158      558
  SINCE JAN 1    545                       380    165      581
..................................................................


WIND (MPH)
  HIGHEST WIND SPEED    26   HIGHEST WIND DIRECTION     S (170)
  HIGHEST GUST SPEED    36   HIGHEST GUST DIRECTION     S (170)



WEATHER CONDITIONS
 THE FOLLOWING WEATHER WAS RECORDED TODAY.
  NO SIGNIFICANT WEATHER WAS OBSERVED.


RELATIVE HUMIDITY (PERCENT)
 HIGHEST    39           500 AM
 LOWEST      7           200 PM
 AVERAGE    23

..........................................................


THE TONOPAH AIRPORT NV CLIMATE NORMALS FOR TOMORROW
                         NORMAL    RECORD    YEAR
 MAXIMUM TEMPERATURE (F)   93       103      1996
 MINIMUM TEMPERATURE (F)   58        45      1987
                                             1983


SUNRISE AND SUNSET
JULY 22 2014..........SUNRISE   543 AM PDT   SUNSET   806 PM PDT
JULY 23 2014..........SUNRISE   544 AM PDT   SUNSET   805 PM PDT


-  INDICATES NEGATIVE NUMBERS.
R  INDICATES RECORD WAS SET OR TIED.
MM INDICATES DATA IS MISSING.
T  INDICATES TRACE AMOUNT.




$$
