000
CDUS45 KLKN 270935
CLITPH


CLIMATE REPORT
NATIONAL WEATHER SERVICE ELKO NV
129 AM PST THU NOV 27 2014


...................................

...THE TONOPAH AIRPORT NV CLIMATE SUMMARY FOR NOVEMBER 26 2014...

CLIMATE NORMAL PERIOD 1981 TO 2010
CLIMATE RECORD PERIOD 1954 TO 2014


WEATHER ITEM   OBSERVED TIME   RECORD YEAR NORMAL DEPARTURE LAST
                VALUE   (LST)  VALUE       VALUE  FROM      YEAR
                                                  NORMAL
..................................................................
TEMPERATURE (F)
 YESTERDAY
  MAXIMUM         67R   327 PM  65    1977  49     18       57
  MINIMUM         26    633 AM   9    1992  23      3       26
  AVERAGE         47                        36     11       42

PRECIPITATION (IN)
  YESTERDAY        0.00          0.48 2008   0.02  -0.02     0.00
  MONTH TO DATE    0.13                      0.39  -0.26     0.27
  SINCE OCT 1      0.13                      0.73  -0.60     0.42
  SINCE JAN 1      3.84                      4.88  -1.04     4.45

DEGREE DAYS
 HEATING
  YESTERDAY       18                        29    -11       23
  MONTH TO DATE  550                       625    -75      564
  SINCE SEP 1    826                      1091   -265     1126
  SINCE JUL 1    826                      1097   -271     1126

 COOLING
  YESTERDAY        0                         0      0        0
  MONTH TO DATE    0                         0      0        0
  SINCE SEP 1    141                        70     71      121
  SINCE JAN 1   1004                       783    221     1042
..................................................................


WIND (MPH)
  HIGHEST WIND SPEED    15   HIGHEST WIND DIRECTION     N (10)
  HIGHEST GUST SPEED    17   HIGHEST GUST DIRECTION     N (360)
  AVERAGE WIND SPEED     7.4



WEATHER CONDITIONS
 THE FOLLOWING WEATHER WAS RECORDED YESTERDAY.
  NO SIGNIFICANT WEATHER WAS OBSERVED.


RELATIVE HUMIDITY (PERCENT)
 HIGHEST    55           600 AM
 LOWEST     15           400 PM
 AVERAGE    35

..........................................................


THE TONOPAH AIRPORT NV CLIMATE NORMALS FOR TODAY
                         NORMAL    RECORD    YEAR
 MAXIMUM TEMPERATURE (F)   48        66      1955
 MINIMUM TEMPERATURE (F)   23         5      1994


SUNRISE AND SUNSET
NOVEMBER 27 2014......SUNRISE   642 AM PST   SUNSET   430 PM PST
NOVEMBER 28 2014......SUNRISE   643 AM PST   SUNSET   430 PM PST


-  INDICATES NEGATIVE NUMBERS.
R  INDICATES RECORD WAS SET OR TIED.
MM INDICATES DATA IS MISSING.
T  INDICATES TRACE AMOUNT.




$$
