000
CDUS45 KLKN 230929
CLITPH


CLIMATE REPORT
NATIONAL WEATHER SERVICE ELKO NV
228 AM PDT TUE AUG 23 2016


...................................

...THE TONOPAH AIRPORT NV CLIMATE SUMMARY FOR AUGUST 22 2016...

CLIMATE NORMAL PERIOD 1981 TO 2010
CLIMATE RECORD PERIOD 1954 TO 2016


WEATHER ITEM   OBSERVED TIME   RECORD YEAR NORMAL DEPARTURE LAST
                VALUE   (LST)  VALUE       VALUE  FROM      YEAR
                                                  NORMAL
..................................................................
TEMPERATURE (F)
 YESTERDAY
  MAXIMUM         86    327 PM  95    1969  89     -3       94
  MINIMUM         59    506 AM  38    1978  55      4       58
                                      1968
  AVERAGE         73                        72      1       76

PRECIPITATION (IN)
  YESTERDAY        T             0.30 2012   0.02  -0.02     0.00
  MONTH TO DATE    T                         0.36  -0.36     0.22
  SINCE OCT 1      5.74                      4.71   1.03     2.88
  SINCE JAN 1      2.36                      3.62  -1.26     2.40

DEGREE DAYS
 HEATING
  YESTERDAY        0                         0      0        0
  MONTH TO DATE    0                         0      0        0
  SINCE JUN 1     10                        52    -42        6
  SINCE JUL 1      0                         2     -2        0

 COOLING
  YESTERDAY        8                         7      1       11
  MONTH TO DATE  232                       186     46      227
  SINCE JUN 1    881                       634    247      787
  SINCE JAN 1    889                       661    228      810
..................................................................


WIND (MPH)
  HIGHEST WIND SPEED    22   HIGHEST WIND DIRECTION    NW (310)
  HIGHEST GUST SPEED    28   HIGHEST GUST DIRECTION    NW (300)
  AVERAGE WIND SPEED     9.2



WEATHER CONDITIONS
 THE FOLLOWING WEATHER WAS RECORDED YESTERDAY.
  NO SIGNIFICANT WEATHER WAS OBSERVED.


RELATIVE HUMIDITY (PERCENT)
 HIGHEST    43          1100 PM
 LOWEST     14           300 PM
 AVERAGE    29

..........................................................


THE TONOPAH AIRPORT NV CLIMATE NORMALS FOR TODAY
                         NORMAL    RECORD    YEAR
 MAXIMUM TEMPERATURE (F)   89        96      1993
 MINIMUM TEMPERATURE (F)   54        40      1978
                                             1968


SUNRISE AND SUNSET
AUGUST 23 2016........SUNRISE   611 AM PDT   SUNSET   730 PM PDT
AUGUST 24 2016........SUNRISE   612 AM PDT   SUNSET   729 PM PDT


-  INDICATES NEGATIVE NUMBERS.
R  INDICATES RECORD WAS SET OR TIED.
MM INDICATES DATA IS MISSING.
T  INDICATES TRACE AMOUNT.




$$
