288
CDUS45 KLKN 170944
CLITPH


CLIMATE REPORT
NATIONAL WEATHER SERVICE ELKO NV
144 AM PST TUE JAN 17 2017


...................................

...THE TONOPAH AIRPORT NV CLIMATE SUMMARY FOR JANUARY 16 2017...

CLIMATE NORMAL PERIOD 1981 TO 2010
CLIMATE RECORD PERIOD 1954 TO 2017


WEATHER ITEM   OBSERVED TIME   RECORD YEAR NORMAL DEPARTURE LAST
                VALUE   (LST)  VALUE       VALUE  FROM      YEAR
                                                  NORMAL
..................................................................
TEMPERATURE (F)
 YESTERDAY
  MAXIMUM         36    228 PM  62    1976  45     -9       42
  MINIMUM         21    729 AM   4    1955  20      1       21
  AVERAGE         29                        32     -3       32

PRECIPITATION (IN)
  YESTERDAY        0.00          0.37 1983   0.01  -0.01      T
  MONTH TO DATE    0.14                      0.24  -0.10     0.49
  SINCE OCT 1      0.67                      1.33  -0.66     3.87
  SINCE JAN 1      0.14                      0.24  -0.10     0.49

DEGREE DAYS
 HEATING
  YESTERDAY       36                        33      3       33
  MONTH TO DATE  523                       531     -8      586
  SINCE DEC 1   1564                      1559      5     1628
  SINCE JUL 1   2581                      2776   -195     2702

 COOLING
  YESTERDAY        0                         0      0        0
  MONTH TO DATE    0                         0      0        0
  SINCE DEC 1      0                         0      0        0
  SINCE JAN 1      0                         0      0        0
..................................................................


WIND (MPH)
  HIGHEST WIND SPEED    35   HIGHEST WIND DIRECTION    NW (320)
  HIGHEST GUST SPEED    43   HIGHEST GUST DIRECTION    NW (320)
  AVERAGE WIND SPEED    17.2



WEATHER CONDITIONS
 THE FOLLOWING WEATHER WAS RECORDED YESTERDAY.
  NO SIGNIFICANT WEATHER WAS OBSERVED.


RELATIVE HUMIDITY (PERCENT)
 HIGHEST    84           200 AM
 LOWEST     40          1200 PM
 AVERAGE    62

..........................................................


THE TONOPAH AIRPORT NV CLIMATE NORMALS FOR TODAY
                         NORMAL    RECORD    YEAR
 MAXIMUM TEMPERATURE (F)   45        64      1971
 MINIMUM TEMPERATURE (F)   20        -4      1955


SUNRISE AND SUNSET
JANUARY 17 2017.......SUNRISE   702 AM PST   SUNSET   455 PM PST
JANUARY 18 2017.......SUNRISE   702 AM PST   SUNSET   456 PM PST


-  INDICATES NEGATIVE NUMBERS.
R  INDICATES RECORD WAS SET OR TIED.
MM INDICATES DATA IS MISSING.
T  INDICATES TRACE AMOUNT.




$$
