000
CDUS45 KLKN 250032
CLITPH


CLIMATE REPORT
NATIONAL WEATHER SERVICE ELKO NV
532 PM PDT WED MAY 24 2017


...................................

...THE TONOPAH AIRPORT NV CLIMATE SUMMARY FOR MAY 24 2017...
VALID TODAY AS OF 0500 PM LOCAL TIME.

CLIMATE NORMAL PERIOD 1981 TO 2010
CLIMATE RECORD PERIOD 1954 TO 2017


WEATHER ITEM   OBSERVED TIME   RECORD YEAR NORMAL DEPARTURE LAST
                VALUE   (LST)  VALUE       VALUE  FROM      YEAR
                                                  NORMAL
..................................................................
TEMPERATURE (F)
 TODAY
  MAXIMUM         88    223 PM  91    2001  77     11       65
  MINIMUM         55    520 AM  24    1978  45     10       44
  AVERAGE         72                        61     11       55

PRECIPITATION (IN)
  TODAY            0.00          0.05 1963   0.02  -0.02     0.04
  MONTH TO DATE    0.79                      0.40   0.39     0.21
  SINCE OCT 1      2.78                      3.49  -0.71     5.44
  SINCE JAN 1      2.25                      2.40  -0.15     2.06

DEGREE DAYS
 HEATING
  TODAY            0                         5     -5       10
  MONTH TO DATE  157                       189    -32      200
  SINCE MAR 1   1110                      1340   -230     1179
  SINCE JUL 1   4975                      5382   -407     5106

 COOLING
  TODAY            7                         1      6        0
  MONTH TO DATE   19                        11      8        1
  SINCE MAR 1     19                        12      7        1
  SINCE JAN 1     19                        12      7        1
..................................................................


WIND (MPH)
  HIGHEST WIND SPEED    39   HIGHEST WIND DIRECTION    NW (310)
  HIGHEST GUST SPEED    57   HIGHEST GUST DIRECTION     W (290)



WEATHER CONDITIONS
 THE FOLLOWING WEATHER WAS RECORDED TODAY.
  NO SIGNIFICANT WEATHER WAS OBSERVED.


RELATIVE HUMIDITY (PERCENT)
 HIGHEST    32           300 AM
 LOWEST      9           200 PM
 AVERAGE    21

..........................................................


THE TONOPAH AIRPORT NV CLIMATE NORMALS FOR TOMORROW
                         NORMAL    RECORD    YEAR
 MAXIMUM TEMPERATURE (F)   77        93      1986
 MINIMUM TEMPERATURE (F)   46        28      1980


SUNRISE AND SUNSET
MAY 24 2017...........SUNRISE   531 AM PDT   SUNSET   800 PM PDT
MAY 25 2017...........SUNRISE   530 AM PDT   SUNSET   801 PM PDT


-  INDICATES NEGATIVE NUMBERS.
R  INDICATES RECORD WAS SET OR TIED.
MM INDICATES DATA IS MISSING.
T  INDICATES TRACE AMOUNT.




$$
