976
CDUS45 KLKN 290932
CLITPH


CLIMATE REPORT
NATIONAL WEATHER SERVICE ELKO NV
228 AM PDT WED MAR 29 2017


...................................

...THE TONOPAH AIRPORT NV CLIMATE SUMMARY FOR MARCH 28 2017...

CLIMATE NORMAL PERIOD 1981 TO 2010
CLIMATE RECORD PERIOD 1954 TO 2017


WEATHER ITEM   OBSERVED TIME   RECORD YEAR NORMAL DEPARTURE LAST
                VALUE   (LST)  VALUE       VALUE  FROM      YEAR
                                                  NORMAL
..................................................................
TEMPERATURE (F)
 YESTERDAY
  MAXIMUM         59    349 PM  76    2015  60     -1       55
                                      1986
  MINIMUM         30    557 AM  12    1972  31     -1       31
  AVERAGE         45                        45      0       43

PRECIPITATION (IN)
  YESTERDAY        0.00          0.35 1979   0.02  -0.02     0.05
  MONTH TO DATE    0.34                      0.53  -0.19     0.43
  SINCE OCT 1      1.85                      2.63  -0.78     4.88
  SINCE JAN 1      1.32                      1.54  -0.22     1.50

DEGREE DAYS
 HEATING
  YESTERDAY       20                        20      0       22
  MONTH TO DATE  472                       626   -154      517
  SINCE MAR 1    472                       626   -154      517
  SINCE JUL 1   4337                      4668   -331     4444

 COOLING
  YESTERDAY        0                         0      0        0
  MONTH TO DATE    0                         0      0        0
  SINCE MAR 1      0                         0      0        0
  SINCE JAN 1      0                         0      0        0
..................................................................


WIND (MPH)
  HIGHEST WIND SPEED    23   HIGHEST WIND DIRECTION     N (360)
  HIGHEST GUST SPEED    29   HIGHEST GUST DIRECTION     N (350)
  AVERAGE WIND SPEED    13.5



WEATHER CONDITIONS
 THE FOLLOWING WEATHER WAS RECORDED YESTERDAY.
  NO SIGNIFICANT WEATHER WAS OBSERVED.


RELATIVE HUMIDITY (PERCENT)
 HIGHEST    63           200 AM
 LOWEST     18           300 PM
 AVERAGE    41

..........................................................


THE TONOPAH AIRPORT NV CLIMATE NORMALS FOR TODAY
                         NORMAL    RECORD    YEAR
 MAXIMUM TEMPERATURE (F)   60        75      2015
                                             1969
 MINIMUM TEMPERATURE (F)   31        17      1977


SUNRISE AND SUNSET
MARCH 29 2017.........SUNRISE   638 AM PDT   SUNSET   709 PM PDT
MARCH 30 2017.........SUNRISE   636 AM PDT   SUNSET   710 PM PDT


-  INDICATES NEGATIVE NUMBERS.
R  INDICATES RECORD WAS SET OR TIED.
MM INDICATES DATA IS MISSING.
T  INDICATES TRACE AMOUNT.




$$
