000
CDUS45 KLKN 230938
CLITPH


CLIMATE REPORT
NATIONAL WEATHER SERVICE ELKO NV
234 AM PDT MON OCT 3  2017


...................................

...THE TONOPAH AIRPORT NV CLIMATE SUMMARY FOR OCTOBER 22 2017...

CLIMATE NORMAL PERIOD 1981 TO 2010
CLIMATE RECORD PERIOD 1954 TO 2017


WEATHER ITEM   OBSERVED TIME   RECORD YEAR NORMAL DEPARTURE LAST
                VALUE   (LST)  VALUE       VALUE  FROM      YEAR
                                                  NORMAL
..................................................................
TEMPERATURE (F)
 YESTERDAY
  MAXIMUM         74    245 PM  83    2003  66      8       73
  MINIMUM         34    607 AM  18    1996  35     -1       40
  AVERAGE         54                        50      4       57

PRECIPITATION (IN)
  YESTERDAY        0.00          0.04 2010   0.01  -0.01     0.00
  MONTH TO DATE    0.00                      0.23  -0.23     0.00
  SINCE OCT 1      0.00                      0.23  -0.23     0.00
  SINCE JAN 1      3.51                      4.38  -0.87     3.57

DEGREE DAYS
 HEATING
  YESTERDAY       11                        15     -4        8
  MONTH TO DATE  291                       232     59      216
  SINCE SEP 1    423                       317    106      285
  SINCE JUL 1    423                       323    100      285

 COOLING
  YESTERDAY        0                         0      0        0
  MONTH TO DATE    0                         0      0        0
  SINCE SEP 1    117                        68     49       59
  SINCE JAN 1   1222                       781    441     1022
..................................................................


WIND (MPH)
  HIGHEST WIND SPEED    21   HIGHEST WIND DIRECTION    NW (310)
  HIGHEST GUST SPEED    27   HIGHEST GUST DIRECTION    NW (310)
  AVERAGE WIND SPEED     9.5



WEATHER CONDITIONS
 THE FOLLOWING WEATHER WAS RECORDED YESTERDAY.
  NO SIGNIFICANT WEATHER WAS OBSERVED.


RELATIVE HUMIDITY (PERCENT)
 HIGHEST    64           600 AM
 LOWEST     11           600 PM
 AVERAGE    38

..........................................................


THE TONOPAH AIRPORT NV CLIMATE NORMALS FOR TODAY
                         NORMAL    RECORD    YEAR
 MAXIMUM TEMPERATURE (F)   65        83      1959
 MINIMUM TEMPERATURE (F)   35        22      1961


SUNRISE AND SUNSET
OCTOBER 23 2017.......SUNRISE   705 AM PDT   SUNSET   600 PM PDT
OCTOBER 24 2017.......SUNRISE   706 AM PDT   SUNSET   558 PM PDT


-  INDICATES NEGATIVE NUMBERS.
R  INDICATES RECORD WAS SET OR TIED.
MM INDICATES DATA IS MISSING.
T  INDICATES TRACE AMOUNT.




$$
