000
CDUS44 KMRX 210849
CLITRI

CLIMATE REPORT
NATIONAL WEATHER SERVICE MORRISTOWN TN
434 AM EDT MON APR 21 2014


...................................

...THE TRI-CITIES      ASOS CLIMATE SUMMARY FOR APRIL 20 2014...

CLIMATE NORMAL PERIOD 1981 TO 2010
CLIMATE RECORD PERIOD 1934 TO 2014


WEATHER ITEM   OBSERVED TIME   RECORD YEAR NORMAL DEPARTURE LAST
                VALUE   (LST)  VALUE       VALUE  FROM      YEAR
                                                  NORMAL
..................................................................
TEMPERATURE (F)
 YESTERDAY
  MAXIMUM         76    544 PM  85    2002  69      7       59
                                      1976
                                      1954
  MINIMUM         42    615 AM  24    1983  44     -2       35
  AVERAGE         59                        56      3       47

PRECIPITATION (IN)
  YESTERDAY        0.00          1.40 1940   0.11  -0.11     0.00
  MONTH TO DATE    1.63                      2.19  -0.56     3.08
  SINCE MAR 1      3.90                      5.63  -1.73     7.70
  SINCE JAN 1      8.96                     12.45  -3.49    19.55

SNOWFALL (IN)
  YESTERDAY        0.0                       0.0    0.0      0.0
  MONTH TO DATE    T                         0.9   -0.9      0.0
  SINCE MAR 1      0.7                       2.3   -1.6      1.5
  SINCE JUL 1     13.0                      13.1   -0.1      9.2
  SNOW DEPTH       0

DEGREE DAYS
 HEATING
  YESTERDAY        6                         9     -3       18
  MONTH TO DATE  175                       229    -54      189
  SINCE MAR 1    791                       797     -6      935
  SINCE JUL 1   4286                      4179    107     4104

 COOLING
  YESTERDAY        0                         0      0        0
  MONTH TO DATE    6                         0      6        6
  SINCE MAR 1      6                         1      5        6
  SINCE JAN 1      6                         1      5        6
..................................................................


WIND (MPH)
  HIGHEST WIND SPEED     9   HIGHEST WIND DIRECTION     E (110)
  HIGHEST GUST SPEED    13   HIGHEST GUST DIRECTION     E (70)
  AVERAGE WIND SPEED     1.7


SKY COVER
  POSSIBLE SUNSHINE  MM
  AVERAGE SKY COVER  MM


WEATHER CONDITIONS
 THE FOLLOWING WEATHER WAS RECORDED YESTERDAY.
  NO SIGNIFICANT WEATHER WAS OBSERVED.


RELATIVE HUMIDITY (PERCENT)
 HIGHEST    76           300 AM
 LOWEST     16           400 PM
 AVERAGE    46

..........................................................


THE TRI-CITIES      ASOS CLIMATE NORMALS FOR TODAY
                         NORMAL    RECORD    YEAR
 MAXIMUM TEMPERATURE (F)   70        85      1963
                                             1957
                                             1952
 MINIMUM TEMPERATURE (F)   44        26      1983


SUNRISE AND SUNSET
APRIL 21 2014.........SUNRISE   648 AM EDT   SUNSET   809 PM EDT
APRIL 22 2014.........SUNRISE   647 AM EDT   SUNSET   810 PM EDT


-  INDICATES NEGATIVE NUMBERS.
R  INDICATES RECORD WAS SET OR TIED.
MM INDICATES DATA IS MISSING.
T  INDICATES TRACE AMOUNT.


$$
