000
CDUS44 KMRX 282131
CLITRI

CLIMATE REPORT
NATIONAL WEATHER SERVICE MORRISTOWN TN
531 PM EDT SAT MAR 28 2015


...................................

...THE TRI-CITIES CLIMATE SUMMARY FOR MARCH 28 2015...
VALID TODAY AS OF 0500 PM LOCAL TIME.

CLIMATE NORMAL PERIOD 1981 TO 2010
CLIMATE RECORD PERIOD 1934 TO 2015


WEATHER ITEM   OBSERVED TIME   RECORD YEAR NORMAL DEPARTURE LAST
                VALUE   (LST)  VALUE       VALUE  FROM      YEAR
                                                  NORMAL
..................................................................
TEMPERATURE (F)
 TODAY
  MAXIMUM         42    355 PM  82    1945  63    -21       66
  MINIMUM         28    759 AM  19    2001  37     -9       54
                                      1982
                                      1955
  AVERAGE         35                        50    -15       60

PRECIPITATION (IN)
  TODAY            T             0.85 1996   0.11  -0.11     0.01
  MONTH TO DATE    3.81                      3.10   0.71     1.65
  SINCE MAR 1      3.81                      3.10   0.71     1.65
  SINCE JAN 1      9.14                      9.92  -0.78     6.71

SNOWFALL (IN)
  TODAY            T                         0.0    0.0      0.0
  MONTH TO DATE    T                         1.3   -1.3      0.7
  SINCE MAR 1      T                         1.3   -1.3      0.7
  SINCE JUL 1     15.5                      12.1    3.4     13.0
  SNOW DEPTH       0

DEGREE DAYS
 HEATING
  TODAY           30                        15     15        5
  MONTH TO DATE  449                       524    -75      565
  SINCE MAR 1    449                       524    -75      565
  SINCE JUL 1   4076                      3906    170     4060

 COOLING
  TODAY            0                         0      0        0
  MONTH TO DATE    0                         0      0        0
  SINCE MAR 1      0                         0      0        0
  SINCE JAN 1      0                         0      0        0
..................................................................


WIND (MPH)
  HIGHEST WIND SPEED    17   HIGHEST WIND DIRECTION    NW (310)
  HIGHEST GUST SPEED    24   HIGHEST GUST DIRECTION    NW (300)
  AVERAGE WIND SPEED    11.0


SKY COVER
  POSSIBLE SUNSHINE  MM
  AVERAGE SKY COVER 0.7


WEATHER CONDITIONS
 THE FOLLOWING WEATHER WAS RECORDED TODAY.
  NO SIGNIFICANT WEATHER WAS OBSERVED.


RELATIVE HUMIDITY (PERCENT)
 HIGHEST    69           100 AM
 LOWEST     30           400 PM
 AVERAGE    50

..........................................................


THE TRI-CITIES CLIMATE NORMALS FOR TOMORROW
                         NORMAL    RECORD    YEAR
 MAXIMUM TEMPERATURE (F)   63        82      1989
 MINIMUM TEMPERATURE (F)   38        19      1966


SUNRISE AND SUNSET
MARCH 28 2015.........SUNRISE   722 AM EDT   SUNSET   748 PM EDT
MARCH 29 2015.........SUNRISE   720 AM EDT   SUNSET   749 PM EDT


-  INDICATES NEGATIVE NUMBERS.
R  INDICATES RECORD WAS SET OR TIED.
MM INDICATES DATA IS MISSING.
T  INDICATES TRACE AMOUNT.




$$
