000
CDUS44 KMRX 300827
CLITRI


CLIMATE REPORT
NATIONAL WEATHER SERVICE MORRISTOWN TN
426 AM EDT SAT JUL 30 2016


...................................

...THE TRI-CITIES      ASOS CLIMATE SUMMARY FOR JULY 29 2016...

CLIMATE NORMAL PERIOD 1981 TO 2010
CLIMATE RECORD PERIOD 1934 TO 2016


WEATHER ITEM   OBSERVED TIME   RECORD YEAR NORMAL DEPARTURE LAST
                VALUE   (LST)  VALUE       VALUE  FROM      YEAR
                                                  NORMAL
..................................................................
TEMPERATURE (F)
 YESTERDAY
  MAXIMUM         87    155 PM 102    1952  85      2       92
  MINIMUM         69   1159 PM  55    2014  64      5       68
                                      2013
  AVERAGE         78                        74      4       80

PRECIPITATION (IN)
  YESTERDAY        0.02          1.77 2001   0.15  -0.13     0.00
  MONTH TO DATE    2.85                      4.39  -1.54     5.79
  SINCE JUN 1      4.98                      8.29  -3.31     8.24
  SINCE JAN 1     20.89                     25.68  -4.79    23.15

SNOWFALL (IN)
  YESTERDAY        0.0                       0.0    0.0      0.0
  MONTH TO DATE    0.0                       0.0    0.0      0.0
  SINCE JUN 1      0.0                       0.0    0.0      0.0
  SINCE JUL 1      0.0                       0.0    0.0      0.0
  SNOW DEPTH       0

DEGREE DAYS
 HEATING
  YESTERDAY        0                         0      0        0
  MONTH TO DATE    0                         0      0        0
  SINCE JUN 1      0                        11    -11        0
  SINCE JUL 1      0                         0      0        0

 COOLING
  YESTERDAY       13                        10      3       15
  MONTH TO DATE  400                       287    113      339
  SINCE JUN 1    680                       493    187      653
  SINCE JAN 1    776                       566    210      819
..................................................................


WIND (MPH)
  HIGHEST WIND SPEED    26   HIGHEST WIND DIRECTION    NW (310)
  HIGHEST GUST SPEED    33   HIGHEST GUST DIRECTION    NW (310)
  AVERAGE WIND SPEED     4.2


SKY COVER
  POSSIBLE SUNSHINE  MM
  AVERAGE SKY COVER 0.8


WEATHER CONDITIONS
 THE FOLLOWING WEATHER WAS RECORDED YESTERDAY.
  THUNDERSTORM
  LIGHT RAIN
  FOG


RELATIVE HUMIDITY (PERCENT)
 HIGHEST    97           100 AM
 LOWEST     53           200 PM
 AVERAGE    75

..........................................................


THE TRI-CITIES      ASOS CLIMATE NORMALS FOR TODAY
                         NORMAL    RECORD    YEAR
 MAXIMUM TEMPERATURE (F)   85        96      1995
 MINIMUM TEMPERATURE (F)   64        51      2014


SUNRISE AND SUNSET
JULY 30 2016..........SUNRISE   635 AM EDT   SUNSET   837 PM EDT
JULY 31 2016..........SUNRISE   636 AM EDT   SUNSET   836 PM EDT


-  INDICATES NEGATIVE NUMBERS.
R  INDICATES RECORD WAS SET OR TIED.
MM INDICATES DATA IS MISSING.
T  INDICATES TRACE AMOUNT.




$$
