000
CDUS44 KMRX 052228
CLITRI

CLIMATE REPORT NATIONAL WEATHER SERVICE MORRISTOWN TN
527 PM EST THU MAR 5 2015

...................................

...THE TRI-CITIES CLIMATE SUMMARY FOR MARCH 5 2015... VALID TODAY AS
OF 0500 PM LOCAL TIME.

CLIMATE NORMAL PERIOD 1981 TO 2010
CLIMATE RECORD PERIOD 1934 TO 2015


WEATHER ITEM   OBSERVED TIME   RECORD YEAR NORMAL DEPARTURE LAST
                VALUE   (LST)  VALUE       VALUE  FROM      YEAR
                                                  NORMAL
..................................................................
TEMPERATURE (F)
 TODAY
  MAXIMUM         43   1253 AM  77    1955  56    -13       59
  MINIMUM         27    450 PM   5    1960  32     -5       27
  AVERAGE         35                        44     -9       43

PRECIPITATION (IN)
  TODAY            0.87          2.13 1963   0.11   0.76     0.00
  MONTH TO DATE    1.89                      0.55   1.34     1.01
  SINCE MAR 1      1.89                      0.55   1.34     1.01
  SINCE JAN 1      7.22                      7.37  -0.15     6.07

SNOWFALL (IN)
  TODAY            T                         0.0    0.0      0.0
  MONTH TO DATE    T                         0.3   -0.3      0.2
  SINCE MAR 1      T                         0.3   -0.3      0.2
  SINCE JUL 1     15.5                      11.1    4.4     12.5
  SNOW DEPTH       0

DEGREE DAYS
 HEATING
  TODAY           30                        21      9       22
  MONTH TO DATE  104                       109     -5      113
  SINCE MAR 1    104                       109     -5      113
  SINCE JUL 1   3731                      3491    240     3608

 COOLING
  TODAY            0                         0      0        0
  MONTH TO DATE    0                         0      0        0
  SINCE MAR 1      0                         0      0        0
  SINCE JAN 1      0                         0      0        0
..................................................................


WIND (MPH)
  HIGHEST WIND SPEED    15   HIGHEST WIND DIRECTION    NW (330)
  HIGHEST GUST SPEED    21   HIGHEST GUST DIRECTION    NW (330)
  AVERAGE WIND SPEED     6.5


SKY COVER
  POSSIBLE SUNSHINE  MM
  AVERAGE SKY COVER 0.9


WEATHER CONDITIONS
 THE FOLLOWING WEATHER WAS RECORDED TODAY.
  HEAVY RAIN
  RAIN
  LIGHT RAIN
  SNOW
  FOG


RELATIVE HUMIDITY (PERCENT)
 HIGHEST    96          1000 AM
 LOWEST     85           300 PM
 AVERAGE    91

..........................................................


THE TRI-CITIES      ASOS CLIMATE NORMALS FOR TOMORROW
                         NORMAL    RECORD    YEAR
 MAXIMUM TEMPERATURE (F)   56        78      1956
 MINIMUM TEMPERATURE (F)   32         3      1960


SUNRISE AND SUNSET
MARCH  5 2015.........SUNRISE   655 AM EST   SUNSET   628 PM EST
MARCH  6 2015.........SUNRISE   654 AM EST   SUNSET   629 PM EST


-  INDICATES NEGATIVE NUMBERS.
R  INDICATES RECORD WAS SET OR TIED.
MM INDICATES DATA IS MISSING.
T  INDICATES TRACE AMOUNT.




$$
