000
CDUS44 KMRX 260826
CLITRI


CLIMATE REPORT
NATIONAL WEATHER SERVICE MORRISTOWN TN
425 AM EDT MON SEP 26 2016


...................................

...THE TRI-CITIES      ASOS CLIMATE SUMMARY FOR SEPTEMBER 25 2016...

CLIMATE NORMAL PERIOD 1981 TO 2010
CLIMATE RECORD PERIOD 1934 TO 2016


WEATHER ITEM   OBSERVED TIME   RECORD YEAR NORMAL DEPARTURE LAST
                VALUE   (LST)  VALUE       VALUE  FROM      YEAR
                                                  NORMAL
..................................................................
TEMPERATURE (F)
 YESTERDAY
  MAXIMUM         90    343 PM  91    2007  76     14       72
  MINIMUM         59    514 AM  38    1950  51      8       55
  AVERAGE         75                        64     11       64

PRECIPITATION (IN)
  YESTERDAY        0.00          1.38 1989   0.09  -0.09     0.22
  MONTH TO DATE    1.97                      2.55  -0.58     1.83
  SINCE SEP 1      1.97                      2.55  -0.58     1.83
  SINCE JAN 1     26.13                     32.00  -5.87    30.99

SNOWFALL (IN)
  YESTERDAY        0.0                       0.0    0.0      0.0
  MONTH TO DATE    0.0                       0.0    0.0      0.0
  SINCE SEP 1      0.0                       0.0    0.0      0.0
  SINCE JUL 1      0.0                       0.0    0.0      0.0
  SNOW DEPTH       0

DEGREE DAYS
 HEATING
  YESTERDAY        0                         3     -3        1
  MONTH TO DATE    0                        29    -29       19
  SINCE SEP 1      0                        29    -29       19
  SINCE JUL 1      0                        30    -30       19

 COOLING
  YESTERDAY       10                         2      8        0
  MONTH TO DATE  223                       108    115      141
  SINCE SEP 1    223                       108    115      141
  SINCE JAN 1   1456                       960    496     1275
..................................................................


WIND (MPH)
  HIGHEST WIND SPEED    12   HIGHEST WIND DIRECTION     W (250)
  HIGHEST GUST SPEED    15   HIGHEST GUST DIRECTION     W (280)
  AVERAGE WIND SPEED     1.5


SKY COVER
  POSSIBLE SUNSHINE  MM
  AVERAGE SKY COVER 0.1


WEATHER CONDITIONS
 THE FOLLOWING WEATHER WAS RECORDED YESTERDAY.
  FOG


RELATIVE HUMIDITY (PERCENT)
 HIGHEST   100           400 AM
 LOWEST     37           300 PM
 AVERAGE    69

..........................................................


THE TRI-CITIES      ASOS CLIMATE NORMALS FOR TODAY
                         NORMAL    RECORD    YEAR
 MAXIMUM TEMPERATURE (F)   76        89      1998
                                             1970
 MINIMUM TEMPERATURE (F)   51        36      2001


SUNRISE AND SUNSET
SEPTEMBER 26 2016.....SUNRISE   721 AM EDT   SUNSET   720 PM EDT
SEPTEMBER 27 2016.....SUNRISE   722 AM EDT   SUNSET   718 PM EDT


-  INDICATES NEGATIVE NUMBERS.
R  INDICATES RECORD WAS SET OR TIED.
MM INDICATES DATA IS MISSING.
T  INDICATES TRACE AMOUNT.




$$
