363
CDUS44 KMRX 202234
CLITRI


CLIMATE REPORT
NATIONAL WEATHER SERVICE MORRISTOWN TN
534 PM EST MON FEB 20 2017


...................................

...THE TRI-CITIES      ASOS CLIMATE SUMMARY FOR FEBRUARY 20 2017...
VALID TODAY AS OF 0500 PM LOCAL TIME.

CLIMATE NORMAL PERIOD 1981 TO 2010
CLIMATE RECORD PERIOD 1934 TO 2017


WEATHER ITEM   OBSERVED TIME   RECORD YEAR NORMAL DEPARTURE LAST
                VALUE   (LST)  VALUE       VALUE  FROM      YEAR
                                                  NORMAL
..................................................................
TEMPERATURE (F)
 TODAY
  MAXIMUM         70    359 PM  75    2014  51     19       57
  MINIMUM         32    741 AM -13    2015  29      3       46
  AVERAGE         51                        40     11       52

PRECIPITATION (IN)
  TODAY            0.00          1.06 1967   0.12  -0.12     0.02
  MONTH TO DATE    1.13                      2.49  -1.36     2.84
  SINCE DEC 1      9.04                      9.23  -0.19    11.03
  SINCE JAN 1      3.68                      5.86  -2.18     5.76

SNOWFALL (IN)
  TODAY            0.0                       0.1   -0.1      0.0
  MONTH TO DATE    T                         2.5   -2.5      8.6
  SINCE DEC 1      4.0                       9.6   -5.6     18.4
  SINCE JUL 1      4.0                       9.9   -5.9     18.4
  SNOW DEPTH       0

DEGREE DAYS
 HEATING
  TODAY           14                        25    -11       13
  MONTH TO DATE  424                       539   -115      559
  SINCE DEC 1   1835                      2307   -472     2004
  SINCE JUL 1   2454                      3193   -739     2647

 COOLING
  TODAY            0                         0      0        0
  MONTH TO DATE    0                         0      0        0
  SINCE DEC 1      0                         0      0        0
  SINCE JAN 1      0                         0      0        0
..................................................................


WIND (MPH)
  HIGHEST WIND SPEED     6   HIGHEST WIND DIRECTION     W (260)
  HIGHEST GUST SPEED     8   HIGHEST GUST DIRECTION     W (270)
  AVERAGE WIND SPEED     0.8


SKY COVER
  POSSIBLE SUNSHINE  MM
  AVERAGE SKY COVER 0.6


WEATHER CONDITIONS
 THE FOLLOWING WEATHER WAS RECORDED TODAY.
  FOG
  FOG W/VISIBILITY <= 1/4 MILE


RELATIVE HUMIDITY (PERCENT)
 HIGHEST   100           200 AM
 LOWEST     26           400 PM
 AVERAGE    63

..........................................................


THE TRI-CITIES      ASOS CLIMATE NORMALS FOR TOMORROW
                         NORMAL    RECORD    YEAR
 MAXIMUM TEMPERATURE (F)   52        72      1997
 MINIMUM TEMPERATURE (F)   29         7      1958


SUNRISE AND SUNSET
FEBRUARY 20 2017......SUNRISE   711 AM EST   SUNSET   616 PM EST
FEBRUARY 21 2017......SUNRISE   710 AM EST   SUNSET   617 PM EST


-  INDICATES NEGATIVE NUMBERS.
R  INDICATES RECORD WAS SET OR TIED.
MM INDICATES DATA IS MISSING.
T  INDICATES TRACE AMOUNT.




$$
