000
CDUS44 KMRX 010819
CLITRI

CLIMATE REPORT
NATIONAL WEATHER SERVICE MORRISTOWN TN
418 AM EDT WED JUL 1 2015


...................................

...THE TRI-CITIES CLIMATE SUMMARY FOR JUNE 30 2015...

CLIMATE NORMAL PERIOD 1981 TO 2010
CLIMATE RECORD PERIOD 1934 TO 2015


WEATHER ITEM   OBSERVED TIME   RECORD YEAR NORMAL DEPARTURE LAST
                VALUE   (LST)  VALUE       VALUE  FROM      YEAR
                                                  NORMAL
..................................................................
TEMPERATURE (F)
 YESTERDAY
  MAXIMUM         82    218 PM 103    2012  85     -3       82
  MINIMUM         65   1140 PM  50    1940  63      2       67
  AVERAGE         74                        74      0       75

PRECIPITATION (IN)
  YESTERDAY        0.11          2.22 1983   0.14  -0.03     0.01
  MONTH TO DATE    2.45                      3.90  -1.45     3.58
  SINCE JUN 1      2.45                      3.90  -1.45     3.58
  SINCE JAN 1     17.36                     21.29  -3.93    15.58

SNOWFALL (IN)
  YESTERDAY        0.0                       0.0    0.0      0.0
  MONTH TO DATE    0.0                       0.0    0.0      0.0
  SINCE JUN 1      0.0                       0.0    0.0      0.0
  SINCE JUL 1     15.5                      13.3    2.2     13.0
  SNOW DEPTH       0

DEGREE DAYS
 HEATING
  YESTERDAY        0                         0      0        0
  MONTH TO DATE    0                         9     -9        0
  SINCE JUN 1      0                        11    -11        0
  SINCE JUL 1   4376                      4374      2     4410

 COOLING
  YESTERDAY        9                         9      0       10
  MONTH TO DATE  314                       206    108      296
  SINCE JUN 1    314                       206    108      296
  SINCE JAN 1    480                       279    201      430
..................................................................


WIND (MPH)
  HIGHEST WIND SPEED    17   HIGHEST WIND DIRECTION    SW (230)
  HIGHEST GUST SPEED    22   HIGHEST GUST DIRECTION     S (180)
  AVERAGE WIND SPEED     6.3


SKY COVER
  POSSIBLE SUNSHINE  MM
  AVERAGE SKY COVER 0.9


WEATHER CONDITIONS
 THE FOLLOWING WEATHER WAS RECORDED YESTERDAY.
  RAIN
  FOG


RELATIVE HUMIDITY (PERCENT)
 HIGHEST    87           500 AM
 LOWEST     58           100 PM
 AVERAGE    73

..........................................................


THE TRI-CITIES CLIMATE NORMALS FOR TODAY
                         NORMAL    RECORD    YEAR
 MAXIMUM TEMPERATURE (F)   85       100      2012
 MINIMUM TEMPERATURE (F)   63        51      2008
                                             1988
                                             1980


SUNRISE AND SUNSET
JULY  1 2015..........SUNRISE   615 AM EDT   SUNSET   852 PM EDT
JULY  2 2015..........SUNRISE   615 AM EDT   SUNSET   852 PM EDT


-  INDICATES NEGATIVE NUMBERS.
R  INDICATES RECORD WAS SET OR TIED.
MM INDICATES DATA IS MISSING.
T  INDICATES TRACE AMOUNT.




$$
