000
CDUS44 KMRX 260814
CLITRI


CLIMATE REPORT
NATIONAL WEATHER SERVICE MORRISTOWN TN
414 AM EDT WED APR 26 2017


...................................

...THE TRI-CITIES      ASOS CLIMATE SUMMARY FOR APRIL 25 2017...

CLIMATE NORMAL PERIOD 1981 TO 2010
CLIMATE RECORD PERIOD 1934 TO 2017


WEATHER ITEM   OBSERVED TIME   RECORD YEAR NORMAL DEPARTURE LAST
                VALUE   (LST)  VALUE       VALUE  FROM      YEAR
                                                  NORMAL
..................................................................
TEMPERATURE (F)
 YESTERDAY
  MAXIMUM         68    533 PM  87    1960  71     -3       80
  MINIMUM         51    557 AM  31    1969  45      6       47
                                      1967
  AVERAGE         60                        58      2       64

PRECIPITATION (IN)
  YESTERDAY        T             1.99 1975   0.12  -0.12     0.00
  MONTH TO DATE    4.84                      2.76   2.08     2.03
  SINCE MAR 1      9.41                      6.20   3.21     2.97
  SINCE JAN 1     14.09                     13.02   1.07    10.37

SNOWFALL (IN)
  YESTERDAY        0.0                       0.0    0.0      0.0
  MONTH TO DATE    0.0                       1.0   -1.0      0.0
  SINCE MAR 1      0.3                       2.4   -2.1       T
  SINCE JUL 1      4.3                      13.2   -8.9     18.4
  SNOW DEPTH       0

DEGREE DAYS
 HEATING
  YESTERDAY        5                         8     -3        1
  MONTH TO DATE  138                       270   -132      245
  SINCE MAR 1    665                       838   -173      634
  SINCE JUL 1   3232                      4220   -988     3454

 COOLING
  YESTERDAY        0                         1     -1        0
  MONTH TO DATE    9                         4      5        5
  SINCE MAR 1      9                         5      4       11
  SINCE JAN 1      9                         5      4       11
..................................................................


WIND (MPH)
  HIGHEST WIND SPEED    12   HIGHEST WIND DIRECTION    SW (230)
  HIGHEST GUST SPEED    18   HIGHEST GUST DIRECTION     W (290)
  AVERAGE WIND SPEED     3.1


SKY COVER
  POSSIBLE SUNSHINE  MM
  AVERAGE SKY COVER 0.8


WEATHER CONDITIONS
 THE FOLLOWING WEATHER WAS RECORDED YESTERDAY.
  LIGHT RAIN
  FOG


RELATIVE HUMIDITY (PERCENT)
 HIGHEST    96           500 AM
 LOWEST     63           400 PM
 AVERAGE    80

..........................................................


THE TRI-CITIES      ASOS CLIMATE NORMALS FOR TODAY
                         NORMAL    RECORD    YEAR
 MAXIMUM TEMPERATURE (F)   71        88      1986
                                             1960
                                             1948
 MINIMUM TEMPERATURE (F)   45        31      1972


SUNRISE AND SUNSET
APRIL 26 2017.........SUNRISE   642 AM EDT   SUNSET   814 PM EDT
APRIL 27 2017.........SUNRISE   640 AM EDT   SUNSET   814 PM EDT


-  INDICATES NEGATIVE NUMBERS.
R  INDICATES RECORD WAS SET OR TIED.
MM INDICATES DATA IS MISSING.
T  INDICATES TRACE AMOUNT.




$$
