000
CDUS46 KSGX 231141
CLITRM


CLIMATE REPORT
NATIONAL WEATHER SERVICE SAN DIEGO, CA
441 AM PDT TUE MAY 23 2017


...................................

...THE THERMAL AIRPORT CA CLIMATE SUMMARY FOR MAY 22 2017...

CLIMATE NORMAL PERIOD 1981 TO 2010
CLIMATE RECORD PERIOD 1950 TO 2017


WEATHER ITEM   OBSERVED TIME   RECORD YEAR NORMAL DEPARTURE LAST
                VALUE   (LST)  VALUE       VALUE  FROM      YEAR
                                                  NORMAL
..................................................................
TEMPERATURE (F)
 YESTERDAY
  MAXIMUM        110R   307 PM 110    2000  97     13       89
  MINIMUM         79    547 AM  56    1994  63     16       62
  AVERAGE         95                        80     15       76

PRECIPITATION (IN)
  YESTERDAY        0.00          0.04 1992   0.00   0.00     0.00
  MONTH TO DATE    T                         0.02  -0.02      T
  SINCE OCT 1      3.69                      2.60   1.09     1.98
  SINCE JAN 1      2.01                      1.79   0.22     1.55

DEGREE DAYS
 HEATING
  YESTERDAY        0                         0      0        0
  MONTH TO DATE    5                         0      5        0
  SINCE MAR 1     39                       115    -76       22
  SINCE JUL 1    904                      1180   -276     1047

 COOLING
  YESTERDAY       30                        15     15       11
  MONTH TO DATE  274                       274      0      294
  SINCE MAR 1    757                       518    239      674
  SINCE JAN 1    789                       530    259      739
..................................................................


WIND (MPH)
  RESULTANT WIND SPEED   2   RESULTANT WIND DIRECTION   N (340)
  HIGHEST WIND SPEED    17   HIGHEST WIND DIRECTION    NW (330)
  HIGHEST GUST SPEED    24   HIGHEST GUST DIRECTION    NW (330)
  AVERAGE WIND SPEED     7.6


SKY COVER
  POSSIBLE SUNSHINE  MM
  AVERAGE SKY COVER 0.0


WEATHER CONDITIONS
 THE FOLLOWING WEATHER WAS RECORDED YESTERDAY.
  NO SIGNIFICANT WEATHER WAS OBSERVED.


RELATIVE HUMIDITY (PERCENT)
 HIGHEST    26           600 AM
 LOWEST      5           100 PM
 AVERAGE    16

..........................................................


THE THERMAL AIRPORT CA CLIMATE NORMALS FOR TODAY
                         NORMAL    RECORD    YEAR
 MAXIMUM TEMPERATURE (F)   97       107      1983
 MINIMUM TEMPERATURE (F)   63        56      2010
                                             1960


SUNRISE AND SUNSET
MAY 23 2017...........SUNRISE   539 AM PDT   SUNSET   744 PM PDT
MAY 24 2017...........SUNRISE   538 AM PDT   SUNSET   745 PM PDT


-  INDICATES NEGATIVE NUMBERS.
R  INDICATES RECORD WAS SET OR TIED.
MM INDICATES DATA IS MISSING.
T  INDICATES TRACE AMOUNT.




$$
