000
CDUS46 KSGX 310015
CLITRM


CLIMATE REPORT
NATIONAL WEATHER SERVICE SAN DIEGO, CA
515 PM PDT MON MAY 30 2016


...................................

...THE THERMAL AIRPORT CA CLIMATE SUMMARY FOR MAY 30 2016...
VALID TODAY AS OF 0500 PM LOCAL TIME.

CLIMATE NORMAL PERIOD 1981 TO 2010
CLIMATE RECORD PERIOD 1950 TO 2016


WEATHER ITEM   OBSERVED TIME   RECORD YEAR NORMAL DEPARTURE LAST
                VALUE   (LST)  VALUE       VALUE  FROM      YEAR
                                                  NORMAL
..................................................................
TEMPERATURE (F)
 TODAY
  MAXIMUM         99    342 PM 110    2000  99      0      102
  MINIMUM         68    515 AM  55    2011  64      4       61
  AVERAGE         84                        82      2       82

PRECIPITATION (IN)
  TODAY            0.00          0.00 2002   0.00   0.00     0.00
                                      2000
  MONTH TO DATE    T                         0.03  -0.03     0.07
  SINCE OCT 1      1.98                      2.61  -0.63     0.84
  SINCE JAN 1      1.55                      1.80  -0.25     0.69

DEGREE DAYS
 HEATING
  TODAY            0                         0      0        0
  MONTH TO DATE    0                         0      0       15
  SINCE MAR 1     22                       115    -93       59
  SINCE JUL 1   1047                      1180   -133      764

 COOLING
  TODAY           19                        17      2       17
  MONTH TO DATE  409                       400      9      320
  SINCE MAR 1    789                       644    145      715
  SINCE JAN 1    854                       656    198      737
..................................................................


WIND (MPH)
  RESULTANT WIND SPEED   4   RESULTANT WIND DIRECTION  NW (330)
  HIGHEST WIND SPEED    17   HIGHEST WIND DIRECTION    NW (320)
  HIGHEST GUST SPEED    23   HIGHEST GUST DIRECTION    NW (300)
  AVERAGE WIND SPEED     8.8


SKY COVER
  POSSIBLE SUNSHINE  MM
  AVERAGE SKY COVER 0.0


WEATHER CONDITIONS
 THE FOLLOWING WEATHER WAS RECORDED TODAY.
  NO SIGNIFICANT WEATHER WAS OBSERVED.


RELATIVE HUMIDITY (PERCENT)
 HIGHEST    53           400 AM
 LOWEST      8           400 PM
 AVERAGE    31

..........................................................


THE THERMAL AIRPORT CA CLIMATE NORMALS FOR TOMORROW
                         NORMAL    RECORD    YEAR
 MAXIMUM TEMPERATURE (F)   99       115      2012
 MINIMUM TEMPERATURE (F)   64        49      2011


SUNRISE AND SUNSET
MAY 30 2016...........SUNRISE   536 AM PDT   SUNSET   749 PM PDT
MAY 31 2016...........SUNRISE   536 AM PDT   SUNSET   750 PM PDT


-  INDICATES NEGATIVE NUMBERS.
R  INDICATES RECORD WAS SET OR TIED.
MM INDICATES DATA IS MISSING.
T  INDICATES TRACE AMOUNT.




$$
