000
CDUS46 KSGX 231435
CLITRM


CLIMATE REPORT
NATIONAL WEATHER SERVICE SAN DIEGO, CA
735 AM PDT SUN APR 23 2017


...................................

...THE THERMAL AIRPORT CA CLIMATE SUMMARY FOR APRIL 22 2017...

CLIMATE NORMAL PERIOD 1981 TO 2010
CLIMATE RECORD PERIOD 1950 TO 2017


WEATHER ITEM   OBSERVED TIME   RECORD YEAR NORMAL DEPARTURE LAST
                VALUE   (LST)  VALUE       VALUE  FROM      YEAR
                                                  NORMAL
..................................................................
TEMPERATURE (F)
 YESTERDAY
  MAXIMUM        100    304 PM 104    2012  89     11       94
  MINIMUM         54    500 AM  44    1970  55     -1       68
  AVERAGE         77                        72      5       81

PRECIPITATION (IN)
  YESTERDAY        0.00          T    2005   0.00   0.00     0.00
                                      2005
                                      2010
  MONTH TO DATE    T                         0.05  -0.05     0.35
  SINCE OCT 1      3.69                      2.57   1.12     1.98
  SINCE JAN 1      2.01                      1.76   0.25     1.55

DEGREE DAYS
 HEATING
  YESTERDAY        0                         0      0        0
  MONTH TO DATE    0                        19    -19        0
  SINCE MAR 1     34                       111    -77       22
  SINCE JUL 1    899                      1176   -277     1047

 COOLING
  YESTERDAY       12                         7      5       16
  MONTH TO DATE  196                       115     81      184
  SINCE MAR 1    386                       177    209      312
  SINCE JAN 1    418                       189    229      377
..................................................................


WIND (MPH)
  RESULTANT WIND SPEED   1   RESULTANT WIND DIRECTION  NE (60)
  HIGHEST WIND SPEED    13   HIGHEST WIND DIRECTION    SE (130)
  HIGHEST GUST SPEED    16   HIGHEST GUST DIRECTION    SE (120)
  AVERAGE WIND SPEED     5.2


SKY COVER
  POSSIBLE SUNSHINE  MM
  AVERAGE SKY COVER 0.0


WEATHER CONDITIONS
 THE FOLLOWING WEATHER WAS RECORDED YESTERDAY.
  NO SIGNIFICANT WEATHER WAS OBSERVED.


RELATIVE HUMIDITY (PERCENT)
 HIGHEST    57           200 AM
 LOWEST      6          1100 AM
 AVERAGE    32

..........................................................


THE THERMAL AIRPORT CA CLIMATE NORMALS FOR TODAY
                         NORMAL    RECORD    YEAR
 MAXIMUM TEMPERATURE (F)   89       100      1987
 MINIMUM TEMPERATURE (F)   55        43      2010


SUNRISE AND SUNSET
APRIL 23 2017.........SUNRISE   604 AM PDT   SUNSET   722 PM PDT
APRIL 24 2017.........SUNRISE   603 AM PDT   SUNSET   723 PM PDT


-  INDICATES NEGATIVE NUMBERS.
R  INDICATES RECORD WAS SET OR TIED.
MM INDICATES DATA IS MISSING.
T  INDICATES TRACE AMOUNT.




$$
