000
CDUS46 KSGX 261418
CLITRM


CLIMATE REPORT
NATIONAL WEATHER SERVICE SAN DIEGO, CA
618 AM PST FRI DEC 26 2014


...................................

...THE THERMAL AIRPORT CA CLIMATE SUMMARY FOR DECEMBER 25 2014...

CLIMATE NORMAL PERIOD 1981 TO 2010
CLIMATE RECORD PERIOD 1950 TO 2014


WEATHER ITEM   OBSERVED TIME   RECORD YEAR NORMAL DEPARTURE LAST
                VALUE   (LST)  VALUE       VALUE  FROM      YEAR
                                                  NORMAL
..................................................................
TEMPERATURE (F)
 YESTERDAY
  MAXIMUM         69    224 PM  83    1980  69      0       80
  MINIMUM         39    533 AM  21    1990  36      3       40
  AVERAGE         54                        53      1       60

PRECIPITATION (IN)
  YESTERDAY        0.00          0.32 1983   0.01  -0.01     0.00
  MONTH TO DATE    0.13                      0.26  -0.13     0.01
  SINCE JUL 1      0.58                      1.29  -0.71     1.47
  SINCE JAN 1      0.66                      3.11  -2.45     1.91

SNOWFALL (IN)
  YESTERDAY        0.0
  MONTH TO DATE    0.0
  SINCE JAN 1      0.0
  SINCE JUL 1      0.0
  SNOW DEPTH       0

DEGREE DAYS
 HEATING
  YESTERDAY       11                        12     -1        5
  MONTH TO DATE  175                       300   -125      300
  SINCE DEC 1    175                       300   -125      300
  SINCE JUL 1    284                       467   -183      409

 COOLING
  YESTERDAY        0                         0      0        0
  MONTH TO DATE    3                         0      3        0
  SINCE DEC 1      3                         0      3        0
  SINCE JAN 1   4261                      3686    575     4072
..................................................................


WIND (MPH)
  RESULTANT WIND SPEED   5   RESULTANT WIND DIRECTION  NW (330)
  HIGHEST WIND SPEED    22   HIGHEST WIND DIRECTION     N (340)
  HIGHEST GUST SPEED    28   HIGHEST GUST DIRECTION     N (350)
  AVERAGE WIND SPEED     9.2


SKY COVER
  POSSIBLE SUNSHINE  MM
  AVERAGE SKY COVER 0.1


WEATHER CONDITIONS
 THE FOLLOWING WEATHER WAS RECORDED YESTERDAY.
  NO SIGNIFICANT WEATHER WAS OBSERVED.


RELATIVE HUMIDITY (PERCENT)
 HIGHEST    57           200 AM
 LOWEST      7           300 PM
 AVERAGE    32

..........................................................


THE THERMAL AIRPORT CA CLIMATE NORMALS FOR TODAY
                         NORMAL    RECORD    YEAR
 MAXIMUM TEMPERATURE (F)   70        81      1980
 MINIMUM TEMPERATURE (F)   36        23      1990


SUNRISE AND SUNSET
DECEMBER 26 2014......SUNRISE   647 AM PST   SUNSET   443 PM PST
DECEMBER 27 2014......SUNRISE   648 AM PST   SUNSET   444 PM PST


-  INDICATES NEGATIVE NUMBERS.
R  INDICATES RECORD WAS SET OR TIED.
MM INDICATES DATA IS MISSING.
T  INDICATES TRACE AMOUNT.




$$
