000
CDUS46 KSGX 050116
CLITRM


CLIMATE REPORT
NATIONAL WEATHER SERVICE SAN DIEGO, CA
516 PM PST SUN DEC 4 2016


...................................

...THE THERMAL AIRPORT CA CLIMATE SUMMARY FOR DECEMBER 4 2016...
VALID TODAY AS OF 0500 PM LOCAL TIME.

CLIMATE NORMAL PERIOD 1981 TO 2010
CLIMATE RECORD PERIOD 1950 TO 2016


WEATHER ITEM   OBSERVED TIME   RECORD YEAR NORMAL DEPARTURE LAST
                VALUE   (LST)  VALUE       VALUE  FROM      YEAR
                                                  NORMAL
..................................................................
TEMPERATURE (F)
 TODAY
  MAXIMUM         75    140 PM  85    1988  72      3       68
  MINIMUM         36    612 AM  25    2006  37     -1       34
  AVERAGE         56                        54      2       51

PRECIPITATION (IN)
  TODAY            0.00          0.53 1974   0.01  -0.01     0.00
  MONTH TO DATE    0.00                      0.04  -0.04     0.00
  SINCE OCT 1      0.32                      0.50  -0.18     0.41
  SINCE JAN 1      2.16                      2.89  -0.73     2.01

DEGREE DAYS
 HEATING
  TODAY            9                        11     -2       14
  MONTH TO DATE   32                        42    -10       53
  SINCE DEC 1     32                        42    -10       53
  SINCE JUL 1    150                       209    -59      252

 COOLING
  TODAY            0                         0      0        0
  MONTH TO DATE    0                         0      0        0
  SINCE DEC 1      0                         0      0        0
  SINCE JAN 1   4334                      3686    648     4241
..................................................................


WIND (MPH)
  RESULTANT WIND SPEED   0   RESULTANT WIND DIRECTION  SE (130)
  HIGHEST WIND SPEED     9   HIGHEST WIND DIRECTION    SE (150)
  HIGHEST GUST SPEED    11   HIGHEST GUST DIRECTION    SE (120)
  AVERAGE WIND SPEED     3.2


SKY COVER
  POSSIBLE SUNSHINE  MM
  AVERAGE SKY COVER 0.0


WEATHER CONDITIONS
 THE FOLLOWING WEATHER WAS RECORDED TODAY.
  NO SIGNIFICANT WEATHER WAS OBSERVED.


RELATIVE HUMIDITY (PERCENT)
 HIGHEST    52           500 AM
 LOWEST     11           100 PM
 AVERAGE    32

..........................................................


THE THERMAL AIRPORT CA CLIMATE NORMALS FOR TOMORROW
                         NORMAL    RECORD    YEAR
 MAXIMUM TEMPERATURE (F)   71        89      1979
 MINIMUM TEMPERATURE (F)   36        26      2006


SUNRISE AND SUNSET
DECEMBER  4 2016......SUNRISE   634 AM PST   SUNSET   436 PM PST
DECEMBER  5 2016......SUNRISE   635 AM PST   SUNSET   436 PM PST


-  INDICATES NEGATIVE NUMBERS.
R  INDICATES RECORD WAS SET OR TIED.
MM INDICATES DATA IS MISSING.
T  INDICATES TRACE AMOUNT.




$$
