000
CDUS46 KPQR 180233
CLITTD


CLIMATE REPORT
NATIONAL WEATHER SERVICE PORTLAND OREGON
733 PM PDT THU AUG 17 2017


...................................

...THE TROUTDALE OR CLIMATE SUMMARY FOR AUGUST 17 2017...
VALID TODAY AS OF 0700 PM LOCAL TIME.

CLIMATE NORMAL PERIOD 1981 TO 2010
CLIMATE RECORD PERIOD 1948 TO 2017


WEATHER ITEM   OBSERVED TIME   RECORD YEAR NORMAL DEPARTURE LAST
                VALUE   (LST)  VALUE       VALUE  FROM      YEAR
                                                  NORMAL
..................................................................
TEMPERATURE (F)
 TODAY
  MAXIMUM         81    444 PM 108    1977  82     -1       82
  MINIMUM         63    637 AM  42    1956  54      9       58
  AVERAGE         72                        68      4       70

PRECIPITATION (IN)
  TODAY            0.00                      0.03  -0.03     0.00
  MONTH TO DATE    0.21                      0.33  -0.12     0.07
  SINCE OCT 1     48.41                     44.59   3.82    40.12
  SINCE JAN 1     27.32                     26.19   1.13    20.30

DEGREE DAYS
 HEATING
  TODAY            0                         1     -1        0
  MONTH TO DATE    3                        17    -14        2

 COOLING
  TODAY            7                         4      3        5
  MONTH TO DATE  159                        77     82       99
..................................................................


WIND (MPH)
  HIGHEST WIND SPEED    10   HIGHEST WIND DIRECTION     W (280)
  HIGHEST GUST SPEED    20   HIGHEST GUST DIRECTION    SW (220)
  AVERAGE WIND SPEED     4.1


SKY COVER
  POSSIBLE SUNSHINE  MM
  AVERAGE SKY COVER 0.6


WEATHER CONDITIONS
 THE FOLLOWING WEATHER WAS RECORDED TODAY.
  NO SIGNIFICANT WEATHER WAS OBSERVED.


RELATIVE HUMIDITY (PERCENT)
 HIGHEST    73          1200 AM
 LOWEST     39           500 PM
 AVERAGE    56

..........................................................


THE TROUTDALE OR CLIMATE NORMALS FOR TOMORROW
                         NORMAL    RECORD    YEAR
 MAXIMUM TEMPERATURE (F)   82       101      2016
 MINIMUM TEMPERATURE (F)   54        44      1973


SUNRISE AND SUNSET
AUGUST 17 2017........SUNRISE   613 AM PDT   SUNSET   813 PM PDT
AUGUST 18 2017........SUNRISE   614 AM PDT   SUNSET   812 PM PDT


-  INDICATES NEGATIVE NUMBERS.
R  INDICATES RECORD WAS SET OR TIED.
MM INDICATES DATA IS MISSING.
T  INDICATES TRACE AMOUNT.




$$
