000
CDUS46 KPQR 301149
CLITTD


CLIMATE REPORT
NATIONAL WEATHER SERVICE PORTLAND OREGON
448 AM PDT TUE JUN 30 2015


...................................

...THE TROUTDALE OR CLIMATE SUMMARY FOR JUNE 29 2015...

CLIMATE NORMAL PERIOD 1981 TO 2010
CLIMATE RECORD PERIOD 1948 TO 2015


WEATHER ITEM   OBSERVED TIME   RECORD YEAR NORMAL DEPARTURE LAST
                VALUE   (LST)  VALUE       VALUE  FROM      YEAR
                                                  NORMAL
..................................................................
TEMPERATURE (F)
 YESTERDAY
  MAXIMUM         92    353 PM  96    1995  77     15       74
  MINIMUM         63    452 AM  43    1964  52     11       56
  AVERAGE         78                        65     13       65

PRECIPITATION (IN)
  YESTERDAY        0.00                      0.04  -0.04      T
  MONTH TO DATE    0.63                      2.37  -1.74     2.21
  SINCE OCT 1     28.97                     43.47 -14.50    28.08
  SINCE JAN 1     14.01                     25.07 -11.06    20.49

DEGREE DAYS
 HEATING
  YESTERDAY        0                         2     -2        0
  MONTH TO DATE   20                       117    -97       63

 COOLING
  YESTERDAY       13                         2     11        0
  MONTH TO DATE  152                        40    112       17
..................................................................


WIND (MPH)
  HIGHEST WIND SPEED    10   HIGHEST WIND DIRECTION    NW (320)
  HIGHEST GUST SPEED    16   HIGHEST GUST DIRECTION    NW (320)
  AVERAGE WIND SPEED     3.9


SKY COVER
  POSSIBLE SUNSHINE  MM
  AVERAGE SKY COVER 0.0


WEATHER CONDITIONS
 THE FOLLOWING WEATHER WAS RECORDED YESTERDAY.
  NO SIGNIFICANT WEATHER WAS OBSERVED.


RELATIVE HUMIDITY (PERCENT)
 HIGHEST    81           200 AM
 LOWEST     32           400 PM
 AVERAGE    57

..........................................................


THE TROUTDALE OR CLIMATE NORMALS FOR TODAY
                         NORMAL    RECORD    YEAR
 MAXIMUM TEMPERATURE (F)   78        99      1995
                                             1995
 MINIMUM TEMPERATURE (F)   52        37      1949


SUNRISE AND SUNSET
JUNE 30 2015..........SUNRISE   524 AM PDT   SUNSET   902 PM PDT
JULY  1 2015..........SUNRISE   525 AM PDT   SUNSET   902 PM PDT


-  INDICATES NEGATIVE NUMBERS.
R  INDICATES RECORD WAS SET OR TIED.
MM INDICATES DATA IS MISSING.
T  INDICATES TRACE AMOUNT.




$$
