000
CDUS46 KPQR 271142
CLITTD


CLIMATE REPORT
NATIONAL WEATHER SERVICE PORTLAND OREGON
441 AM PDT WED AUG 27 2014


...................................

...THE TROUTDALE OR CLIMATE SUMMARY FOR AUGUST 26 2014...

CLIMATE NORMAL PERIOD 1981 TO 2010
CLIMATE RECORD PERIOD 9999 TO 9999


WEATHER ITEM   OBSERVED TIME   NORMAL DEPARTURE LAST
                VALUE   (LST)  VALUE  FROM      YEAR
                                      NORMAL
......................................................
TEMPERATURE (F)
 YESTERDAY
  MAXIMUM         94    413 PM  81     13       82
  MINIMUM         58    540 AM  53      5       62
  AVERAGE         76            67      9       72

PRECIPITATION (IN)
  YESTERDAY        0.00          0.04  -0.04      T
  MONTH TO DATE    0.06          0.64  -0.58     0.08
  SINCE OCT 1     29.21         44.90 -15.69    36.58
  SINCE JAN 1     21.62         26.50  -4.88    16.60

DEGREE DAYS
 HEATING
  YESTERDAY        0             1     -1        0
  MONTH TO DATE    0            26    -26        5

 COOLING
  YESTERDAY       11             3      8        7
  MONTH TO DATE  214           107    107      153
......................................................


WIND (MPH)
  HIGHEST WIND SPEED     9   HIGHEST WIND DIRECTION     W (260)
  HIGHEST GUST SPEED    16   HIGHEST GUST DIRECTION     W (260)
  AVERAGE WIND SPEED     2.8


SKY COVER
  POSSIBLE SUNSHINE  MM
  AVERAGE SKY COVER 0.0


WEATHER CONDITIONS
 THE FOLLOWING WEATHER WAS RECORDED YESTERDAY.
  NO SIGNIFICANT WEATHER WAS OBSERVED.


RELATIVE HUMIDITY (PERCENT)
 HIGHEST    84           300 AM
 LOWEST     17           500 PM
 AVERAGE    51

..........................................................


THE TROUTDALE OR CLIMATE NORMALS FOR TODAY
                         NORMAL    RECORD    YEAR
 MAXIMUM TEMPERATURE (F)   81       103      1986
 MINIMUM TEMPERATURE (F)   53        46      1964


SUNRISE AND SUNSET
AUGUST 27 2014........SUNRISE   625 AM PDT   SUNSET   756 PM PDT
AUGUST 28 2014........SUNRISE   626 AM PDT   SUNSET   755 PM PDT


-  INDICATES NEGATIVE NUMBERS.
R  INDICATES RECORD WAS SET OR TIED.
MM INDICATES DATA IS MISSING.
T  INDICATES TRACE AMOUNT.




$$
