000
CDUS46 KPQR 182321
CLITTD


CLIMATE REPORT
NATIONAL WEATHER SERVICE PORTLAND OREGON
421 PM PDT WED OCT 18 2017


...................................

...THE TROUTDALE OR CLIMATE SUMMARY FOR OCTOBER 18 2017...
VALID TODAY AS OF 0400 PM LOCAL TIME.

CLIMATE NORMAL PERIOD 1981 TO 2010
CLIMATE RECORD PERIOD 1948 TO 2017


WEATHER ITEM   OBSERVED TIME   RECORD YEAR NORMAL DEPARTURE LAST
                VALUE   (LST)  VALUE       VALUE  FROM      YEAR
                                                  NORMAL
..................................................................
TEMPERATURE (F)
 TODAY
  MAXIMUM         66    257 PM  78    1974  63      3       59
  MINIMUM         51    922 AM  28    1949  43      8       45
  AVERAGE         59                        53      6       52

PRECIPITATION (IN)
  TODAY            0.05                      0.13  -0.08     0.03
  MONTH TO DATE    1.53                      1.79  -0.26     8.25
  SINCE OCT 1      1.53                      1.79  -0.26     8.25
  SINCE JAN 1     31.91                     30.36   1.55    30.76

DEGREE DAYS
 HEATING
  TODAY            6                        12     -6       13
  MONTH TO DATE  198                       168     30      147

 COOLING
  TODAY            0                         0      0        0
  MONTH TO DATE    0                         0      0        0
..................................................................


WIND (MPH)
  HIGHEST WIND SPEED    12   HIGHEST WIND DIRECTION     E (90)
  HIGHEST GUST SPEED    15   HIGHEST GUST DIRECTION     E (90)
  AVERAGE WIND SPEED     6.0


SKY COVER
  POSSIBLE SUNSHINE  MM
  AVERAGE SKY COVER 1.0


WEATHER CONDITIONS
 THE FOLLOWING WEATHER WAS RECORDED TODAY.
  LIGHT RAIN


RELATIVE HUMIDITY (PERCENT)
 HIGHEST    89          1200 AM
 LOWEST     78           300 PM
 AVERAGE    84

..........................................................


THE TROUTDALE OR CLIMATE NORMALS FOR TOMORROW
                         NORMAL    RECORD    YEAR
 MAXIMUM TEMPERATURE (F)   63        76      2014
 MINIMUM TEMPERATURE (F)   43        24      1949


SUNRISE AND SUNSET
OCTOBER 18 2017.......SUNRISE   730 AM PDT   SUNSET   618 PM PDT
OCTOBER 19 2017.......SUNRISE   732 AM PDT   SUNSET   616 PM PDT


-  INDICATES NEGATIVE NUMBERS.
R  INDICATES RECORD WAS SET OR TIED.
MM INDICATES DATA IS MISSING.
T  INDICATES TRACE AMOUNT.




$$
