000
CDUS46 KPQR 211143
CLITTD


CLIMATE REPORT
NATIONAL WEATHER SERVICE PORTLAND OREGON
442 AM PDT MON APR 21 2014


...................................

...THE TROUTDALE OR CLIMATE SUMMARY FOR APRIL 20 2014...

CLIMATE NORMAL PERIOD 1981 TO 2010
CLIMATE RECORD PERIOD 1948 TO 2014


WEATHER ITEM   OBSERVED TIME   RECORD YEAR NORMAL DEPARTURE LAST
                VALUE   (LST)  VALUE       VALUE  FROM      YEAR
                                                  NORMAL
..................................................................
TEMPERATURE (F)
 YESTERDAY
  MAXIMUM         65    410 PM  82    2009  62      3       60
  MINIMUM         42    558 AM  30    1952  41      1       48
  AVERAGE         54                        52      2       54

PRECIPITATION (IN)
  YESTERDAY        0.00          0.92 1965   0.13  -0.13     0.09
  MONTH TO DATE    1.46                      2.65  -1.19     3.19
  SINCE OCT 1     20.67                     36.96 -16.29    29.67
  SINCE JAN 1     13.08                     18.56  -5.48     9.69

DEGREE DAYS
 HEATING
  YESTERDAY       11                        13     -2       11
  MONTH TO DATE  224                       285    -61      281

 COOLING
  YESTERDAY        0                         0      0        0
  MONTH TO DATE    0                         0      0        0
..................................................................


WIND (MPH)
  HIGHEST WIND SPEED     8   HIGHEST WIND DIRECTION     N (20)
  HIGHEST GUST SPEED    12   HIGHEST GUST DIRECTION    NE (60)
  AVERAGE WIND SPEED     2.5


SKY COVER
  POSSIBLE SUNSHINE  MM
  AVERAGE SKY COVER 0.3


WEATHER CONDITIONS
 THE FOLLOWING WEATHER WAS RECORDED YESTERDAY.
  NO SIGNIFICANT WEATHER WAS OBSERVED.


RELATIVE HUMIDITY (PERCENT)
 HIGHEST    89           300 AM
 LOWEST     43           200 PM
 AVERAGE    66

..........................................................


THE TROUTDALE OR CLIMATE NORMALS FOR TODAY
                         NORMAL    RECORD    YEAR
 MAXIMUM TEMPERATURE (F)   63        82      2009
 MINIMUM TEMPERATURE (F)   42        30      1950


SUNRISE AND SUNSET
APRIL 21 2014.........SUNRISE   614 AM PDT   SUNSET   804 PM PDT
APRIL 22 2014.........SUNRISE   612 AM PDT   SUNSET   805 PM PDT


-  INDICATES NEGATIVE NUMBERS.
R  INDICATES RECORD WAS SET OR TIED.
MM INDICATES DATA IS MISSING.
T  INDICATES TRACE AMOUNT.




$$
