244
CDUS46 KPQR 301141
CLITTD


CLIMATE REPORT
NATIONAL WEATHER SERVICE PORTLAND OREGON
441 AM PDT TUE AUG 30 2016


...................................

...THE TROUTDALE OR CLIMATE SUMMARY FOR AUGUST 29 2016...

CLIMATE NORMAL PERIOD 1981 TO 2010
CLIMATE RECORD PERIOD 1948 TO 2016


WEATHER ITEM   OBSERVED TIME   RECORD YEAR NORMAL DEPARTURE LAST
                VALUE   (LST)  VALUE       VALUE  FROM      YEAR
                                                  NORMAL
..................................................................
TEMPERATURE (F)
 YESTERDAY
  MAXIMUM         86    430 PM  94    2007  80      6       77
  MINIMUM         54    533 AM  41    1951  52      2       64
  AVERAGE         70                        66      4       71

PRECIPITATION (IN)
  YESTERDAY        0.00                      0.04  -0.04     0.20
  MONTH TO DATE    0.07                      0.77  -0.70     0.44
  SINCE OCT 1     40.12                     45.03  -4.91    29.97
  SINCE JAN 1     20.30                     26.63  -6.33    15.01

DEGREE DAYS
 HEATING
  YESTERDAY        0                         1     -1        0
  MONTH TO DATE    4                        29    -25        0

 COOLING
  YESTERDAY        5                         3      2        6
  MONTH TO DATE  201                       116     85      211
..................................................................


WIND (MPH)
  HIGHEST WIND SPEED     8   HIGHEST WIND DIRECTION    NW (320)
  HIGHEST GUST SPEED    12   HIGHEST GUST DIRECTION    NW (310)
  AVERAGE WIND SPEED     2.1


SKY COVER
  POSSIBLE SUNSHINE  MM
  AVERAGE SKY COVER 0.0


WEATHER CONDITIONS
 THE FOLLOWING WEATHER WAS RECORDED YESTERDAY.
  NO SIGNIFICANT WEATHER WAS OBSERVED.


RELATIVE HUMIDITY (PERCENT)
 HIGHEST    86           400 AM
 LOWEST     25           400 PM
 AVERAGE    56

..........................................................


THE TROUTDALE OR CLIMATE NORMALS FOR TODAY
                         NORMAL    RECORD    YEAR
 MAXIMUM TEMPERATURE (F)   80       102      1987
 MINIMUM TEMPERATURE (F)   52        42      1965


SUNRISE AND SUNSET
AUGUST 30 2016........SUNRISE   629 AM PDT   SUNSET   750 PM PDT
AUGUST 31 2016........SUNRISE   630 AM PDT   SUNSET   748 PM PDT


-  INDICATES NEGATIVE NUMBERS.
R  INDICATES RECORD WAS SET OR TIED.
MM INDICATES DATA IS MISSING.
T  INDICATES TRACE AMOUNT.




$$
