000
CDUS46 KPQR 261141
CLITTD


CLIMATE REPORT
NATIONAL WEATHER SERVICE PORTLAND OREGON
441 AM PDT MON SEP 26 2016


...................................

...THE TROUTDALE OR CLIMATE SUMMARY FOR SEPTEMBER 25 2016...

CLIMATE NORMAL PERIOD 1981 TO 2010
CLIMATE RECORD PERIOD 1948 TO 2016


WEATHER ITEM   OBSERVED TIME   RECORD YEAR NORMAL DEPARTURE LAST
                VALUE   (LST)  VALUE       VALUE  FROM      YEAR
                                                  NORMAL
..................................................................
TEMPERATURE (F)
 YESTERDAY
  MAXIMUM         85    346 PM  91    1991  73     12       69
  MINIMUM         47    621 AM  36    1972  48     -1       53
  AVERAGE         66                        60      6       61

PRECIPITATION (IN)
  YESTERDAY        0.00                      0.08  -0.08     0.07
  MONTH TO DATE    2.17                      1.43   0.74     1.18
  SINCE OCT 1     42.33                     46.55  -4.22    32.07
  SINCE JAN 1     22.51                     28.15  -5.64    17.11

DEGREE DAYS
 HEATING
  YESTERDAY        0                         5     -5        4
  MONTH TO DATE   64                        79    -15       78

 COOLING
  YESTERDAY        1                         1      0        0
  MONTH TO DATE    9                        39    -30       33
..................................................................


WIND (MPH)
  HIGHEST WIND SPEED     9   HIGHEST WIND DIRECTION     W (250)
  HIGHEST GUST SPEED    10   HIGHEST GUST DIRECTION     W (260)
  AVERAGE WIND SPEED     1.5


SKY COVER
  POSSIBLE SUNSHINE  MM
  AVERAGE SKY COVER 0.0


WEATHER CONDITIONS
 THE FOLLOWING WEATHER WAS RECORDED YESTERDAY.
  NO SIGNIFICANT WEATHER WAS OBSERVED.


RELATIVE HUMIDITY (PERCENT)
 HIGHEST   100          1100 PM
 LOWEST     39           200 PM
 AVERAGE    70

..........................................................


THE TROUTDALE OR CLIMATE NORMALS FOR TODAY
                         NORMAL    RECORD    YEAR
 MAXIMUM TEMPERATURE (F)   73        91      1967
 MINIMUM TEMPERATURE (F)   48        36      1972


SUNRISE AND SUNSET
SEPTEMBER 26 2016.....SUNRISE   702 AM PDT   SUNSET   658 PM PDT
SEPTEMBER 27 2016.....SUNRISE   704 AM PDT   SUNSET   656 PM PDT


-  INDICATES NEGATIVE NUMBERS.
R  INDICATES RECORD WAS SET OR TIED.
MM INDICATES DATA IS MISSING.
T  INDICATES TRACE AMOUNT.




$$
