000
CDUS46 KPQR 011141
CLITTD


CLIMATE REPORT
NATIONAL WEATHER SERVICE PORTLAND OREGON
440 AM PDT WED OCT 1 2014


...................................

...THE TROUTDALE OR CLIMATE SUMMARY FOR SEPTEMBER 30 2014...

CLIMATE NORMAL PERIOD 1981 TO 2010
CLIMATE RECORD PERIOD 9999 TO 9999


WEATHER ITEM   OBSERVED TIME   NORMAL DEPARTURE LAST
                VALUE   (LST)  VALUE  FROM      YEAR
                                      NORMAL
......................................................
TEMPERATURE (F)
 YESTERDAY
  MAXIMUM         68    120 PM  71     -3       61
  MINIMUM         49   1159 PM  47      2       52
  AVERAGE         59            59      0       57

PRECIPITATION (IN)
  YESTERDAY        0.12          0.08   0.04     0.40
  MONTH TO DATE    1.02          1.85  -0.83     4.10
  SINCE OCT 1     30.29         46.97 -16.68    40.90
  SINCE JAN 1     22.70         28.57  -5.87    20.92

DEGREE DAYS
 HEATING
  YESTERDAY        6             7     -1        8
  MONTH TO DATE   21           110    -89       80

 COOLING
  YESTERDAY        0             0      0        0
  MONTH TO DATE  105            42     63       84
......................................................


WIND (MPH)
  HIGHEST WIND SPEED    15   HIGHEST WIND DIRECTION    SW (240)
  HIGHEST GUST SPEED    17   HIGHEST GUST DIRECTION    SW (240)
  AVERAGE WIND SPEED     2.8


SKY COVER
  POSSIBLE SUNSHINE  MM
  AVERAGE SKY COVER 0.7


WEATHER CONDITIONS
 THE FOLLOWING WEATHER WAS RECORDED YESTERDAY.
  RAIN
  LIGHT RAIN
  FOG


RELATIVE HUMIDITY (PERCENT)
 HIGHEST    96          1000 PM
 LOWEST     52           100 PM
 AVERAGE    74

..........................................................


THE TROUTDALE OR CLIMATE NORMALS FOR TODAY
                         NORMAL    RECORD    YEAR
 MAXIMUM TEMPERATURE (F)   71        88      1987
 MINIMUM TEMPERATURE (F)   47        30      1950


SUNRISE AND SUNSET
OCTOBER  1 2014.......SUNRISE   708 AM PDT   SUNSET   650 PM PDT
OCTOBER  2 2014.......SUNRISE   709 AM PDT   SUNSET   648 PM PDT


-  INDICATES NEGATIVE NUMBERS.
R  INDICATES RECORD WAS SET OR TIED.
MM INDICATES DATA IS MISSING.
T  INDICATES TRACE AMOUNT.




$$
