000
CDUS41 KPHI 310628
CLITTN


CLIMATE REPORT
NATIONAL WEATHER SERVICE MOUNT HOLLY NJ
228 AM EDT FRI OCT 31 2014


...................................

...THE TRENTON NJ CLIMATE SUMMARY FOR OCTOBER 30 2014...

CLIMATE NORMAL PERIOD 1981 TO 2010
CLIMATE RECORD PERIOD 1865 TO 2014


WEATHER ITEM   OBSERVED TIME   RECORD YEAR NORMAL DEPARTURE LAST
                VALUE   (LST)  VALUE       VALUE  FROM      YEAR
                                                  NORMAL
..................................................................
TEMPERATURE (F)
 YESTERDAY
  MAXIMUM         59    223 PM  81    1946  61     -2       59
  MINIMUM         39   1159 PM  27    1988  40     -1       40
                                      1983
  AVERAGE         49                        50     -1       50

PRECIPITATION (IN)
  YESTERDAY        0.00          1.77 1935   0.12  -0.12     0.00
  MONTH TO DATE    3.14                      4.06  -0.92     1.61
  SINCE SEP 1      4.19                      8.33  -4.14     3.22
  SINCE JAN 1     35.65                     39.31  -3.66    35.57

SNOWFALL (IN)
  YESTERDAY       MM            MM      MM  MM     MM       MM
  MONTH TO DATE   MM                        MM     MM       MM
  SINCE SEP 1     MM                        MM     MM       MM
  SINCE JUL 1     MM                        MM     MM       MM
  SNOW DEPTH      MM

DEGREE DAYS
 HEATING
  YESTERDAY       16                        15      1       15
  MONTH TO DATE  222                       317    -95      253
  SINCE SEP 1    270                       379   -109      341
  SINCE JUL 1    270                       382   -112      341

 COOLING
  YESTERDAY        0                         0      0        0
  MONTH TO DATE   14                         7      7       36
  SINCE SEP 1    147                       106     41      127
  SINCE JAN 1    930                       962    -32     1077
..................................................................


WIND (MPH)
  HIGHEST WIND SPEED    14   HIGHEST WIND DIRECTION     N (360)
  HIGHEST GUST SPEED    18   HIGHEST GUST DIRECTION     W (290)
  AVERAGE WIND SPEED     5.7


SKY COVER
  POSSIBLE SUNSHINE  MM
  AVERAGE SKY COVER 0.5


WEATHER CONDITIONS
 THE FOLLOWING WEATHER WAS RECORDED YESTERDAY.
  FOG
  FOG W/VISIBILITY <= 1/4 MILE


RELATIVE HUMIDITY (PERCENT)
 HIGHEST   100           600 AM
 LOWEST     43           400 PM
 AVERAGE    72

..........................................................


THE TRENTON NJ CLIMATE NORMALS FOR TODAY
                         NORMAL    RECORD    YEAR
 MAXIMUM TEMPERATURE (F)   60        81      1946
 MINIMUM TEMPERATURE (F)   40        22      1988


SUNRISE AND SUNSET
OCTOBER 31 2014.......SUNRISE   728 AM EDT   SUNSET   558 PM EDT
NOVEMBER  1 2014......SUNRISE   729 AM EDT   SUNSET   556 PM EDT


-  INDICATES NEGATIVE NUMBERS.
R  INDICATES RECORD WAS SET OR TIED.
MM INDICATES DATA IS MISSING.
T  INDICATES TRACE AMOUNT.




$$
