000
CDUS41 KPHI 080630
CLITTN


CLIMATE REPORT
NATIONAL WEATHER SERVICE MOUNT HOLLY NJ
129 AM EST THU DEC 8 2016


...................................

...THE TRENTON NJ CLIMATE SUMMARY FOR DECEMBER 7 2016...

CLIMATE NORMAL PERIOD 1981 TO 2010
CLIMATE RECORD PERIOD 1865 TO 2016


WEATHER ITEM   OBSERVED TIME   RECORD YEAR NORMAL DEPARTURE LAST
                VALUE   (LST)  VALUE       VALUE  FROM      YEAR
                                                  NORMAL
..................................................................
TEMPERATURE (F)
 YESTERDAY
  MAXIMUM         46    401 PM  76    1998  46      0       57
  MINIMUM         33   1159 PM   9    2002  30      3       30
                                      1926
  AVERAGE         40                        38      2       44

PRECIPITATION (IN)
  YESTERDAY        0.04          2.06 2011   0.13  -0.09     0.00
  MONTH TO DATE    0.98                      0.97   0.01     0.74
  SINCE DEC 1      0.98                      0.97   0.01     0.74
  SINCE JAN 1     33.15                     43.71 -10.56    36.13

SNOWFALL (IN)
  YESTERDAY       MM            MM      MM  MM     MM       MM
  MONTH TO DATE   MM                        MM     MM       MM
  SINCE DEC 1     MM                        MM     MM       MM
  SINCE JUL 1     MM                        MM     MM       MM
  SNOW DEPTH      MM

DEGREE DAYS
 HEATING
  YESTERDAY       25                        27     -2       21
  MONTH TO DATE  154                       181    -27      140
  SINCE DEC 1    154                       181    -27      140
  SINCE JUL 1    964                      1157   -193      886

 COOLING
  YESTERDAY        0                         0      0        0
  MONTH TO DATE    0                         0      0        0
  SINCE DEC 1      0                         0      0        0
  SINCE JAN 1   1381                       965    416     1275
..................................................................


WIND (MPH)
  HIGHEST WIND SPEED    13   HIGHEST WIND DIRECTION    NE (40)
  HIGHEST GUST SPEED    16   HIGHEST GUST DIRECTION    NE (40)
  AVERAGE WIND SPEED     4.4


SKY COVER
  POSSIBLE SUNSHINE  MM
  AVERAGE SKY COVER 0.7


WEATHER CONDITIONS
 THE FOLLOWING WEATHER WAS RECORDED YESTERDAY.
  LIGHT RAIN
  FOG


RELATIVE HUMIDITY (PERCENT)
 HIGHEST    92          1200 AM
 LOWEST     65           300 PM
 AVERAGE    79

..........................................................


THE TRENTON NJ CLIMATE NORMALS FOR TODAY
                         NORMAL    RECORD    YEAR
 MAXIMUM TEMPERATURE (F)   45        66      1980
                                             1966
                                             1892
 MINIMUM TEMPERATURE (F)   30        10      1906


SUNRISE AND SUNSET
DECEMBER  8 2016......SUNRISE   710 AM EST   SUNSET   433 PM EST
DECEMBER  9 2016......SUNRISE   711 AM EST   SUNSET   433 PM EST


-  INDICATES NEGATIVE NUMBERS.
R  INDICATES RECORD WAS SET OR TIED.
MM INDICATES DATA IS MISSING.
T  INDICATES TRACE AMOUNT.




$$
