000
CDUS41 KPHI 200602
CLITTN


CLIMATE REPORT
NATIONAL WEATHER SERVICE MOUNT HOLLY NJ
202 AM EDT THU JUL 20 2017


...................................

...THE TRENTON NJ CLIMATE SUMMARY FOR JULY 19 2017...

CLIMATE NORMAL PERIOD 1981 TO 2010
CLIMATE RECORD PERIOD 1865 TO 2017


WEATHER ITEM   OBSERVED TIME   RECORD YEAR NORMAL DEPARTURE LAST
                VALUE   (LST)  VALUE       VALUE  FROM      YEAR
                                                  NORMAL
..................................................................
TEMPERATURE (F)
 YESTERDAY
  MAXIMUM         94    317 PM  99    1991  86      8       85
  MINIMUM         72    510 AM  55    1924  67      5       70
  AVERAGE         83                        76      7       78

PRECIPITATION (IN)
  YESTERDAY        0.00          2.50 1993   0.17  -0.17      T
  MONTH TO DATE    2.67                      3.05  -0.38     4.01
  SINCE JUN 1      7.36                      7.46  -0.10     6.12
  SINCE JAN 1     25.12                     24.98   0.14    20.16

DEGREE DAYS
 HEATING
  YESTERDAY        0                         0      0        0
  MONTH TO DATE    0                         0      0        0
  SINCE JUN 1     25                        24      1        8
  SINCE JUL 1      0                         0      0        0

 COOLING
  YESTERDAY       18                        11      7       13
  MONTH TO DATE  237                       200     37      239
  SINCE JUN 1    466                       390     76      462
  SINCE JAN 1    549                       447    102      554
..................................................................


WIND (MPH)
  HIGHEST WIND SPEED    13   HIGHEST WIND DIRECTION     W (280)
  HIGHEST GUST SPEED    19   HIGHEST GUST DIRECTION     W (280)
  AVERAGE WIND SPEED     4.2


SKY COVER
  POSSIBLE SUNSHINE  MM
  AVERAGE SKY COVER 0.1


WEATHER CONDITIONS
 THE FOLLOWING WEATHER WAS RECORDED YESTERDAY.
  FOG


RELATIVE HUMIDITY (PERCENT)
 HIGHEST   100           600 AM
 LOWEST     39           400 PM
 AVERAGE    70

..........................................................


THE TRENTON NJ CLIMATE NORMALS FOR TODAY
                         NORMAL    RECORD    YEAR
 MAXIMUM TEMPERATURE (F)   86        99      1991
                                             1980
 MINIMUM TEMPERATURE (F)   67        50      1997


SUNRISE AND SUNSET
JULY 20 2017..........SUNRISE   546 AM EDT   SUNSET   824 PM EDT
JULY 21 2017..........SUNRISE   547 AM EDT   SUNSET   824 PM EDT


-  INDICATES NEGATIVE NUMBERS.
R  INDICATES RECORD WAS SET OR TIED.
MM INDICATES DATA IS MISSING.
T  INDICATES TRACE AMOUNT.




$$
