000
CDUS41 KPHI 170546
CLITTN


CLIMATE REPORT
NATIONAL WEATHER SERVICE MOUNT HOLLY NJ
1246 AM EST FRI NOV 17 2017


...................................

...THE TRENTON NJ CLIMATE SUMMARY FOR NOVEMBER 16 2017...

CLIMATE NORMAL PERIOD 1981 TO 2010
CLIMATE RECORD PERIOD 1865 TO 2017


WEATHER ITEM   OBSERVED TIME   RECORD YEAR NORMAL DEPARTURE LAST
                VALUE   (LST)  VALUE       VALUE  FROM      YEAR
                                                  NORMAL
..................................................................
TEMPERATURE (F)
 YESTERDAY
  MAXIMUM         59   1253 PM  73    2005  55      4       62
  MINIMUM         43   1159 PM  16    1996  37      6       35
                                      1933
  AVERAGE         51                        46      5       49

PRECIPITATION (IN)
  YESTERDAY        0.06          2.02 1926   0.10  -0.04      T
  MONTH TO DATE    0.96                      1.65  -0.69     0.42
  SINCE SEP 1      8.04                     10.10  -2.06     4.89
  SINCE JAN 1     39.21                     41.08  -1.87    29.69

DEGREE DAYS
 HEATING
  YESTERDAY       14                        19     -5       16
  MONTH TO DATE  291                       273     18      246
  SINCE SEP 1    484                       667   -183      540
  SINCE JUL 1    485                       670   -185      540

 COOLING
  YESTERDAY        0                         0      0        0
  MONTH TO DATE    2                         0      2        0
  SINCE SEP 1    231                       109    122      230
  SINCE JAN 1   1151                       965    186     1381
..................................................................


WIND (MPH)
  HIGHEST WIND SPEED    22   HIGHEST WIND DIRECTION    NW (330)
  HIGHEST GUST SPEED    31   HIGHEST GUST DIRECTION    NW (300)
  AVERAGE WIND SPEED     7.1


SKY COVER
  POSSIBLE SUNSHINE  MM
  AVERAGE SKY COVER 0.6


WEATHER CONDITIONS
 THE FOLLOWING WEATHER WAS RECORDED YESTERDAY.
  LIGHT RAIN
  FOG


RELATIVE HUMIDITY (PERCENT)
 HIGHEST   100           900 AM
 LOWEST     37           100 PM
 AVERAGE    69

..........................................................


THE TRENTON NJ CLIMATE NORMALS FOR TODAY
                         NORMAL    RECORD    YEAR
 MAXIMUM TEMPERATURE (F)   54        72      1896
 MINIMUM TEMPERATURE (F)   37        19      1933
                                             1924


SUNRISE AND SUNSET
NOVEMBER 17 2017......SUNRISE   648 AM EST   SUNSET   441 PM EST
NOVEMBER 18 2017......SUNRISE   649 AM EST   SUNSET   440 PM EST


-  INDICATES NEGATIVE NUMBERS.
R  INDICATES RECORD WAS SET OR TIED.
MM INDICATES DATA IS MISSING.
T  INDICATES TRACE AMOUNT.




$$
