000
CDUS41 KPHI 290630
CLITTN


CLIMATE REPORT
NATIONAL WEATHER SERVICE MOUNT HOLLY NJ
229 AM EDT SUN MAR 29 2015


...................................

...THE TRENTON NJ CLIMATE SUMMARY FOR MARCH 28 2015...

CLIMATE NORMAL PERIOD 1981 TO 2010
CLIMATE RECORD PERIOD 1865 TO 2015


WEATHER ITEM   OBSERVED TIME   RECORD YEAR NORMAL DEPARTURE LAST
                VALUE   (LST)  VALUE       VALUE  FROM      YEAR
                                                  NORMAL
..................................................................
TEMPERATURE (F)
 YESTERDAY
  MAXIMUM         41   1111 AM  84    1945  55    -14       63
  MINIMUM         25   1159 PM  16    1923  35    -10       32
  AVERAGE         33                        45    -12       48

PRECIPITATION (IN)
  YESTERDAY        0.00          2.07 1932   0.13  -0.13     0.05
  MONTH TO DATE    4.21                      3.68   0.53     1.04
  SINCE MAR 1      4.21                      3.68   0.53     1.04
  SINCE JAN 1     10.80                      9.15   1.65     8.70

SNOWFALL (IN)
  YESTERDAY       MM            MM      MM  MM     MM       MM
  MONTH TO DATE   MM                        MM     MM       MM
  SINCE MAR 1     MM                        MM     MM       MM
  SINCE JUL 1     MM                        MM     MM       MM
  SNOW DEPTH      MM

DEGREE DAYS
 HEATING
  YESTERDAY       32                        20     12       17
  MONTH TO DATE  803                       674    129      818
  SINCE MAR 1    803                       674    129      818
  SINCE JUL 1   4886                      4488    398     4904

 COOLING
  YESTERDAY        0                         0      0        0
  MONTH TO DATE    0                         0      0        0
  SINCE MAR 1      0                         0      0        0
  SINCE JAN 1      0                         0      0        0
..................................................................


WIND (MPH)
  HIGHEST WIND SPEED    21   HIGHEST WIND DIRECTION    NW (330)
  HIGHEST GUST SPEED    28   HIGHEST GUST DIRECTION     N (340)
  AVERAGE WIND SPEED    12.7


SKY COVER
  POSSIBLE SUNSHINE  MM
  AVERAGE SKY COVER 0.4


WEATHER CONDITIONS
 THE FOLLOWING WEATHER WAS RECORDED YESTERDAY.
  NO SIGNIFICANT WEATHER WAS OBSERVED.


RELATIVE HUMIDITY (PERCENT)
 HIGHEST    64           200 AM
 LOWEST     32           500 PM
 AVERAGE    48

..........................................................


THE TRENTON NJ CLIMATE NORMALS FOR TODAY
                         NORMAL    RECORD    YEAR
 MAXIMUM TEMPERATURE (F)   55        86      1945
 MINIMUM TEMPERATURE (F)   36        11      1923


SUNRISE AND SUNSET
MARCH 29 2015.........SUNRISE   648 AM EDT   SUNSET   720 PM EDT
MARCH 30 2015.........SUNRISE   647 AM EDT   SUNSET   721 PM EDT


-  INDICATES NEGATIVE NUMBERS.
R  INDICATES RECORD WAS SET OR TIED.
MM INDICATES DATA IS MISSING.
T  INDICATES TRACE AMOUNT.




$$
