000
CDUS44 KTSA 190648
CLITUL

CLIMATE REPORT
NATIONAL WEATHER SERVICE TULSA OK
1247 AM CST FRI DEC 19 2014


...................................

...THE TULSA OKLAHOMA CLIMATE SUMMARY FOR DECEMBER 18 2014...

CLIMATE NORMAL PERIOD 1981 TO 2010
CLIMATE RECORD PERIOD 1882 TO 2014


WEATHER ITEM   OBSERVED TIME   RECORD YEAR NORMAL DEPARTURE LAST
                VALUE   (LST)  VALUE       VALUE  FROM      YEAR
                                                  NORMAL
..................................................................
TEMPERATURE (F)
 YESTERDAY
  MAXIMUM         42    410 PM  72    1939  48     -6       68
  MINIMUM         36    607 AM   4    1964  29      7       30
  AVERAGE         39                        39      0       49

PRECIPITATION (IN)
  YESTERDAY        0.01          2.30 1895   0.08  -0.07     0.00
  MONTH TO DATE    1.79                      1.53   0.26     0.58
  SINCE DEC 1      1.79                      1.53   0.26     0.58
  SINCE JAN 1     29.42                     40.01 -10.59    31.89

SNOWFALL (IN)
  YESTERDAY        0.0                                       0.0
  MONTH TO DATE    T                                         5.0
  SINCE DEC 1      T                                         5.0
  SINCE JUL 1      0.4                                       5.0

DEGREE DAYS
 HEATING
  YESTERDAY       26                        26      0       16
  MONTH TO DATE  356                       439    -83      538
  SINCE DEC 1    356                       439    -83      538
  SINCE JUL 1   1057                      1075    -18     1239
..................................................................


WIND (MPH)
  HIGHEST WIND SPEED     9   HIGHEST WIND DIRECTION     N (360)
  HIGHEST GUST SPEED    12   HIGHEST GUST DIRECTION    SE (120)
  AVERAGE WIND SPEED     5.0


SKY COVER
  POSSIBLE SUNSHINE  MM
  AVERAGE SKY COVER 1.0


WEATHER CONDITIONS
 THE FOLLOWING WEATHER WAS RECORDED YESTERDAY.
  LIGHT RAIN
  FOG


RELATIVE HUMIDITY (PERCENT)
 HIGHEST   100           500 AM
 LOWEST     86           700 PM
 AVERAGE    93

..........................................................


THE TULSA OKLAHOMA CLIMATE NORMALS FOR TODAY
                         NORMAL    RECORD    YEAR
 MAXIMUM TEMPERATURE (F)   48        70      2012
                                             1967
 MINIMUM TEMPERATURE (F)   29        -1      1924


SUNRISE AND SUNSET
DECEMBER 19 2014......SUNRISE   730 AM CST   SUNSET   512 PM CST
DECEMBER 20 2014......SUNRISE   730 AM CST   SUNSET   512 PM CST


-  INDICATES NEGATIVE NUMBERS.
R  INDICATES RECORD WAS SET OR TIED.
MM INDICATES DATA IS MISSING.
T  INDICATES TRACE AMOUNT.




$$

&&
...........................................................

THE TULSA PRECIPITATION NORMALS FOR TODAY
                       NORMAL    RECORD      YEAR
  TODAY                 0.08      2.66       1898
  MONTH TO DATE         1.61
  YEAR TO DATE         40.09
...........................................................
ALL DATA MEASURED AT THE TULSA INTERNATIONAL AIRPORT...
EXCEPT SNOWFALL...WHICH IS MEASURED AT THE NWS OFFICE.
