000
CDUS44 KTSA 232134
CLITUL

CLIMATE REPORT
NATIONAL WEATHER SERVICE TULSA OK
418 PM CDT TUE SEP 23 2014


...................................

...THE TULSA OKLAHOMA CLIMATE SUMMARY FOR SEPTEMBER 23 2014...
VALID TODAY AS OF 0400 PM LOCAL TIME.

CLIMATE NORMAL PERIOD 1981 TO 2010
CLIMATE RECORD PERIOD 1882 TO 2014


WEATHER ITEM   OBSERVED TIME   RECORD YEAR NORMAL DEPARTURE LAST
                VALUE   (LST)  VALUE       VALUE  FROM      YEAR
                                                  NORMAL
..................................................................
TEMPERATURE (F)
 TODAY
  MAXIMUM         79    235 PM 101    1931  81     -2       81
  MINIMUM         54    359 AM  37    1995  59     -5       53
  AVERAGE         67                        70     -3       67

PRECIPITATION (IN)
  TODAY            0.00          2.25 1997   0.14  -0.14     0.01
  MONTH TO DATE    2.19                      3.29  -1.10     1.25
  SINCE SEP 1      2.19                      3.29  -1.10     1.25
  SINCE JAN 1     20.71                     30.77 -10.06    24.63

DEGREE DAYS
 HEATING
  TODAY            0                         1     -1        0
  MONTH TO DATE   12                         9      3        0
  SINCE SEP 1     12                         9      3        0
  SINCE JUL 1     13                         9      4        0

 COOLING
  TODAY            2                         6     -4        2
  MONTH TO DATE  229                       227      2      304
  SINCE SEP 1    229                       227      2      304
  SINCE JAN 1   1882                      1928    -46     1933
..................................................................


WIND (MPH)
  HIGHEST WIND SPEED    16   HIGHEST WIND DIRECTION     S (180)
  HIGHEST GUST SPEED    22   HIGHEST GUST DIRECTION    SE (120)
  AVERAGE WIND SPEED     8.1


SKY COVER
  POSSIBLE SUNSHINE  MM
  AVERAGE SKY COVER 0.6


WEATHER CONDITIONS
 THE FOLLOWING WEATHER WAS RECORDED TODAY.
  NO SIGNIFICANT WEATHER WAS OBSERVED.


RELATIVE HUMIDITY (PERCENT)
 HIGHEST   100           400 AM
 LOWEST     39           200 PM
 AVERAGE    70

..........................................................


THE TULSA OKLAHOMA CLIMATE NORMALS FOR TOMORROW
                         NORMAL    RECORD    YEAR
 MAXIMUM TEMPERATURE (F)   80        99      1931
 MINIMUM TEMPERATURE (F)   58        37      1989


SUNRISE AND SUNSET
SEPTEMBER 23 2014.....SUNRISE   712 AM CDT   SUNSET   719 PM CDT
SEPTEMBER 24 2014.....SUNRISE   713 AM CDT   SUNSET   717 PM CDT


-  INDICATES NEGATIVE NUMBERS.
R  INDICATES RECORD WAS SET OR TIED.
MM INDICATES DATA IS MISSING.
T  INDICATES TRACE AMOUNT.




$$

&&
...........................................................

TULSA RECORD LOW MAX AND HIGH MIN TEMPERATURES FOR TOMORROW
                      RECORD        YEAR
  LOW MAXIMUM           58          1974
  HIGH MINIMUM          76          1958
...........................................................
ALL DATA MEASURED AT THE TULSA INTERNATIONAL AIRPORT...
EXCEPT SNOWFALL...WHICH IS MEASURED AT THE NWS OFFICE.
