000
CDUS44 KTSA 210649
CLITUL

CLIMATE REPORT
NATIONAL WEATHER SERVICE TULSA OK
147 AM CDT MON APR 21 2014


...................................

...THE TULSA OKLAHOMA CLIMATE SUMMARY FOR APRIL 20 2014...

CLIMATE NORMAL PERIOD 1981 TO 2010
CLIMATE RECORD PERIOD 1882 TO 2014


WEATHER ITEM   OBSERVED TIME   RECORD YEAR NORMAL DEPARTURE LAST
                VALUE   (LST)  VALUE       VALUE  FROM      YEAR
                                                  NORMAL
..................................................................
TEMPERATURE (F)
 YESTERDAY
  MAXIMUM         76    259 PM  92    1963  73      3       72
  MINIMUM         55    552 AM  32    1953  51      4       40
  AVERAGE         66                        62      4       56

PRECIPITATION (IN)
  YESTERDAY        T             3.30 1929   0.14  -0.14     0.00
  MONTH TO DATE    0.56                      2.28  -1.72     2.87
  SINCE MAR 1      2.92                      5.57  -2.65     3.97
  SINCE JAN 1      3.37                      9.08  -5.71     8.69

SNOWFALL (IN)
  YESTERDAY        0.0                                       0.0
  MONTH TO DATE    T                                         0.0
  SINCE MAR 1      2.4                                        T
  SINCE JUL 1     12.4                                       3.7

DEGREE DAYS
 HEATING
  YESTERDAY        0                         5     -5        9
  MONTH TO DATE  164                       148     16      209
  SINCE MAR 1    726                       586    140      744
  SINCE JUL 1   4027                      3497    530     3416

 COOLING
  YESTERDAY        1                         2     -1        0
  MONTH TO DATE   18                        29    -11       11
  SINCE MAR 1     19                        40    -21       15
  SINCE JAN 1     19                        41    -22       17
..................................................................


WIND (MPH)
  HIGHEST WIND SPEED    18   HIGHEST WIND DIRECTION     S (190)
  HIGHEST GUST SPEED    23   HIGHEST GUST DIRECTION     S (180)
  AVERAGE WIND SPEED     9.1


SKY COVER
  POSSIBLE SUNSHINE  MM
  AVERAGE SKY COVER 0.9


WEATHER CONDITIONS
 THE FOLLOWING WEATHER WAS RECORDED YESTERDAY.
  LIGHT RAIN


RELATIVE HUMIDITY (PERCENT)
 HIGHEST    87           800 PM
 LOWEST     50           200 PM
 AVERAGE    69

..........................................................


THE TULSA OKLAHOMA CLIMATE NORMALS FOR TODAY
                         NORMAL    RECORD    YEAR
 MAXIMUM TEMPERATURE (F)   73        94      1965
 MINIMUM TEMPERATURE (F)   51        32      1966


SUNRISE AND SUNSET
APRIL 21 2014.........SUNRISE   642 AM CDT   SUNSET   803 PM CDT
APRIL 22 2014.........SUNRISE   641 AM CDT   SUNSET   803 PM CDT


-  INDICATES NEGATIVE NUMBERS.
R  INDICATES RECORD WAS SET OR TIED.
MM INDICATES DATA IS MISSING.
T  INDICATES TRACE AMOUNT.




$$

&&
...........................................................

THE TULSA PRECIPITATION NORMALS FOR TODAY
                       NORMAL    RECORD      YEAR
  TODAY                 0.13      2.54       1928
  MONTH TO DATE         2.41
  YEAR TO DATE          9.21
...........................................................
ALL DATA MEASURED AT THE TULSA INTERNATIONAL AIRPORT...
EXCEPT SNOWFALL...WHICH IS MEASURED AT THE NWS OFFICE.
