548
CDUS44 KTSA 162230
CLITUL

CLIMATE REPORT
NATIONAL WEATHER SERVICE TULSA OK
427 PM CST MON JAN 16 2017


...................................

...THE TULSA OKLAHOMA CLIMATE SUMMARY FOR JANUARY 16 2017...
VALID TODAY AS OF 0400 PM LOCAL TIME.

CLIMATE NORMAL PERIOD 1981 TO 2010
CLIMATE RECORD PERIOD 1882 TO 2017


WEATHER ITEM   OBSERVED TIME   RECORD YEAR NORMAL DEPARTURE LAST
                VALUE   (LST)  VALUE       VALUE  FROM      YEAR
                                                  NORMAL
..................................................................
TEMPERATURE (F)
 TODAY
  MAXIMUM         56    554 AM  78    1938  48      8       40
  MINIMUM         48    238 PM   1    1930  27     21       23
  AVERAGE         52                        38     14       32

PRECIPITATION (IN)
  TODAY            0.26          1.90 1932   0.06   0.20     0.00
  MONTH TO DATE    1.75                      0.83   0.92     0.58
  SINCE DEC 1      2.19                      3.32  -1.13     9.18
  SINCE JAN 1      1.75                      0.83   0.92     0.58

SNOWFALL (IN)
  TODAY           MM                                         0.0
  MONTH TO DATE    0.2                                       2.5
  SINCE DEC 1      0.7                                       3.0
  SINCE JUL 1      0.7                                       3.0

DEGREE DAYS
 HEATING
  TODAY           13                        27    -14       33
  MONTH TO DATE  428                       447    -19      447
  SINCE DEC 1   1212                      1239    -27     1008
  SINCE JUL 1   1551                      1875   -324     1483
..................................................................


WIND (MPH)
  HIGHEST WIND SPEED    22   HIGHEST WIND DIRECTION     S (160)
  HIGHEST GUST SPEED    30   HIGHEST GUST DIRECTION     S (160)
  AVERAGE WIND SPEED    11.8


SKY COVER
  POSSIBLE SUNSHINE  MM
  AVERAGE SKY COVER 0.9


WEATHER CONDITIONS
 THE FOLLOWING WEATHER WAS RECORDED TODAY.
  THUNDERSTORM
  HEAVY RAIN
  RAIN
  LIGHT RAIN
  FOG


RELATIVE HUMIDITY (PERCENT)
 HIGHEST   100           100 AM
 LOWEST     71           400 PM
 AVERAGE    86

..........................................................


THE TULSA OKLAHOMA CLIMATE NORMALS FOR TOMORROW
                         NORMAL    RECORD    YEAR
 MAXIMUM TEMPERATURE (F)   48        73      1952
 MINIMUM TEMPERATURE (F)   27        -3      1930


SUNRISE AND SUNSET
JANUARY 16 2017.......SUNRISE   734 AM CST   SUNSET   534 PM CST
JANUARY 17 2017.......SUNRISE   733 AM CST   SUNSET   535 PM CST


-  INDICATES NEGATIVE NUMBERS.
R  INDICATES RECORD WAS SET OR TIED.
MM INDICATES DATA IS MISSING.
T  INDICATES TRACE AMOUNT.




$$

&&
...........................................................

TULSA RECORD LOW MAX AND HIGH MIN TEMPERATURES FOR TOMORROW
                      RECORD        YEAR
  LOW MAXIMUM           10          1930
  HIGH MINIMUM          55          1973
...........................................................
ALL DATA MEASURED AT THE TULSA INTERNATIONAL AIRPORT...
EXCEPT SNOWFALL...WHICH IS MEASURED AT THE NWS OFFICE.
