000
CDUS44 KTSA 060701
CLITUL

CLIMATE REPORT
NATIONAL WEATHER SERVICE TULSA OK
101 AM CST SAT FEB 6 2016


...................................

...THE TULSA OKLAHOMA CLIMATE SUMMARY FOR FEBRUARY 5 2016...

CLIMATE NORMAL PERIOD 1981 TO 2010
CLIMATE RECORD PERIOD 1882 TO 2016


WEATHER ITEM   OBSERVED TIME   RECORD YEAR NORMAL DEPARTURE LAST
                VALUE   (LST)  VALUE       VALUE  FROM      YEAR
                                                  NORMAL
..................................................................
TEMPERATURE (F)
 YESTERDAY
  MAXIMUM         57    248 PM  75    1942  51      6       38
                                      1911
  MINIMUM         28    459 AM   4    1979  29     -1       16
                                      1905
  AVERAGE         43                        40      3       27

PRECIPITATION (IN)
  YESTERDAY        0.00          1.36 1964   0.05  -0.05     0.00
  MONTH TO DATE    0.11                      0.26  -0.15     0.11
  SINCE DEC 1      9.32                      4.41   4.91     2.83
  SINCE JAN 1      0.72                      1.92  -1.20     0.86

SNOWFALL (IN)
  YESTERDAY        0.0                                       0.0
  MONTH TO DATE    0.0                                        T
  SINCE DEC 1      3.0                                       2.0
  SINCE JUL 1      3.0                                       2.4

DEGREE DAYS
 HEATING
  YESTERDAY       22                        25     -3       38
  MONTH TO DATE  109                       128    -19      161
  SINCE DEC 1   1496                      1765   -269     1670
  SINCE JUL 1   1971                      2401   -430     2371
..................................................................


WIND (MPH)
  HIGHEST WIND SPEED    18   HIGHEST WIND DIRECTION     S (180)
  HIGHEST GUST SPEED    23   HIGHEST GUST DIRECTION     S (180)
  AVERAGE WIND SPEED     7.4


SKY COVER
  POSSIBLE SUNSHINE  MM
  AVERAGE SKY COVER 0.9


WEATHER CONDITIONS
 THE FOLLOWING WEATHER WAS RECORDED YESTERDAY.
  HAZE


RELATIVE HUMIDITY (PERCENT)
 HIGHEST    75           500 AM
 LOWEST     27           200 PM
 AVERAGE    51

..........................................................


THE TULSA OKLAHOMA CLIMATE NORMALS FOR TODAY
                         NORMAL    RECORD    YEAR
 MAXIMUM TEMPERATURE (F)   51        73      2007
                                             1999
                                             1925
 MINIMUM TEMPERATURE (F)   29         4      1985


SUNRISE AND SUNSET
FEBRUARY  6 2016......SUNRISE   721 AM CST   SUNSET   555 PM CST
FEBRUARY  7 2016......SUNRISE   720 AM CST   SUNSET   556 PM CST


-  INDICATES NEGATIVE NUMBERS.
R  INDICATES RECORD WAS SET OR TIED.
MM INDICATES DATA IS MISSING.
T  INDICATES TRACE AMOUNT.




$$

&&
...........................................................

THE TULSA PRECIPITATION NORMALS FOR TODAY
                       NORMAL    RECORD      YEAR
  TODAY                 0.06      0.64       1999
  MONTH TO DATE         0.32
  YEAR TO DATE          1.98
...........................................................
ALL DATA MEASURED AT THE TULSA INTERNATIONAL AIRPORT...
EXCEPT SNOWFALL...WHICH IS MEASURED AT THE NWS OFFICE.
