000
CDUS44 KTSA 251415
CLITUL

CLIMATE REPORT
NATIONAL WEATHER SERVICE TULSA OK
912 AM CDT WED MAY 25 2016


...................................

...THE TULSA OKLAHOMA CLIMATE SUMMARY FOR MAY 25 2016...
VALID AS OF 0900 AM LOCAL TIME.

CLIMATE NORMAL PERIOD 1981 TO 2010
CLIMATE RECORD PERIOD 1882 TO 2016


WEATHER ITEM   OBSERVED TIME   RECORD YEAR NORMAL DEPARTURE LAST
                VALUE   (LST)  VALUE       VALUE  FROM      YEAR
                                                  NORMAL
..................................................................
TEMPERATURE (F)
 TODAY
  MAXIMUM         74   1240 AM  97    2006  82     -8       82
  MINIMUM         65    759 AM  45    1925  62      3       61
  AVERAGE         70                        72     -2       72

PRECIPITATION (IN)
  TODAY            1.35          1.80 1974   0.19   1.16     0.10
  MONTH TO DATE    3.75                      4.78  -1.03    11.95
  SINCE MAR 1     12.50                     11.86   0.64    19.76
  SINCE JAN 1     13.70                     15.37  -1.67    22.08

DEGREE DAYS
 COOLING
  TODAY            5                         7     -2        7
  MONTH TO DATE   85                       121    -36      101
  SINCE MAR 1    133                       185    -52      175
  SINCE JAN 1    139                       186    -47      175
..................................................................


WIND (MPH)
  HIGHEST WIND SPEED    30   HIGHEST WIND DIRECTION     S (170)
  HIGHEST GUST SPEED    39   HIGHEST GUST DIRECTION     S (170)
  AVERAGE WIND SPEED    15.0


SKY COVER
  POSSIBLE SUNSHINE  MM
  AVERAGE SKY COVER 0.9


WEATHER CONDITIONS
 THE FOLLOWING WEATHER WAS RECORDED TODAY.
  THUNDERSTORM
  HEAVY RAIN
  LIGHT RAIN
  FOG


RELATIVE HUMIDITY (PERCENT)
 HIGHEST   100           700 AM
 LOWEST     84           100 AM
 AVERAGE    92

..........................................................


THE TULSA OKLAHOMA CLIMATE NORMALS FOR TOMORROW
                         NORMAL    RECORD    YEAR
 MAXIMUM TEMPERATURE (F)   82        94      1926
                                             1920
 MINIMUM TEMPERATURE (F)   62        44      1925


SUNRISE AND SUNSET
MAY 25 2016...........SUNRISE   610 AM CDT   SUNSET   831 PM CDT
MAY 26 2016...........SUNRISE   610 AM CDT   SUNSET   832 PM CDT


-  INDICATES NEGATIVE NUMBERS.
R  INDICATES RECORD WAS SET OR TIED.
MM INDICATES DATA IS MISSING.
T  INDICATES TRACE AMOUNT.




$$

&&
ALL DATA MEASURED AT THE TULSA INTERNATIONAL AIRPORT...
EXCEPT SNOWFALL...WHICH IS MEASURED AT THE NWS OFFICE.
