000
CDUS44 KTSA 171522
CLITUL

CLIMATE REPORT
NATIONAL WEATHER SERVICE TULSA OK
912 AM CST WED JAN 17 2018


...................................

...THE TULSA OKLAHOMA CLIMATE SUMMARY FOR JANUARY 17 2018...
VALID AS OF 0900 AM LOCAL TIME.

CLIMATE NORMAL PERIOD 1981 TO 2010
CLIMATE RECORD PERIOD 1882 TO 2018


WEATHER ITEM   OBSERVED TIME   RECORD YEAR NORMAL DEPARTURE LAST
                VALUE   (LST)  VALUE       VALUE  FROM      YEAR
                                                  NORMAL
..................................................................
TEMPERATURE (F)
 TODAY
  MAXIMUM         10    751 AM  73    1952  48    -38       52
  MINIMUM          6    315 AM  -3    1930  27    -21       37
  AVERAGE          8                        38    -30       45

PRECIPITATION (IN)
  TODAY            0.00          0.94 2004   0.05  -0.05     0.00
  MONTH TO DATE    0.25                      0.88  -0.63     1.75
  SINCE DEC 1      1.68                      3.37  -1.69     2.19
  SINCE JAN 1      0.25                      0.88  -0.63     1.75

SNOWFALL (IN)
  TODAY            0.0                                       0.0
  MONTH TO DATE    T                                         0.2
  SINCE DEC 1      2.0                                       0.7
  SINCE JUL 1      2.0                                       0.7

DEGREE DAYS
 HEATING
  TODAY           57                        27     30       20
  MONTH TO DATE  607                       474    133      453
  SINCE DEC 1   1326                      1266     60     1237
  SINCE JUL 1   1828                      1902    -74     1576
..................................................................


WIND (MPH)
  HIGHEST WIND SPEED     5   HIGHEST WIND DIRECTION    SW (240)
  HIGHEST GUST SPEED     5   HIGHEST GUST DIRECTION    SW (240)
  AVERAGE WIND SPEED     1.0


SKY COVER
  POSSIBLE SUNSHINE  MM
  AVERAGE SKY COVER 0.0


WEATHER CONDITIONS
 THE FOLLOWING WEATHER WAS RECORDED TODAY.
  NO SIGNIFICANT WEATHER WAS OBSERVED.


RELATIVE HUMIDITY (PERCENT)
 HIGHEST    83           500 AM
 LOWEST     76           900 AM
 AVERAGE    80

..........................................................


THE TULSA OKLAHOMA CLIMATE NORMALS FOR TOMORROW
                         NORMAL    RECORD    YEAR
 MAXIMUM TEMPERATURE (F)   48        72      2015
                                             1951
 MINIMUM TEMPERATURE (F)   27       -14      1930


SUNRISE AND SUNSET
JANUARY 17 2018.......SUNRISE   733 AM CST   SUNSET   535 PM CST
JANUARY 18 2018.......SUNRISE   733 AM CST   SUNSET   536 PM CST


-  INDICATES NEGATIVE NUMBERS.
R  INDICATES RECORD WAS SET OR TIED.
MM INDICATES DATA IS MISSING.
T  INDICATES TRACE AMOUNT.




$$

&&
ALL DATA MEASURED AT THE TULSA INTERNATIONAL AIRPORT...
EXCEPT SNOWFALL...WHICH IS MEASURED AT THE NWS OFFICE.
