000
CDUS44 KMEG 230739
CLITUP


CLIMATE REPORT
NATIONAL WEATHER SERVICE MEMPHIS TN
139 AM CST SUN NOV 23 2014


...................................

...THE TUPELO CLIMATE SUMMARY FOR NOVEMBER 22 2014...

CLIMATE NORMAL PERIOD 1981 TO 2010
CLIMATE RECORD PERIOD 1930 TO 2014


WEATHER ITEM   OBSERVED TIME   RECORD YEAR NORMAL DEPARTURE LAST
                VALUE   (LST)  VALUE       VALUE  FROM      YEAR
                                                  NORMAL
..................................................................
TEMPERATURE (F)
 YESTERDAY
  MAXIMUM         68    219 PM  79    1931  61      7       62
  MINIMUM         43    544 AM  15    1964  40      3       48
  AVERAGE         56                        51      5       55

PRECIPITATION (IN)
  YESTERDAY        T             4.14 1934   0.18  -0.18     1.55
  MONTH TO DATE    3.75                      3.17   0.58     2.96
  SINCE SEP 1     15.32                     10.73   4.59     8.22
  SINCE JAN 1     51.25                     47.20   4.05    45.50

SNOWFALL (IN)
  YESTERDAY        0.0           0.0  2002   0.0    0.0      0.0
                                      2001
  MONTH TO DATE    0.0                       0.0    0.0      0.0
  SINCE SEP 1      0.0                       0.0    0.0      0.0
  SINCE JUL 1      0.0                       0.0    0.0      0.0
  SNOW DEPTH       0

DEGREE DAYS
 HEATING
  YESTERDAY        9                        15     -6       10
  MONTH TO DATE  409                       246    163      279
  SINCE SEP 1    508                       394    114      398
  SINCE JUL 1    508                       394    114      398

 COOLING
  YESTERDAY        0                         0      0        0
  MONTH TO DATE    0                         9     -9        0
  SINCE SEP 1    427                       370     57      432
  SINCE JAN 1   1974                      2042    -68     2027
..................................................................


WIND (MPH)
  HIGHEST WIND SPEED    18   HIGHEST WIND DIRECTION     S (200)
  HIGHEST GUST SPEED    23   HIGHEST GUST DIRECTION     S (200)
  AVERAGE WIND SPEED     7.8


SKY COVER
  POSSIBLE SUNSHINE  MM
  AVERAGE SKY COVER 0.3


WEATHER CONDITIONS
 THE FOLLOWING WEATHER WAS RECORDED YESTERDAY.
  LIGHT RAIN


RELATIVE HUMIDITY (PERCENT)
 HIGHEST    82           800 AM
 LOWEST     34           100 PM
 AVERAGE    58

..........................................................


THE TUPELO CLIMATE NORMALS FOR TODAY
                         NORMAL    RECORD    YEAR
 MAXIMUM TEMPERATURE (F)   61        76      1931
 MINIMUM TEMPERATURE (F)   40        16      1976


SUNRISE AND SUNSET
NOVEMBER 23 2014......SUNRISE   636 AM CST   SUNSET   447 PM CST
NOVEMBER 24 2014......SUNRISE   637 AM CST   SUNSET   447 PM CST


-  INDICATES NEGATIVE NUMBERS.
R  INDICATES RECORD WAS SET OR TIED.
MM INDICATES DATA IS MISSING.
T  INDICATES TRACE AMOUNT.




$$
