000
CDUS44 KMEG 152155
CLITUP


CLIMATE REPORT
NATIONAL WEATHER SERVICE MEMPHIS TN
455 PM CDT MON SEP 15 2014


...................................

...THE TUPELO CLIMATE SUMMARY FOR SEPTEMBER 15 2014...
VALID TODAY AS OF 0400 PM LOCAL TIME.

CLIMATE NORMAL PERIOD 1981 TO 2010
CLIMATE RECORD PERIOD 1930 TO 2014


WEATHER ITEM   OBSERVED TIME   RECORD YEAR NORMAL DEPARTURE LAST
                VALUE   (LST)  VALUE       VALUE  FROM      YEAR
                                                  NORMAL
..................................................................
TEMPERATURE (F)
 TODAY
  MAXIMUM         86    332 PM  96    1954  86      0       89
                                      1936
                                      1933
  MINIMUM         63    552 AM  49    1979  63      0       52
  AVERAGE         75                        75      0       71

PRECIPITATION (IN)
  TODAY            0.00          2.22 1943   0.11  -0.11     0.00
  MONTH TO DATE    1.45                      1.57  -0.12      T
  SINCE SEP 1      1.45                      1.57  -0.12      T
  SINCE JAN 1     37.38                     38.04  -0.66    37.28

SNOWFALL (IN)
  TODAY            0.0

DEGREE DAYS
 HEATING
  TODAY            0                         0      0        0
  MONTH TO DATE    1                         0      1        0
  SINCE SEP 1      1                         0      1        0
  SINCE JUL 1      1                         0      1        0

 COOLING
  TODAY           10                        10      0        6
  MONTH TO DATE  203                       179     24      211
  SINCE SEP 1    203                       179     24      211
  SINCE JAN 1   1750                      1851   -101     1806
..................................................................


WIND (MPH)
  HIGHEST WIND SPEED     8   HIGHEST WIND DIRECTION     N (350)
  HIGHEST GUST SPEED    11   HIGHEST GUST DIRECTION     W (290)
  AVERAGE WIND SPEED     4.5


SKY COVER
  POSSIBLE SUNSHINE  MM
  AVERAGE SKY COVER 0.0


WEATHER CONDITIONS
 THE FOLLOWING WEATHER WAS RECORDED TODAY.
  NO SIGNIFICANT WEATHER WAS OBSERVED.


RELATIVE HUMIDITY (PERCENT)
 HIGHEST    93           400 AM
 LOWEST     51          1200 PM
 AVERAGE    72

..........................................................


THE TUPELO CLIMATE NORMALS FOR TOMORROW
                         NORMAL    RECORD    YEAR
 MAXIMUM TEMPERATURE (F)   86       104      1980
 MINIMUM TEMPERATURE (F)   63        46      1961


SUNRISE AND SUNSET
SEPTEMBER 15 2014.....SUNRISE   638 AM CDT   SUNSET   702 PM CDT
SEPTEMBER 16 2014.....SUNRISE   639 AM CDT   SUNSET   700 PM CDT


-  INDICATES NEGATIVE NUMBERS.
R  INDICATES RECORD WAS SET OR TIED.
MM INDICATES DATA IS MISSING.
T  INDICATES TRACE AMOUNT.




$$
