000
CDUS44 KMEG 232149
CLITUP


CLIMATE REPORT
NATIONAL WEATHER SERVICE MEMPHIS TN
449 PM CDT SAT MAY 23 2015


...................................

...THE TUPELO CLIMATE SUMMARY FOR MAY 23 2015...
VALID TODAY AS OF 0400 PM LOCAL TIME.

CLIMATE NORMAL PERIOD 1981 TO 2010
CLIMATE RECORD PERIOD 1930 TO 2015


WEATHER ITEM   OBSERVED TIME   RECORD YEAR NORMAL DEPARTURE LAST
                VALUE   (LST)  VALUE       VALUE  FROM      YEAR
                                                  NORMAL
..................................................................
TEMPERATURE (F)
 TODAY
  MAXIMUM         84    344 PM  95    1941  84      0       89
  MINIMUM         55    518 AM  45    1963  62     -7       65
  AVERAGE         70                        73     -3       77

PRECIPITATION (IN)
  TODAY            0.00          1.74 1946   0.18  -0.18     0.00
  MONTH TO DATE    2.68                      4.25  -1.57     2.88
  SINCE MAR 1     16.84                     13.85   2.99    12.56
  SINCE JAN 1     26.00                     23.29   2.71    18.65

SNOWFALL (IN)
  TODAY            0.0

DEGREE DAYS
 HEATING
  TODAY            0                         0      0        0
  MONTH TO DATE   21                        23     -2       30
  SINCE MAR 1    435                       524    -89      635
  SINCE JUL 1   3153                      2955    198     3465

 COOLING
  TODAY            5                         8     -3       12
  MONTH TO DATE  151                       129     22      134
  SINCE MAR 1    227                       203     24      176
  SINCE JAN 1    227                       205     22      176
..................................................................


WIND (MPH)
  HIGHEST WIND SPEED    14   HIGHEST WIND DIRECTION     S (160)
  HIGHEST GUST SPEED    20   HIGHEST GUST DIRECTION     S (160)
  AVERAGE WIND SPEED     4.9


SKY COVER
  POSSIBLE SUNSHINE  MM
  AVERAGE SKY COVER 0.0


WEATHER CONDITIONS
 THE FOLLOWING WEATHER WAS RECORDED TODAY.
  NO SIGNIFICANT WEATHER WAS OBSERVED.


RELATIVE HUMIDITY (PERCENT)
 HIGHEST    86          1200 AM
 LOWEST     34           300 PM
 AVERAGE    60

..........................................................


THE TUPELO CLIMATE NORMALS FOR TOMORROW
                         NORMAL    RECORD    YEAR
 MAXIMUM TEMPERATURE (F)   84        94      1958
 MINIMUM TEMPERATURE (F)   62        44      1931


SUNRISE AND SUNSET
MAY 23 2015...........SUNRISE   548 AM CDT   SUNSET   756 PM CDT
MAY 24 2015...........SUNRISE   548 AM CDT   SUNSET   757 PM CDT


-  INDICATES NEGATIVE NUMBERS.
R  INDICATES RECORD WAS SET OR TIED.
MM INDICATES DATA IS MISSING.
T  INDICATES TRACE AMOUNT.




$$
