000
CDUS44 KMEG 302145
CLITUP


CLIMATE REPORT
NATIONAL WEATHER SERVICE MEMPHIS TN
445 PM CDT WED JUL 30 2014


...................................

...THE TUPELO CLIMATE SUMMARY FOR JULY 30 2014...
VALID TODAY AS OF 0400 PM LOCAL TIME.

CLIMATE NORMAL PERIOD 1981 TO 2010
CLIMATE RECORD PERIOD 1930 TO 2014


WEATHER ITEM   OBSERVED TIME   RECORD YEAR NORMAL DEPARTURE LAST
                VALUE   (LST)  VALUE       VALUE  FROM      YEAR
                                                  NORMAL
..................................................................
TEMPERATURE (F)
 TODAY
  MAXIMUM         84   1250 PM 104    1986  92     -8       94
  MINIMUM         58R   422 AM  59    1965  71    -13       70
  AVERAGE         71                        82    -11       82

PRECIPITATION (IN)
  TODAY            0.00          1.26 1936   0.12  -0.12     0.00
  MONTH TO DATE    6.06                      3.78   2.28     2.81
  SINCE JUN 1     14.40                      8.30   6.10     4.85
  SINCE JAN 1     34.57                     32.90   1.67    33.28

SNOWFALL (IN)
  TODAY            0.0

DEGREE DAYS
 HEATING
  TODAY            0                         0      0        0
  MONTH TO DATE    0                         0      0        0
  SINCE JUN 1      0                         0      0        0
  SINCE JUL 1      0                         0      0        0

 COOLING
  TODAY            6                        17    -11       17
  MONTH TO DATE  353                       499   -146      442
  SINCE JUN 1    773                       894   -121      858
  SINCE JAN 1   1047                      1171   -124     1104
..................................................................


WIND (MPH)
  HIGHEST WIND SPEED    10   HIGHEST WIND DIRECTION    NE (40)
  HIGHEST GUST SPEED    15   HIGHEST GUST DIRECTION    NE (40)
  AVERAGE WIND SPEED     3.1


SKY COVER
  POSSIBLE SUNSHINE  MM
  AVERAGE SKY COVER 0.1


WEATHER CONDITIONS
 THE FOLLOWING WEATHER WAS RECORDED TODAY.
  NO SIGNIFICANT WEATHER WAS OBSERVED.


RELATIVE HUMIDITY (PERCENT)
 HIGHEST    87           200 AM
 LOWEST     39          1200 PM
 AVERAGE    63

..........................................................


THE TUPELO CLIMATE NORMALS FOR TOMORROW
                         NORMAL    RECORD    YEAR
 MAXIMUM TEMPERATURE (F)   92       105      1986
 MINIMUM TEMPERATURE (F)   71        55      1981


SUNRISE AND SUNSET
JULY 30 2014..........SUNRISE   605 AM CDT   SUNSET   758 PM CDT
JULY 31 2014..........SUNRISE   605 AM CDT   SUNSET   757 PM CDT


-  INDICATES NEGATIVE NUMBERS.
R  INDICATES RECORD WAS SET OR TIED.
MM INDICATES DATA IS MISSING.
T  INDICATES TRACE AMOUNT.




$$
