000
CDUS44 KMEG 060740
CLITUP


CLIMATE REPORT
NATIONAL WEATHER SERVICE MEMPHIS TN
139 AM CST FRI MAR 6 2015


...................................

...THE TUPELO CLIMATE SUMMARY FOR MARCH 5 2015...

CLIMATE NORMAL PERIOD 1981 TO 2010
CLIMATE RECORD PERIOD 1930 TO 2015


WEATHER ITEM   OBSERVED TIME   RECORD YEAR NORMAL DEPARTURE LAST
                VALUE   (LST)  VALUE       VALUE  FROM      YEAR
                                                  NORMAL
..................................................................
TEMPERATURE (F)
 YESTERDAY
  MAXIMUM         34   1256 AM  81    1939  62    -28       57
  MINIMUM         22   1159 PM  12    1978  40    -18       25
  AVERAGE         28                        51    -23       41

PRECIPITATION (IN)
  YESTERDAY        0.39          3.52 1983   0.17   0.22     0.00
  MONTH TO DATE    2.23                      0.87   1.36     0.67
  SINCE MAR 1      2.23                      0.87   1.36     0.67
  SINCE JAN 1     11.39                     10.31   1.08     6.76

SNOWFALL (IN)
  YESTERDAY        0.1           0.5  1932   0.0    0.1      0.0
  MONTH TO DATE    0.1                       0.1    0.0       T
  SINCE MAR 1      0.1                       0.1    0.0       T
  SINCE JUL 1      7.4                       1.9    5.5      0.5
  SNOW DEPTH       T

DEGREE DAYS
 HEATING
  YESTERDAY       37                        14     23       24
  MONTH TO DATE   96                        74     22      110
  SINCE MAR 1     96                        74     22      110
  SINCE JUL 1   2814                      2505    309     2940

 COOLING
  YESTERDAY        0                         0      0        0
  MONTH TO DATE    0                         0      0        0
  SINCE MAR 1      0                         0      0        0
  SINCE JAN 1      0                         2     -2        0
..................................................................


WIND (MPH)
  HIGHEST WIND SPEED    29   HIGHEST WIND DIRECTION    NE (40)
  HIGHEST GUST SPEED    35   HIGHEST GUST DIRECTION    NE (30)
  AVERAGE WIND SPEED    16.1


SKY COVER
  POSSIBLE SUNSHINE  MM
  AVERAGE SKY COVER 0.6


WEATHER CONDITIONS
 THE FOLLOWING WEATHER WAS RECORDED YESTERDAY.
  LIGHT SNOW
  FOG
  HAZE


RELATIVE HUMIDITY (PERCENT)
 HIGHEST    89          1200 AM
 LOWEST     49           400 PM
 AVERAGE    69

..........................................................


THE TUPELO CLIMATE NORMALS FOR TODAY
                         NORMAL    RECORD    YEAR
 MAXIMUM TEMPERATURE (F)   62        82      1956
 MINIMUM TEMPERATURE (F)   40        22      1979
                                             1972
                                             1932


SUNRISE AND SUNSET
MARCH  6 2015.........SUNRISE   618 AM CST   SUNSET   555 PM CST
MARCH  7 2015.........SUNRISE   617 AM CST   SUNSET   556 PM CST


-  INDICATES NEGATIVE NUMBERS.
R  INDICATES RECORD WAS SET OR TIED.
MM INDICATES DATA IS MISSING.
T  INDICATES TRACE AMOUNT.




$$
