000
CDUS44 KMEG 280633
CLITUP


CLIMATE REPORT
NATIONAL WEATHER SERVICE MEMPHIS TN
132 AM CDT WED SEP 28 2016


...................................

...THE TUPELO CLIMATE SUMMARY FOR SEPTEMBER 27 2016...

CLIMATE NORMAL PERIOD 1981 TO 2010
CLIMATE RECORD PERIOD 1930 TO 2016


WEATHER ITEM   OBSERVED TIME   RECORD YEAR NORMAL DEPARTURE LAST
                VALUE   (LST)  VALUE       VALUE  FROM      YEAR
                                                  NORMAL
..................................................................
TEMPERATURE (F)
 YESTERDAY
  MAXIMUM         85    318 PM  97    1939  82      3       82
  MINIMUM         57   1159 PM  39    1975  58     -1       63
  AVERAGE         71                        70      1       73

PRECIPITATION (IN)
  YESTERDAY        0.00          1.66 1964   0.13  -0.13     0.00
  MONTH TO DATE    0.43                      3.02  -2.59     0.11
  SINCE SEP 1      0.43                      3.02  -2.59     0.11
  SINCE JAN 1     36.28                     39.49  -3.21    52.68

SNOWFALL (IN)
  YESTERDAY        0.0           0.0  2002   0.0    0.0      0.0
                                      2001
  MONTH TO DATE    0.0                       0.0    0.0      0.0
  SINCE SEP 1      0.0                       0.0    0.0      0.0
  SINCE JUL 1      0.0                       0.0    0.0      0.0
  SNOW DEPTH       0

DEGREE DAYS
 HEATING
  YESTERDAY        0                         1     -1        0
  MONTH TO DATE    0                         7     -7        3
  SINCE SEP 1      0                         7     -7        3
  SINCE JUL 1      0                         7     -7        3

 COOLING
  YESTERDAY        6                         6      0        8
  MONTH TO DATE  416                       270    146      275
  SINCE SEP 1    416                       270    146      275
  SINCE JAN 1   2339                      1942    397     2014
..................................................................


WIND (MPH)
  HIGHEST WIND SPEED    14   HIGHEST WIND DIRECTION     N (340)
  HIGHEST GUST SPEED    18   HIGHEST GUST DIRECTION     N (350)
  AVERAGE WIND SPEED     6.7


SKY COVER
  POSSIBLE SUNSHINE  MM
  AVERAGE SKY COVER 0.2


WEATHER CONDITIONS
 THE FOLLOWING WEATHER WAS RECORDED YESTERDAY.
  NO SIGNIFICANT WEATHER WAS OBSERVED.


RELATIVE HUMIDITY (PERCENT)
 HIGHEST    84          1200 AM
 LOWEST     20           300 PM
 AVERAGE    52

..........................................................


THE TUPELO CLIMATE NORMALS FOR TODAY
                         NORMAL    RECORD    YEAR
 MAXIMUM TEMPERATURE (F)   81        96      1939
                                             1936
 MINIMUM TEMPERATURE (F)   58        39      1937


SUNRISE AND SUNSET
SEPTEMBER 28 2016.....SUNRISE   648 AM CDT   SUNSET   643 PM CDT
SEPTEMBER 29 2016.....SUNRISE   648 AM CDT   SUNSET   641 PM CDT


-  INDICATES NEGATIVE NUMBERS.
R  INDICATES RECORD WAS SET OR TIED.
MM INDICATES DATA IS MISSING.
T  INDICATES TRACE AMOUNT.




$$
