000
CDUS44 KMEG 270636
CLITUP


CLIMATE REPORT
NATIONAL WEATHER SERVICE MEMPHIS TN
134 AM CDT MON MAR 27 2017


...................................

...THE TUPELO CLIMATE SUMMARY FOR MARCH 26 2017...

CLIMATE NORMAL PERIOD 1981 TO 2010
CLIMATE RECORD PERIOD 1930 TO 2017


WEATHER ITEM   OBSERVED TIME   RECORD YEAR NORMAL DEPARTURE LAST
                VALUE   (LST)  VALUE       VALUE  FROM      YEAR
                                                  NORMAL
..................................................................
TEMPERATURE (F)
 YESTERDAY
  MAXIMUM         79    404 PM  84    2007  69     10       76
                                      2005
                                      1991
  MINIMUM         58   1103 PM  22    1955  45     13       39
  AVERAGE         69                        57     12       58

PRECIPITATION (IN)
  YESTERDAY        0.00          2.40 1949   0.15  -0.15     0.00
  MONTH TO DATE    2.55                      4.08  -1.53     4.42
  SINCE MAR 1      2.55                      4.08  -1.53     4.42
  SINCE JAN 1     11.02                     13.52  -2.50    11.59

SNOWFALL (IN)
  YESTERDAY        0.0           T    1996   0.0    0.0      0.0
  MONTH TO DATE    T                         0.3   -0.3      0.0
  SINCE MAR 1      T                         0.3   -0.3      0.0
  SINCE JUL 1      T                         2.1   -2.1       T
  SNOW DEPTH       0

DEGREE DAYS
 HEATING
  YESTERDAY        0                         9     -9        7
  MONTH TO DATE  287                       313    -26      205
  SINCE MAR 1    287                       313    -26      205
  SINCE JUL 1   1905                      2744   -839     2142

 COOLING
  YESTERDAY        4                         1      3        0
  MONTH TO DATE   19                         4     15       22
  SINCE MAR 1     19                         4     15       22
  SINCE JAN 1     31                         6     25       22
..................................................................


WIND (MPH)
  HIGHEST WIND SPEED    15   HIGHEST WIND DIRECTION     S (190)
  HIGHEST GUST SPEED    23   HIGHEST GUST DIRECTION     S (190)
  AVERAGE WIND SPEED     6.9


SKY COVER
  POSSIBLE SUNSHINE  MM
  AVERAGE SKY COVER 0.6


WEATHER CONDITIONS
 THE FOLLOWING WEATHER WAS RECORDED YESTERDAY.
  FOG


RELATIVE HUMIDITY (PERCENT)
 HIGHEST    93           600 AM
 LOWEST     40           200 PM
 AVERAGE    67

..........................................................


THE TUPELO CLIMATE NORMALS FOR TODAY
                         NORMAL    RECORD    YEAR
 MAXIMUM TEMPERATURE (F)   69        83      1945
 MINIMUM TEMPERATURE (F)   45        18      1955


SUNRISE AND SUNSET
MARCH 27 2017.........SUNRISE   649 AM CDT   SUNSET   712 PM CDT
MARCH 28 2017.........SUNRISE   647 AM CDT   SUNSET   713 PM CDT


-  INDICATES NEGATIVE NUMBERS.
R  INDICATES RECORD WAS SET OR TIED.
MM INDICATES DATA IS MISSING.
T  INDICATES TRACE AMOUNT.




$$
