000
CDUS45 KTWC 210028
CLITUS

CLIMATE REPORT
NATIONAL WEATHER SERVICE TUCSON AZ
527 PM MST THU NOV 20 2014


...................................

...THE TUCSON AZ CLIMATE SUMMARY FOR NOVEMBER 20 2014...
VALID TODAY AS OF 0500 PM LOCAL TIME.

CLIMATE NORMAL PERIOD 1981 TO 2010
CLIMATE RECORD PERIOD 1895 TO 2014


WEATHER ITEM   OBSERVED TIME   RECORD YEAR NORMAL DEPARTURE LAST
                VALUE   (LST)  VALUE       VALUE  FROM      YEAR
                                                  NORMAL
..................................................................
TEMPERATURE (F)
 TODAY
  MAXIMUM         74    339 PM  87    1897  72      2       76
  MINIMUM         43    717 AM  26    1921  44     -1       52
  AVERAGE         59                        58      1       64

PRECIPITATION (IN)
  TODAY            0.00          0.30 1913   0.02  -0.02     0.00
  MONTH TO DATE    0.00                      0.34  -0.34     0.12
  SINCE OCT 1      1.33                      1.23   0.10     0.12
  SINCE JAN 1      8.02                     10.43  -2.41     5.60

DEGREE DAYS
 HEATING
  TODAY            6                         7     -1        1
  MONTH TO DATE   61                        92    -31       11
  SINCE SEP 1     61                       116    -55       24
  SINCE JUL 1     61                       116    -55       24

 COOLING
  TODAY            0                         0      0        0
  MONTH TO DATE   41                        25     16       49
  SINCE SEP 1    924                       734    190      779
  SINCE JAN 1   3615                      3144    471     3653
..................................................................


WIND (MPH)
  HIGHEST WIND SPEED    15   HIGHEST WIND DIRECTION    SE (150)
  HIGHEST GUST SPEED    20   HIGHEST GUST DIRECTION    SE (130)
  AVERAGE WIND SPEED     6.5


SKY COVER
  POSSIBLE SUNSHINE  MM
  AVERAGE SKY COVER 0.0


WEATHER CONDITIONS
 THE FOLLOWING WEATHER WAS RECORDED TODAY.
  NO SIGNIFICANT WEATHER WAS OBSERVED.


RELATIVE HUMIDITY (PERCENT)
 HIGHEST    33
 LOWEST      8
 AVERAGE    21

..........................................................


THE TUCSON AZ CLIMATE NORMALS FOR TOMORROW
                         NORMAL    RECORD    YEAR
 MAXIMUM TEMPERATURE (F)   71        89      1897
 MINIMUM TEMPERATURE (F)   44        22      1898


SUNRISE AND SUNSET
NOVEMBER 20 2014......SUNRISE   657 AM MST   SUNSET   521 PM MST
NOVEMBER 21 2014......SUNRISE   658 AM MST   SUNSET   521 PM MST


-  INDICATES NEGATIVE NUMBERS.
R  INDICATES RECORD WAS SET OR TIED.
MM INDICATES DATA IS MISSING.
T  INDICATES TRACE AMOUNT.




$$
