000
CDUS45 KTWC 230029
CLITUS

CLIMATE REPORT
NATIONAL WEATHER SERVICE TUCSON AZ
526 PM MST FRI AUG 22 2014


...................................

...THE TUCSON AZ CLIMATE SUMMARY FOR AUGUST 22 2014...
VALID TODAY AS OF 0500 PM LOCAL TIME.

CLIMATE NORMAL PERIOD 1981 TO 2010
CLIMATE RECORD PERIOD 1895 TO 2014


WEATHER ITEM   OBSERVED TIME   RECORD YEAR NORMAL DEPARTURE LAST
                VALUE   (LST)  VALUE       VALUE  FROM      YEAR
                                                  NORMAL
..................................................................
TEMPERATURE (F)
 TODAY
  MAXIMUM         91    311 PM 110    1930  98     -7      102
  MINIMUM         69    616 AM  62    1895  73     -4       78
  AVERAGE         80                        85     -5       90

PRECIPITATION (IN)
  TODAY            T             2.48 1961   0.07  -0.07      T
  MONTH TO DATE    1.89                      1.77   0.12     0.22
  SINCE OCT 1      6.98                      9.68  -2.70     5.80
  SINCE JAN 1      3.93                      7.29  -3.36     4.59

DEGREE DAYS
 HEATING
  TODAY            0                         0      0        0
  MONTH TO DATE    0                         0      0        0
  SINCE JUN 1      0                         0      0        0
  SINCE JUL 1      0                         0      0        0

 COOLING
  TODAY           15                        20     -5       25
  MONTH TO DATE  445                       446     -1      522
  SINCE JUN 1   1900                      1723    177     1983
  SINCE JAN 1   2503                      2225    278     2694
..................................................................


WIND (MPH)
  HIGHEST WIND SPEED    18   HIGHEST WIND DIRECTION    SW (240)
  HIGHEST GUST SPEED    23   HIGHEST GUST DIRECTION    SW (240)
  AVERAGE WIND SPEED     4.3


SKY COVER
  POSSIBLE SUNSHINE  MM
  AVERAGE SKY COVER 0.3


WEATHER CONDITIONS
 THE FOLLOWING WEATHER WAS RECORDED TODAY.
  LIGHT RAIN


RELATIVE HUMIDITY (PERCENT)
 HIGHEST    78
 LOWEST     34
 AVERAGE    56

..........................................................


THE TUCSON AZ CLIMATE NORMALS FOR TOMORROW
                         NORMAL    RECORD    YEAR
 MAXIMUM TEMPERATURE (F)   98       107      2011
                                             1985
 MINIMUM TEMPERATURE (F)   73        60      1900


SUNRISE AND SUNSET
AUGUST 22 2014........SUNRISE   553 AM MST   SUNSET   700 PM MST
AUGUST 23 2014........SUNRISE   553 AM MST   SUNSET   659 PM MST


-  INDICATES NEGATIVE NUMBERS.
R  INDICATES RECORD WAS SET OR TIED.
MM INDICATES DATA IS MISSING.
T  INDICATES TRACE AMOUNT.




$$
