000
CDUS45 KTWC 290729
CLITUS

CLIMATE REPORT
NATIONAL WEATHER SERVICE TUCSON AZ
1229 AM MST SUN MAR 29 2015


...................................

...THE TUCSON AZ CLIMATE SUMMARY FOR MARCH 28 2015...

CLIMATE NORMAL PERIOD 1981 TO 2010
CLIMATE RECORD PERIOD 1895 TO 2015


WEATHER ITEM   OBSERVED TIME   RECORD YEAR NORMAL DEPARTURE LAST
                VALUE   (LST)  VALUE       VALUE  FROM      YEAR
                                                  NORMAL
..................................................................
TEMPERATURE (F)
 YESTERDAY
  MAXIMUM         93R   406 PM  91    1943  77     16       75
  MINIMUM         53    636 AM  28    1898  48      5       46
  AVERAGE         73                        62     11       61

PRECIPITATION (IN)
  YESTERDAY        0.00          0.45 1992   0.02  -0.02     0.00
  MONTH TO DATE    0.50                      0.68  -0.18     0.58
  SINCE OCT 1      6.95                      4.87   2.08     3.64
  SINCE JAN 1      3.45                      2.48   0.97     0.59

DEGREE DAYS
 HEATING
  YESTERDAY        0                         4     -4        4
  MONTH TO DATE   47                       167   -120       42
  SINCE MAR 1     47                       167   -120       42
  SINCE JUL 1    889                      1434   -545      875

 COOLING
  YESTERDAY        8                         2      6        0
  MONTH TO DATE   59                        21     38       23
  SINCE MAR 1     59                        21     38       23
  SINCE JAN 1     67                        25     42       47
..................................................................


WIND (MPH)
  HIGHEST WIND SPEED    14   HIGHEST WIND DIRECTION     W (270)
  HIGHEST GUST SPEED    19   HIGHEST GUST DIRECTION     W (270)
  AVERAGE WIND SPEED     6.1


SKY COVER
  POSSIBLE SUNSHINE  MM
  AVERAGE SKY COVER 0.0


WEATHER CONDITIONS
 THE FOLLOWING WEATHER WAS RECORDED YESTERDAY.
  NO SIGNIFICANT WEATHER WAS OBSERVED.


RELATIVE HUMIDITY (PERCENT)
 HIGHEST    30
 LOWEST      6
 AVERAGE    18

..........................................................


THE TUCSON AZ CLIMATE NORMALS FOR TODAY
                         NORMAL    RECORD    YEAR
 MAXIMUM TEMPERATURE (F)   77        91      1943
                                             1925
 MINIMUM TEMPERATURE (F)   48        27      1907


SUNRISE AND SUNSET
MARCH 29 2015.........SUNRISE   616 AM MST   SUNSET   641 PM MST
MARCH 30 2015.........SUNRISE   615 AM MST   SUNSET   642 PM MST


-  INDICATES NEGATIVE NUMBERS.
R  INDICATES RECORD WAS SET OR TIED.
MM INDICATES DATA IS MISSING.
T  INDICATES TRACE AMOUNT.




$$
