000
CDUS45 KTWC 050746
CLITUS


CLIMATE REPORT
NATIONAL WEATHER SERVICE TUCSON AZ
1245 AM MST WED AUG 5 2015


...................................

...THE TUCSON AZ CLIMATE SUMMARY FOR AUGUST 4 2015...

CLIMATE NORMAL PERIOD 1981 TO 2010
CLIMATE RECORD PERIOD 1895 TO 2015


WEATHER ITEM   OBSERVED TIME   RECORD YEAR NORMAL DEPARTURE LAST
                VALUE   (LST)  VALUE       VALUE  FROM      YEAR
                                                  NORMAL
..................................................................
TEMPERATURE (F)
 YESTERDAY
  MAXIMUM        106    244 PM 109    1994  97      9       99
                                      1944
  MINIMUM         77    617 AM  63    1911  74      3       76
  AVERAGE         92                        86      6       88

PRECIPITATION (IN)
  YESTERDAY        0.00          0.67 1901   0.09  -0.09     0.00
  MONTH TO DATE    0.34                      0.35  -0.01     0.46
  SINCE OCT 1     10.18                      8.26   1.92     5.55
  SINCE JAN 1      6.68                      5.87   0.81     2.50

DEGREE DAYS
 HEATING
  YESTERDAY        0                         0      0        0
  MONTH TO DATE    0                         0      0        0
  SINCE JUN 1      0                         0      0        0
  SINCE JUL 1      0                         0      0        0

 COOLING
  YESTERDAY       27                        21      6       23
  MONTH TO DATE   99                        84     15       76
  SINCE JUN 1   1513                      1361    152     1531
  SINCE JAN 1   2027                      1863    164     2134
..................................................................


WIND (MPH)
  HIGHEST WIND SPEED    18   HIGHEST WIND DIRECTION     N (340)
  HIGHEST GUST SPEED    22   HIGHEST GUST DIRECTION     N (350)
  AVERAGE WIND SPEED     5.9


SKY COVER
  POSSIBLE SUNSHINE  MM
  AVERAGE SKY COVER 0.0


WEATHER CONDITIONS
 THE FOLLOWING WEATHER WAS RECORDED YESTERDAY.
  NO SIGNIFICANT WEATHER WAS OBSERVED.


RELATIVE HUMIDITY (PERCENT)
 HIGHEST    60
 LOWEST     13
 AVERAGE    37

..........................................................


THE TUCSON AZ CLIMATE NORMALS FOR TODAY
                         NORMAL    RECORD    YEAR
 MAXIMUM TEMPERATURE (F)   97       108      2009
                                             1995
                                             1994
 MINIMUM TEMPERATURE (F)   74        64      1916


SUNRISE AND SUNSET
AUGUST  5 2015........SUNRISE   541 AM MST   SUNSET   718 PM MST
AUGUST  6 2015........SUNRISE   542 AM MST   SUNSET   717 PM MST


-  INDICATES NEGATIVE NUMBERS.
R  INDICATES RECORD WAS SET OR TIED.
MM INDICATES DATA IS MISSING.
T  INDICATES TRACE AMOUNT.




$$
