000
CDUS45 KTWC 280730
CLITUS

CLIMATE REPORT
NATIONAL WEATHER SERVICE TUCSON AZ
1230 AM MST WED JAN 28 2015


...................................

...THE TUCSON AZ CLIMATE SUMMARY FOR JANUARY 27 2015...

CLIMATE NORMAL PERIOD 1981 TO 2010
CLIMATE RECORD PERIOD 1895 TO 2015


WEATHER ITEM   OBSERVED TIME   RECORD YEAR NORMAL DEPARTURE LAST
                VALUE   (LST)  VALUE       VALUE  FROM      YEAR
                                                  NORMAL
..................................................................
TEMPERATURE (F)
 YESTERDAY
  MAXIMUM         75    344 PM  86    1987  67      8       72
  MINIMUM         50    324 AM  18    1904  41      9       49
  AVERAGE         63                        54      9       61

PRECIPITATION (IN)
  YESTERDAY        0.06          0.77 1961   0.03   0.03     0.00
  MONTH TO DATE    0.37                      0.81  -0.44      T
  SINCE OCT 1      3.87                      3.20   0.67     3.05
  SINCE JAN 1      0.37                      0.81  -0.44      T

DEGREE DAYS
 HEATING
  YESTERDAY        2                        12    -10        4
  MONTH TO DATE  265                       338    -73      215
  SINCE DEC 1    597                       743   -146      574
  SINCE JUL 1    733                       949   -216      680

 COOLING
  YESTERDAY        0                         0      0        0
  MONTH TO DATE    0                         0      0        0
  SINCE DEC 1      3                         0      3        0
  SINCE JAN 1      0                         0      0        0
..................................................................


WIND (MPH)
  HIGHEST WIND SPEED    14   HIGHEST WIND DIRECTION    NW (330)
  HIGHEST GUST SPEED    18   HIGHEST GUST DIRECTION     N (340)
  AVERAGE WIND SPEED     5.6


SKY COVER
  POSSIBLE SUNSHINE  MM
  AVERAGE SKY COVER 0.2


WEATHER CONDITIONS
 THE FOLLOWING WEATHER WAS RECORDED YESTERDAY.
  RAIN
  LIGHT RAIN
  FOG


RELATIVE HUMIDITY (PERCENT)
 HIGHEST    77
 LOWEST     38
 AVERAGE    58

..........................................................


THE TUCSON AZ CLIMATE NORMALS FOR TODAY
                         NORMAL    RECORD    YEAR
 MAXIMUM TEMPERATURE (F)   67        83      1906
 MINIMUM TEMPERATURE (F)   41        23      1932


SUNRISE AND SUNSET
JANUARY 28 2015.......SUNRISE   720 AM MST   SUNSET   554 PM MST
JANUARY 29 2015.......SUNRISE   719 AM MST   SUNSET   555 PM MST


-  INDICATES NEGATIVE NUMBERS.
R  INDICATES RECORD WAS SET OR TIED.
MM INDICATES DATA IS MISSING.
T  INDICATES TRACE AMOUNT.




$$
