000
CDUS45 KTWC 290748
CLITUS

CLIMATE REPORT
NATIONAL WEATHER SERVICE TUCSON AZ
1247 AM MST FRI JUL 29 2016

...................................

...THE TUCSON AZ CLIMATE SUMMARY FOR JULY 28 2016...

CLIMATE NORMAL PERIOD 1981 TO 2010
CLIMATE RECORD PERIOD 1895 TO 2016


WEATHER ITEM   OBSERVED TIME   RECORD YEAR NORMAL DEPARTURE LAST
                VALUE   (LST)  VALUE       VALUE  FROM      YEAR
                                                  NORMAL
..................................................................
TEMPERATURE (F)
 YESTERDAY
  MAXIMUM        105    547 PM 114    1995  98      7      103
  MINIMUM         74    118 AM  62    1913  74      0       72
  AVERAGE         90                        86      4       88

PRECIPITATION (IN)
  YESTERDAY        0.41          1.88 1921   0.10   0.31     1.49
  MONTH TO DATE    1.75                      1.96  -0.21     2.01
  SINCE OCT 1      8.75                      7.62   1.13     9.77
  SINCE JAN 1      5.87                      5.23   0.64     6.27

DEGREE DAYS
 HEATING
  YESTERDAY        0                         0      0        0
  MONTH TO DATE    0                         0      0        0
  SINCE JUN 1      0                         0      0        0
  SINCE JUL 1      0                         0      0        0

 COOLING
  YESTERDAY       25                        21      4       23
  MONTH TO DATE  730                       623    107      636
  SINCE JUN 1   1440                      1217    223     1349
  SINCE JAN 1   2007                      1719    288     1863
..................................................................


WIND (MPH)
  HIGHEST WIND SPEED    21   HIGHEST WIND DIRECTION     E (80)
  HIGHEST GUST SPEED    27   HIGHEST GUST DIRECTION     E (80)
  AVERAGE WIND SPEED     6.3


SKY COVER
  POSSIBLE SUNSHINE  MM
  AVERAGE SKY COVER 0.1


WEATHER CONDITIONS
 THE FOLLOWING WEATHER WAS RECORDED YESTERDAY.
  THUNDERSTORM
  HEAVY RAIN
  LIGHT RAIN


RELATIVE HUMIDITY (PERCENT)
 HIGHEST    69
 LOWEST     19
 AVERAGE    44

..........................................................


THE TUCSON AZ CLIMATE NORMALS FOR TODAY
                         NORMAL    RECORD    YEAR
 MAXIMUM TEMPERATURE (F)   98       110      1995
 MINIMUM TEMPERATURE (F)   74        62      1913


SUNRISE AND SUNSET
JULY 29 2016..........SUNRISE   537 AM MST   SUNSET   723 PM MST
JULY 30 2016..........SUNRISE   538 AM MST   SUNSET   722 PM MST


-  INDICATES NEGATIVE NUMBERS.
R  INDICATES RECORD WAS SET OR TIED.
MM INDICATES DATA IS MISSING.
T  INDICATES TRACE AMOUNT.

$$
