809
CDUS45 KTWC 100031
CLITUS

CLIMATE REPORT
NATIONAL WEATHER SERVICE TUCSON AZ
531 PM MST TUE FEB 9 2016


...................................

...THE TUCSON AZ CLIMATE SUMMARY FOR FEBRUARY 9 2016...
VALID TODAY AS OF 0500 PM LOCAL TIME.

CLIMATE NORMAL PERIOD 1981 TO 2010
CLIMATE RECORD PERIOD 1895 TO 2016


WEATHER ITEM   OBSERVED TIME   RECORD YEAR NORMAL DEPARTURE LAST
                VALUE   (LST)  VALUE       VALUE  FROM      YEAR
                                                  NORMAL
..................................................................
TEMPERATURE (F)
 TODAY
  MAXIMUM         83    411 PM  84    2015  68     15       84
  MINIMUM         43    435 AM  23    1933  42      1       48
                                      1909
  AVERAGE         63                        55      8       66

PRECIPITATION (IN)
  TODAY            0.00          0.57 1981   0.03  -0.03     0.00
  MONTH TO DATE    0.18                      0.29  -0.11     0.02
  SINCE OCT 1      4.59                      3.62   0.97     6.06
  SINCE JAN 1      1.71                      1.23   0.48     2.56

DEGREE DAYS
 HEATING
  TODAY            2                        10     -8        0
  MONTH TO DATE  121                        98     23       26
  SINCE DEC 1    912                       886     26      648
  SINCE JUL 1   1107                      1092     15      784

 COOLING
  TODAY            0                         0      0        1
  MONTH TO DATE    0                         0      0        4
  SINCE DEC 1      0                         1     -1        7
  SINCE JAN 1      0                         1     -1        4
..................................................................


WIND (MPH)
  HIGHEST WIND SPEED    18   HIGHEST WIND DIRECTION    SE (130)
  HIGHEST GUST SPEED    23   HIGHEST GUST DIRECTION    SE (120)
  AVERAGE WIND SPEED     7.9


SKY COVER
  POSSIBLE SUNSHINE  MM
  AVERAGE SKY COVER 0.0


WEATHER CONDITIONS
 THE FOLLOWING WEATHER WAS RECORDED TODAY.
  NO SIGNIFICANT WEATHER WAS OBSERVED.


RELATIVE HUMIDITY (PERCENT)
 HIGHEST    38
 LOWEST      7
 AVERAGE    23

..........................................................


THE TUCSON AZ CLIMATE NORMALS FOR TOMORROW
                         NORMAL    RECORD    YEAR
 MAXIMUM TEMPERATURE (F)   68        86      1951
 MINIMUM TEMPERATURE (F)   42        24      1965


SUNRISE AND SUNSET
FEBRUARY  9 2016......SUNRISE   712 AM MST   SUNSET   604 PM MST
FEBRUARY 10 2016......SUNRISE   711 AM MST   SUNSET   605 PM MST


-  INDICATES NEGATIVE NUMBERS.
R  INDICATES RECORD WAS SET OR TIED.
MM INDICATES DATA IS MISSING.
T  INDICATES TRACE AMOUNT.




$$
