000
CDUS45 KTWC 230737
CLITUS

CLIMATE REPORT
NATIONAL WEATHER SERVICE TUCSON AZ
1232 AM MST SAT MAY 23 2015


...................................

...THE TUCSON AZ CLIMATE SUMMARY FOR MAY 22 2015...

CLIMATE NORMAL PERIOD 1981 TO 2010
CLIMATE RECORD PERIOD 1895 TO 2015


WEATHER ITEM   OBSERVED TIME   RECORD YEAR NORMAL DEPARTURE LAST
                VALUE   (LST)  VALUE       VALUE  FROM      YEAR
                                                  NORMAL
..................................................................
TEMPERATURE (F)
 YESTERDAY
  MAXIMUM         83    242 PM 109    2005  94    -11       92
  MINIMUM         54    614 AM  43    1902  62     -8       57
  AVERAGE         69                        78     -9       75

PRECIPITATION (IN)
  YESTERDAY        0.00          0.25 1919   0.01  -0.01     0.00
  MONTH TO DATE    0.09                      0.16  -0.07     0.00
  SINCE OCT 1      7.20                      5.39   1.81     3.66
  SINCE JAN 1      3.70                      3.00   0.70     0.61

DEGREE DAYS
 HEATING
  YESTERDAY        0                         0      0        0
  MONTH TO DATE    3                         3      0        0
  SINCE MAR 1     63                       242   -179       66
  SINCE JUL 1    905                      1509   -604      899

 COOLING
  YESTERDAY        4                        13     -9       10
  MONTH TO DATE  156                       218    -62      234
  SINCE MAR 1    391                       368     23      422
  SINCE JAN 1    399                       372     27      446
..................................................................


WIND (MPH)
  HIGHEST WIND SPEED    26   HIGHEST WIND DIRECTION    SW (230)
  HIGHEST GUST SPEED    36   HIGHEST GUST DIRECTION    SW (240)
  AVERAGE WIND SPEED    11.5


SKY COVER
  POSSIBLE SUNSHINE  MM
  AVERAGE SKY COVER 0.0


WEATHER CONDITIONS
 THE FOLLOWING WEATHER WAS RECORDED YESTERDAY.
  NO SIGNIFICANT WEATHER WAS OBSERVED.


RELATIVE HUMIDITY (PERCENT)
 HIGHEST    35
 LOWEST     10
 AVERAGE    23

..........................................................


THE TUCSON AZ CLIMATE NORMALS FOR TODAY
                         NORMAL    RECORD    YEAR
 MAXIMUM TEMPERATURE (F)   94       106      1984
 MINIMUM TEMPERATURE (F)   62        44      1927


SUNRISE AND SUNSET
MAY 23 2015...........SUNRISE   522 AM MST   SUNSET   720 PM MST
MAY 24 2015...........SUNRISE   521 AM MST   SUNSET   720 PM MST


-  INDICATES NEGATIVE NUMBERS.
R  INDICATES RECORD WAS SET OR TIED.
MM INDICATES DATA IS MISSING.
T  INDICATES TRACE AMOUNT.




$$
