000
CDUS45 KTWC 020729
CLITUS

CLIMATE REPORT
NATIONAL WEATHER SERVICE TUCSON AZ
1229 AM MST MON MAY 2 2016


...................................

...THE TUCSON AZ CLIMATE SUMMARY FOR MAY 1 2016...

CLIMATE NORMAL PERIOD 1981 TO 2010
CLIMATE RECORD PERIOD 1895 TO 2016


WEATHER ITEM   OBSERVED TIME   RECORD YEAR NORMAL DEPARTURE LAST
                VALUE   (LST)  VALUE       VALUE  FROM      YEAR
                                                  NORMAL
..................................................................
TEMPERATURE (F)
 YESTERDAY
  MAXIMUM         76    525 PM 100    1943  87    -11       97
  MINIMUM         54    516 AM  37    1906  56     -2       62
  AVERAGE         65                        72     -7       80

PRECIPITATION (IN)
  YESTERDAY        0.00          0.69 1941   0.01  -0.01     0.00
  MONTH TO DATE    0.00                      0.01  -0.01     0.00
  SINCE OCT 1      5.41                      5.24   0.17     7.11
  SINCE JAN 1      2.53                      2.85  -0.32     3.61

DEGREE DAYS
 HEATING
  YESTERDAY        0                         1     -1        0
  MONTH TO DATE    0                         1     -1        0
  SINCE MAR 1     89                       240   -151       60
  SINCE JUL 1   1217                      1507   -290      902

 COOLING
  YESTERDAY        0                         7     -7       15
  MONTH TO DATE    0                         7     -7       15
  SINCE MAR 1    215                       157     58      250
  SINCE JAN 1    249                       161     88      258
..................................................................


WIND (MPH)
  HIGHEST WIND SPEED    13   HIGHEST WIND DIRECTION    SE (130)
  HIGHEST GUST SPEED    17   HIGHEST GUST DIRECTION    SE (130)
  AVERAGE WIND SPEED     4.9


SKY COVER
  POSSIBLE SUNSHINE  MM
  AVERAGE SKY COVER 0.3


WEATHER CONDITIONS
 THE FOLLOWING WEATHER WAS RECORDED YESTERDAY.
  NO SIGNIFICANT WEATHER WAS OBSERVED.


RELATIVE HUMIDITY (PERCENT)
 HIGHEST    51
 LOWEST     21
 AVERAGE    36

..........................................................


THE TUCSON AZ CLIMATE NORMALS FOR TODAY
                         NORMAL    RECORD    YEAR
 MAXIMUM TEMPERATURE (F)   87       102      1947
 MINIMUM TEMPERATURE (F)   57        39      1967


SUNRISE AND SUNSET
MAY  2 2016...........SUNRISE   536 AM MST   SUNSET   706 PM MST
MAY  3 2016...........SUNRISE   535 AM MST   SUNSET   706 PM MST


-  INDICATES NEGATIVE NUMBERS.
R  INDICATES RECORD WAS SET OR TIED.
MM INDICATES DATA IS MISSING.
T  INDICATES TRACE AMOUNT.




$$
