000
CDUS45 KTWC 290026
CLITUS

CLIMATE REPORT
NATIONAL WEATHER SERVICE TUCSON AZ
525 PM MST WED SEP 28 2016


...................................

...THE TUCSON AZ CLIMATE SUMMARY FOR SEPTEMBER 28 2016...
VALID TODAY AS OF 0500 PM LOCAL TIME.

CLIMATE NORMAL PERIOD 1981 TO 2010
CLIMATE RECORD PERIOD 1895 TO 2016


WEATHER ITEM   OBSERVED TIME   RECORD YEAR NORMAL DEPARTURE LAST
                VALUE   (LST)  VALUE       VALUE  FROM      YEAR
                                                  NORMAL
..................................................................
TEMPERATURE (F)
 TODAY
  MAXIMUM         90   1257 PM 103    1994  91     -1       98
  MINIMUM         66    446 AM  44    1936  64      2       70
                                      1923
                                      1904
  AVERAGE         78                        78      0       84

PRECIPITATION (IN)
  TODAY            0.09          2.15 1995   0.03   0.06     0.00
  MONTH TO DATE    1.51                      1.22   0.29     2.40
  SINCE OCT 1     12.92                     11.52   1.40    14.04
  SINCE JAN 1     10.04                      9.13   0.91    10.54

DEGREE DAYS
 HEATING
  TODAY            0                         0      0        0
  MONTH TO DATE    0                         0      0        0
  SINCE SEP 1      0                         0      0        0
  SINCE JUL 1      0                         0      0        0

 COOLING
  TODAY           13                        13      0       19
  MONTH TO DATE  446                       474    -28      502
  SINCE SEP 1    446                       474    -28      502
  SINCE JAN 1   3156                      2884    272     3182
..................................................................


WIND (MPH)
  HIGHEST WIND SPEED    25   HIGHEST WIND DIRECTION    SE (140)
  HIGHEST GUST SPEED    31   HIGHEST GUST DIRECTION    SE (150)
  AVERAGE WIND SPEED    10.4


SKY COVER
  POSSIBLE SUNSHINE  MM
  AVERAGE SKY COVER 0.5


WEATHER CONDITIONS
 THE FOLLOWING WEATHER WAS RECORDED TODAY.
  THUNDERSTORM
  HEAVY RAIN
  RAIN
  LIGHT RAIN


RELATIVE HUMIDITY (PERCENT)
 HIGHEST    78
 LOWEST     32
 AVERAGE    55

..........................................................


THE TUCSON AZ CLIMATE NORMALS FOR TOMORROW
                         NORMAL    RECORD    YEAR
 MAXIMUM TEMPERATURE (F)   91       101      2010
                                             2009
                                             2000
 MINIMUM TEMPERATURE (F)   64        44      1923
                                             1915
                                             1894


SUNRISE AND SUNSET
SEPTEMBER 28 2016.....SUNRISE   616 AM MST   SUNSET   612 PM MST
SEPTEMBER 29 2016.....SUNRISE   617 AM MST   SUNSET   610 PM MST


-  INDICATES NEGATIVE NUMBERS.
R  INDICATES RECORD WAS SET OR TIED.
MM INDICATES DATA IS MISSING.
T  INDICATES TRACE AMOUNT.




$$
