000
CDUS43 KAPX 270538
CLITVC


CLIMATE REPORT
NATIONAL WEATHER SERVICE GAYLORD MI
137 AM EDT WED MAY 27 2015


...................................

...THE TRAVERSE CITY MI CLIMATE SUMMARY FOR MAY 26 2015...

CLIMATE NORMAL PERIOD 1981 TO 2010
CLIMATE RECORD PERIOD 1896 TO 2015


WEATHER ITEM   OBSERVED TIME   RECORD YEAR NORMAL DEPARTURE LAST
                VALUE   (LST)  VALUE       VALUE  FROM      YEAR
                                                  NORMAL
..................................................................
TEMPERATURE (F)
 YESTERDAY
  MAXIMUM         81    135 PM  89    1978  69     12       81
  MINIMUM         66   1159 PM  27    1969  45     21       56
  AVERAGE         74                        57     17       69

PRECIPITATION (IN)
  YESTERDAY        0.38          0.96 1985   0.08   0.30      T
  MONTH TO DATE    2.75                      2.16   0.59     3.18
  SINCE MAR 1      4.68                      6.80  -2.12     8.26
  SINCE JAN 1      5.46                     11.12  -5.66     9.68

DEGREE DAYS
 HEATING
  YESTERDAY        0                         9     -9        0
  MONTH TO DATE  249                       330    -81      305
  SINCE MAR 1   1982                      2057    -75     2337
  SINCE JUL 1   7714                      7397    317     8059

 COOLING
  YESTERDAY        9                         1      8        4
  MONTH TO DATE   31                         9     22        4
  SINCE MAR 1     31                        12     19        4
  SINCE JAN 1     31                        12     19        4
..................................................................


WIND (MPH)
  HIGHEST WIND SPEED    14   HIGHEST WIND DIRECTION    SW (210)
  HIGHEST GUST SPEED    22   HIGHEST GUST DIRECTION    SW (230)
  AVERAGE WIND SPEED     5.9




RELATIVE HUMIDITY (PERCENT)
 HIGHEST    90
 LOWEST     51
 AVERAGE    71

..........................................................


THE TRAVERSE CITY MI CLIMATE NORMALS FOR TODAY
                         NORMAL    RECORD    YEAR
 MAXIMUM TEMPERATURE (F)   69        93      1978
 MINIMUM TEMPERATURE (F)   45        28      1961


SUNRISE AND SUNSET
MAY 27 2015...........SUNRISE   603 AM EDT   SUNSET   916 PM EDT
MAY 28 2015...........SUNRISE   602 AM EDT   SUNSET   917 PM EDT


-  INDICATES NEGATIVE NUMBERS.
R  INDICATES RECORD WAS SET OR TIED.
MM INDICATES DATA IS MISSING.
T  INDICATES TRACE AMOUNT.




$$
