000
CDUS43 KAPX 060537
CLITVC


CLIMATE REPORT
NATIONAL WEATHER SERVICE GAYLORD MI
137 AM EDT MON JUL 6 2015


...................................

...THE TRAVERSE CITY MI CLIMATE SUMMARY FOR JULY 5 2015...

CLIMATE NORMAL PERIOD 1981 TO 2010
CLIMATE RECORD PERIOD 1896 TO 2015


WEATHER ITEM   OBSERVED TIME   RECORD YEAR NORMAL DEPARTURE LAST
                VALUE   (LST)  VALUE       VALUE  FROM      YEAR
                                                  NORMAL
..................................................................
TEMPERATURE (F)
 YESTERDAY
  MAXIMUM         87    327 PM  96    2012  80      7       80
  MINIMUM         56    530 AM  38    1965  57     -1       51
  AVERAGE         72                        69      3       66

PRECIPITATION (IN)
  YESTERDAY        0.00          4.01 1999   0.09  -0.09     0.00
  MONTH TO DATE    T                         0.46  -0.46     0.08
  SINCE JUN 1      2.02                      3.62  -1.60     2.75
  SINCE JAN 1      8.50                     15.17  -6.67    12.43

DEGREE DAYS
 HEATING
  YESTERDAY        0                         1     -1        0
  MONTH TO DATE   18                         6     12       15
  SINCE JUN 1    106                       118    -12       87
  SINCE JUL 1     18                         6     12       15

 COOLING
  YESTERDAY        7                         5      2        1
  MONTH TO DATE   11                        25    -14        9
  SINCE JUN 1     35                       106    -71      116
  SINCE JAN 1     70                       126    -56      125
..................................................................


WIND (MPH)
  HIGHEST WIND SPEED     9   HIGHEST WIND DIRECTION     S (190)
  HIGHEST GUST SPEED    14   HIGHEST GUST DIRECTION    SW (230)
  AVERAGE WIND SPEED     2.8




RELATIVE HUMIDITY (PERCENT)
 HIGHEST    93
 LOWEST     44
 AVERAGE    69

..........................................................


THE TRAVERSE CITY MI CLIMATE NORMALS FOR TODAY
                         NORMAL    RECORD    YEAR
 MAXIMUM TEMPERATURE (F)   80        99      1988
 MINIMUM TEMPERATURE (F)   57        31      1965


SUNRISE AND SUNSET
JULY  6 2015..........SUNRISE   603 AM EDT   SUNSET   930 PM EDT
JULY  7 2015..........SUNRISE   604 AM EDT   SUNSET   930 PM EDT


-  INDICATES NEGATIVE NUMBERS.
R  INDICATES RECORD WAS SET OR TIED.
MM INDICATES DATA IS MISSING.
T  INDICATES TRACE AMOUNT.




$$
