000
CDUS43 KAPX 130534
CLITVC


CLIMATE REPORT
NATIONAL WEATHER SERVICE GAYLORD MI
1233 AM EST SAT FEB 13 2016


...................................

...THE TRAVERSE CITY MI CLIMATE SUMMARY FOR FEBRUARY 12 2016...

CLIMATE NORMAL PERIOD 1981 TO 2010
CLIMATE RECORD PERIOD 1896 TO 2016


WEATHER ITEM   OBSERVED TIME   RECORD YEAR NORMAL DEPARTURE LAST
                VALUE   (LST)  VALUE       VALUE  FROM      YEAR
                                                  NORMAL
..................................................................
TEMPERATURE (F)
 YESTERDAY
  MAXIMUM         20    314 AM  54    1932  30    -10       16
  MINIMUM          7   1009 PM -29    1917  15     -8        6
  AVERAGE         14                        22     -8       11

PRECIPITATION (IN)
  YESTERDAY        T             0.73 1985   0.05  -0.05      T
  MONTH TO DATE    0.43                      0.67  -0.24     0.04
  SINCE DEC 1      5.51                      5.98  -0.47     1.78
  SINCE JAN 1      2.52                      3.49  -0.97     0.72

DEGREE DAYS
 HEATING
  YESTERDAY       51                        43      8       54
  MONTH TO DATE  465                       523    -58      572
  SINCE DEC 1   2520                      3060   -540     3079
  SINCE JUL 1   3700                      4679   -979     4758
..................................................................


WIND (MPH)
  HIGHEST WIND SPEED    29   HIGHEST WIND DIRECTION     N (340)
  HIGHEST GUST SPEED    37   HIGHEST GUST DIRECTION     N (340)
  AVERAGE WIND SPEED    16.5




RELATIVE HUMIDITY (PERCENT)
 HIGHEST    88
 LOWEST     52
 AVERAGE    70

..........................................................


THE TRAVERSE CITY MI CLIMATE NORMALS FOR TODAY
                         NORMAL    RECORD    YEAR
 MAXIMUM TEMPERATURE (F)   30        50      1984
 MINIMUM TEMPERATURE (F)   15       -21      1899


SUNRISE AND SUNSET
FEBRUARY 13 2016......SUNRISE   746 AM EST   SUNSET   607 PM EST
FEBRUARY 14 2016......SUNRISE   745 AM EST   SUNSET   609 PM EST


-  INDICATES NEGATIVE NUMBERS.
R  INDICATES RECORD WAS SET OR TIED.
MM INDICATES DATA IS MISSING.
T  INDICATES TRACE AMOUNT.




$$
