000
CDUS43 KAPX 260526
CLITVC


CLIMATE REPORT
NATIONAL WEATHER SERVICE GAYLORD MI
126 AM EDT FRI MAY 26 2017


...................................

...THE TRAVERSE CITY MI CLIMATE SUMMARY FOR MAY 25 2017...

CLIMATE NORMAL PERIOD 1981 TO 2010
CLIMATE RECORD PERIOD 1896 TO 2017


WEATHER ITEM   OBSERVED TIME   RECORD YEAR NORMAL DEPARTURE LAST
                VALUE   (LST)  VALUE       VALUE  FROM      YEAR
                                                  NORMAL
..................................................................
TEMPERATURE (F)
 YESTERDAY
  MAXIMUM         63    533 PM  89    2010  69     -6       77
  MINIMUM         49    422 AM  28    1992  45      4       50
  AVERAGE         56                        57     -1       64

PRECIPITATION (IN)
  YESTERDAY        0.03          0.94 1989   0.08  -0.05     0.01
  MONTH TO DATE    1.12                      2.08  -0.96     0.53
  SINCE MAR 1      5.56                      6.72  -1.16     6.09
  SINCE JAN 1      8.89                     11.04  -2.15     8.88

DEGREE DAYS
 HEATING
  YESTERDAY        9                         9      0        1
  MONTH TO DATE  332                       321     11      298
  SINCE MAR 1   1866                      2048   -182     1857
  SINCE JUL 1   6039                      7388  -1349     6167

 COOLING
  YESTERDAY        0                         1     -1        0
  MONTH TO DATE   18                         8     10        8
  SINCE MAR 1     21                        11     10        8
  SINCE JAN 1     21                        11     10        8
..................................................................


WIND (MPH)
  HIGHEST WIND SPEED    14   HIGHEST WIND DIRECTION     N (360)
  HIGHEST GUST SPEED    19   HIGHEST GUST DIRECTION     N (360)
  AVERAGE WIND SPEED     5.5




RELATIVE HUMIDITY (PERCENT)
 HIGHEST    93
 LOWEST     72
 AVERAGE    83

..........................................................


THE TRAVERSE CITY MI CLIMATE NORMALS FOR TODAY
                         NORMAL    RECORD    YEAR
 MAXIMUM TEMPERATURE (F)   69        89      1978
 MINIMUM TEMPERATURE (F)   45        27      1969


SUNRISE AND SUNSET
MAY 26 2017...........SUNRISE   604 AM EDT   SUNSET   916 PM EDT
MAY 27 2017...........SUNRISE   603 AM EDT   SUNSET   917 PM EDT


-  INDICATES NEGATIVE NUMBERS.
R  INDICATES RECORD WAS SET OR TIED.
MM INDICATES DATA IS MISSING.
T  INDICATES TRACE AMOUNT.




$$
