000
CDUS43 KAPX 280539
CLITVC


CLIMATE REPORT
NATIONAL WEATHER SERVICE GAYLORD MI
138 AM EDT THU JUL 28 2016


...................................

...THE TRAVERSE CITY MI CLIMATE SUMMARY FOR JULY 27 2016...

CLIMATE NORMAL PERIOD 1981 TO 2010
CLIMATE RECORD PERIOD 1896 TO 2016


WEATHER ITEM   OBSERVED TIME   RECORD YEAR NORMAL DEPARTURE LAST
                VALUE   (LST)  VALUE       VALUE  FROM      YEAR
                                                  NORMAL
..................................................................
TEMPERATURE (F)
 YESTERDAY
  MAXIMUM         86   1152 AM  99    1941  80      6       92
  MINIMUM         71    546 AM  43    2001  58     13       61
  AVERAGE         79                        69     10       77

PRECIPITATION (IN)
  YESTERDAY        0.07          0.93 2012   0.10  -0.03     0.00
  MONTH TO DATE    2.08                      2.60  -0.52     1.07
  SINCE JUN 1      4.15                      5.76  -1.61     3.09
  SINCE JAN 1     14.01                     17.31  -3.30     9.57

DEGREE DAYS
 HEATING
  YESTERDAY        0                         1     -1        0
  MONTH TO DATE    9                        28    -19       28
  SINCE JUN 1     73                       140    -67      116
  SINCE JUL 1      9                        28    -19       28

 COOLING
  YESTERDAY       14                         5      9       12
  MONTH TO DATE  228                       135     93      147
  SINCE JUN 1    318                       216    102      171
  SINCE JAN 1    368                       236    132      206
..................................................................


WIND (MPH)
  HIGHEST WIND SPEED    18   HIGHEST WIND DIRECTION    NW (330)
  HIGHEST GUST SPEED    23   HIGHEST GUST DIRECTION    NW (330)
  AVERAGE WIND SPEED     5.9




RELATIVE HUMIDITY (PERCENT)
 HIGHEST    79
 LOWEST     51
 AVERAGE    65

..........................................................


THE TRAVERSE CITY MI CLIMATE NORMALS FOR TODAY
                         NORMAL    RECORD    YEAR
 MAXIMUM TEMPERATURE (F)   80        98      1941
 MINIMUM TEMPERATURE (F)   58        43      1978


SUNRISE AND SUNSET
JULY 28 2016..........SUNRISE   625 AM EDT   SUNSET   912 PM EDT
JULY 29 2016..........SUNRISE   626 AM EDT   SUNSET   911 PM EDT


-  INDICATES NEGATIVE NUMBERS.
R  INDICATES RECORD WAS SET OR TIED.
MM INDICATES DATA IS MISSING.
T  INDICATES TRACE AMOUNT.




$$
