000
CDUS43 KAPX 180529
CLITVC


CLIMATE REPORT
NATIONAL WEATHER SERVICE GAYLORD MI
1229 AM EST SUN FEB 18 2018


...................................

...THE TRAVERSE CITY MI CLIMATE SUMMARY FOR FEBRUARY 17 2018...

CLIMATE NORMAL PERIOD 1981 TO 2010
CLIMATE RECORD PERIOD 1896 TO 2018


WEATHER ITEM   OBSERVED TIME   RECORD YEAR NORMAL DEPARTURE LAST
                VALUE   (LST)  VALUE       VALUE  FROM      YEAR
                                                  NORMAL
..................................................................
TEMPERATURE (F)
 YESTERDAY
  MAXIMUM         35    208 PM  52    2011  31      4       50
  MINIMUM         19    418 AM -37    1979  15      4       26
  AVERAGE         27                        23      4       38

PRECIPITATION (IN)
  YESTERDAY        T             0.61 2008   0.05  -0.05     0.00
  MONTH TO DATE    0.23                      0.92  -0.69     0.61
  SINCE DEC 1      2.64                      6.23  -3.59     3.65
  SINCE JAN 1      1.32                      3.74  -2.42     2.42

DEGREE DAYS
 HEATING
  YESTERDAY       38                        42     -4       27
  MONTH TO DATE  778                       735     43      656
  SINCE DEC 1   3306                      3272     34     2932
  SINCE JUL 1   4600                      4891   -291     3891
..................................................................


WIND (MPH)
  HIGHEST WIND SPEED    18   HIGHEST WIND DIRECTION     W (270)
  HIGHEST GUST SPEED    27   HIGHEST GUST DIRECTION    SW (230)
  AVERAGE WIND SPEED     9.2




RELATIVE HUMIDITY (PERCENT)
 HIGHEST    85
 LOWEST     38
 AVERAGE    62

..........................................................


THE TRAVERSE CITY MI CLIMATE NORMALS FOR TODAY
                         NORMAL    RECORD    YEAR
 MAXIMUM TEMPERATURE (F)   31        57      1994
 MINIMUM TEMPERATURE (F)   15       -26      1979


SUNRISE AND SUNSET
FEBRUARY 18 2018......SUNRISE   738 AM EST   SUNSET   615 PM EST
FEBRUARY 19 2018......SUNRISE   736 AM EST   SUNSET   616 PM EST


-  INDICATES NEGATIVE NUMBERS.
R  INDICATES RECORD WAS SET OR TIED.
MM INDICATES DATA IS MISSING.
T  INDICATES TRACE AMOUNT.




$$
