000
CDUS43 KAPX 080531
CLITVC


CLIMATE REPORT
NATIONAL WEATHER SERVICE GAYLORD MI
1231 AM EST THU DEC 8 2016


...................................

...THE TRAVERSE CITY MI CLIMATE SUMMARY FOR DECEMBER 7 2016...

CLIMATE NORMAL PERIOD 1981 TO 2010
CLIMATE RECORD PERIOD 1896 TO 2016


WEATHER ITEM   OBSERVED TIME   RECORD YEAR NORMAL DEPARTURE LAST
                VALUE   (LST)  VALUE       VALUE  FROM      YEAR
                                                  NORMAL
..................................................................
TEMPERATURE (F)
 YESTERDAY
  MAXIMUM         32    151 PM  57    1946  35     -3       41
  MINIMUM         29   1159 PM  -4    1972  24      5       37
  AVERAGE         31                        29      2       39

PRECIPITATION (IN)
  YESTERDAY        T             1.29 2004   0.08  -0.08     0.00
  MONTH TO DATE    0.32                      0.57  -0.25     0.16
  SINCE DEC 1      0.32                      0.57  -0.25     0.16
  SINCE JAN 1     25.49                     31.13  -5.64    21.63

DEGREE DAYS
 HEATING
  YESTERDAY       34                        36     -2       26
  MONTH TO DATE  199                       243    -44      180
  SINCE DEC 1    199                       243    -44      180
  SINCE JUL 1   1158                      1862   -704     1360
..................................................................


WIND (MPH)
  HIGHEST WIND SPEED    20   HIGHEST WIND DIRECTION    SW (240)
  HIGHEST GUST SPEED    30   HIGHEST GUST DIRECTION     W (270)
  AVERAGE WIND SPEED    12.9




RELATIVE HUMIDITY (PERCENT)
 HIGHEST    69
 LOWEST     58
 AVERAGE    64

..........................................................


THE TRAVERSE CITY MI CLIMATE NORMALS FOR TODAY
                         NORMAL    RECORD    YEAR
 MAXIMUM TEMPERATURE (F)   34        60      1946
 MINIMUM TEMPERATURE (F)   23        -3      1958


SUNRISE AND SUNSET
DECEMBER  8 2016......SUNRISE   807 AM EST   SUNSET   502 PM EST
DECEMBER  9 2016......SUNRISE   808 AM EST   SUNSET   502 PM EST


-  INDICATES NEGATIVE NUMBERS.
R  INDICATES RECORD WAS SET OR TIED.
MM INDICATES DATA IS MISSING.
T  INDICATES TRACE AMOUNT.




$$
