000
CDUS43 KAPX 250530
CLITVC


CLIMATE REPORT
NATIONAL WEATHER SERVICE GAYLORD MI
129 AM EDT FRI JUL 25 2014


...................................

...THE TRAVERSE CITY MI CLIMATE SUMMARY FOR JULY 24 2014...

CLIMATE NORMAL PERIOD 1981 TO 2010
CLIMATE RECORD PERIOD 1896 TO 2014


WEATHER ITEM   OBSERVED TIME   RECORD YEAR NORMAL DEPARTURE LAST
                VALUE   (LST)  VALUE       VALUE  FROM      YEAR
                                                  NORMAL
..................................................................
TEMPERATURE (F)
 YESTERDAY
  MAXIMUM         73    353 PM 101    1941  80     -7       71
  MINIMUM         47    538 AM  42    1906  58    -11       50
  AVERAGE         60                        69     -9       61

PRECIPITATION (IN)
  YESTERDAY        0.00          1.07 1949   0.10  -0.10     0.00
  MONTH TO DATE    1.36                      2.31  -0.95     2.24
  SINCE JUN 1      4.03                      5.47  -1.44     3.62
  SINCE JAN 1     13.71                     17.02  -3.31    16.00

DEGREE DAYS
 HEATING
  YESTERDAY        5                         1      4        4
  MONTH TO DATE   45                        25     20       13
  SINCE JUN 1    117                       137    -20      115
  SINCE JUL 1     45                        25     20       13

 COOLING
  YESTERDAY        0                         5     -5        0
  MONTH TO DATE   77                       120    -43      198
  SINCE JUN 1    184                       201    -17      285
  SINCE JAN 1    193                       221    -28      327
..................................................................


WIND (MPH)
  HIGHEST WIND SPEED    10   HIGHEST WIND DIRECTION    NW (320)
  HIGHEST GUST SPEED    15   HIGHEST GUST DIRECTION     N (20)
  AVERAGE WIND SPEED     3.7




RELATIVE HUMIDITY (PERCENT)
 HIGHEST    93
 LOWEST     35
 AVERAGE    64

..........................................................


THE TRAVERSE CITY MI CLIMATE NORMALS FOR TODAY
                         NORMAL    RECORD    YEAR
 MAXIMUM TEMPERATURE (F)   80        97      1941
 MINIMUM TEMPERATURE (F)   58        45      2004


SUNRISE AND SUNSET
JULY 25 2014..........SUNRISE   621 AM EDT   SUNSET   916 PM EDT
JULY 26 2014..........SUNRISE   622 AM EDT   SUNSET   915 PM EDT


-  INDICATES NEGATIVE NUMBERS.
R  INDICATES RECORD WAS SET OR TIED.
MM INDICATES DATA IS MISSING.
T  INDICATES TRACE AMOUNT.




$$
