000
CDUS43 KAPX 270531
CLITVC


CLIMATE REPORT
NATIONAL WEATHER SERVICE GAYLORD MI
129 AM EDT WED AUG 27 2014


...................................

...THE TRAVERSE CITY MI CLIMATE SUMMARY FOR AUGUST 26 2014...

CLIMATE NORMAL PERIOD 1981 TO 2010
CLIMATE RECORD PERIOD 1896 TO 2014


WEATHER ITEM   OBSERVED TIME   RECORD YEAR NORMAL DEPARTURE LAST
                VALUE   (LST)  VALUE       VALUE  FROM      YEAR
                                                  NORMAL
..................................................................
TEMPERATURE (F)
 YESTERDAY
  MAXIMUM         76   1200 PM  98    1909  77     -1       90
  MINIMUM         56   1150 PM  40    1917  56      0       70
  AVERAGE         66                        66      0       80

PRECIPITATION (IN)
  YESTERDAY        T             2.32 2000   0.11  -0.11     0.20
  MONTH TO DATE    1.75                      2.83  -1.08     1.06
  SINCE JUN 1      6.52                      9.01  -2.49     5.27
  SINCE JAN 1     16.20                     20.56  -4.36    17.65

DEGREE DAYS
 HEATING
  YESTERDAY        0                         2     -2        0
  MONTH TO DATE   14                        29    -15       22
  SINCE JUN 1    141                       169    -28      152
  SINCE JUL 1     69                        57     12       50

 COOLING
  YESTERDAY        1                         3     -2       15
  MONTH TO DATE  107                       102      5       99
  SINCE JUN 1    305                       335    -30      392
  SINCE JAN 1    314                       355    -41      434
..................................................................


WIND (MPH)
  HIGHEST WIND SPEED    14   HIGHEST WIND DIRECTION    NE (40)
  HIGHEST GUST SPEED    18   HIGHEST GUST DIRECTION    NE (50)
  AVERAGE WIND SPEED     5.1




RELATIVE HUMIDITY (PERCENT)
 HIGHEST    93
 LOWEST     53
 AVERAGE    73

..........................................................


THE TRAVERSE CITY MI CLIMATE NORMALS FOR TODAY
                         NORMAL    RECORD    YEAR
 MAXIMUM TEMPERATURE (F)   76        96      1973
 MINIMUM TEMPERATURE (F)   56        37      1915


SUNRISE AND SUNSET
AUGUST 27 2014........SUNRISE   659 AM EDT   SUNSET   828 PM EDT
AUGUST 28 2014........SUNRISE   700 AM EDT   SUNSET   826 PM EDT


-  INDICATES NEGATIVE NUMBERS.
R  INDICATES RECORD WAS SET OR TIED.
MM INDICATES DATA IS MISSING.
T  INDICATES TRACE AMOUNT.




$$
