000
CDUS43 KAPX 210528
CLITVC


CLIMATE REPORT
NATIONAL WEATHER SERVICE GAYLORD MI
127 AM EDT FRI JUL 21 2017


...................................

...THE TRAVERSE CITY MI CLIMATE SUMMARY FOR JULY 20 2017...

CLIMATE NORMAL PERIOD 1981 TO 2010
CLIMATE RECORD PERIOD 1896 TO 2017


WEATHER ITEM   OBSERVED TIME   RECORD YEAR NORMAL DEPARTURE LAST
                VALUE   (LST)  VALUE       VALUE  FROM      YEAR
                                                  NORMAL
..................................................................
TEMPERATURE (F)
 YESTERDAY
  MAXIMUM         86    320 PM  97    1977  80      6       92
  MINIMUM         63   1256 AM  41    1965  58      5       59
  AVERAGE         75                        69      6       76

PRECIPITATION (IN)
  YESTERDAY        0.00          1.35 2010   0.09  -0.09     0.00
  MONTH TO DATE    0.95                      1.93  -0.98     1.62
  SINCE JUN 1      5.17                      5.09   0.08     3.69
  SINCE JAN 1     15.14                     16.64  -1.50    13.55

DEGREE DAYS
 HEATING
  YESTERDAY        0                         1     -1        0
  MONTH TO DATE    3                        21    -18        9
  SINCE JUN 1     50                       133    -83       73
  SINCE JUL 1      3                        21    -18        9

 COOLING
  YESTERDAY       10                         5      5       11
  MONTH TO DATE   94                       100     -6      132
  SINCE JUN 1    203                       181     22      222
  SINCE JAN 1    224                       201     23      272
..................................................................


WIND (MPH)
  HIGHEST WIND SPEED    21   HIGHEST WIND DIRECTION     W (280)
  HIGHEST GUST SPEED    26   HIGHEST GUST DIRECTION     W (270)
  AVERAGE WIND SPEED     6.1




RELATIVE HUMIDITY (PERCENT)
 HIGHEST    87
 LOWEST     46
 AVERAGE    67

..........................................................


THE TRAVERSE CITY MI CLIMATE NORMALS FOR TODAY
                         NORMAL    RECORD    YEAR
 MAXIMUM TEMPERATURE (F)   80        96      1901
 MINIMUM TEMPERATURE (F)   58        37      1992


SUNRISE AND SUNSET
JULY 21 2017..........SUNRISE   617 AM EDT   SUNSET   920 PM EDT
JULY 22 2017..........SUNRISE   618 AM EDT   SUNSET   919 PM EDT


-  INDICATES NEGATIVE NUMBERS.
R  INDICATES RECORD WAS SET OR TIED.
MM INDICATES DATA IS MISSING.
T  INDICATES TRACE AMOUNT.




$$
