000
CDUS44 KJAN 142207
CLITVR


CLIMATE REPORT
NATIONAL WEATHER SERVICE JACKSON MS
405 PM CST THU DEC 14 2017


...................................

...THE VICKSBURG CLIMATE SUMMARY FOR DECEMBER 14 2017...
VALID TODAY AS OF 0400 PM LOCAL TIME.

CLIMATE NORMAL PERIOD 1981 TO 2010
CLIMATE RECORD PERIOD 1948 TO 2017


WEATHER ITEM   OBSERVED TIME   RECORD YEAR NORMAL DEPARTURE LAST
                VALUE   (LST)  VALUE       VALUE  FROM      YEAR
                                                  NORMAL
..................................................................
TEMPERATURE (F)
 TODAY
  MAXIMUM         57    244 PM  79    1967  59     -2       49
  MINIMUM         29    707 AM  15    1962  38     -9       38
  AVERAGE         43                        48     -5       44

PRECIPITATION (IN)
  TODAY            0.00          2.97 2005   0.18  -0.18     0.00
  MONTH TO DATE    0.71                      2.76  -2.05     3.75
  SINCE DEC 1      0.71                      2.76  -2.05     3.75
  SINCE JAN 1     54.33                     51.89   2.44    58.57

SNOWFALL (IN)
  TODAY            0.0

DEGREE DAYS
 HEATING
  TODAY           22                        17      5       21
  MONTH TO DATE  245                       222     23      240
  SINCE DEC 1    245                       222     23      240
  SINCE JUL 1    602                       624    -22      517

 COOLING
  TODAY            0                         0      0        0
  MONTH TO DATE    0                         0      0        0
  SINCE DEC 1      0                         0      0        0
  SINCE JAN 1   2498                      2225    273     2919
..................................................................


WIND (MPH)
  HIGHEST WIND SPEED     6   HIGHEST WIND DIRECTION    SE (150)
  HIGHEST GUST SPEED     7   HIGHEST GUST DIRECTION     N (10)
  AVERAGE WIND SPEED     0.5


SKY COVER
  POSSIBLE SUNSHINE  MM
  AVERAGE SKY COVER 0.0


WEATHER CONDITIONS
 THE FOLLOWING WEATHER WAS RECORDED TODAY.
  NO SIGNIFICANT WEATHER WAS OBSERVED.


RELATIVE HUMIDITY (PERCENT)
 HIGHEST   100           800 AM
 LOWEST     51           200 PM
 AVERAGE    76

..........................................................


THE VICKSBURG CLIMATE NORMALS FOR TOMORROW
                         NORMAL    RECORD    YEAR
 MAXIMUM TEMPERATURE (F)   58        82      1987
 MINIMUM TEMPERATURE (F)   37        20      1958
                                             1952


SUNRISE AND SUNSET
DECEMBER 14 2017......SUNRISE   658 AM CST   SUNSET   500 PM CST
DECEMBER 15 2017......SUNRISE   658 AM CST   SUNSET   501 PM CST


-  INDICATES NEGATIVE NUMBERS.
R  INDICATES RECORD WAS SET OR TIED.
MM INDICATES DATA IS MISSING.
T  INDICATES TRACE AMOUNT.




$$
