679
CDUS44 KJAN 280726
CLITVR


CLIMATE REPORT
NATIONAL WEATHER SERVICE JACKSON MS
224 AM CDT THU JUL 28 2016


...................................

...THE VICKSBURG CLIMATE SUMMARY FOR JULY 27 2016...

CLIMATE NORMAL PERIOD 1981 TO 2010
CLIMATE RECORD PERIOD 1948 TO 2016


WEATHER ITEM   OBSERVED TIME   RECORD YEAR NORMAL DEPARTURE LAST
                VALUE   (LST)  VALUE       VALUE  FROM      YEAR
                                                  NORMAL
..................................................................
TEMPERATURE (F)
 YESTERDAY
  MAXIMUM         85   1108 AM 102    2008  93     -8       98
  MINIMUM         75   1109 PM  64    2004  71      4       73
  AVERAGE         80                        82     -2       86

PRECIPITATION (IN)
  YESTERDAY        0.86          2.94 2013   0.12   0.74     0.00
  MONTH TO DATE    2.77                      3.19  -0.42     1.72
  SINCE JUN 1      6.28                      7.18  -0.90     6.97
  SINCE JAN 1     41.75                     32.48   9.27    37.24

SNOWFALL (IN)
  YESTERDAY        0.0

DEGREE DAYS
 HEATING
  YESTERDAY        0                         0      0        0
  MONTH TO DATE    0                         0      0        0
  SINCE JUN 1      0                         0      0        0
  SINCE JUL 1      0                         0      0        0

 COOLING
  YESTERDAY       15                        17     -2       21
  MONTH TO DATE  535                       445     90      508
  SINCE JUN 1   1054                       863    191      992
  SINCE JAN 1   1569                      1233    336     1438
..................................................................


WIND (MPH)
  HIGHEST WIND SPEED    13   HIGHEST WIND DIRECTION     S (180)
  HIGHEST GUST SPEED    18   HIGHEST GUST DIRECTION     S (170)
  AVERAGE WIND SPEED     3.4


SKY COVER
  POSSIBLE SUNSHINE  MM
  AVERAGE SKY COVER 0.6


WEATHER CONDITIONS
 THE FOLLOWING WEATHER WAS RECORDED YESTERDAY.
  THUNDERSTORM
  HEAVY RAIN
  RAIN
  LIGHT RAIN
  FOG


RELATIVE HUMIDITY (PERCENT)
 HIGHEST    94           400 AM
 LOWEST     79          1000 AM
 AVERAGE    87

..........................................................


THE VICKSBURG CLIMATE NORMALS FOR TODAY
                         NORMAL    RECORD    YEAR
 MAXIMUM TEMPERATURE (F)   93       102      2008
 MINIMUM TEMPERATURE (F)   71        63      2004
                                             1994


SUNRISE AND SUNSET
JULY 28 2016..........SUNRISE   617 AM CDT   SUNSET   804 PM CDT
JULY 29 2016..........SUNRISE   617 AM CDT   SUNSET   804 PM CDT


-  INDICATES NEGATIVE NUMBERS.
R  INDICATES RECORD WAS SET OR TIED.
MM INDICATES DATA IS MISSING.
T  INDICATES TRACE AMOUNT.




$$
