000
CDUS44 KJAN 020853
CLITVR


CLIMATE REPORT
NATIONAL WEATHER SERVICE JACKSON MS
348 AM CDT TUE JUN 2 2015


...................................

...THE VICKSBURG CLIMATE SUMMARY FOR JUNE 1 2015...

CLIMATE NORMAL PERIOD 1981 TO 2010
CLIMATE RECORD PERIOD 1948 TO 2015


WEATHER ITEM   OBSERVED TIME   RECORD YEAR NORMAL DEPARTURE LAST
                VALUE   (LST)  VALUE       VALUE  FROM      YEAR
                                                  NORMAL
..................................................................
TEMPERATURE (F)
 YESTERDAY
  MAXIMUM         85    408 PM  98    1998  88     -3       87
  MINIMUM         66    143 AM  48    1984  66      0       68
  AVERAGE         76                        77     -1       78

PRECIPITATION (IN)
  YESTERDAY        0.00          5.32 1990   0.11  -0.11     0.14
  MONTH TO DATE    0.00                      0.11  -0.11     0.14
  SINCE JUN 1      0.00                      0.11  -0.11     0.14
  SINCE JAN 1     30.27                     25.41   4.86    28.47

SNOWFALL (IN)
  YESTERDAY        0.0

DEGREE DAYS
 HEATING
  YESTERDAY        0                         0      0        0
  MONTH TO DATE    0                         0      0        0
  SINCE JUN 1      0                         0      0        0
  SINCE JUL 1   2522                      2351    171     2890

 COOLING
  YESTERDAY       11                        12     -1       13
  MONTH TO DATE   11                        12     -1       13
  SINCE JUN 1     11                        12     -1       13
  SINCE JAN 1    457                       382     75      363
..................................................................


WIND (MPH)
  HIGHEST WIND SPEED    14   HIGHEST WIND DIRECTION     N (20)
  HIGHEST GUST SPEED    17   HIGHEST GUST DIRECTION     N (20)
  AVERAGE WIND SPEED     4.2


SKY COVER
  POSSIBLE SUNSHINE  MM
  AVERAGE SKY COVER 0.5


WEATHER CONDITIONS
 THE FOLLOWING WEATHER WAS RECORDED YESTERDAY.
  FOG


RELATIVE HUMIDITY (PERCENT)
 HIGHEST    97           400 AM
 LOWEST     48           400 PM
 AVERAGE    73

..........................................................


THE VICKSBURG CLIMATE NORMALS FOR TODAY
                         NORMAL    RECORD    YEAR
 MAXIMUM TEMPERATURE (F)   88        99      2011
                                             1985
 MINIMUM TEMPERATURE (F)   66        49      1956


SUNRISE AND SUNSET
JUNE  2 2015..........SUNRISE   558 AM CDT   SUNSET   807 PM CDT
JUNE  3 2015..........SUNRISE   558 AM CDT   SUNSET   807 PM CDT


-  INDICATES NEGATIVE NUMBERS.
R  INDICATES RECORD WAS SET OR TIED.
MM INDICATES DATA IS MISSING.
T  INDICATES TRACE AMOUNT.




$$
