000
CDUS44 KJAN 310737
CLITVR


CLIMATE REPORT
NATIONAL WEATHER SERVICE JACKSON MS
233 AM CDT THU JUL 31 2014


...................................

...THE VICKSBURG CLIMATE SUMMARY FOR JULY 30 2014...

CLIMATE NORMAL PERIOD 1981 TO 2010
CLIMATE RECORD PERIOD 1948 TO 2014


WEATHER ITEM   OBSERVED TIME   RECORD YEAR NORMAL DEPARTURE LAST
                VALUE   (LST)  VALUE       VALUE  FROM      YEAR
                                                  NORMAL
..................................................................
TEMPERATURE (F)
 YESTERDAY
  MAXIMUM         87    231 PM 102    1986  93     -6       93
  MINIMUM         59R   541 AM  63    1994  71    -12       71
  AVERAGE         73                        82     -9       82

PRECIPITATION (IN)
  YESTERDAY        0.00          1.49 1955   0.11  -0.11     0.00
  MONTH TO DATE    2.90                      3.52  -0.62     6.45
  SINCE JUN 1      9.45                      7.51   1.94    11.78
  SINCE JAN 1     37.78                     32.81   4.97    47.10

SNOWFALL (IN)
  YESTERDAY        0.0

DEGREE DAYS
 HEATING
  YESTERDAY        0                         0      0        0
  MONTH TO DATE    0                         0      0        0
  SINCE JUN 1      0                         0      0        0
  SINCE JUL 1      0                         0      0        0

 COOLING
  YESTERDAY        8                        17     -9       17
  MONTH TO DATE  397                       496    -99      430
  SINCE JUN 1    821                       914    -93      871
  SINCE JAN 1   1171                      1284   -113     1201
..................................................................


WIND (MPH)
  HIGHEST WIND SPEED    13   HIGHEST WIND DIRECTION    NE (30)
  HIGHEST GUST SPEED    15   HIGHEST GUST DIRECTION    NE (40)
  AVERAGE WIND SPEED     3.8


SKY COVER
  POSSIBLE SUNSHINE  MM
  AVERAGE SKY COVER 0.1


WEATHER CONDITIONS
 THE FOLLOWING WEATHER WAS RECORDED YESTERDAY.
  FOG


RELATIVE HUMIDITY (PERCENT)
 HIGHEST    97           200 AM
 LOWEST     37           300 PM
 AVERAGE    67

..........................................................


THE VICKSBURG CLIMATE NORMALS FOR TODAY
                         NORMAL    RECORD    YEAR
 MAXIMUM TEMPERATURE (F)   93       103      1986
 MINIMUM TEMPERATURE (F)   71        62      1971


SUNRISE AND SUNSET
JULY 31 2014..........SUNRISE   618 AM CDT   SUNSET   802 PM CDT
AUGUST  1 2014........SUNRISE   619 AM CDT   SUNSET   802 PM CDT


-  INDICATES NEGATIVE NUMBERS.
R  INDICATES RECORD WAS SET OR TIED.
MM INDICATES DATA IS MISSING.
T  INDICATES TRACE AMOUNT.




$$
