000
CDUS44 KJAN 280650
CLITVR


CLIMATE REPORT
NATIONAL WEATHER SERVICE JACKSON MS
1248 AM CST FRI NOV 28 2014


...................................

...THE VICKSBURG CLIMATE SUMMARY FOR NOVEMBER 27 2014...

CLIMATE NORMAL PERIOD 1981 TO 2010
CLIMATE RECORD PERIOD 1948 TO 2014


WEATHER ITEM   OBSERVED TIME   RECORD YEAR NORMAL DEPARTURE LAST
                VALUE   (LST)  VALUE       VALUE  FROM      YEAR
                                                  NORMAL
..................................................................
TEMPERATURE (F)
 YESTERDAY
  MAXIMUM         51    231 PM  84    1965  63    -12       42
  MINIMUM         28   1116 PM  21    1956  41    -13       27
  AVERAGE         40                        52    -12       35

PRECIPITATION (IN)
  YESTERDAY        0.00          2.03 2001   0.20  -0.20     0.00
  MONTH TO DATE    3.81                      4.33  -0.52     6.23
  SINCE SEP 1      9.67                     11.89  -2.22    15.43
  SINCE JAN 1     53.91                     48.46   5.45    63.58

SNOWFALL (IN)
  YESTERDAY        0.0

DEGREE DAYS
 HEATING
  YESTERDAY       25                        13     12       30
  MONTH TO DATE  428                       258    170      355
  SINCE SEP 1    511                       360    151      456
  SINCE JUL 1    511                       360    151      456

 COOLING
  YESTERDAY        0                         0      0        0
  MONTH TO DATE    5                        12     -7       16
  SINCE SEP 1    529                       432     97      557
  SINCE JAN 1   2187                      2221    -34     2264
..................................................................


WIND (MPH)
  HIGHEST WIND SPEED    18   HIGHEST WIND DIRECTION     N (10)
  HIGHEST GUST SPEED    22   HIGHEST GUST DIRECTION     N (10)
  AVERAGE WIND SPEED     6.6


SKY COVER
  POSSIBLE SUNSHINE  MM
  AVERAGE SKY COVER 0.0


WEATHER CONDITIONS
 THE FOLLOWING WEATHER WAS RECORDED YESTERDAY.
  NO SIGNIFICANT WEATHER WAS OBSERVED.


RELATIVE HUMIDITY (PERCENT)
 HIGHEST   100          1100 PM
 LOWEST     46          1200 PM
 AVERAGE    73

..........................................................


THE VICKSBURG CLIMATE NORMALS FOR TODAY
                         NORMAL    RECORD    YEAR
 MAXIMUM TEMPERATURE (F)   63        84      1949
 MINIMUM TEMPERATURE (F)   41        21      1959


SUNRISE AND SUNSET
NOVEMBER 28 2014......SUNRISE   645 AM CST   SUNSET   459 PM CST
NOVEMBER 29 2014......SUNRISE   646 AM CST   SUNSET   459 PM CST


-  INDICATES NEGATIVE NUMBERS.
R  INDICATES RECORD WAS SET OR TIED.
MM INDICATES DATA IS MISSING.
T  INDICATES TRACE AMOUNT.




$$
