000
CDUS44 KJAN 010827
CLITVR


CLIMATE REPORT
NATIONAL WEATHER SERVICE JACKSON MS
325 AM CDT SAT AUG 1 2015


...................................

...THE VICKSBURG CLIMATE SUMMARY FOR JULY 31 2015...

CLIMATE NORMAL PERIOD 1981 TO 2010
CLIMATE RECORD PERIOD 1948 TO 2015


WEATHER ITEM   OBSERVED TIME   RECORD YEAR NORMAL DEPARTURE LAST
                VALUE   (LST)  VALUE       VALUE  FROM      YEAR
                                                  NORMAL
..................................................................
TEMPERATURE (F)
 YESTERDAY
  MAXIMUM         95    420 PM 103    1986  93      2       81
  MINIMUM         72    401 AM  62    1971  71      1       69
  AVERAGE         84                        82      2       75

PRECIPITATION (IN)
  YESTERDAY        0.00          0.72 1949   0.11  -0.11     0.03
  MONTH TO DATE    1.72                      3.63  -1.91     2.93
  SINCE JUN 1      6.97                      7.62  -0.65     9.48
  SINCE JAN 1     37.24                     32.92   4.32    37.81

SNOWFALL (IN)
  YESTERDAY        0.0

DEGREE DAYS
 HEATING
  YESTERDAY        0                         0      0        0
  MONTH TO DATE    0                         0      0        0
  SINCE JUN 1      0                         0      0        0
  SINCE JUL 1      0                         0      0        0

 COOLING
  YESTERDAY       19                        17      2       10
  MONTH TO DATE  593                       510     83      407
  SINCE JUN 1   1077                       928    149      831
  SINCE JAN 1   1523                      1298    225     1181
..................................................................


WIND (MPH)
  HIGHEST WIND SPEED    17   HIGHEST WIND DIRECTION    NE (40)
  HIGHEST GUST SPEED    24   HIGHEST GUST DIRECTION    NE (40)
  AVERAGE WIND SPEED     9.0


SKY COVER
  POSSIBLE SUNSHINE  MM
  AVERAGE SKY COVER 0.0


WEATHER CONDITIONS
 THE FOLLOWING WEATHER WAS RECORDED YESTERDAY.
  NO SIGNIFICANT WEATHER WAS OBSERVED.


RELATIVE HUMIDITY (PERCENT)
 HIGHEST    79           300 AM
 LOWEST     31           400 PM
 AVERAGE    55

..........................................................


THE VICKSBURG CLIMATE NORMALS FOR TODAY
                         NORMAL    RECORD    YEAR
 MAXIMUM TEMPERATURE (F)   93       102      2011
                                             2010
                                             1986
 MINIMUM TEMPERATURE (F)   71        61      1948


SUNRISE AND SUNSET
AUGUST  1 2015........SUNRISE   619 AM CDT   SUNSET   802 PM CDT
AUGUST  2 2015........SUNRISE   619 AM CDT   SUNSET   801 PM CDT


-  INDICATES NEGATIVE NUMBERS.
R  INDICATES RECORD WAS SET OR TIED.
MM INDICATES DATA IS MISSING.
T  INDICATES TRACE AMOUNT.




$$
