248
CDUS44 KJAN 312115
CLITVR


CLIMATE REPORT
NATIONAL WEATHER SERVICE JACKSON MS
413 PM CDT TUE MAY 31 2016


...................................

...THE VICKSBURG CLIMATE SUMMARY FOR MAY 31 2016...
VALID TODAY AS OF 0400 PM LOCAL TIME.

CLIMATE NORMAL PERIOD 1981 TO 2010
CLIMATE RECORD PERIOD 1948 TO 2016


WEATHER ITEM   OBSERVED TIME   RECORD YEAR NORMAL DEPARTURE LAST
                VALUE   (LST)  VALUE       VALUE  FROM      YEAR
                                                  NORMAL
..................................................................
TEMPERATURE (F)
 TODAY
  MAXIMUM         91    236 PM  97    1977  88      3       83
                                      1951
  MINIMUM         69    318 AM  45    1984  65      4       67
  AVERAGE         80                        77      3       75

PRECIPITATION (IN)
  TODAY            0.00          1.98 2004   0.12  -0.12     0.17
  MONTH TO DATE    2.84                      4.96  -2.12     8.74
  SINCE MAR 1     25.47                     14.96  10.51    19.02
  SINCE JAN 1     35.47                     25.30  10.17    30.27

SNOWFALL (IN)
  TODAY            0.0

DEGREE DAYS
 HEATING
  TODAY            0                         0      0        0
  MONTH TO DATE    0                         9     -9        3
  SINCE MAR 1    129                       375   -246      264
  SINCE JUL 1   1507                      2351   -844     2522

 COOLING
  TODAY           15                        11      4       10
  MONTH TO DATE  287                       252     35      292
  SINCE MAR 1    503                       361    142      446
  SINCE JAN 1    515                       370    145      446
..................................................................


WIND (MPH)
  HIGHEST WIND SPEED     8   HIGHEST WIND DIRECTION     S (190)
  HIGHEST GUST SPEED    11   HIGHEST GUST DIRECTION     S (180)
  AVERAGE WIND SPEED     2.8


SKY COVER
  POSSIBLE SUNSHINE  MM
  AVERAGE SKY COVER 0.1


WEATHER CONDITIONS
 THE FOLLOWING WEATHER WAS RECORDED TODAY.
  NO SIGNIFICANT WEATHER WAS OBSERVED.


RELATIVE HUMIDITY (PERCENT)
 HIGHEST    90          1200 AM
 LOWEST     47           200 PM
 AVERAGE    69

..........................................................


THE VICKSBURG CLIMATE NORMALS FOR TOMORROW
                         NORMAL    RECORD    YEAR
 MAXIMUM TEMPERATURE (F)   88        98      1998
 MINIMUM TEMPERATURE (F)   66        48      1984


SUNRISE AND SUNSET
MAY 31 2016...........SUNRISE   558 AM CDT   SUNSET   806 PM CDT
JUNE  1 2016..........SUNRISE   558 AM CDT   SUNSET   807 PM CDT


-  INDICATES NEGATIVE NUMBERS.
R  INDICATES RECORD WAS SET OR TIED.
MM INDICATES DATA IS MISSING.
T  INDICATES TRACE AMOUNT.




$$
