000
CDUS44 KJAN 200644
CLITVR


CLIMATE REPORT
NATIONAL WEATHER SERVICE JACKSON MS
142 AM CDT SUN APR 20 2014


...................................

...THE VICKSBURG CLIMATE SUMMARY FOR APRIL 19 2014...

CLIMATE NORMAL PERIOD 1981 TO 2010
CLIMATE RECORD PERIOD 1948 TO 2014


WEATHER ITEM   OBSERVED TIME   RECORD YEAR NORMAL DEPARTURE LAST
                VALUE   (LST)  VALUE       VALUE  FROM      YEAR
                                                  NORMAL
..................................................................
TEMPERATURE (F)
 YESTERDAY
  MAXIMUM         78    422 PM  92    2006  77      1       61
  MINIMUM         55    603 AM  34    1983  54      1       40
  AVERAGE         67                        65      2       51

PRECIPITATION (IN)
  YESTERDAY        0.00          1.61 1959   0.19  -0.19     0.00
  MONTH TO DATE   12.21                      3.20   9.01     3.22
  SINCE MAR 1     18.14                      8.23   9.91     6.18
  SINCE JAN 1     23.56                     18.57   4.99    29.01

SNOWFALL (IN)
  YESTERDAY        0.0

DEGREE DAYS
 HEATING
  YESTERDAY        0                         3     -3       14
  MONTH TO DATE   80                        80      0       85
  SINCE MAR 1    448                       345    103      471
  SINCE JUL 1   2857                      2321    536     2241

 COOLING
  YESTERDAY        2                         3     -1        0
  MONTH TO DATE   44                        45     -1       71
  SINCE MAR 1     51                        68    -17       78
  SINCE JAN 1     58                        77    -19       96
..................................................................


WIND (MPH)
  HIGHEST WIND SPEED    13   HIGHEST WIND DIRECTION     N (360)
  HIGHEST GUST SPEED    16   HIGHEST GUST DIRECTION     N (20)
  AVERAGE WIND SPEED     4.1


SKY COVER
  POSSIBLE SUNSHINE  MM
  AVERAGE SKY COVER 0.0


WEATHER CONDITIONS
 THE FOLLOWING WEATHER WAS RECORDED YESTERDAY.
  FOG


RELATIVE HUMIDITY (PERCENT)
 HIGHEST    93           400 AM
 LOWEST     39           300 PM
 AVERAGE    66

..........................................................


THE VICKSBURG CLIMATE NORMALS FOR TODAY
                         NORMAL    RECORD    YEAR
 MAXIMUM TEMPERATURE (F)   77        89      1987
 MINIMUM TEMPERATURE (F)   54        33      1953


SUNRISE AND SUNSET
APRIL 20 2014.........SUNRISE   629 AM CDT   SUNSET   737 PM CDT
APRIL 21 2014.........SUNRISE   628 AM CDT   SUNSET   738 PM CDT


-  INDICATES NEGATIVE NUMBERS.
R  INDICATES RECORD WAS SET OR TIED.
MM INDICATES DATA IS MISSING.
T  INDICATES TRACE AMOUNT.




$$
