000
CDUS44 KJAN 010926
CLITVR


CLIMATE REPORT
NATIONAL WEATHER SERVICE JACKSON MS
419 AM CDT SAT NOV 1 2014


...................................

...THE VICKSBURG CLIMATE SUMMARY FOR OCTOBER 31 2014...

CLIMATE NORMAL PERIOD 1981 TO 2010
CLIMATE RECORD PERIOD 1948 TO 2014


WEATHER ITEM   OBSERVED TIME   RECORD YEAR NORMAL DEPARTURE LAST
                VALUE   (LST)  VALUE       VALUE  FROM      YEAR
                                                  NORMAL
..................................................................
TEMPERATURE (F)
 YESTERDAY
  MAXIMUM         69    245 PM  88    1984  74     -5       73
  MINIMUM         41    431 AM  28    1993  47     -6       64
  AVERAGE         55                        61     -6       69

PRECIPITATION (IN)
  YESTERDAY        0.00          2.02 2013   0.11  -0.11     2.02
  MONTH TO DATE    4.86                      4.67   0.19     3.55
  SINCE SEP 1      5.86                      7.56  -1.70     9.20
  SINCE JAN 1     50.10                     44.13   5.97    57.35

SNOWFALL (IN)
  YESTERDAY        0.0

DEGREE DAYS
 HEATING
  YESTERDAY       10                         6      4        0
  MONTH TO DATE   83                        97    -14      101
  SINCE SEP 1     83                       102    -19      101
  SINCE JUL 1     83                       102    -19      101

 COOLING
  YESTERDAY        0                         2     -2        4
  MONTH TO DATE  138                       112     26      136
  SINCE SEP 1    524                       420    104      541
  SINCE JAN 1   2182                      2209    -27     2248
..................................................................


WIND (MPH)
  HIGHEST WIND SPEED    28   HIGHEST WIND DIRECTION     N (10)
  HIGHEST GUST SPEED    33   HIGHEST GUST DIRECTION     N (20)
  AVERAGE WIND SPEED     9.5


SKY COVER
  POSSIBLE SUNSHINE  MM
  AVERAGE SKY COVER 0.1


WEATHER CONDITIONS
 THE FOLLOWING WEATHER WAS RECORDED YESTERDAY.
  FOG


RELATIVE HUMIDITY (PERCENT)
 HIGHEST   100           300 AM
 LOWEST     42          1100 PM
 AVERAGE    71

..........................................................


THE VICKSBURG CLIMATE NORMALS FOR TODAY
                         NORMAL    RECORD    YEAR
 MAXIMUM TEMPERATURE (F)   73        87      1984
 MINIMUM TEMPERATURE (F)   47        26      1993


SUNRISE AND SUNSET
NOVEMBER  1 2014......SUNRISE   721 AM CDT   SUNSET   614 PM CDT
NOVEMBER  2 2014......SUNRISE   622 AM CST   SUNSET   513 PM CST


-  INDICATES NEGATIVE NUMBERS.
R  INDICATES RECORD WAS SET OR TIED.
MM INDICATES DATA IS MISSING.
T  INDICATES TRACE AMOUNT.




$$
