000
CDUS44 KJAN 250638
CLITVR


CLIMATE REPORT
NATIONAL WEATHER SERVICE JACKSON MS
135 AM CDT FRI JUL 25 2014


...................................

...THE VICKSBURG CLIMATE SUMMARY FOR JULY 24 2014...

CLIMATE NORMAL PERIOD 1981 TO 2010
CLIMATE RECORD PERIOD 1948 TO 2014


WEATHER ITEM   OBSERVED TIME   RECORD YEAR NORMAL DEPARTURE LAST
                VALUE   (LST)  VALUE       VALUE  FROM      YEAR
                                                  NORMAL
..................................................................
TEMPERATURE (F)
 YESTERDAY
  MAXIMUM         91    323 PM 103    1954  92     -1       86
  MINIMUM         71    433 AM  61    2006  71      0       73
  AVERAGE         81                        82     -1       80

PRECIPITATION (IN)
  YESTERDAY        0.00          2.39 2013   0.11  -0.11     2.39
  MONTH TO DATE    2.87                      2.86   0.01     3.50
  SINCE JUN 1      9.42                      6.85   2.57     8.83
  SINCE JAN 1     37.75                     32.15   5.60    44.15

SNOWFALL (IN)
  YESTERDAY        0.0

DEGREE DAYS
 HEATING
  YESTERDAY        0                         0      0        0
  MONTH TO DATE    0                         0      0        0
  SINCE JUN 1      0                         0      0        0
  SINCE JUL 1      0                         0      0        0

 COOLING
  YESTERDAY       16                        17     -1       15
  MONTH TO DATE  308                       394    -86      346
  SINCE JUN 1    732                       812    -80      787
  SINCE JAN 1   1082                      1182   -100     1117
..................................................................


WIND (MPH)
  HIGHEST WIND SPEED    10   HIGHEST WIND DIRECTION     N (20)
  HIGHEST GUST SPEED    15   HIGHEST GUST DIRECTION     N (340)
  AVERAGE WIND SPEED     4.4


SKY COVER
  POSSIBLE SUNSHINE  MM
  AVERAGE SKY COVER 0.3


WEATHER CONDITIONS
 THE FOLLOWING WEATHER WAS RECORDED YESTERDAY.
  FOG


RELATIVE HUMIDITY (PERCENT)
 HIGHEST    94           700 AM
 LOWEST     63           500 PM
 AVERAGE    79

..........................................................


THE VICKSBURG CLIMATE NORMALS FOR TODAY
                         NORMAL    RECORD    YEAR
 MAXIMUM TEMPERATURE (F)   92       101      1952
 MINIMUM TEMPERATURE (F)   71        63      2009


SUNRISE AND SUNSET
JULY 25 2014..........SUNRISE   614 AM CDT   SUNSET   807 PM CDT
JULY 26 2014..........SUNRISE   615 AM CDT   SUNSET   806 PM CDT


-  INDICATES NEGATIVE NUMBERS.
R  INDICATES RECORD WAS SET OR TIED.
MM INDICATES DATA IS MISSING.
T  INDICATES TRACE AMOUNT.




$$
