000
CDUS45 KBOI 170933
CLITWF


CLIMATE REPORT
NATIONAL WEATHER SERVICE BOISE ID
233 AM MST FRI NOV 17 2017


...................................

...THE TWIN FALLS ID CLIMATE SUMMARY FOR NOVEMBER 16 2017...

CLIMATE NORMAL PERIOD 1981 TO 2010
CLIMATE RECORD PERIOD 9999 TO 9999


WEATHER ITEM   OBSERVED TIME   NORMAL DEPARTURE LAST
                VALUE   (LST)  VALUE  FROM      YEAR
                                      NORMAL
......................................................
TEMPERATURE (F)
 YESTERDAY
  MAXIMUM         53   1036 AM  48      5       44
  MINIMUM         38   1159 PM  27     11       29
  AVERAGE         46

PRECIPITATION (IN)
  YESTERDAY        0.36          0.03   0.33     0.04
  MONTH TO DATE    0.84          0.57   0.27     0.04
  SINCE OCT 1      1.49          1.37   0.12     2.82
  SINCE JAN 1      9.62          8.82   0.80    11.73

DEGREE DAYS
 HEATING
  YESTERDAY       19            28     -9       28
  MONTH TO DATE  395           387      8      282
  SINCE SEP 1   1195           985    210      883
  SINCE JUL 1   1197          1006    191      907

 COOLING
  YESTERDAY        0             0      0        0
  MONTH TO DATE    0             0      0        0
  SINCE SEP 1    119            63     56       26
  SINCE JAN 1    871           680    191      642
......................................................


WIND (MPH)
  HIGHEST WIND SPEED    31   HIGHEST WIND DIRECTION     S (200)
  HIGHEST GUST SPEED    40   HIGHEST GUST DIRECTION     S (190)
  AVERAGE WIND SPEED    12.0


SKY COVER
  AVERAGE SKY COVER 0.8


WEATHER CONDITIONS
 THE FOLLOWING WEATHER WAS RECORDED YESTERDAY.
  RAIN
  LIGHT RAIN
  FOG


RELATIVE HUMIDITY (PERCENT)
 HIGHEST   100           200 AM
 LOWEST     64           800 AM
 AVERAGE    82

..........................................................




SUNRISE AND SUNSET
NOVEMBER 17 2017......SUNRISE   732 AM MST   SUNSET   514 PM MST
NOVEMBER 18 2017......SUNRISE   733 AM MST   SUNSET   513 PM MST


-  INDICATES NEGATIVE NUMBERS.
R  INDICATES RECORD WAS SET OR TIED.
MM INDICATES DATA IS MISSING.
T  INDICATES TRACE AMOUNT.




$$
