000
CDUS45 KBOI 230931
CLITWF


CLIMATE REPORT
NATIONAL WEATHER SERVICE BOISE ID
330 AM MDT SAT MAY 23 2015


...................................

...THE TWIN FALLS ID CLIMATE SUMMARY FOR MAY 22 2015...

CLIMATE NORMAL PERIOD 1981 TO 2010
CLIMATE RECORD PERIOD 9999 TO 9999


WEATHER ITEM   OBSERVED TIME   NORMAL DEPARTURE LAST
                VALUE   (LST)  VALUE  FROM      YEAR
                                      NORMAL
......................................................
TEMPERATURE (F)
 YESTERDAY
  MAXIMUM         67    342 PM  72     -5       80
  MINIMUM         50    539 AM  44      6       44
  AVERAGE         59

PRECIPITATION (IN)
  YESTERDAY        0.02          0.05  -0.03     0.00
  MONTH TO DATE    1.89          0.98   0.91     0.64
  SINCE OCT 1      6.75          8.20  -1.45     6.06
  SINCE JAN 1      3.75          4.95  -1.20     5.59

DEGREE DAYS
 HEATING
  YESTERDAY        6             8     -2        3
  MONTH TO DATE  172           227    -55      180
  SINCE MAR 1   1113          1458   -345     1251
  SINCE JUL 1   4806          6025  -1219     5504

 COOLING
  YESTERDAY        0             1     -1        0
  MONTH TO DATE    0            10    -10       17
  SINCE MAR 1      0            11    -11       17
  SINCE JAN 1      0            11    -11       17
......................................................


WIND (MPH)
  HIGHEST WIND SPEED    16   HIGHEST WIND DIRECTION    NW (320)
  HIGHEST GUST SPEED    18   HIGHEST GUST DIRECTION    NW (320)
  AVERAGE WIND SPEED     5.9


SKY COVER
  AVERAGE SKY COVER 0.6


WEATHER CONDITIONS
 THE FOLLOWING WEATHER WAS RECORDED YESTERDAY.
  THUNDERSTORM
  LIGHT RAIN


RELATIVE HUMIDITY (PERCENT)
 HIGHEST    83           800 PM
 LOWEST     48           300 PM
 AVERAGE    66

..........................................................




SUNRISE AND SUNSET
MAY 23 2015...........SUNRISE   609 AM MDT   SUNSET   901 PM MDT
MAY 24 2015...........SUNRISE   608 AM MDT   SUNSET   902 PM MDT


-  INDICATES NEGATIVE NUMBERS.
R  INDICATES RECORD WAS SET OR TIED.
MM INDICATES DATA IS MISSING.
T  INDICATES TRACE AMOUNT.




$$
