000
CDUS45 KBOI 040930
CLITWF


CLIMATE REPORT
NATIONAL WEATHER SERVICE BOISE ID
330 AM MDT TUE AUG 4 2015


...................................

...THE TWIN FALLS ID CLIMATE SUMMARY FOR AUGUST 3 2015...

CLIMATE NORMAL PERIOD 1981 TO 2010
CLIMATE RECORD PERIOD 9999 TO 9999


WEATHER ITEM   OBSERVED TIME   NORMAL DEPARTURE LAST
                VALUE   (LST)  VALUE  FROM      YEAR
                                      NORMAL
......................................................
TEMPERATURE (F)
 YESTERDAY
  MAXIMUM         87    509 PM  91     -4       98
  MINIMUM         73   1130 PM  59     14       62
  AVERAGE         80

PRECIPITATION (IN)
  YESTERDAY        T             0.01  -0.01     0.00
  MONTH TO DATE    T             0.03  -0.03     0.00
  SINCE OCT 1      8.11          9.84  -1.73     7.15
  SINCE JAN 1      5.11          6.59  -1.48     6.68

DEGREE DAYS
 HEATING
  YESTERDAY        0             0      0        0
  MONTH TO DATE    0             0      0        0
  SINCE JUN 1     10            93    -83       58
  SINCE JUL 1      3             6     -3        0

 COOLING
  YESTERDAY       15            10      5       15
  MONTH TO DATE   50            30     20       43
  SINCE JUN 1    608           394    214      564
  SINCE JAN 1    624           416    208      597
......................................................


WIND (MPH)
  HIGHEST WIND SPEED    22   HIGHEST WIND DIRECTION    SE (150)
  HIGHEST GUST SPEED    27   HIGHEST GUST DIRECTION     S (160)
  AVERAGE WIND SPEED    12.2


SKY COVER
  AVERAGE SKY COVER 0.1


WEATHER CONDITIONS
 THE FOLLOWING WEATHER WAS RECORDED YESTERDAY.
  LIGHT RAIN


RELATIVE HUMIDITY (PERCENT)
 HIGHEST    41          1100 PM
 LOWEST     18          1200 AM
 AVERAGE    30

..........................................................




SUNRISE AND SUNSET
AUGUST  4 2015........SUNRISE   633 AM MDT   SUNSET   854 PM MDT
AUGUST  5 2015........SUNRISE   634 AM MDT   SUNSET   853 PM MDT


-  INDICATES NEGATIVE NUMBERS.
R  INDICATES RECORD WAS SET OR TIED.
MM INDICATES DATA IS MISSING.
T  INDICATES TRACE AMOUNT.




$$
