000
CDUS45 KBOI 290931
CLITWF


CLIMATE REPORT
NATIONAL WEATHER SERVICE BOISE ID
330 AM MDT WED MAR 29 2017


...................................

...THE TWIN FALLS ID CLIMATE SUMMARY FOR MARCH 28 2017...

CLIMATE NORMAL PERIOD 1981 TO 2010
CLIMATE RECORD PERIOD 9999 TO 9999


WEATHER ITEM   OBSERVED TIME   NORMAL DEPARTURE LAST
                VALUE   (LST)  VALUE  FROM      YEAR
                                      NORMAL
......................................................
TEMPERATURE (F)
 YESTERDAY
  MAXIMUM         51    313 PM  56     -5       44
  MINIMUM         32    700 AM  33     -1       29
  AVERAGE         42

PRECIPITATION (IN)
  YESTERDAY        0.00          0.05  -0.05      T
  MONTH TO DATE    0.72          0.91  -0.19     1.17
  SINCE OCT 1      8.19          5.95   2.24     6.77
  SINCE JAN 1      3.69          2.70   0.99     2.39

DEGREE DAYS
 HEATING
  YESTERDAY       23            20      3       28
  MONTH TO DATE  553           661   -108      606
  SINCE MAR 1    553           661   -108      606
  SINCE JUL 1   5333          5228    105     4892

 COOLING
  YESTERDAY        0             0      0        0
  MONTH TO DATE    0             0      0        0
  SINCE MAR 1      0             0      0        0
  SINCE JAN 1      0             0      0        0
......................................................


WIND (MPH)
  HIGHEST WIND SPEED    24   HIGHEST WIND DIRECTION     W (270)
  HIGHEST GUST SPEED    28   HIGHEST GUST DIRECTION     W (260)
  AVERAGE WIND SPEED    15.2


SKY COVER
  AVERAGE SKY COVER 0.1


WEATHER CONDITIONS
 THE FOLLOWING WEATHER WAS RECORDED YESTERDAY.
  NO SIGNIFICANT WEATHER WAS OBSERVED.


RELATIVE HUMIDITY (PERCENT)
 HIGHEST    78           600 AM
 LOWEST     33           400 PM
 AVERAGE    56

..........................................................




SUNRISE AND SUNSET
MARCH 29 2017.........SUNRISE   725 AM MDT   SUNSET   801 PM MDT
MARCH 30 2017.........SUNRISE   723 AM MDT   SUNSET   802 PM MDT


-  INDICATES NEGATIVE NUMBERS.
R  INDICATES RECORD WAS SET OR TIED.
MM INDICATES DATA IS MISSING.
T  INDICATES TRACE AMOUNT.




$$
