000
CDUS45 KBOI 170933
CLITWF


CLIMATE REPORT
NATIONAL WEATHER SERVICE BOISE ID
333 AM MDT WED SEP 17 2014


...................................

...THE TWIN FALLS ID CLIMATE SUMMARY FOR SEPTEMBER 16 2014...

CLIMATE NORMAL PERIOD 1981 TO 2010
CLIMATE RECORD PERIOD 9999 TO 9999


WEATHER ITEM   OBSERVED TIME   NORMAL DEPARTURE LAST
                VALUE   (LST)  VALUE  FROM      YEAR
                                      NORMAL
......................................................
TEMPERATURE (F)
 YESTERDAY
  MAXIMUM         90    332 PM  77     13       87
  MINIMUM         58    415 AM  47     11       63
  AVERAGE         74

PRECIPITATION (IN)
  YESTERDAY        0.00          0.02  -0.02     0.02
  MONTH TO DATE    0.00          0.26  -0.26     0.73
  SINCE OCT 1     12.72         10.39   2.33     7.10
  SINCE JAN 1     12.25          7.14   5.11     3.92

DEGREE DAYS
 HEATING
  YESTERDAY        0             4     -4        0
  MONTH TO DATE   41            46     -5        0
  SINCE SEP 1     41            46     -5        0
  SINCE JUL 1     60            67     -7        0

 COOLING
  YESTERDAY        9             2      7       10
  MONTH TO DATE   37            50    -13       95
  SINCE SEP 1     37            50    -13       95
  SINCE JAN 1    796           667    129     1134
......................................................


WIND (MPH)
  HIGHEST WIND SPEED    18   HIGHEST WIND DIRECTION     W (290)
  HIGHEST GUST SPEED    26   HIGHEST GUST DIRECTION    NW (300)
  AVERAGE WIND SPEED     7.0


SKY COVER
  AVERAGE SKY COVER 0.0


WEATHER CONDITIONS
 THE FOLLOWING WEATHER WAS RECORDED YESTERDAY.
  NO SIGNIFICANT WEATHER WAS OBSERVED.


RELATIVE HUMIDITY (PERCENT)
 HIGHEST    49           400 AM
 LOWEST     19           400 PM
 AVERAGE    34

..........................................................




SUNRISE AND SUNSET
SEPTEMBER 17 2014.....SUNRISE   720 AM MDT   SUNSET   744 PM MDT
SEPTEMBER 18 2014.....SUNRISE   721 AM MDT   SUNSET   742 PM MDT


-  INDICATES NEGATIVE NUMBERS.
R  INDICATES RECORD WAS SET OR TIED.
MM INDICATES DATA IS MISSING.
T  INDICATES TRACE AMOUNT.




$$
