000
CDUS45 KBOI 020930
CLITWF


CLIMATE REPORT
NATIONAL WEATHER SERVICE BOISE ID
330 AM MDT THU OCT 2 2014


...................................

...THE TWIN FALLS ID CLIMATE SUMMARY FOR OCTOBER 1 2014...

CLIMATE NORMAL PERIOD 1981 TO 2010
CLIMATE RECORD PERIOD 9999 TO 9999


WEATHER ITEM   OBSERVED TIME   NORMAL DEPARTURE LAST
                VALUE   (LST)  VALUE  FROM      YEAR
                                      NORMAL
......................................................
TEMPERATURE (F)
 YESTERDAY
  MAXIMUM         59    415 PM  70    -11       71
  MINIMUM         38    717 AM  42     -4       40
  AVERAGE         49

PRECIPITATION (IN)
  YESTERDAY        0.00          0.02  -0.02     0.00
  MONTH TO DATE    0.00          0.02  -0.02     0.00
  SINCE OCT 1      0.00          0.02  -0.02     0.00
  SINCE JAN 1     13.04          7.47   5.57     4.11

DEGREE DAYS
 HEATING
  YESTERDAY       16             9      7        9
  MONTH TO DATE   16             9      7        9
  SINCE SEP 1     99           149    -50      116
  SINCE JUL 1    118           170    -52      116

 COOLING
  YESTERDAY        0             0      0        0
  MONTH TO DATE    0             0      0        0
  SINCE SEP 1     86            61     25       99
  SINCE JAN 1    845           678    167     1138
......................................................


WIND (MPH)
  HIGHEST WIND SPEED    22   HIGHEST WIND DIRECTION     W (270)
  HIGHEST GUST SPEED    27   HIGHEST GUST DIRECTION     W (250)
  AVERAGE WIND SPEED    14.7


SKY COVER
  AVERAGE SKY COVER 0.0


WEATHER CONDITIONS
 THE FOLLOWING WEATHER WAS RECORDED YESTERDAY.
  NO SIGNIFICANT WEATHER WAS OBSERVED.


RELATIVE HUMIDITY (PERCENT)
 HIGHEST    85           700 AM
 LOWEST     33           400 PM
 AVERAGE    59

..........................................................




SUNRISE AND SUNSET
OCTOBER  2 2014.......SUNRISE   736 AM MDT   SUNSET   717 PM MDT
OCTOBER  3 2014.......SUNRISE   737 AM MDT   SUNSET   716 PM MDT


-  INDICATES NEGATIVE NUMBERS.
R  INDICATES RECORD WAS SET OR TIED.
MM INDICATES DATA IS MISSING.
T  INDICATES TRACE AMOUNT.




$$
