681
CDUS45 KBOI 200932
CLITWF


CLIMATE REPORT
NATIONAL WEATHER SERVICE BOISE ID
232 AM MST FRI JAN 20 2017


...................................

...THE TWIN FALLS ID CLIMATE SUMMARY FOR JANUARY 19 2017...

CLIMATE NORMAL PERIOD 1981 TO 2010
CLIMATE RECORD PERIOD 9999 TO 9999


WEATHER ITEM   OBSERVED TIME   NORMAL DEPARTURE LAST
                VALUE   (LST)  VALUE  FROM      YEAR
                                      NORMAL
......................................................
TEMPERATURE (F)
 YESTERDAY
  MAXIMUM         41    309 PM  38      3       41
  MINIMUM         31   1023 PM  22      9       30
  AVERAGE         36

PRECIPITATION (IN)
  YESTERDAY        0.15          0.02   0.13      T
  MONTH TO DATE    1.11          0.69   0.42     0.23
  SINCE OCT 1      5.61          3.94   1.67     4.61
  SINCE JAN 1      1.11          0.69   0.42     0.23

DEGREE DAYS
 HEATING
  YESTERDAY       29            35     -6       29
  MONTH TO DATE  857           679    178      715
  SINCE DEC 1   2115          1808    307     1858
  SINCE JUL 1   3417          3246    171     3069

 COOLING
  YESTERDAY        0             0      0        0
  MONTH TO DATE    0             0      0        0
  SINCE DEC 1      0             0      0        0
  SINCE JAN 1      0             0      0        0
......................................................


WIND (MPH)
  HIGHEST WIND SPEED    28   HIGHEST WIND DIRECTION     S (170)
  HIGHEST GUST SPEED    37   HIGHEST GUST DIRECTION     S (170)
  AVERAGE WIND SPEED     9.8


SKY COVER
  AVERAGE SKY COVER 0.9


WEATHER CONDITIONS
 THE FOLLOWING WEATHER WAS RECORDED YESTERDAY.
  RAIN
  LIGHT RAIN
  LIGHT SNOW
  FOG
  FOG W/VISIBILITY <= 1/4 MILE


RELATIVE HUMIDITY (PERCENT)
 HIGHEST    92           600 AM
 LOWEST     65           300 PM
 AVERAGE    79

..........................................................




SUNRISE AND SUNSET
JANUARY 20 2017.......SUNRISE   802 AM MST   SUNSET   537 PM MST
JANUARY 21 2017.......SUNRISE   801 AM MST   SUNSET   538 PM MST


-  INDICATES NEGATIVE NUMBERS.
R  INDICATES RECORD WAS SET OR TIED.
MM INDICATES DATA IS MISSING.
T  INDICATES TRACE AMOUNT.




$$
