000
CDUS45 KBOI 260933
CLITWF


CLIMATE REPORT
NATIONAL WEATHER SERVICE BOISE ID
332 AM MDT THU MAY 26 2016


...................................

...THE TWIN FALLS ID CLIMATE SUMMARY FOR MAY 25 2016...

CLIMATE NORMAL PERIOD 1981 TO 2010
CLIMATE RECORD PERIOD 9999 TO 9999


WEATHER ITEM   OBSERVED TIME   NORMAL DEPARTURE LAST
                VALUE   (LST)  VALUE  FROM      YEAR
                                      NORMAL
......................................................
TEMPERATURE (F)
 YESTERDAY
  MAXIMUM         66    339 PM  73     -7       72
  MINIMUM         47   1048 PM  45      2       50
  AVERAGE         57

PRECIPITATION (IN)
  YESTERDAY        T             0.04  -0.04      T
  MONTH TO DATE    1.85          1.11   0.74     2.18
  SINCE OCT 1     10.52          8.33   2.19     7.04
  SINCE JAN 1      6.14          5.08   1.06     4.04

DEGREE DAYS
 HEATING
  YESTERDAY        8             7      1        4
  MONTH TO DATE  250           249      1      184
  SINCE MAR 1   1328          1480   -152     1125
  SINCE JUL 1   5614          6047   -433     4818

 COOLING
  YESTERDAY        0             1     -1        0
  MONTH TO DATE    3            13    -10        0
  SINCE MAR 1      3            14    -11        0
  SINCE JAN 1      3            14    -11        0
......................................................


WIND (MPH)
  HIGHEST WIND SPEED    22   HIGHEST WIND DIRECTION     W (260)
  HIGHEST GUST SPEED    27   HIGHEST GUST DIRECTION     W (260)
  AVERAGE WIND SPEED    11.3


SKY COVER
  AVERAGE SKY COVER 0.4


WEATHER CONDITIONS
 THE FOLLOWING WEATHER WAS RECORDED YESTERDAY.
  NO SIGNIFICANT WEATHER WAS OBSERVED.


RELATIVE HUMIDITY (PERCENT)
 HIGHEST    71          1200 AM
 LOWEST     37           400 PM
 AVERAGE    54

..........................................................




SUNRISE AND SUNSET
MAY 26 2016...........SUNRISE   606 AM MDT   SUNSET   904 PM MDT
MAY 27 2016...........SUNRISE   606 AM MDT   SUNSET   905 PM MDT


-  INDICATES NEGATIVE NUMBERS.
R  INDICATES RECORD WAS SET OR TIED.
MM INDICATES DATA IS MISSING.
T  INDICATES TRACE AMOUNT.




$$
