000
CDUS45 KBOI 080931
CLITWF


CLIMATE REPORT
NATIONAL WEATHER SERVICE BOISE ID
231 AM MST MON FEB 8 2016


...................................

...THE TWIN FALLS ID CLIMATE SUMMARY FOR FEBRUARY 7 2016...

CLIMATE NORMAL PERIOD 1981 TO 2010
CLIMATE RECORD PERIOD 9999 TO 9999


WEATHER ITEM   OBSERVED TIME   NORMAL DEPARTURE LAST
                VALUE   (LST)  VALUE  FROM      YEAR
                                      NORMAL
......................................................
TEMPERATURE (F)
 YESTERDAY
  MAXIMUM         44    224 PM  40      4       64
  MINIMUM         31    649 PM  22      9       45
  AVERAGE         38

PRECIPITATION (IN)
  YESTERDAY        0.00          0.03  -0.03      T
  MONTH TO DATE    0.03          0.21  -0.18     0.45
  SINCE OCT 1      5.46          4.44   1.02     4.37
  SINCE JAN 1      1.08          1.19  -0.11     1.37

DEGREE DAYS
 HEATING
  YESTERDAY       27            34     -7       10
  MONTH TO DATE  249           240      9      119
  SINCE DEC 1   2508          2470     38     2002
  SINCE JUL 1   3719          3908   -189     3194

 COOLING
  YESTERDAY        0             0      0        0
  MONTH TO DATE    0             0      0        0
  SINCE DEC 1      0             0      0        0
  SINCE JAN 1      0             0      0        0
......................................................


WIND (MPH)
  HIGHEST WIND SPEED    17   HIGHEST WIND DIRECTION     S (200)
  HIGHEST GUST SPEED    20   HIGHEST GUST DIRECTION     S (200)
  AVERAGE WIND SPEED     8.3


SKY COVER
  AVERAGE SKY COVER 0.1


WEATHER CONDITIONS
 THE FOLLOWING WEATHER WAS RECORDED YESTERDAY.
  NO SIGNIFICANT WEATHER WAS OBSERVED.


RELATIVE HUMIDITY (PERCENT)
 HIGHEST    92           700 PM
 LOWEST     62          1100 AM
 AVERAGE    77

..........................................................




SUNRISE AND SUNSET
FEBRUARY  8 2016......SUNRISE   744 AM MST   SUNSET   600 PM MST
FEBRUARY  9 2016......SUNRISE   743 AM MST   SUNSET   602 PM MST


-  INDICATES NEGATIVE NUMBERS.
R  INDICATES RECORD WAS SET OR TIED.
MM INDICATES DATA IS MISSING.
T  INDICATES TRACE AMOUNT.




$$
