000
CDUS45 KBOI 030930
CLITWF


CLIMATE REPORT
NATIONAL WEATHER SERVICE BOISE ID
230 AM MST TUE MAR 3 2015


...................................

...THE TWIN FALLS ID CLIMATE SUMMARY FOR MARCH 2 2015...

CLIMATE NORMAL PERIOD 1981 TO 2010
CLIMATE RECORD PERIOD 9999 TO 9999


WEATHER ITEM   OBSERVED TIME   NORMAL DEPARTURE LAST
                VALUE   (LST)  VALUE  FROM      YEAR
                                      NORMAL
......................................................
TEMPERATURE (F)
 YESTERDAY
  MAXIMUM         50    343 PM  48      2       55
  MINIMUM         17    636 AM  27    -10       37
  AVERAGE         34

PRECIPITATION (IN)
  YESTERDAY        0.00          0.03  -0.03     0.07
  MONTH TO DATE    0.00          0.05  -0.05     0.44
  SINCE OCT 1      4.39          5.09  -0.70     3.15
  SINCE JAN 1      1.39          1.84  -0.45     2.68

DEGREE DAYS
 HEATING
  YESTERDAY       31            27      4       19
  MONTH TO DATE   62            55      7       40
  SINCE MAR 1     62            55      7       40
  SINCE JUL 1   3755          4622   -867     4293

 COOLING
  YESTERDAY        0             0      0        0
  MONTH TO DATE    0             0      0        0
  SINCE MAR 1      0             0      0        0
  SINCE JAN 1      0             0      0        0
......................................................


WIND (MPH)
  HIGHEST WIND SPEED    22   HIGHEST WIND DIRECTION     W (250)
  HIGHEST GUST SPEED    29   HIGHEST GUST DIRECTION     W (250)
  AVERAGE WIND SPEED     8.1


SKY COVER
  AVERAGE SKY COVER 0.0


WEATHER CONDITIONS
 THE FOLLOWING WEATHER WAS RECORDED YESTERDAY.
  NO SIGNIFICANT WEATHER WAS OBSERVED.


RELATIVE HUMIDITY (PERCENT)
 HIGHEST    74           400 AM
 LOWEST     24           400 PM
 AVERAGE    49

..........................................................




SUNRISE AND SUNSET
MARCH  3 2015.........SUNRISE   710 AM MST   SUNSET   630 PM MST
MARCH  4 2015.........SUNRISE   709 AM MST   SUNSET   631 PM MST


-  INDICATES NEGATIVE NUMBERS.
R  INDICATES RECORD WAS SET OR TIED.
MM INDICATES DATA IS MISSING.
T  INDICATES TRACE AMOUNT.




$$
