000
CDUS45 KBOI 260932
CLITWF


CLIMATE REPORT
NATIONAL WEATHER SERVICE BOISE ID
231 AM MST SUN FEB 26 2017


...................................

...THE TWIN FALLS ID CLIMATE SUMMARY FOR FEBRUARY 25 2017...

CLIMATE NORMAL PERIOD 1981 TO 2010
CLIMATE RECORD PERIOD 9999 TO 9999


WEATHER ITEM   OBSERVED TIME   NORMAL DEPARTURE LAST
                VALUE   (LST)  VALUE  FROM      YEAR
                                      NORMAL
......................................................
TEMPERATURE (F)
 YESTERDAY
  MAXIMUM         28    406 PM  46    -18       53
  MINIMUM         14    801 AM  25    -11       24
  AVERAGE         21

PRECIPITATION (IN)
  YESTERDAY        0.00          0.02  -0.02     0.00
  MONTH TO DATE    1.38          0.73   0.65     0.17
  SINCE OCT 1      7.39          4.96   2.43     5.60
  SINCE JAN 1      2.89          1.71   1.18     1.22

DEGREE DAYS
 HEATING
  YESTERDAY       44            29     15       26
  MONTH TO DATE  740           813    -73      726
  SINCE DEC 1   3359          3043    316     2985
  SINCE JUL 1   4661          4481    180     4196

 COOLING
  YESTERDAY        0             0      0        0
  MONTH TO DATE    0             0      0        0
  SINCE DEC 1      0             0      0        0
  SINCE JAN 1      0             0      0        0
......................................................


WIND (MPH)
  HIGHEST WIND SPEED    18   HIGHEST WIND DIRECTION     S (190)
  HIGHEST GUST SPEED    21   HIGHEST GUST DIRECTION     S (190)
  AVERAGE WIND SPEED    11.4


SKY COVER
  AVERAGE SKY COVER 0.1


WEATHER CONDITIONS
 THE FOLLOWING WEATHER WAS RECORDED YESTERDAY.
  NO SIGNIFICANT WEATHER WAS OBSERVED.


RELATIVE HUMIDITY (PERCENT)
 HIGHEST    74           900 AM
 LOWEST     50           400 PM
 AVERAGE    62

..........................................................




SUNRISE AND SUNSET
FEBRUARY 26 2017......SUNRISE   718 AM MST   SUNSET   624 PM MST
FEBRUARY 27 2017......SUNRISE   716 AM MST   SUNSET   626 PM MST


-  INDICATES NEGATIVE NUMBERS.
R  INDICATES RECORD WAS SET OR TIED.
MM INDICATES DATA IS MISSING.
T  INDICATES TRACE AMOUNT.




$$
