000
CDUS45 KBOI 170935
CLITWF


CLIMATE REPORT
NATIONAL WEATHER SERVICE BOISE ID
235 AM MST WED DEC 17 2014


...................................

...THE TWIN FALLS ID CLIMATE SUMMARY FOR DECEMBER 16 2014...

CLIMATE NORMAL PERIOD 1981 TO 2010
CLIMATE RECORD PERIOD 9999 TO 9999


WEATHER ITEM   OBSERVED TIME   NORMAL DEPARTURE LAST
                VALUE   (LST)  VALUE  FROM      YEAR
                                      NORMAL
......................................................
TEMPERATURE (F)
 YESTERDAY
  MAXIMUM         37    306 PM  37      0       43
  MINIMUM         28    215 AM  19      9       21
  AVERAGE         33

PRECIPITATION (IN)
  YESTERDAY        0.04          0.05  -0.01     0.00
  MONTH TO DATE    0.18          0.65  -0.47     0.06
  SINCE OCT 1      1.64          2.63  -0.99     0.41
  SINCE JAN 1     14.68         10.08   4.60     4.52

DEGREE DAYS
 HEATING
  YESTERDAY       32            37     -5       33
  MONTH TO DATE  364           575   -211      703
  SINCE DEC 1    364           575   -211      703
  SINCE JUL 1   1556          2013   -457     2059

 COOLING
  YESTERDAY        0             0      0        0
  MONTH TO DATE    0             0      0        0
  SINCE DEC 1      0             0      0        0
  SINCE JAN 1    851           680    171     1138
......................................................


WIND (MPH)
  HIGHEST WIND SPEED    10   HIGHEST WIND DIRECTION     E (70)
  HIGHEST GUST SPEED    12   HIGHEST GUST DIRECTION     E (80)
  AVERAGE WIND SPEED     5.2


SKY COVER
  AVERAGE SKY COVER 0.9


WEATHER CONDITIONS
 THE FOLLOWING WEATHER WAS RECORDED YESTERDAY.
  LIGHT RAIN
  SNOW
  LIGHT SNOW
  FOG
  HAZE


RELATIVE HUMIDITY (PERCENT)
 HIGHEST    89           400 PM
 LOWEST     75           900 AM
 AVERAGE    82

..........................................................




SUNRISE AND SUNSET
DECEMBER 17 2014......SUNRISE   802 AM MST   SUNSET   506 PM MST
DECEMBER 18 2014......SUNRISE   803 AM MST   SUNSET   507 PM MST


-  INDICATES NEGATIVE NUMBERS.
R  INDICATES RECORD WAS SET OR TIED.
MM INDICATES DATA IS MISSING.
T  INDICATES TRACE AMOUNT.




$$
