000
CDUS44 KSHV 030828
CLITXK


CLIMATE REPORT
NATIONAL WEATHER SERVICE SHREVEPORT, LA
326 AM CDT MON AUG 3 2015


...................................

...THE TEXARKANA CLIMATE SUMMARY FOR AUGUST 2 2015...

CLIMATE NORMAL PERIOD 1981 TO 2010
CLIMATE RECORD PERIOD 1896 TO 2015


WEATHER ITEM   OBSERVED TIME   RECORD YEAR NORMAL DEPARTURE LAST
                VALUE   (LST)  VALUE       VALUE  FROM      YEAR
                                                  NORMAL
..................................................................
TEMPERATURE (F)
 YESTERDAY
  MAXIMUM         97    318 PM 108    2011  94      3       84
  MINIMUM         66    459 AM  60    1925  72     -6       69
  AVERAGE         82                        83     -1       77

PRECIPITATION (IN)
  YESTERDAY        0.00          1.19 1989   0.09  -0.09      T
  MONTH TO DATE    0.00                      0.19  -0.19     0.06
  SINCE DEC 1     42.43                     33.75   8.68    28.49
  SINCE JAN 1     39.75                     28.70  11.05    22.66

SNOWFALL (IN)
  YESTERDAY        0.0
  MONTH TO DATE    0.0
  SINCE JUN 1      0.0
  SINCE JUL 1      0.0
  SNOW DEPTH       0

DEGREE DAYS
 HEATING
  YESTERDAY        0                         0      0        0
  MONTH TO DATE    0                         0      0        0
  SINCE JUN 1      0                         0      0        0
  SINCE JUL 1      0                         0      0        0

 COOLING
  YESTERDAY       17                        18     -1       12
  MONTH TO DATE   33                        36     -3       16
  SINCE JUN 1   1133                       976    157      863
  SINCE JAN 1   1457                      1296    161     1157
..................................................................


WIND (MPH)
  HIGHEST WIND SPEED    12   HIGHEST WIND DIRECTION     E (80)
  HIGHEST GUST SPEED    16   HIGHEST GUST DIRECTION     E (70)
  AVERAGE WIND SPEED     2.4


SKY COVER
  POSSIBLE SUNSHINE  MM
  AVERAGE SKY COVER 0.0


WEATHER CONDITIONS
 THE FOLLOWING WEATHER WAS RECORDED YESTERDAY.
  NO SIGNIFICANT WEATHER WAS OBSERVED.


RELATIVE HUMIDITY (PERCENT)
 HIGHEST    93           500 AM
 LOWEST     25           200 PM
 AVERAGE    59

..........................................................


THE TEXARKANA CLIMATE NORMALS FOR TODAY
                         NORMAL    RECORD    YEAR
 MAXIMUM TEMPERATURE (F)   94       111      2011
 MINIMUM TEMPERATURE (F)   72        61      1920


SUNRISE AND SUNSET
AUGUST  3 2015........SUNRISE   630 AM CDT   SUNSET   814 PM CDT
AUGUST  4 2015........SUNRISE   631 AM CDT   SUNSET   813 PM CDT


-  INDICATES NEGATIVE NUMBERS.
R  INDICATES RECORD WAS SET OR TIED.
MM INDICATES DATA IS MISSING.
T  INDICATES TRACE AMOUNT.




$$
