000
CDUS44 KSHV 220739
CLITXK


CLIMATE REPORT
NATIONAL WEATHER SERVICE SHREVEPORT, LA
236 AM CDT WED OCT 22 2014


...................................

...THE TEXARKANA CLIMATE SUMMARY FOR OCTOBER 21 2014...

CLIMATE NORMAL PERIOD 1981 TO 2010
CLIMATE RECORD PERIOD 1896 TO 2014


WEATHER ITEM   OBSERVED TIME   RECORD YEAR NORMAL DEPARTURE LAST
                VALUE   (LST)  VALUE       VALUE  FROM      YEAR
                                                  NORMAL
..................................................................
TEMPERATURE (F)
 YESTERDAY
  MAXIMUM         81    357 PM  97    1927  75      6       71
  MINIMUM         54    504 AM  30    1917  52      2       50
  AVERAGE         68                        63      5       61

PRECIPITATION (IN)
  YESTERDAY        0.00          5.19 1996   0.19  -0.19     0.10
  MONTH TO DATE    2.45                      3.30  -0.85     2.85
  SINCE DEC 1     35.26                     43.20  -7.94    36.75
  SINCE JAN 1     29.43                     38.15  -8.72    32.29

SNOWFALL (IN)
  YESTERDAY        0.0
  MONTH TO DATE    0.0
  SINCE SEP 1      0.0
  SINCE JUL 1      0.0
  SNOW DEPTH       0

DEGREE DAYS
 HEATING
  YESTERDAY        0                         4     -4        4
  MONTH TO DATE   22                        52    -30       48
  SINCE SEP 1     25                        63    -38       48
  SINCE JUL 1     25                        63    -38       48

 COOLING
  YESTERDAY        3                         2      1        0
  MONTH TO DATE  110                        78     32       87
  SINCE SEP 1    456                       384     72      524
  SINCE JAN 1   2107                      2172    -65     2339
..................................................................


WIND (MPH)
  HIGHEST WIND SPEED     9   HIGHEST WIND DIRECTION     N (20)
  HIGHEST GUST SPEED    12   HIGHEST GUST DIRECTION     N (10)
  AVERAGE WIND SPEED     1.9


SKY COVER
  POSSIBLE SUNSHINE  MM
  AVERAGE SKY COVER 0.1


WEATHER CONDITIONS
 THE FOLLOWING WEATHER WAS RECORDED YESTERDAY.
  FOG


RELATIVE HUMIDITY (PERCENT)
 HIGHEST   100           400 AM
 LOWEST     49           300 PM
 AVERAGE    75

..........................................................


THE TEXARKANA CLIMATE NORMALS FOR TODAY
                         NORMAL    RECORD    YEAR
 MAXIMUM TEMPERATURE (F)   74        96      1939
 MINIMUM TEMPERATURE (F)   51        32      1898


SUNRISE AND SUNSET
OCTOBER 22 2014.......SUNRISE   726 AM CDT   SUNSET   634 PM CDT
OCTOBER 23 2014.......SUNRISE   727 AM CDT   SUNSET   633 PM CDT


-  INDICATES NEGATIVE NUMBERS.
R  INDICATES RECORD WAS SET OR TIED.
MM INDICATES DATA IS MISSING.
T  INDICATES TRACE AMOUNT.




$$
