000
CDUS44 KSHV 280843
CLITXK


CLIMATE REPORT
NATIONAL WEATHER SERVICE SHREVEPORT, LA
243 AM CST WED JAN 28 2015


...................................

...THE TEXARKANA CLIMATE SUMMARY FOR JANUARY 27 2015...

CLIMATE NORMAL PERIOD 1981 TO 2010
CLIMATE RECORD PERIOD 1896 TO 2015


WEATHER ITEM   OBSERVED TIME   RECORD YEAR NORMAL DEPARTURE LAST
                VALUE   (LST)  VALUE       VALUE  FROM      YEAR
                                                  NORMAL
..................................................................
TEMPERATURE (F)
 YESTERDAY
  MAXIMUM         75    327 PM  80    1975  55     20       45
  MINIMUM         39    625 AM  10    1897  35      4       27
  AVERAGE         57                        45     12       36

PRECIPITATION (IN)
  YESTERDAY        0.00          1.68 2000   0.12  -0.12     0.00
  MONTH TO DATE    4.24                      2.95   1.29     0.73
  SINCE DEC 1      6.92                      8.00  -1.08     6.56
  SINCE JAN 1      4.24                      2.95   1.29     0.73

SNOWFALL (IN)
  YESTERDAY        0.0
  MONTH TO DATE    T
  SINCE DEC 1      T
  SINCE JUL 1      T
  SNOW DEPTH       0

DEGREE DAYS
 HEATING
  YESTERDAY        8                        20    -12       29
  MONTH TO DATE  616                       579     37      624
  SINCE DEC 1   1167                      1188    -21     1263
  SINCE JUL 1   1677                      1646     31     1788

 COOLING
  YESTERDAY        0                         0      0        0
  MONTH TO DATE    0                         0      0        0
  SINCE DEC 1      1                         3     -2        2
  SINCE JAN 1      0                         0      0        0
..................................................................


WIND (MPH)
  HIGHEST WIND SPEED     7   HIGHEST WIND DIRECTION     S (180)
  HIGHEST GUST SPEED     9   HIGHEST GUST DIRECTION    NE (60)
  AVERAGE WIND SPEED     3.4


SKY COVER
  POSSIBLE SUNSHINE  MM
  AVERAGE SKY COVER 0.0


WEATHER CONDITIONS
 THE FOLLOWING WEATHER WAS RECORDED YESTERDAY.
  NO SIGNIFICANT WEATHER WAS OBSERVED.


RELATIVE HUMIDITY (PERCENT)
 HIGHEST    85           600 AM
 LOWEST     16           300 PM
 AVERAGE    51

..........................................................


THE TEXARKANA CLIMATE NORMALS FOR TODAY
                         NORMAL    RECORD    YEAR
 MAXIMUM TEMPERATURE (F)   55        78      1975
 MINIMUM TEMPERATURE (F)   35        13      1963


SUNRISE AND SUNSET
JANUARY 28 2015.......SUNRISE   715 AM CST   SUNSET   543 PM CST
JANUARY 29 2015.......SUNRISE   714 AM CST   SUNSET   544 PM CST


-  INDICATES NEGATIVE NUMBERS.
R  INDICATES RECORD WAS SET OR TIED.
MM INDICATES DATA IS MISSING.
T  INDICATES TRACE AMOUNT.




$$
