000
CDUS44 KSHV 242139
CLITXK


CLIMATE REPORT
NATIONAL WEATHER SERVICE SHREVEPORT, LA
438 PM CDT TUE MAY 24 2016


...................................

...THE TEXARKANA CLIMATE SUMMARY FOR MAY 24 2016...
VALID TODAY AS OF 0400 PM LOCAL TIME.

CLIMATE NORMAL PERIOD 1981 TO 2010
CLIMATE RECORD PERIOD 1896 TO 2016


WEATHER ITEM   OBSERVED TIME   RECORD YEAR NORMAL DEPARTURE LAST
                VALUE   (LST)  VALUE       VALUE  FROM      YEAR
                                                  NORMAL
..................................................................
TEMPERATURE (F)
 TODAY
  MAXIMUM         84    259 PM  95    1939  84      0       78
  MINIMUM         68    543 AM  47    1935  63      5       70
  AVERAGE         76                        74      2       74

PRECIPITATION (IN)
  TODAY            T             1.27 1959   0.15  -0.15     0.13
  MONTH TO DATE    2.17                      4.07  -1.90     5.95
  SINCE DEC 1     30.55                     24.65   5.90    33.82
  SINCE JAN 1     24.57                     19.60   4.97    31.14

DEGREE DAYS
 HEATING
  TODAY            0                         0      0        0
  MONTH TO DATE   17                        12      5        8
  SINCE MAR 1    255                       421   -166      430
  SINCE JUL 1   1908                      2615   -707     2811

 COOLING
  TODAY           11                         9      2        9
  MONTH TO DATE   98                       154    -56      165
  SINCE MAR 1    207                       247    -40      262
  SINCE JAN 1    213                       251    -38      262
..................................................................


WIND (MPH)
  HIGHEST WIND SPEED    16   HIGHEST WIND DIRECTION     S (180)
  HIGHEST GUST SPEED    20   HIGHEST GUST DIRECTION     S (180)
  AVERAGE WIND SPEED     8.1


SKY COVER
  POSSIBLE SUNSHINE  MM
  AVERAGE SKY COVER 0.4


WEATHER CONDITIONS
 THE FOLLOWING WEATHER WAS RECORDED TODAY.
  NO SIGNIFICANT WEATHER WAS OBSERVED.


RELATIVE HUMIDITY (PERCENT)
 HIGHEST    90           600 AM
 LOWEST     61           300 PM
 AVERAGE    76

..........................................................


THE TEXARKANA CLIMATE NORMALS FOR TOMORROW
                         NORMAL    RECORD    YEAR
 MAXIMUM TEMPERATURE (F)   84        95      1902
 MINIMUM TEMPERATURE (F)   64        50      1935


SUNRISE AND SUNSET
MAY 24 2016...........SUNRISE   610 AM CDT   SUNSET   816 PM CDT
MAY 25 2016...........SUNRISE   610 AM CDT   SUNSET   817 PM CDT


-  INDICATES NEGATIVE NUMBERS.
R  INDICATES RECORD WAS SET OR TIED.
MM INDICATES DATA IS MISSING.
T  INDICATES TRACE AMOUNT.




$$
