000
CDUS44 KSHV 050731
CLITXK


CLIMATE REPORT
NATIONAL WEATHER SERVICE SHREVEPORT, LA
231 AM CDT THU MAY 5 2016


...................................

...THE TEXARKANA CLIMATE SUMMARY FOR MAY 4 2016...

CLIMATE NORMAL PERIOD 1981 TO 2010
CLIMATE RECORD PERIOD 1896 TO 2016


WEATHER ITEM   OBSERVED TIME   RECORD YEAR NORMAL DEPARTURE LAST
                VALUE   (LST)  VALUE       VALUE  FROM      YEAR
                                                  NORMAL
..................................................................
TEMPERATURE (F)
 YESTERDAY
  MAXIMUM         80    509 PM  92    1947  80      0       82
  MINIMUM         50    509 AM  39    1954  58     -8       58
  AVERAGE         65                        69     -4       70

PRECIPITATION (IN)
  YESTERDAY        0.00          2.02 1974   0.18  -0.18     0.00
  MONTH TO DATE    0.07                      0.70  -0.63     0.00
  SINCE DEC 1     28.45                     21.28   7.17    27.87
  SINCE JAN 1     22.47                     16.23   6.24    25.19

SNOWFALL (IN)
  YESTERDAY        0.0
  MONTH TO DATE    0.0
  SINCE MAR 1      0.0
  SINCE JUL 1      0.0
  SNOW DEPTH       0

DEGREE DAYS
 HEATING
  YESTERDAY        0                         1     -1        0
  MONTH TO DATE    9                         4      5        0
  SINCE MAR 1    247                       413   -166      422
  SINCE JUL 1   1900                      2607   -707     2803

 COOLING
  YESTERDAY        0                         5     -5        5
  MONTH TO DATE    8                        17     -9       13
  SINCE MAR 1    117                       110      7      110
  SINCE JAN 1    123                       114      9      110
..................................................................


WIND (MPH)
  HIGHEST WIND SPEED    22   HIGHEST WIND DIRECTION     W (290)
  HIGHEST GUST SPEED    29   HIGHEST GUST DIRECTION     W (270)
  AVERAGE WIND SPEED     8.8


SKY COVER
  POSSIBLE SUNSHINE  MM
  AVERAGE SKY COVER 0.0


WEATHER CONDITIONS
 THE FOLLOWING WEATHER WAS RECORDED YESTERDAY.
  NO SIGNIFICANT WEATHER WAS OBSERVED.


RELATIVE HUMIDITY (PERCENT)
 HIGHEST    93           100 AM
 LOWEST     35           100 PM
 AVERAGE    64

..........................................................


THE TEXARKANA CLIMATE NORMALS FOR TODAY
                         NORMAL    RECORD    YEAR
 MAXIMUM TEMPERATURE (F)   80        91      2012
                                             1952
 MINIMUM TEMPERATURE (F)   58        40      2013


SUNRISE AND SUNSET
MAY  5 2016...........SUNRISE   623 AM CDT   SUNSET   802 PM CDT
MAY  6 2016...........SUNRISE   623 AM CDT   SUNSET   803 PM CDT


-  INDICATES NEGATIVE NUMBERS.
R  INDICATES RECORD WAS SET OR TIED.
MM INDICATES DATA IS MISSING.
T  INDICATES TRACE AMOUNT.




$$
