000
CDUS44 KSHV 260749
CLITYR


CLIMATE REPORT
NATIONAL WEATHER SERVICE SHREVEPORT, LA
249 AM CDT WED APR 26 2017


...................................

...THE TYLER CLIMATE SUMMARY FOR APRIL 25 2017...

CLIMATE NORMAL PERIOD 1981 TO 2010
CLIMATE RECORD PERIOD 1896 TO 2017


WEATHER ITEM   OBSERVED TIME   RECORD YEAR NORMAL DEPARTURE LAST
                VALUE   (LST)  VALUE       VALUE  FROM      YEAR
                                                  NORMAL
..................................................................
TEMPERATURE (F)
 YESTERDAY
  MAXIMUM         84    302 PM  92    1925  77      7       86
  MINIMUM         59    429 AM  32    1910  57      2       68
  AVERAGE         72                        67      5       77

PRECIPITATION (IN)
  YESTERDAY        0.00          3.61 1923   0.13  -0.13     0.00
  MONTH TO DATE    1.76                      2.54  -0.78     5.27
  SINCE DEC 1     14.45                     17.77  -3.32    27.28
  SINCE JAN 1     11.80                     13.53  -1.73    17.51

SNOWFALL (IN)
  YESTERDAY        0.0
  MONTH TO DATE    0.0
  SINCE MAR 1      0.0
  SINCE JUL 1      T
  SNOW DEPTH       0

DEGREE DAYS
 HEATING
  YESTERDAY        0                         1     -1        0
  MONTH TO DATE   29                        92    -63       31
  SINCE MAR 1    158                       365   -207      146
  SINCE JUL 1   1241                      2257  -1016     1455

 COOLING
  YESTERDAY        7                         4      3       12
  MONTH TO DATE  120                        57     63       77
  SINCE MAR 1    228                        78    150      124
  SINCE JAN 1    302                        90    212      134
..................................................................


WIND (MPH)
  HIGHEST WIND SPEED    26   HIGHEST WIND DIRECTION     S (190)
  HIGHEST GUST SPEED    33   HIGHEST GUST DIRECTION     S (170)
  AVERAGE WIND SPEED    15.9


SKY COVER
  POSSIBLE SUNSHINE  MM
  AVERAGE SKY COVER 0.6


WEATHER CONDITIONS
 THE FOLLOWING WEATHER WAS RECORDED YESTERDAY.
  NO SIGNIFICANT WEATHER WAS OBSERVED.


RELATIVE HUMIDITY (PERCENT)
 HIGHEST    93           800 AM
 LOWEST     55           200 PM
 AVERAGE    74

..........................................................


THE TYLER CLIMATE NORMALS FOR TODAY
                         NORMAL    RECORD    YEAR
 MAXIMUM TEMPERATURE (F)   78        91      1925
 MINIMUM TEMPERATURE (F)   58        38      1910


SUNRISE AND SUNSET
APRIL 26 2017.........SUNRISE   640 AM CDT   SUNSET   759 PM CDT
APRIL 27 2017.........SUNRISE   639 AM CDT   SUNSET   800 PM CDT


-  INDICATES NEGATIVE NUMBERS.
R  INDICATES RECORD WAS SET OR TIED.
MM INDICATES DATA IS MISSING.
T  INDICATES TRACE AMOUNT.




$$
