000
CDUS44 KSHV 010841
CLITYR


CLIMATE REPORT
NATIONAL WEATHER SERVICE SHREVEPORT, LA
241 AM CST SUN MAR 1 2015


...................................

...THE TYLER CLIMATE SUMMARY FOR FEBRUARY 28 2015...

CLIMATE NORMAL PERIOD 1981 TO 2010
CLIMATE RECORD PERIOD 1896 TO 2015


WEATHER ITEM   OBSERVED TIME   RECORD YEAR NORMAL DEPARTURE LAST
                VALUE   (LST)  VALUE       VALUE  FROM      YEAR
                                                  NORMAL
..................................................................
TEMPERATURE (F)
 YESTERDAY
  MAXIMUM         41    542 PM  84    1950  64    -23       69
  MINIMUM         31    730 AM  24    1962  44    -13       40
  AVERAGE         36                        54    -18       55

PRECIPITATION (IN)
  YESTERDAY        0.01          1.16 1987   0.16  -0.15     0.00
  MONTH TO DATE    3.21                      3.81  -0.60     3.30
  SINCE DEC 1      8.79                     11.11  -2.32     7.02
  SINCE JAN 1      7.32                      6.87   0.45     4.00

SNOWFALL (IN)
  YESTERDAY        T
  MONTH TO DATE    1.6
  SINCE DEC 1      1.6
  SINCE JUL 1      1.6
  SNOW DEPTH       0

DEGREE DAYS
 HEATING
  YESTERDAY       29                        12     17       10
  MONTH TO DATE  505                       413     92      480
  SINCE DEC 1   1506                      1518    -12     1674
  SINCE JUL 1   1887                      1892     -5     2064

 COOLING
  YESTERDAY        0                         0      0        0
  MONTH TO DATE    0                         8     -8        3
  SINCE DEC 1      3                        18    -15       13
  SINCE JAN 1      0                        12    -12        3
..................................................................


WIND (MPH)
  HIGHEST WIND SPEED    15   HIGHEST WIND DIRECTION     E (80)
  HIGHEST GUST SPEED    20   HIGHEST GUST DIRECTION     E (80)
  AVERAGE WIND SPEED     8.2


SKY COVER
  POSSIBLE SUNSHINE  MM
  AVERAGE SKY COVER 1.0


WEATHER CONDITIONS
 THE FOLLOWING WEATHER WAS RECORDED YESTERDAY.
  LIGHT RAIN
  SLEET


RELATIVE HUMIDITY (PERCENT)
 HIGHEST    76          1000 PM
 LOWEST     54           200 PM
 AVERAGE    65

..........................................................


THE TYLER CLIMATE NORMALS FOR TODAY
                         NORMAL    RECORD    YEAR
 MAXIMUM TEMPERATURE (F)   64        83      1997
 MINIMUM TEMPERATURE (F)   44        20      1968


SUNRISE AND SUNSET
MARCH  1 2015.........SUNRISE   649 AM CST   SUNSET   619 PM CST
MARCH  2 2015.........SUNRISE   648 AM CST   SUNSET   620 PM CST


-  INDICATES NEGATIVE NUMBERS.
R  INDICATES RECORD WAS SET OR TIED.
MM INDICATES DATA IS MISSING.
T  INDICATES TRACE AMOUNT.




$$
