000
CDUS44 KSHV 040736
CLITYR


CLIMATE REPORT
NATIONAL WEATHER SERVICE SHREVEPORT, LA
234 AM CDT TUE AUG 4 2015


...................................

...THE TYLER CLIMATE SUMMARY FOR AUGUST 3 2015...

CLIMATE NORMAL PERIOD 1981 TO 2010
CLIMATE RECORD PERIOD 1896 TO 2015


WEATHER ITEM   OBSERVED TIME   RECORD YEAR NORMAL DEPARTURE LAST
                VALUE   (LST)  VALUE       VALUE  FROM      YEAR
                                                  NORMAL
..................................................................
TEMPERATURE (F)
 YESTERDAY
  MAXIMUM        100    418 PM 110    2011  94      6       88
  MINIMUM         73    547 AM  58    1965  74     -1       71
  AVERAGE         87                        84      3       80

PRECIPITATION (IN)
  YESTERDAY        0.00          1.98 1906   0.06  -0.06      T
  MONTH TO DATE    0.00                      0.20  -0.20     0.03
  SINCE DEC 1     39.97                     30.84   9.13    24.33
  SINCE JAN 1     38.50                     26.60  11.90    21.31

SNOWFALL (IN)
  YESTERDAY        0.0
  MONTH TO DATE    0.0
  SINCE JUN 1      0.0
  SINCE JUL 1      0.0
  SNOW DEPTH       0

DEGREE DAYS
 HEATING
  YESTERDAY        0                         0      0        0
  MONTH TO DATE    0                         0      0        0
  SINCE JUN 1      0                         0      0        0
  SINCE JUL 1      0                         0      0        0

 COOLING
  YESTERDAY       22                        19      3       15
  MONTH TO DATE   64                        57      7       35
  SINCE JUN 1   1242                      1046    196     1022
  SINCE JAN 1   1704                      1415    289     1415
..................................................................


WIND (MPH)
  HIGHEST WIND SPEED    13   HIGHEST WIND DIRECTION    SE (130)
  HIGHEST GUST SPEED    18   HIGHEST GUST DIRECTION    SE (140)
  AVERAGE WIND SPEED     4.0


SKY COVER
  POSSIBLE SUNSHINE  MM
  AVERAGE SKY COVER 0.1


WEATHER CONDITIONS
 THE FOLLOWING WEATHER WAS RECORDED YESTERDAY.
  NO SIGNIFICANT WEATHER WAS OBSERVED.


RELATIVE HUMIDITY (PERCENT)
 HIGHEST    68           400 AM
 LOWEST     29           200 PM
 AVERAGE    49

..........................................................


THE TYLER CLIMATE NORMALS FOR TODAY
                         NORMAL    RECORD    YEAR
 MAXIMUM TEMPERATURE (F)   94       109      2011
 MINIMUM TEMPERATURE (F)   74        54      1976


SUNRISE AND SUNSET
AUGUST  4 2015........SUNRISE   638 AM CDT   SUNSET   817 PM CDT
AUGUST  5 2015........SUNRISE   639 AM CDT   SUNSET   816 PM CDT


-  INDICATES NEGATIVE NUMBERS.
R  INDICATES RECORD WAS SET OR TIED.
MM INDICATES DATA IS MISSING.
T  INDICATES TRACE AMOUNT.




$$
