000
CDUS44 KSHV 152233
CLITYR


CLIMATE REPORT
NATIONAL WEATHER SERVICE SHREVEPORT, LA
432 PM CST FRI DEC 15 2017


...................................

...THE TYLER CLIMATE SUMMARY FOR DECEMBER 15 2017...
VALID TODAY AS OF 0400 PM LOCAL TIME.

CLIMATE NORMAL PERIOD 1981 TO 2010
CLIMATE RECORD PERIOD 1896 TO 2017


WEATHER ITEM   OBSERVED TIME   RECORD YEAR NORMAL DEPARTURE LAST
                VALUE   (LST)  VALUE       VALUE  FROM      YEAR
                                                  NORMAL
..................................................................
TEMPERATURE (F)
 TODAY
  MAXIMUM         56    251 PM  79    1975  57     -1       49
  MINIMUM         32    748 AM  14    1958  39     -7       43
  AVERAGE         44                        48     -4       46

PRECIPITATION (IN)
  TODAY            0.00          3.31 1992   0.14  -0.14     0.00
  MONTH TO DATE    0.39                      1.98  -1.59     1.75
  SINCE DEC 1      0.39                      1.98  -1.59     1.75
  SINCE JAN 1     35.27                     43.53  -8.26    35.77

SNOWFALL (IN)
  TODAY            0.0
  MONTH TO DATE    0.0
  SINCE DEC 1      0.0
  SINCE JUL 1      0.0
  SNOW DEPTH       0

DEGREE DAYS
 HEATING
  TODAY           21                        17      4       19
  MONTH TO DATE  219                       242    -23      237
  SINCE DEC 1    219                       242    -23      237
  SINCE JUL 1    491                       616   -125      368

 COOLING
  TODAY            0                         0      0        0
  MONTH TO DATE    6                         0      6        0
  SINCE DEC 1      6                         0      6        0
  SINCE JAN 1   2773                      2411    362     3093
..................................................................


WIND (MPH)
  HIGHEST WIND SPEED    12   HIGHEST WIND DIRECTION    NW (320)
  HIGHEST GUST SPEED    14   HIGHEST GUST DIRECTION    NW (300)
  AVERAGE WIND SPEED     4.6


SKY COVER
  POSSIBLE SUNSHINE  MM
  AVERAGE SKY COVER 0.0


WEATHER CONDITIONS
 THE FOLLOWING WEATHER WAS RECORDED TODAY.
  NO SIGNIFICANT WEATHER WAS OBSERVED.


RELATIVE HUMIDITY (PERCENT)
 HIGHEST    82           700 AM
 LOWEST     27           300 PM
 AVERAGE    55

..........................................................


THE TYLER CLIMATE NORMALS FOR TOMORROW
                         NORMAL    RECORD    YEAR
 MAXIMUM TEMPERATURE (F)   57        83      1908
 MINIMUM TEMPERATURE (F)   39        10      1989


SUNRISE AND SUNSET
DECEMBER 15 2017......SUNRISE   716 AM CST   SUNSET   518 PM CST
DECEMBER 16 2017......SUNRISE   716 AM CST   SUNSET   518 PM CST


-  INDICATES NEGATIVE NUMBERS.
R  INDICATES RECORD WAS SET OR TIED.
MM INDICATES DATA IS MISSING.
T  INDICATES TRACE AMOUNT.




$$
