000
CDUS44 KSHV 240738
CLITYR


CLIMATE REPORT
NATIONAL WEATHER SERVICE SHREVEPORT, LA
237 AM CDT WED MAY 24 2017


...................................

...THE TYLER CLIMATE SUMMARY FOR MAY 23 2017...

CLIMATE NORMAL PERIOD 1981 TO 2010
CLIMATE RECORD PERIOD 1896 TO 2017


WEATHER ITEM   OBSERVED TIME   RECORD YEAR NORMAL DEPARTURE LAST
                VALUE   (LST)  VALUE       VALUE  FROM      YEAR
                                                  NORMAL
..................................................................
TEMPERATURE (F)
 YESTERDAY
  MAXIMUM         77    203 PM  98    1925  84     -7       87
  MINIMUM         58   1159 PM  47    1963  66     -8       69
  AVERAGE         68                        75     -7       78

PRECIPITATION (IN)
  YESTERDAY        0.24          2.92 1952   0.14   0.10     0.00
  MONTH TO DATE    3.87                      3.43   0.44     1.61
  SINCE DEC 1     18.99                     21.83  -2.84    31.54
  SINCE JAN 1     16.34                     17.59  -1.25    21.77

SNOWFALL (IN)
  YESTERDAY        0.0
  MONTH TO DATE    0.0
  SINCE MAR 1      0.0
  SINCE JUL 1      T
  SNOW DEPTH       0

DEGREE DAYS
 HEATING
  YESTERDAY        0                         0      0        0
  MONTH TO DATE    7                         6      1       12
  SINCE MAR 1    173                       376   -203      158
  SINCE JUL 1   1256                      2268  -1012     1467

 COOLING
  YESTERDAY        3                        10     -7       13
  MONTH TO DATE  142                       170    -28      161
  SINCE MAR 1    388                       270    118      338
  SINCE JAN 1    462                       282    180      348
..................................................................


WIND (MPH)
  HIGHEST WIND SPEED    15   HIGHEST WIND DIRECTION    NW (300)
  HIGHEST GUST SPEED    21   HIGHEST GUST DIRECTION    NW (300)
  AVERAGE WIND SPEED     5.8


SKY COVER
  POSSIBLE SUNSHINE  MM
  AVERAGE SKY COVER 0.6


WEATHER CONDITIONS
 THE FOLLOWING WEATHER WAS RECORDED YESTERDAY.
  THUNDERSTORM
  HEAVY RAIN
  LIGHT RAIN
  FOG


RELATIVE HUMIDITY (PERCENT)
 HIGHEST   100           100 AM
 LOWEST     56           200 PM
 AVERAGE    78

..........................................................


THE TYLER CLIMATE NORMALS FOR TODAY
                         NORMAL    RECORD    YEAR
 MAXIMUM TEMPERATURE (F)   84        96      1941
 MINIMUM TEMPERATURE (F)   66        47      1910


SUNRISE AND SUNSET
MAY 24 2017...........SUNRISE   618 AM CDT   SUNSET   819 PM CDT
MAY 25 2017...........SUNRISE   618 AM CDT   SUNSET   820 PM CDT


-  INDICATES NEGATIVE NUMBERS.
R  INDICATES RECORD WAS SET OR TIED.
MM INDICATES DATA IS MISSING.
T  INDICATES TRACE AMOUNT.




$$
