000
CDUS44 KSHV 300731
CLITYR


CLIMATE REPORT
NATIONAL WEATHER SERVICE SHREVEPORT, LA
231 AM CDT SAT AUG 30 2014


...................................

...THE TYLER CLIMATE SUMMARY FOR AUGUST 29 2014...

CLIMATE NORMAL PERIOD 1981 TO 2010
CLIMATE RECORD PERIOD 1896 TO 2014


WEATHER ITEM   OBSERVED TIME   RECORD YEAR NORMAL DEPARTURE LAST
                VALUE   (LST)  VALUE       VALUE  FROM      YEAR
                                                  NORMAL
..................................................................
TEMPERATURE (F)
 YESTERDAY
  MAXIMUM         91    233 PM 103    1963  91      0      101
  MINIMUM         75   1159 PM  55    1986  72      3       76
  AVERAGE         83                        81      2       89

PRECIPITATION (IN)
  YESTERDAY        0.28          2.62 1996   0.11   0.17     0.00
  MONTH TO DATE    0.32                      2.63  -2.31     0.23
  SINCE DEC 1     24.63                     33.27  -8.64    22.50
  SINCE JAN 1     21.61                     29.03  -7.42    19.61

SNOWFALL (IN)
  YESTERDAY        0.0
  MONTH TO DATE    0.0
  SINCE JUN 1      0.0
  SINCE JUL 1      0.0
  SNOW DEPTH       0

DEGREE DAYS
 HEATING
  YESTERDAY        0                         0      0        0
  MONTH TO DATE    0                         0      0        0
  SINCE JUN 1      0                         0      0        0
  SINCE JUL 1      0                         0      0        0

 COOLING
  YESTERDAY       18                        16      2       24
  MONTH TO DATE  548                       532     16      607
  SINCE JUN 1   1535                      1521     14     1672
  SINCE JAN 1   1928                      1890     38     2069
..................................................................


WIND (MPH)
  HIGHEST WIND SPEED    20   HIGHEST WIND DIRECTION    SE (120)
  HIGHEST GUST SPEED    24   HIGHEST GUST DIRECTION    SE (120)
  AVERAGE WIND SPEED     6.5


SKY COVER
  POSSIBLE SUNSHINE  MM
  AVERAGE SKY COVER 0.3


WEATHER CONDITIONS
 THE FOLLOWING WEATHER WAS RECORDED YESTERDAY.
  HEAVY RAIN
  LIGHT RAIN
  FOG
  HAZE


RELATIVE HUMIDITY (PERCENT)
 HIGHEST    88           300 AM
 LOWEST     59           300 PM
 AVERAGE    74

..........................................................


THE TYLER CLIMATE NORMALS FOR TODAY
                         NORMAL    RECORD    YEAR
 MAXIMUM TEMPERATURE (F)   91       103      2011
                                             1954
                                             2000
 MINIMUM TEMPERATURE (F)   72        53      1986


SUNRISE AND SUNSET
AUGUST 30 2014........SUNRISE   655 AM CDT   SUNSET   748 PM CDT
AUGUST 31 2014........SUNRISE   656 AM CDT   SUNSET   747 PM CDT


-  INDICATES NEGATIVE NUMBERS.
R  INDICATES RECORD WAS SET OR TIED.
MM INDICATES DATA IS MISSING.
T  INDICATES TRACE AMOUNT.




$$
