699
CDUS44 KMRX 192116
CLITYS


CLIMATE REPORT
NATIONAL WEATHER SERVICE MORRISTOWN TN
416 PM EST MON FEB 19 2018


...................................

...THE KNOXVILLE    ASOS CLIMATE SUMMARY FOR FEBRUARY 19 2018...
VALID TODAY AS OF 0400 PM LOCAL TIME.

CLIMATE NORMAL PERIOD 1981 TO 2010
CLIMATE RECORD PERIOD 1871 TO 2018


WEATHER ITEM   OBSERVED TIME   RECORD YEAR NORMAL DEPARTURE LAST
                VALUE   (LST)  VALUE       VALUE  FROM      YEAR
                                                  NORMAL
..................................................................
TEMPERATURE (F)
 TODAY
  MAXIMUM         75    249 PM  78    1939  54     21       65
  MINIMUM         50    801 AM   3    1958  33     17       46
  AVERAGE         63                        43     20       56

PRECIPITATION (IN)
  TODAY            0.02          1.55 1924   0.15  -0.13     0.00
  MONTH TO DATE    6.39                      2.89   3.50     1.73
  SINCE DEC 1     11.31                     11.71  -0.40    12.06
  SINCE JAN 1      7.93                      7.21   0.72     5.10

SNOWFALL (IN)
  TODAY            0.0                       0.0    0.0      0.0
  MONTH TO DATE    T                         1.2   -1.2       T
  SINCE DEC 1      2.6                       4.7   -2.1      2.3
  SINCE JUL 1      2.6                       4.7   -2.1      2.3
  SNOW DEPTH       0

DEGREE DAYS
 HEATING
  TODAY            2                        22    -20        9
  MONTH TO DATE  364                       452    -88      332
  SINCE DEC 1   2068                      2033     35     1557
  SINCE JUL 1   2686                      2714    -28     1961

 COOLING
  TODAY            0                         0      0        0
  MONTH TO DATE    0                         0      0        0
  SINCE DEC 1      0                         0      0        0
  SINCE JAN 1      0                         0      0        0
..................................................................


WIND (MPH)
  HIGHEST WIND SPEED    24   HIGHEST WIND DIRECTION     S (190)
  HIGHEST GUST SPEED    30   HIGHEST GUST DIRECTION     S (190)
  AVERAGE WIND SPEED     5.7


SKY COVER
  POSSIBLE SUNSHINE  MM
  AVERAGE SKY COVER 0.9


WEATHER CONDITIONS
 THE FOLLOWING WEATHER WAS RECORDED TODAY.
  LIGHT RAIN
  FOG


RELATIVE HUMIDITY (PERCENT)
 HIGHEST    93           300 AM
 LOWEST     57           300 PM
 AVERAGE    75

..........................................................


THE KNOXVILLE    ASOS CLIMATE NORMALS FOR TOMORROW
                         NORMAL    RECORD    YEAR
 MAXIMUM TEMPERATURE (F)   54        75      1986
 MINIMUM TEMPERATURE (F)   34         3      2015


SUNRISE AND SUNSET
FEBRUARY 19 2018......SUNRISE   718 AM EST   SUNSET   622 PM EST
FEBRUARY 20 2018......SUNRISE   717 AM EST   SUNSET   623 PM EST


-  INDICATES NEGATIVE NUMBERS.
R  INDICATES RECORD WAS SET OR TIED.
MM INDICATES DATA IS MISSING.
T  INDICATES TRACE AMOUNT.




$$
