000
CDUS44 KMRX 210907
CLITYS


CLIMATE REPORT
NATIONAL WEATHER SERVICE MORRISTOWN TN
407 AM EST SAT JAN 21 2017


...................................

...THE KNOXVILLE    ASOS CLIMATE SUMMARY FOR JANUARY 20 2017...

CLIMATE NORMAL PERIOD 1981 TO 2010
CLIMATE RECORD PERIOD 1871 TO 2017


WEATHER ITEM   OBSERVED TIME   RECORD YEAR NORMAL DEPARTURE LAST
                VALUE   (LST)  VALUE       VALUE  FROM      YEAR
                                                  NORMAL
..................................................................
TEMPERATURE (F)
 YESTERDAY
  MAXIMUM         68    403 PM  71    1906  47     21       29
  MINIMUM         51    318 AM -18    1985  29     22       21
  AVERAGE         60                        38     22       25

PRECIPITATION (IN)
  YESTERDAY        0.33          2.54 1883   0.15   0.18     0.25
  MONTH TO DATE    1.86                      2.79  -0.93     1.01
  SINCE DEC 1      8.82                      7.29   1.53     8.85
  SINCE JAN 1      1.86                      2.79  -0.93     1.01

SNOWFALL (IN)
  YESTERDAY        0.0                       0.1   -0.1      1.8
  MONTH TO DATE    2.3                       1.7    0.6      1.8
  SINCE DEC 1      2.3                       2.5   -0.2      1.8
  SINCE JUL 1      2.3                       2.5   -0.2      1.8
  SNOW DEPTH       0

DEGREE DAYS
 HEATING
  YESTERDAY        5                        27    -22       40
  MONTH TO DATE  345                       540   -195      600
  SINCE DEC 1   1026                      1292   -266      983
  SINCE JUL 1   1430                      1973   -543     1493

 COOLING
  YESTERDAY        0                         0      0        0
  MONTH TO DATE    0                         0      0        0
  SINCE DEC 1      0                         0      0        5
  SINCE JAN 1      0                         0      0        0
..................................................................


WIND (MPH)
  HIGHEST WIND SPEED    22   HIGHEST WIND DIRECTION    SW (220)
  HIGHEST GUST SPEED    27   HIGHEST GUST DIRECTION    SW (210)
  AVERAGE WIND SPEED     7.0


SKY COVER
  POSSIBLE SUNSHINE  MM
  AVERAGE SKY COVER 0.9


WEATHER CONDITIONS
 THE FOLLOWING WEATHER WAS RECORDED YESTERDAY.
  HEAVY RAIN
  LIGHT RAIN
  FOG


RELATIVE HUMIDITY (PERCENT)
 HIGHEST    96           400 AM
 LOWEST     53           400 PM
 AVERAGE    75

..........................................................


THE KNOXVILLE    ASOS CLIMATE NORMALS FOR TODAY
                         NORMAL    RECORD    YEAR
 MAXIMUM TEMPERATURE (F)   47        72      1959
 MINIMUM TEMPERATURE (F)   29       -24      1985


SUNRISE AND SUNSET
JANUARY 21 2017.......SUNRISE   743 AM EST   SUNSET   552 PM EST
JANUARY 22 2017.......SUNRISE   742 AM EST   SUNSET   553 PM EST


-  INDICATES NEGATIVE NUMBERS.
R  INDICATES RECORD WAS SET OR TIED.
MM INDICATES DATA IS MISSING.
T  INDICATES TRACE AMOUNT.




$$
