000
CDUS44 KMRX 011227
CLITYS

CLIMATE REPORT NATIONAL WEATHER SERVICE MORRISTOWN TN
827 AM EDT MON SEP 1 2014

...................................

...THE KNOXVILLE CLIMATE SUMMARY FOR AUGUST 31 2014...

CLIMATE NORMAL PERIOD 1981 TO 2010
CLIMATE RECORD PERIOD 1871 TO 2014


WEATHER ITEM   OBSERVED TIME   RECORD YEAR NORMAL DEPARTURE LAST
                VALUE   (LST)  VALUE       VALUE  FROM      YEAR
                                                  NORMAL
..................................................................
TEMPERATURE (F)
 YESTERDAY
  MAXIMUM         83        MM  99    1932  87     -4       90
  MINIMUM         68        MM  49    1946  66      2       70
  AVERAGE         76                        76      0       80

PRECIPITATION (IN)
  YESTERDAY        0.03          1.38 1897   0.09  -0.06     0.24
  MONTH TO DATE    4.01                      3.27   0.74     3.21
  SINCE JUN 1     13.23                     12.16   1.07    19.96
  SINCE JAN 1     29.26                     33.60  -4.34    51.38

SNOWFALL (IN)
  YESTERDAY        0.0                       0.0    0.0      0.0
  MONTH TO DATE    0.0                       0.0    0.0      0.0
  SINCE JUN 1      0.0                       0.0    0.0      0.0
  SINCE JUL 1      0.0                       0.0    0.0      0.0
  SNOW DEPTH       0

DEGREE DAYS
 HEATING
  YESTERDAY        0                         0      0        0
  MONTH TO DATE    0                         0      0        0
  SINCE JUN 1      0                         4     -4        0
  SINCE JUL 1      0                         0      0        0

 COOLING
  YESTERDAY       11                        11      0       15
  MONTH TO DATE  347                       397    -50      361
  SINCE JUN 1    994                      1119   -125     1031
  SINCE JAN 1   1199                      1281    -82     1187
..................................................................


WIND (MPH)
  HIGHEST WIND SPEED    14   HIGHEST WIND DIRECTION    SW (230)
  HIGHEST GUST SPEED    37   HIGHEST GUST DIRECTION    SW (240)
  AVERAGE WIND SPEED     4.3


SKY COVER
  POSSIBLE SUNSHINE  MM
  AVERAGE SKY COVER  MM


WEATHER CONDITIONS
 THE FOLLOWING WEATHER WAS RECORDED YESTERDAY.
  LIGHT RAIN
  FOG


RELATIVE HUMIDITY (PERCENT)
 HIGHEST   100           600 AM
 LOWEST     69           200 PM
 AVERAGE    85

..........................................................


THE KNOXVILLE    ASOS CLIMATE NORMALS FOR TODAY
                         NORMAL    RECORD    YEAR
 MAXIMUM TEMPERATURE (F)   86       100      1951
 MINIMUM TEMPERATURE (F)   66        50      1946


SUNRISE AND SUNSET
SEPTEMBER  1 2014.....SUNRISE   708 AM EDT   SUNSET   803 PM EDT
SEPTEMBER  2 2014.....SUNRISE   709 AM EDT   SUNSET   802 PM EDT


-  INDICATES NEGATIVE NUMBERS.
R  INDICATES RECORD WAS SET OR TIED.
MM INDICATES DATA IS MISSING.
T  INDICATES TRACE AMOUNT.

&&

THE LOW TEMPERATURE THIS MORNING WAS 70.
THERE HAS BEEN NO PRECIPITATION SINCE MIDNIGHT.


$$
