000
CDUS44 KMRX 262126
CLITYS


CLIMATE REPORT
NATIONAL WEATHER SERVICE MORRISTOWN TN
526 PM EDT SUN MAR 26 2017


...................................

...THE KNOXVILLE    ASOS CLIMATE SUMMARY FOR MARCH 26 2017...
VALID TODAY AS OF 0500 PM LOCAL TIME.

CLIMATE NORMAL PERIOD 1981 TO 2010
CLIMATE RECORD PERIOD 1871 TO 2017


WEATHER ITEM   OBSERVED TIME   RECORD YEAR NORMAL DEPARTURE LAST
                VALUE   (LST)  VALUE       VALUE  FROM      YEAR
                                                  NORMAL
..................................................................
TEMPERATURE (F)
 TODAY
  MAXIMUM         74    408 PM  83    2007  65      9       70
                                      1949
  MINIMUM         57    642 AM  17    1955  42     15       39
  AVERAGE         66                        53     13       55

PRECIPITATION (IN)
  TODAY            0.40          2.18 1913   0.15   0.25     0.00
  MONTH TO DATE    4.84                      3.61   1.23     2.31
  SINCE MAR 1      4.84                      3.61   1.23     2.31
  SINCE JAN 1     10.78                     12.19  -1.41    12.19

SNOWFALL (IN)
  TODAY            0.0                       0.0    0.0      0.0
  MONTH TO DATE    T                         0.8   -0.8      0.0
  SINCE MAR 1      T                         0.8   -0.8      0.0
  SINCE JUL 1      2.3                       5.9   -3.6      5.2
  SNOW DEPTH       0

DEGREE DAYS
 HEATING
  TODAY            0                        12    -12       10
  MONTH TO DATE  392                       403    -11      273
  SINCE MAR 1    392                       403    -11      273
  SINCE JUL 1   2451                      3299   -848     2706

 COOLING
  TODAY            1                         0      1        0
  MONTH TO DATE    1                         0      1       14
  SINCE MAR 1      1                         0      1       14
  SINCE JAN 1      1                         0      1       14
..................................................................


WIND (MPH)
  HIGHEST WIND SPEED    24   HIGHEST WIND DIRECTION    SW (220)
  HIGHEST GUST SPEED    30   HIGHEST GUST DIRECTION    SW (220)
  AVERAGE WIND SPEED    10.5


SKY COVER
  POSSIBLE SUNSHINE  MM
  AVERAGE SKY COVER 0.8


WEATHER CONDITIONS
 THE FOLLOWING WEATHER WAS RECORDED TODAY.
  RAIN
  FOG


RELATIVE HUMIDITY (PERCENT)
 HIGHEST    93           700 AM
 LOWEST     45          1200 AM
 AVERAGE    69

..........................................................


THE KNOXVILLE    ASOS CLIMATE NORMALS FOR TOMORROW
                         NORMAL    RECORD    YEAR
 MAXIMUM TEMPERATURE (F)   65        84      1910
 MINIMUM TEMPERATURE (F)   42        14      1955


SUNRISE AND SUNSET
MARCH 26 2017.........SUNRISE   731 AM EDT   SUNSET   753 PM EDT
MARCH 27 2017.........SUNRISE   729 AM EDT   SUNSET   754 PM EDT


-  INDICATES NEGATIVE NUMBERS.
R  INDICATES RECORD WAS SET OR TIED.
MM INDICATES DATA IS MISSING.
T  INDICATES TRACE AMOUNT.




$$
