000
CDUS44 KMRX 011217
CLITYS

CLIMATE REPORT
NATIONAL WEATHER SERVICE MORRISTOWN TN
817 AM EDT FRI AUG 1 2014


...................................

...THE KNOXVILLE CLIMATE SUMMARY FOR JULY 31 2014...

CLIMATE NORMAL PERIOD 1981 TO 2010
CLIMATE RECORD PERIOD 1871 TO 2014


WEATHER ITEM   OBSERVED TIME   RECORD YEAR NORMAL DEPARTURE LAST
                VALUE   (LST)  VALUE       VALUE  FROM      YEAR
                                                  NORMAL
..................................................................
TEMPERATURE (F)
 YESTERDAY
  MAXIMUM         82        MM  99    1915  88     -6       79
  MINIMUM         59        MM  58    1874  69    -10       65
  AVERAGE         71                        78     -7       72

PRECIPITATION (IN)
  YESTERDAY        0.00          3.14 1884   0.14  -0.14     0.07
  MONTH TO DATE    4.67                      5.08  -0.41     7.37
  SINCE JUN 1      9.22                      8.89   0.33    16.75
  SINCE JAN 1     25.25                     30.33  -5.08    48.17

SNOWFALL (IN)
  YESTERDAY        0.0                       0.0    0.0      0.0
  MONTH TO DATE    0.0                       0.0    0.0      0.0
  SINCE JUN 1      0.0                       0.0    0.0      0.0
  SINCE JUL 1      0.0                       0.0    0.0      0.0
  SNOW DEPTH       0

DEGREE DAYS
 HEATING
  YESTERDAY        0                         0      0        0
  MONTH TO DATE    0                         0      0        0
  SINCE JUN 1      0                         4     -4        0
  SINCE JUL 1      0                         0      0        0

 COOLING
  YESTERDAY        6                        13     -7        7
  MONTH TO DATE  317                       417   -100      350
  SINCE JUN 1    647                       722    -75      670
  SINCE JAN 1    852                       884    -32      826
..................................................................


WIND (MPH)
  HIGHEST WIND SPEED     7   HIGHEST WIND DIRECTION    NW (310)
  HIGHEST GUST SPEED    MM   HIGHEST GUST DIRECTION    MM
  AVERAGE WIND SPEED     4.0


SKY COVER
  POSSIBLE SUNSHINE  MM
  AVERAGE SKY COVER  MM


WEATHER CONDITIONS
 THE FOLLOWING WEATHER WAS RECORDED YESTERDAY.
  NO SIGNIFICANT WEATHER WAS OBSERVED.


RELATIVE HUMIDITY (PERCENT)
 HIGHEST    97           100 AM
 LOWEST     49           400 PM
 AVERAGE    73

..........................................................


THE KNOXVILLE CLIMATE NORMALS FOR TODAY
                         NORMAL    RECORD    YEAR
 MAXIMUM TEMPERATURE (F)   88        97      1935
 MINIMUM TEMPERATURE (F)   69        56      1895


SUNRISE AND SUNSET
AUGUST  1 2014........SUNRISE   644 AM EDT   SUNSET   840 PM EDT
AUGUST  2 2014........SUNRISE   644 AM EDT   SUNSET   839 PM EDT


-  INDICATES NEGATIVE NUMBERS.
R  INDICATES RECORD WAS SET OR TIED.
MM INDICATES DATA IS MISSING.
T  INDICATES TRACE AMOUNT.

THE LOW TEMPERATURE SINCE MIDNIGHT HAS BEEN 63.
THERE HAS BEEN NO PRECIPITATION SINCE MIDNIGHT.

$$
