000
CDUS44 KMRX 240819
CLITYS


CLIMATE REPORT
NATIONAL WEATHER SERVICE MORRISTOWN TN
419 AM EDT TUE MAY 24 2016


...................................

...THE KNOXVILLE    ASOS CLIMATE SUMMARY FOR MAY 23 2016...

CLIMATE NORMAL PERIOD 1981 TO 2010
CLIMATE RECORD PERIOD 1871 TO 2016


WEATHER ITEM   OBSERVED TIME   RECORD YEAR NORMAL DEPARTURE LAST
                VALUE   (LST)  VALUE       VALUE  FROM      YEAR
                                                  NORMAL
..................................................................
TEMPERATURE (F)
 YESTERDAY
  MAXIMUM         77    502 PM  92    1903  80     -3       82
  MINIMUM         52    553 AM  40    1889  58     -6       49
  AVERAGE         65                        69     -4       66

PRECIPITATION (IN)
  YESTERDAY        0.00          2.30 1979   0.13  -0.13     0.00
  MONTH TO DATE    2.68                      3.42  -0.74     0.62
  SINCE MAR 1      8.00                     11.77  -3.77     9.20
  SINCE JAN 1     17.88                     20.35  -2.47    16.34

SNOWFALL (IN)
  YESTERDAY        0.0                       0.0    0.0      0.0
  MONTH TO DATE    0.0                       0.0    0.0      0.0
  SINCE MAR 1      0.0                       1.4   -1.4       T
  SINCE JUL 1      5.2                       6.5   -1.3      9.3
  SNOW DEPTH       0

DEGREE DAYS
 HEATING
  YESTERDAY        0                         1     -1        0
  MONTH TO DATE   52                        52      0       30
  SINCE MAR 1    522                       731   -209      580
  SINCE JUL 1   2955                      3627   -672     3845

 COOLING
  YESTERDAY        0                         5     -5        1
  MONTH TO DATE   69                        76     -7      137
  SINCE MAR 1    142                       113     29      162
  SINCE JAN 1    142                       113     29      162
..................................................................


WIND (MPH)
  HIGHEST WIND SPEED    15   HIGHEST WIND DIRECTION    NE (60)
  HIGHEST GUST SPEED    18   HIGHEST GUST DIRECTION    NE (30)
  AVERAGE WIND SPEED     4.4


SKY COVER
  POSSIBLE SUNSHINE  MM
  AVERAGE SKY COVER 0.2


WEATHER CONDITIONS
 THE FOLLOWING WEATHER WAS RECORDED YESTERDAY.
  NO SIGNIFICANT WEATHER WAS OBSERVED.


RELATIVE HUMIDITY (PERCENT)
 HIGHEST    96           600 AM
 LOWEST     33           300 PM
 AVERAGE    65

..........................................................


THE KNOXVILLE    ASOS CLIMATE NORMALS FOR TODAY
                         NORMAL    RECORD    YEAR
 MAXIMUM TEMPERATURE (F)   80        92      1904
 MINIMUM TEMPERATURE (F)   59        37      1883


SUNRISE AND SUNSET
MAY 24 2016...........SUNRISE   624 AM EDT   SUNSET   842 PM EDT
MAY 25 2016...........SUNRISE   624 AM EDT   SUNSET   842 PM EDT


-  INDICATES NEGATIVE NUMBERS.
R  INDICATES RECORD WAS SET OR TIED.
MM INDICATES DATA IS MISSING.
T  INDICATES TRACE AMOUNT.




$$
