000
CDUS44 KMRX 261225
CLITYS


CLIMATE REPORT
NATIONAL WEATHER SERVICE MORRISTOWN TN
825 AM EDT FRI MAY 26 2017


...................................

...THE KNOXVILLE    ASOS CLIMATE SUMMARY FOR MAY 25 2017...

CLIMATE NORMAL PERIOD 1981 TO 2010
CLIMATE RECORD PERIOD 1871 TO 2017


WEATHER ITEM   OBSERVED TIME   RECORD YEAR NORMAL DEPARTURE LAST
                VALUE   (LST)  VALUE       VALUE  FROM      YEAR
                                                  NORMAL
..................................................................
TEMPERATURE (F)
 YESTERDAY
  MAXIMUM         68    507 PM  93    2011  80    -12       85
                                      1933
  MINIMUM         52    516 AM  43    2013  59     -7       57
  AVERAGE         60                        70    -10       71

PRECIPITATION (IN)
  YESTERDAY        T             1.17 2009   0.13  -0.13     0.00
  MONTH TO DATE    3.84                      3.68   0.16     2.68
  SINCE MAR 1     17.18                     12.03   5.15     8.00
  SINCE JAN 1     23.12                     20.61   2.51    17.88

SNOWFALL (IN)
  YESTERDAY        0.0                       0.0    0.0      0.0
  MONTH TO DATE    0.0                       0.0    0.0      0.0
  SINCE MAR 1      T                         1.4   -1.4      0.0
  SINCE JUL 1      2.3                       6.5   -4.2      5.2
  SNOW DEPTH       0

DEGREE DAYS
 HEATING
  YESTERDAY        5                         1      4        0
  MONTH TO DATE   52                        54     -2       52
  SINCE MAR 1    532                       733   -201      522
  SINCE JUL 1   2591                      3629  -1038     2955

 COOLING
  YESTERDAY        0                         6     -6        6
  MONTH TO DATE  118                        87     31       77
  SINCE MAR 1    214                       124     90      150
  SINCE JAN 1    214                       124     90      150
..................................................................


WIND (MPH)
  HIGHEST WIND SPEED    25   HIGHEST WIND DIRECTION    SW (230)
  HIGHEST GUST SPEED    32   HIGHEST GUST DIRECTION    SW (230)
  AVERAGE WIND SPEED    12.8


SKY COVER
  POSSIBLE SUNSHINE  MM
  AVERAGE SKY COVER 0.5


WEATHER CONDITIONS
 THE FOLLOWING WEATHER WAS RECORDED YESTERDAY.
  LIGHT RAIN


RELATIVE HUMIDITY (PERCENT)
 HIGHEST    89           300 AM
 LOWEST     58           400 PM
 AVERAGE    74

..........................................................


THE KNOXVILLE    ASOS CLIMATE NORMALS FOR TODAY
                         NORMAL    RECORD    YEAR
 MAXIMUM TEMPERATURE (F)   81        94      1926
 MINIMUM TEMPERATURE (F)   59        38      1979


SUNRISE AND SUNSET
MAY 26 2017...........SUNRISE   623 AM EDT   SUNSET   843 PM EDT
MAY 27 2017...........SUNRISE   623 AM EDT   SUNSET   844 PM EDT


-  INDICATES NEGATIVE NUMBERS.
R  INDICATES RECORD WAS SET OR TIED.
MM INDICATES DATA IS MISSING.
T  INDICATES TRACE AMOUNT.




$$
