000
CDUS44 KMRX 310951
CLITYS

CLIMATE REPORT
NATIONAL WEATHER SERVICE MORRISTOWN TN
451 AM EST SAT JAN 31 2015


...................................

...THE KNOXVILLE CLIMATE SUMMARY FOR JANUARY 30 2015...

CLIMATE NORMAL PERIOD 1981 TO 2010
CLIMATE RECORD PERIOD 1871 TO 2015


WEATHER ITEM   OBSERVED TIME   RECORD YEAR NORMAL DEPARTURE LAST
                VALUE   (LST)  VALUE       VALUE  FROM      YEAR
                                                  NORMAL
..................................................................
TEMPERATURE (F)
 YESTERDAY
  MAXIMUM         43    348 PM  75    2002  49     -6       36
  MINIMUM         28   1128 PM  -9    1966  30     -2        2
  AVERAGE         36                        39     -3       19

PRECIPITATION (IN)
  YESTERDAY        T             2.92 1950   0.14  -0.14     0.00
  MONTH TO DATE    3.39                      4.17  -0.78     3.12
  SINCE DEC 1      7.63                      8.67  -1.04    11.35
  SINCE JAN 1      3.39                      4.17  -0.78     3.12

SNOWFALL (IN)
  YESTERDAY        T                         0.1   -0.1      0.0
  MONTH TO DATE    1.1                       2.6   -1.5      4.2
  SINCE DEC 1      1.1                       3.4   -2.3      4.2
  SINCE JUL 1      1.1                       3.4   -2.3      5.0
  SNOW DEPTH       0

DEGREE DAYS
 HEATING
  YESTERDAY       29                        26      3       46
  MONTH TO DATE  829                       804     25      999
  SINCE DEC 1   1493                      1556    -63     1668
  SINCE JUL 1   2319                      2237     82     2358

 COOLING
  YESTERDAY        0                         0      0        0
  MONTH TO DATE    0                         0      0        0
  SINCE DEC 1      0                         0      0        4
  SINCE JAN 1      0                         0      0        0
..................................................................


WIND (MPH)
  HIGHEST WIND SPEED    16   HIGHEST WIND DIRECTION     N (350)
  HIGHEST GUST SPEED    21   HIGHEST GUST DIRECTION     N (10)
  AVERAGE WIND SPEED     6.7


SKY COVER
  POSSIBLE SUNSHINE  MM
  AVERAGE SKY COVER 0.6


WEATHER CONDITIONS
 THE FOLLOWING WEATHER WAS RECORDED YESTERDAY.
  NO SIGNIFICANT WEATHER WAS OBSERVED.


RELATIVE HUMIDITY (PERCENT)
 HIGHEST    65           100 AM
 LOWEST     38           500 PM
 AVERAGE    52

..........................................................


THE KNOXVILLE CLIMATE NORMALS FOR TODAY
                         NORMAL    RECORD    YEAR
 MAXIMUM TEMPERATURE (F)   49        75      2002
 MINIMUM TEMPERATURE (F)   30        -7      1966


SUNRISE AND SUNSET
JANUARY 31 2015.......SUNRISE   737 AM EST   SUNSET   602 PM EST
FEBRUARY  1 2015......SUNRISE   736 AM EST   SUNSET   603 PM EST


-  INDICATES NEGATIVE NUMBERS.
R  INDICATES RECORD WAS SET OR TIED.
MM INDICATES DATA IS MISSING.
T  INDICATES TRACE AMOUNT.




$$
