000
CDUS44 KMRX 280932
CLITYS

CLIMATE REPORT
NATIONAL WEATHER SERVICE MORRISTOWN TN
430 AM EST SAT FEB 28 2015


...................................

...THE KNOXVILLE    ASOS CLIMATE SUMMARY FOR FEBRUARY 27 2015...

CLIMATE NORMAL PERIOD 1981 TO 2010
CLIMATE RECORD PERIOD 1871 TO 2015


WEATHER ITEM   OBSERVED TIME   RECORD YEAR NORMAL DEPARTURE LAST
                VALUE   (LST)  VALUE       VALUE  FROM      YEAR
                                                  NORMAL
..................................................................
TEMPERATURE (F)
 YESTERDAY
  MAXIMUM         35    420 PM  77    1996  56    -21       43
  MINIMUM         24    939 AM   9    1934  35    -11       16
  AVERAGE         30                        46    -16       30

PRECIPITATION (IN)
  YESTERDAY        0.00          1.60 1913   0.15  -0.15     0.00
  MONTH TO DATE    3.75                      4.11  -0.36     4.95
  SINCE DEC 1     11.38                     12.93  -1.55    16.30
  SINCE JAN 1      7.14                      8.43  -1.29     8.07

SNOWFALL (IN)
  YESTERDAY        0.0                       0.1   -0.1      0.0
  MONTH TO DATE    8.2                       1.6    6.6      6.9
  SINCE DEC 1      9.3                       5.1    4.2     11.1
  SINCE JUL 1      9.3                       5.1    4.2     11.9
  SNOW DEPTH       2

DEGREE DAYS
 HEATING
  YESTERDAY       35                        19     16       35
  MONTH TO DATE  884                       615    269      628
  SINCE DEC 1   2409                      2196    213     2327
  SINCE JUL 1   3235                      2877    358     3017

 COOLING
  YESTERDAY        0                         0      0        0
  MONTH TO DATE    0                         0      0        0
  SINCE DEC 1      0                         0      0        4
  SINCE JAN 1      0                         0      0        0
..................................................................


WIND (MPH)
  HIGHEST WIND SPEED    16   HIGHEST WIND DIRECTION     N (20)
  HIGHEST GUST SPEED    20   HIGHEST GUST DIRECTION     N (10)
  AVERAGE WIND SPEED     7.9


SKY COVER
  POSSIBLE SUNSHINE  MM
  AVERAGE SKY COVER 0.6


WEATHER CONDITIONS
 THE FOLLOWING WEATHER WAS RECORDED YESTERDAY.
  FOG


RELATIVE HUMIDITY (PERCENT)
 HIGHEST    92          1200 AM
 LOWEST     47           300 PM
 AVERAGE    70

..........................................................


THE KNOXVILLE    ASOS CLIMATE NORMALS FOR TODAY
                         NORMAL    RECORD    YEAR
 MAXIMUM TEMPERATURE (F)   56        75      1880
 MINIMUM TEMPERATURE (F)   35         9      1888


SUNRISE AND SUNSET
FEBRUARY 28 2015......SUNRISE   708 AM EST   SUNSET   630 PM EST
MARCH  1 2015.........SUNRISE   706 AM EST   SUNSET   631 PM EST


-  INDICATES NEGATIVE NUMBERS.
R  INDICATES RECORD WAS SET OR TIED.
MM INDICATES DATA IS MISSING.
T  INDICATES TRACE AMOUNT.


$$
