000
CDUS44 KMRX 301228
CLITYS

CLIMATE REPORT
NATIONAL WEATHER SERVICE MORRISTOWN TN
828 AM EDT THU OCT 30 2014


...................................

...THE KNOXVILLE CLIMATE SUMMARY FOR OCTOBER 29 2014...

CLIMATE NORMAL PERIOD 1981 TO 2010
CLIMATE RECORD PERIOD 1871 TO 2014


WEATHER ITEM   OBSERVED TIME   RECORD YEAR NORMAL DEPARTURE LAST
                VALUE   (LST)  VALUE       VALUE  FROM      YEAR
                                                  NORMAL
..................................................................
TEMPERATURE (F)
 YESTERDAY
  MAXIMUM         65    233 AM  83    1919  67     -2       74
  MINIMUM         45   1159 PM  25    1873  44      1       51
  AVERAGE         55                        56     -1       63

PRECIPITATION (IN)
  YESTERDAY        0.67          1.84 1918   0.09   0.58     0.00
  MONTH TO DATE    5.65                      2.33   3.32     0.91
  SINCE SEP 1      5.84                      5.57   0.27     5.33
  SINCE JAN 1     35.10                     39.17  -4.07    56.71

SNOWFALL (IN)
  YESTERDAY        0.0                       0.0    0.0      0.0
  MONTH TO DATE    0.0                       0.0    0.0      0.0
  SINCE SEP 1      0.0                       0.0    0.0      0.0
  SINCE JUL 1      0.0                       0.0    0.0      0.0
  SNOW DEPTH       0

DEGREE DAYS
 HEATING
  YESTERDAY       10                        10      0        2
  MONTH TO DATE  141                       174    -33      154
  SINCE SEP 1    142                       197    -55      155
  SINCE JUL 1    142                       197    -55      155

 COOLING
  YESTERDAY        0                         0      0        0
  MONTH TO DATE   36                        37     -1       51
  SINCE SEP 1    287                       243     44      249
  SINCE JAN 1   1486                      1524    -38     1436
..................................................................


WIND (MPH)
  HIGHEST WIND SPEED    18   HIGHEST WIND DIRECTION     N (360)
  HIGHEST GUST SPEED    22   HIGHEST GUST DIRECTION     N (10)
  AVERAGE WIND SPEED     5.8


SKY COVER
  POSSIBLE SUNSHINE  MM
  AVERAGE SKY COVER  MM


WEATHER CONDITIONS
 THE FOLLOWING WEATHER WAS RECORDED YESTERDAY.
  HEAVY RAIN
  RAIN
  LIGHT RAIN
  FOG


RELATIVE HUMIDITY (PERCENT)
 HIGHEST   100           400 AM
 LOWEST     57           500 PM
 AVERAGE    79

..........................................................


THE KNOXVILLE CLIMATE NORMALS FOR TODAY
                         NORMAL    RECORD    YEAR
 MAXIMUM TEMPERATURE (F)   67        83      1950
 MINIMUM TEMPERATURE (F)   44        24      1910


SUNRISE AND SUNSET
OCTOBER 30 2014.......SUNRISE   756 AM EDT   SUNSET   642 PM EDT
OCTOBER 31 2014.......SUNRISE   757 AM EDT   SUNSET   641 PM EDT


-  INDICATES NEGATIVE NUMBERS.
R  INDICATES RECORD WAS SET OR TIED.
MM INDICATES DATA IS MISSING.
T  INDICATES TRACE AMOUNT.

&&

THE LOW TEMPERATURE SINCE MIDNIGHT HAS BEEN 38.
THERE HAS BEEN 0.00 INCHES OF PRECIPITATION SINCE MIDNIGHT.


$$
