000
CDUS44 KMRX 192117
CLITYS


CLIMATE REPORT
NATIONAL WEATHER SERVICE MORRISTOWN TN
517 PM EDT TUE SEP 19 2017


...................................

...THE KNOXVILLE    ASOS CLIMATE SUMMARY FOR SEPTEMBER 19 2017...
VALID TODAY AS OF 0500 PM LOCAL TIME.

CLIMATE NORMAL PERIOD 1981 TO 2010
CLIMATE RECORD PERIOD 1871 TO 2017


WEATHER ITEM   OBSERVED TIME   RECORD YEAR NORMAL DEPARTURE LAST
                VALUE   (LST)  VALUE       VALUE  FROM      YEAR
                                                  NORMAL
..................................................................
TEMPERATURE (F)
 TODAY
  MAXIMUM         87    319 PM  98    1925  81      6       87
  MINIMUM         63    702 AM  42    1901  59      4       68
  AVERAGE         75                        70      5       78

PRECIPITATION (IN)
  TODAY            0.00          1.90 1969   0.10  -0.10     0.00
  MONTH TO DATE    2.35                      2.03   0.32     0.91
  SINCE SEP 1      2.35                      2.03   0.32     0.91
  SINCE JAN 1     39.87                     35.63   4.24    31.73

SNOWFALL (IN)
  TODAY            0.0                       0.0    0.0      0.0
  MONTH TO DATE    0.0                       0.0    0.0      0.0
  SINCE SEP 1      0.0                       0.0    0.0      0.0
  SINCE JUL 1      0.0                       0.0    0.0      0.0
  SNOW DEPTH       0

DEGREE DAYS
 HEATING
  TODAY            0                         1     -1        0
  MONTH TO DATE   15                         4     11        0
  SINCE SEP 1     15                         4     11        0
  SINCE JUL 1     15                         4     11        0

 COOLING
  TODAY           10                         6      4       13
  MONTH TO DATE   71                       160    -89      260
  SINCE SEP 1     71                       160    -89      260
  SINCE JAN 1   1359                      1441    -82     1910
..................................................................


WIND (MPH)
  HIGHEST WIND SPEED    10   HIGHEST WIND DIRECTION    SW (220)
  HIGHEST GUST SPEED    13   HIGHEST GUST DIRECTION     W (270)
  AVERAGE WIND SPEED     2.4


SKY COVER
  POSSIBLE SUNSHINE  MM
  AVERAGE SKY COVER 0.2


WEATHER CONDITIONS
 THE FOLLOWING WEATHER WAS RECORDED TODAY.
  FOG
  HAZE


RELATIVE HUMIDITY (PERCENT)
 HIGHEST    93           300 AM
 LOWEST     44           200 PM
 AVERAGE    69

..........................................................


THE KNOXVILLE    ASOS CLIMATE NORMALS FOR TOMORROW
                         NORMAL    RECORD    YEAR
 MAXIMUM TEMPERATURE (F)   80        97      1925
 MINIMUM TEMPERATURE (F)   59        43      1889


SUNRISE AND SUNSET
SEPTEMBER 19 2017.....SUNRISE   722 AM EDT   SUNSET   737 PM EDT
SEPTEMBER 20 2017.....SUNRISE   722 AM EDT   SUNSET   735 PM EDT


-  INDICATES NEGATIVE NUMBERS.
R  INDICATES RECORD WAS SET OR TIED.
MM INDICATES DATA IS MISSING.
T  INDICATES TRACE AMOUNT.




$$
