000
CDUS44 KMRX 262126 RRA
CLITYS

CLIMATE REPORT
NATIONAL WEATHER SERVICE MORRISTOWN TN
522 PM EDT THU MAR 26 2015


...................................

...THE KNOXVILLE CLIMATE SUMMARY FOR MARCH 26 2015...
VALID TODAY AS OF 500 PM LOCAL TIME.

CLIMATE NORMAL PERIOD 1981 TO 2010
CLIMATE RECORD PERIOD 1871 TO 2015


WEATHER ITEM   OBSERVED TIME   RECORD YEAR NORMAL DEPARTURE LAST
                VALUE   (LST)  VALUE       VALUE  FROM      YEAR
                                                  NORMAL
..................................................................
TEMPERATURE (F)
 TODAY
  MAXIMUM         75    300 PM  83    2007  65     10       46
                                      1949
  MINIMUM         62        MM  17    1955  42     20       24
  AVERAGE         69                        53     16       35

PRECIPITATION (IN)
  TODAY            0.00          2.18 1913   0.15  -0.15     0.00
  MONTH TO DATE    3.78                      3.61   0.17     1.94
  SINCE MAR 1      3.78                      3.61   0.17     1.94
  SINCE JAN 1     10.92                     12.19  -1.27    10.01

SNOWFALL (IN)
  TODAY            0.0                       0.0    0.0      0.0
  MONTH TO DATE    T                         0.8   -0.8      0.5
  SINCE MAR 1      T                         0.8   -0.8      0.5
  SINCE JUL 1      9.3                       5.9    3.4     12.4
  SNOW DEPTH       0

DEGREE DAYS
 HEATING
  TODAY            0                        12    -12       30
  MONTH TO DATE  325                       403    -78      461
  SINCE MAR 1    325                       403    -78      461
  SINCE JUL 1   3590                      3299    291     3508

 COOLING
  TODAY            4                         0      4        0
  MONTH TO DATE    6                         0      6        0
  SINCE MAR 1      6                         0      6        0
  SINCE JAN 1      6                         0      6        0
..................................................................


WIND (MPH)
  HIGHEST WIND SPEED    23   HIGHEST WIND DIRECTION    SW (210)
  HIGHEST GUST SPEED    32   HIGHEST GUST DIRECTION    SW (220)
  AVERAGE WIND SPEED    15.4


SKY COVER
  POSSIBLE SUNSHINE  MM
  AVERAGE SKY COVER 0.9


WEATHER CONDITIONS
 THE FOLLOWING WEATHER WAS RECORDED TODAY.
  NO SIGNIFICANT WEATHER WAS OBSERVED.


RELATIVE HUMIDITY (PERCENT)
 HIGHEST    78           800 AM
 LOWEST     43           300 PM
 AVERAGE    61

..........................................................


THE KNOXVILLE    ASOS CLIMATE NORMALS FOR TOMORROW
                         NORMAL    RECORD    YEAR
 MAXIMUM TEMPERATURE (F)   65        84      1910
 MINIMUM TEMPERATURE (F)   42        14      1955


SUNRISE AND SUNSET
MARCH 26 2015.........SUNRISE   731 AM EDT   SUNSET   753 PM EDT
MARCH 27 2015.........SUNRISE   730 AM EDT   SUNSET   753 PM EDT


-  INDICATES NEGATIVE NUMBERS.
R  INDICATES RECORD WAS SET OR TIED.
MM INDICATES DATA IS MISSING.
T  INDICATES TRACE AMOUNT.




$$
