000
CDUS43 KLOT 290637
CLIUGN


CLIMATE REPORT
NATIONAL WEATHER SERVICE CHICAGO IL
134 AM CDT SAT AUG 29 2015


...................................

...THE WAUKEGAN   CLIMATE SUMMARY FOR AUGUST 28 2015...

CLIMATE NORMAL PERIOD 1981 TO 2010
CLIMATE RECORD PERIOD 2000 TO 2015


WEATHER ITEM   OBSERVED TIME   RECORD YEAR NORMAL DEPARTURE LAST
                VALUE   (LST)  VALUE       VALUE  FROM      YEAR
                                                  NORMAL
..................................................................
TEMPERATURE (F)
 YESTERDAY
  MAXIMUM         73   1049 AM  91    2007  78     -5       72
                                      2003
  MINIMUM         53R   245 AM  55    2009  60     -7       58
  AVERAGE         63

PRECIPITATION (IN)
  YESTERDAY        T             0.35 2006   0.11  -0.11      T
  MONTH TO DATE    3.09                      3.50  -0.41     3.61
  SINCE JUN 1     11.64                     11.26   0.38    12.01
  SINCE JAN 1     21.04                     24.12  -3.08    22.85

DEGREE DAYS
 HEATING
  YESTERDAY        2                         1      1        0
  MONTH TO DATE   23                         4     19        9
  SINCE JUN 1    171                       102     69      116
  SINCE JUL 1     68                        16     52       43

 COOLING
  YESTERDAY        0                         5     -5        0
  MONTH TO DATE  129                       157    -28      133
  SINCE JUN 1    337                       467   -130      317
  SINCE JAN 1    362                       492   -130      340
..................................................................


WIND (MPH)
  RESULTANT WIND SPEED   1   RESULTANT WIND DIRECTION  SE (140)
  HIGHEST WIND SPEED    10   HIGHEST WIND DIRECTION    SW (210)
  HIGHEST GUST SPEED    12   HIGHEST GUST DIRECTION    SW (210)
  AVERAGE WIND SPEED     3.1


SKY COVER
  POSSIBLE SUNSHINE  MM
  AVERAGE SKY COVER 0.3


WEATHER CONDITIONS
 THE FOLLOWING WEATHER WAS RECORDED YESTERDAY.
  LIGHT RAIN
  FOG
  HAZE


RELATIVE HUMIDITY (PERCENT)
 HIGHEST   100
 LOWEST     68
 AVERAGE    84

..........................................................


THE WAUKEGAN   CLIMATE NORMALS FOR TODAY
                         NORMAL    RECORD    YEAR
 MAXIMUM TEMPERATURE (F)   78        92      2010
 MINIMUM TEMPERATURE (F)   59        51      2004


SUNRISE AND SUNSET
AUGUST 29 2015........SUNRISE   613 AM CDT   SUNSET   731 PM CDT
AUGUST 30 2015........SUNRISE   614 AM CDT   SUNSET   729 PM CDT


-  INDICATES NEGATIVE NUMBERS.
R  INDICATES RECORD WAS SET OR TIED.
MM INDICATES DATA IS MISSING.
T  INDICATES TRACE AMOUNT.




$$
