000
CDUS43 KLOT 160640
CLIUGN


CLIMATE REPORT
NATIONAL WEATHER SERVICE CHICAGO IL
140 AM CDT WED APR 16 2014


...................................

...THE WAUKEGAN   CLIMATE SUMMARY FOR APRIL 15 2014...

CLIMATE NORMAL PERIOD 1981 TO 2010
CLIMATE RECORD PERIOD 2000 TO 2014


WEATHER ITEM   OBSERVED TIME   RECORD YEAR NORMAL DEPARTURE LAST
                VALUE   (LST)  VALUE       VALUE  FROM      YEAR
                                                  NORMAL
..................................................................
TEMPERATURE (F)
 YESTERDAY
  MAXIMUM         34    138 PM  88    2002  55    -21       67
  MINIMUM         21R   544 AM  29    2008  37    -16       42
                                      2007
  AVERAGE         28

PRECIPITATION (IN)
  YESTERDAY        0.00          1.95 2012   0.11  -0.11     0.28
  MONTH TO DATE    1.48                      1.55  -0.07     2.73
  SINCE MAR 1      2.24                      3.87  -1.63     3.99
  SINCE JAN 1      4.26                      6.92  -2.66     6.15

DEGREE DAYS
 HEATING
  YESTERDAY       37                        19     18       10
  MONTH TO DATE  348                       329     19      361
  SINCE MAR 1   1487                      1253    234     1440
  SINCE JUL 1   7356                      6199   1157     6041

 COOLING
  YESTERDAY        0                         0      0        0
  MONTH TO DATE    0                         0      0        0
  SINCE MAR 1      0                         0      0        0
  SINCE JAN 1      0                         0      0        0
..................................................................


WIND (MPH)
  RESULTANT WIND SPEED   2   RESULTANT WIND DIRECTION   N (350)
  HIGHEST WIND SPEED    15   HIGHEST WIND DIRECTION    SE (120)
  HIGHEST GUST SPEED    21   HIGHEST GUST DIRECTION     E (90)
  AVERAGE WIND SPEED     6.9


SKY COVER
  POSSIBLE SUNSHINE  MM
  AVERAGE SKY COVER 0.4


WEATHER CONDITIONS
 THE FOLLOWING WEATHER WAS RECORDED YESTERDAY.
  NO SIGNIFICANT WEATHER WAS OBSERVED.


RELATIVE HUMIDITY (PERCENT)
 HIGHEST    84
 LOWEST     43
 AVERAGE    64

..........................................................


THE WAUKEGAN   CLIMATE NORMALS FOR TODAY
                         NORMAL    RECORD    YEAR
 MAXIMUM TEMPERATURE (F)   56        87      2002
 MINIMUM TEMPERATURE (F)   37        28      2009
                                             2001


SUNRISE AND SUNSET
APRIL 16 2014.........SUNRISE   609 AM CDT   SUNSET   734 PM CDT
APRIL 17 2014.........SUNRISE   607 AM CDT   SUNSET   735 PM CDT


-  INDICATES NEGATIVE NUMBERS.
R  INDICATES RECORD WAS SET OR TIED.
MM INDICATES DATA IS MISSING.
T  INDICATES TRACE AMOUNT.




$$
