241
CDUS43 KLOT 240636
CLIUGN


CLIMATE REPORT
NATIONAL WEATHER SERVICE CHICAGO IL
135 AM CDT MON JUL 24 2017


...................................

...THE WAUKEGAN   CLIMATE SUMMARY FOR JULY 23 2017...

CLIMATE NORMAL PERIOD 1981 TO 2010
CLIMATE RECORD PERIOD 2000 TO 2017


WEATHER ITEM   OBSERVED TIME   RECORD YEAR NORMAL DEPARTURE LAST
                VALUE   (LST)  VALUE       VALUE  FROM      YEAR
                                                  NORMAL
..................................................................
TEMPERATURE (F)
 YESTERDAY
  MAXIMUM         87   1213 PM  96    2012  80      7       87
  MINIMUM         66   1159 PM  51    2004  62      4       70
                                      2000
  AVERAGE         77

PRECIPITATION (IN)
  YESTERDAY        0.03          1.85 2016   0.11  -0.08     1.85
  MONTH TO DATE    7.96                      2.92   5.04     2.92
  SINCE JUN 1     12.23                      6.80   5.43     4.27
  SINCE JAN 1     26.34                     19.66   6.68    16.21

DEGREE DAYS
 HEATING
  YESTERDAY        0                         0      0        0
  MONTH TO DATE    1                         3     -2       10
  SINCE JUN 1     38                        89    -51       50
  SINCE JUL 1      1                         3     -2       10

 COOLING
  YESTERDAY       12                         7      5       14
  MONTH TO DATE  146                       158    -12      192
  SINCE JUN 1    287                       263     24      323
  SINCE JAN 1    308                       288     20      367
..................................................................


WIND (MPH)
  RESULTANT WIND SPEED   1   RESULTANT WIND DIRECTION   N (20)
  HIGHEST WIND SPEED    15   HIGHEST WIND DIRECTION    NE (30)
  HIGHEST GUST SPEED    22   HIGHEST GUST DIRECTION    NE (40)
  AVERAGE WIND SPEED     3.9


SKY COVER
  POSSIBLE SUNSHINE  MM
  AVERAGE SKY COVER 0.5


WEATHER CONDITIONS
 THE FOLLOWING WEATHER WAS RECORDED YESTERDAY.
  THUNDERSTORM
  LIGHT RAIN
  FOG


RELATIVE HUMIDITY (PERCENT)
 HIGHEST   100
 LOWEST     45
 AVERAGE    73

..........................................................


THE WAUKEGAN   CLIMATE NORMALS FOR TODAY
                         NORMAL    RECORD    YEAR
 MAXIMUM TEMPERATURE (F)   80       100      2005
 MINIMUM TEMPERATURE (F)   62        49      2000


SUNRISE AND SUNSET
JULY 24 2017..........SUNRISE   536 AM CDT   SUNSET   819 PM CDT
JULY 25 2017..........SUNRISE   537 AM CDT   SUNSET   818 PM CDT


-  INDICATES NEGATIVE NUMBERS.
R  INDICATES RECORD WAS SET OR TIED.
MM INDICATES DATA IS MISSING.
T  INDICATES TRACE AMOUNT.




$$
