000
CDUS43 KLOT 250639
CLIUGN


CLIMATE REPORT
NATIONAL WEATHER SERVICE CHICAGO IL
138 AM CDT SAT MAR 25 2017


...................................

...THE WAUKEGAN   CLIMATE SUMMARY FOR MARCH 24 2017...

CLIMATE NORMAL PERIOD 1981 TO 2010
CLIMATE RECORD PERIOD 2000 TO 2017


WEATHER ITEM   OBSERVED TIME   RECORD YEAR NORMAL DEPARTURE LAST
                VALUE   (LST)  VALUE       VALUE  FROM      YEAR
                                                  NORMAL
..................................................................
TEMPERATURE (F)
 YESTERDAY
  MAXIMUM         80R   151 PM  71    2003  47     33       37
  MINIMUM         38   1159 PM  10    2015  29      9       28
  AVERAGE         59

PRECIPITATION (IN)
  YESTERDAY        0.05          0.78 2016   0.09  -0.04     0.78
  MONTH TO DATE    0.55                      1.67  -1.12     2.32
  SINCE MAR 1      0.55                      1.67  -1.12     2.32
  SINCE JAN 1      4.77                      4.72   0.05     3.83

DEGREE DAYS
 HEATING
  YESTERDAY        6                        27    -21       32
  MONTH TO DATE  719                       743    -24      621
  SINCE MAR 1    719                       743    -24      621
  SINCE JUL 1   4831                      5689   -858     4966

 COOLING
  YESTERDAY        0                         0      0        0
  MONTH TO DATE    0                         0      0        0
  SINCE MAR 1      0                         0      0        0
  SINCE JAN 1      0                         0      0        0
..................................................................


WIND (MPH)
  RESULTANT WIND SPEED   5   RESULTANT WIND DIRECTION  SW (230)
  HIGHEST WIND SPEED    24   HIGHEST WIND DIRECTION    SW (230)
  HIGHEST GUST SPEED    36   HIGHEST GUST DIRECTION    SW (230)
  AVERAGE WIND SPEED    13.6


SKY COVER
  POSSIBLE SUNSHINE  MM
  AVERAGE SKY COVER 0.3


WEATHER CONDITIONS
 THE FOLLOWING WEATHER WAS RECORDED YESTERDAY.
  LIGHT RAIN
  FOG
  HAZE


RELATIVE HUMIDITY (PERCENT)
 HIGHEST    85
 LOWEST     30
 AVERAGE    58

..........................................................


THE WAUKEGAN   CLIMATE NORMALS FOR TODAY
                         NORMAL    RECORD    YEAR
 MAXIMUM TEMPERATURE (F)   47        78      2007
 MINIMUM TEMPERATURE (F)   29        14      2014


SUNRISE AND SUNSET
MARCH 25 2017.........SUNRISE   646 AM CDT   SUNSET   710 PM CDT
MARCH 26 2017.........SUNRISE   644 AM CDT   SUNSET   711 PM CDT


-  INDICATES NEGATIVE NUMBERS.
R  INDICATES RECORD WAS SET OR TIED.
MM INDICATES DATA IS MISSING.
T  INDICATES TRACE AMOUNT.




$$
