165
CDUS43 KLOT 270636
CLIUGN


CLIMATE REPORT
NATIONAL WEATHER SERVICE CHICAGO IL
134 AM CDT WED JUL 27 2016


...................................

...THE WAUKEGAN   CLIMATE SUMMARY FOR JULY 26 2016...

CLIMATE NORMAL PERIOD 1981 TO 2010
CLIMATE RECORD PERIOD 2000 TO 2016


WEATHER ITEM   OBSERVED TIME   RECORD YEAR NORMAL DEPARTURE LAST
                VALUE   (LST)  VALUE       VALUE  FROM      YEAR
                                                  NORMAL
..................................................................
TEMPERATURE (F)
 YESTERDAY
  MAXIMUM         84    237 PM  89    2012  80      4       76
  MINIMUM         64    147 AM  55    2004  62      2       58
  AVERAGE         74

PRECIPITATION (IN)
  YESTERDAY        0.00          0.41 2005   0.12  -0.12      T
  MONTH TO DATE    2.92                      3.27  -0.35     4.29
  SINCE JUN 1      4.27                      7.15  -2.88     8.55
  SINCE JAN 1     16.21                     20.01  -3.80    17.95

DEGREE DAYS
 HEATING
  YESTERDAY        0                         0      0        0
  MONTH TO DATE   10                         3      7       45
  SINCE JUN 1     50                        89    -39      148
  SINCE JUL 1     10                         3      7       45

 COOLING
  YESTERDAY        9                         6      3        2
  MONTH TO DATE  230                       178     52      109
  SINCE JUN 1    361                       283     78      163
  SINCE JAN 1    405                       308     97      188
..................................................................


WIND (MPH)
  RESULTANT WIND SPEED   2   RESULTANT WIND DIRECTION  SE (120)
  HIGHEST WIND SPEED    10   HIGHEST WIND DIRECTION     E (90)
  HIGHEST GUST SPEED    13   HIGHEST GUST DIRECTION     E (100)
  AVERAGE WIND SPEED     3.5


SKY COVER
  POSSIBLE SUNSHINE  MM
  AVERAGE SKY COVER 0.0


WEATHER CONDITIONS
 THE FOLLOWING WEATHER WAS RECORDED YESTERDAY.
  NO SIGNIFICANT WEATHER WAS OBSERVED.


RELATIVE HUMIDITY (PERCENT)
 HIGHEST    93
 LOWEST     51
 AVERAGE    72

..........................................................


THE WAUKEGAN   CLIMATE NORMALS FOR TODAY
                         NORMAL    RECORD    YEAR
 MAXIMUM TEMPERATURE (F)   80        88      2002
 MINIMUM TEMPERATURE (F)   62        54      2005


SUNRISE AND SUNSET
JULY 27 2016..........SUNRISE   539 AM CDT   SUNSET   816 PM CDT
JULY 28 2016..........SUNRISE   540 AM CDT   SUNSET   815 PM CDT


-  INDICATES NEGATIVE NUMBERS.
R  INDICATES RECORD WAS SET OR TIED.
MM INDICATES DATA IS MISSING.
T  INDICATES TRACE AMOUNT.




$$
