000
CDUS43 KLOT 250635
CLIUGN


CLIMATE REPORT
NATIONAL WEATHER SERVICE CHICAGO IL
135 AM CDT TUE APR 25 2017


...................................

...THE WAUKEGAN   CLIMATE SUMMARY FOR APRIL 24 2017...

CLIMATE NORMAL PERIOD 1981 TO 2010
CLIMATE RECORD PERIOD 2000 TO 2017


WEATHER ITEM   OBSERVED TIME   RECORD YEAR NORMAL DEPARTURE LAST
                VALUE   (LST)  VALUE       VALUE  FROM      YEAR
                                                  NORMAL
..................................................................
TEMPERATURE (F)
 YESTERDAY
  MAXIMUM         65    238 PM  84    2009  59      6       63
  MINIMUM         33    524 AM  25    2015  40     -7       35
  AVERAGE         49

PRECIPITATION (IN)
  YESTERDAY        0.00          0.57 2010   0.12  -0.12     0.00
  MONTH TO DATE    2.89                      2.60   0.29     1.54
  SINCE MAR 1      6.32                      4.92   1.40     4.78
  SINCE JAN 1     10.54                      7.97   2.57     6.29

DEGREE DAYS
 HEATING
  YESTERDAY       16                        16      0       16
  MONTH TO DATE  361                       485   -124      530
  SINCE MAR 1   1254                      1409   -155     1307
  SINCE JUL 1   5366                      6355   -989     5652

 COOLING
  YESTERDAY        0                         0      0        0
  MONTH TO DATE    4                         0      4        0
  SINCE MAR 1      4                         0      4        0
  SINCE JAN 1      4                         0      4        0
..................................................................


WIND (MPH)
  RESULTANT WIND SPEED   4   RESULTANT WIND DIRECTION   E (110)
  HIGHEST WIND SPEED    13   HIGHEST WIND DIRECTION    SE (150)
  HIGHEST GUST SPEED    17   HIGHEST GUST DIRECTION     S (160)
  AVERAGE WIND SPEED     5.6


SKY COVER
  POSSIBLE SUNSHINE  MM
  AVERAGE SKY COVER 0.0


WEATHER CONDITIONS
 THE FOLLOWING WEATHER WAS RECORDED YESTERDAY.
  FOG
  HAZE


RELATIVE HUMIDITY (PERCENT)
 HIGHEST    89
 LOWEST     30
 AVERAGE    60

..........................................................


THE WAUKEGAN   CLIMATE NORMALS FOR TODAY
                         NORMAL    RECORD    YEAR
 MAXIMUM TEMPERATURE (F)   59        82      2016
 MINIMUM TEMPERATURE (F)   40        28      2006


SUNRISE AND SUNSET
APRIL 25 2017.........SUNRISE   555 AM CDT   SUNSET   745 PM CDT
APRIL 26 2017.........SUNRISE   553 AM CDT   SUNSET   746 PM CDT


-  INDICATES NEGATIVE NUMBERS.
R  INDICATES RECORD WAS SET OR TIED.
MM INDICATES DATA IS MISSING.
T  INDICATES TRACE AMOUNT.




$$
