000
CDUS46 KSEW 290827
CLIUIL


CLIMATE REPORT
NATIONAL WEATHER SERVICE SEATTLE WA
127 AM PDT MON JUN 29 2015


...................................

...THE QUILLAYUTE WA AIRPORT CLIMATE SUMMARY FOR JUNE 28 2015...

CLIMATE NORMAL PERIOD 1981 TO 2010
CLIMATE RECORD PERIOD 1966 TO 2015


WEATHER ITEM   OBSERVED TIME   RECORD YEAR NORMAL DEPARTURE LAST
                VALUE   (LST)  VALUE       VALUE  FROM      YEAR
                                                  NORMAL
..................................................................
TEMPERATURE (F)
 YESTERDAY
  MAXIMUM         79    135 PM  92    1995  65     14       62
  MINIMUM         57    334 AM  39    1985  49      8       54
  AVERAGE         68                        57     11       58

PRECIPITATION (IN)
  YESTERDAY        0.06          2.31 2002   0.09  -0.03     0.32
  MONTH TO DATE    0.20                      3.32  -3.12     1.92
  SINCE OCT 1     86.35                     91.07  -4.72    71.34
  SINCE JAN 1     41.60                     52.07 -10.47    54.11

DEGREE DAYS
 HEATING
  YESTERDAY        0                         8     -8        7
  MONTH TO DATE  185                       278    -93      241
  SINCE JUN 1    185                       278    -93      241
  SINCE JUL 1   4513                      5746  -1233     4844

 COOLING
  YESTERDAY        3                         0      3        0
  MONTH TO DATE   13                         0     13        0
  SINCE JUN 1     13                         0     13        0
  SINCE JAN 1     13                         1     12        4
..................................................................


WIND (MPH)
  RESULTANT WIND SPEED   1   RESULTANT WIND DIRECTION   S (190)
  HIGHEST WIND SPEED    16   HIGHEST WIND DIRECTION     S (190)
  HIGHEST GUST SPEED    26   HIGHEST GUST DIRECTION    SE (140)
  AVERAGE WIND SPEED     4.4


SKY COVER
  AVERAGE SKY COVER 0.2


WEATHER CONDITIONS
 THE FOLLOWING WEATHER WAS RECORDED YESTERDAY.
  LIGHT RAIN
  FOG
  HAZE


RELATIVE HUMIDITY (PERCENT)
 HIGHEST   100           600 PM
 LOWEST     58           200 PM
 AVERAGE    79

..........................................................


THE QUILLAYUTE WA AIRPORT CLIMATE NORMALS FOR TODAY
                         NORMAL    RECORD    YEAR
 MAXIMUM TEMPERATURE (F)   65        92      1995
 MINIMUM TEMPERATURE (F)   49        38      1971


SUNRISE AND SUNSET
JUNE 29 2015..........SUNRISE   522 AM PDT   SUNSET   921 PM PDT
JUNE 30 2015..........SUNRISE   522 AM PDT   SUNSET   921 PM PDT


-  INDICATES NEGATIVE NUMBERS.
R  INDICATES RECORD WAS SET OR TIED.
MM INDICATES DATA IS MISSING.
T  INDICATES TRACE AMOUNT.




$$
