000
CDUS46 KSEW 260827
CLIUIL


CLIMATE REPORT
NATIONAL WEATHER SERVICE SEATTLE WA
1226 AM PST MON JAN 26 2015


...................................

...THE QUILLAYUTE WA AIRPORT CLIMATE SUMMARY FOR JANUARY 25 2015...

CLIMATE NORMAL PERIOD 1981 TO 2010
CLIMATE RECORD PERIOD 1966 TO 2015


WEATHER ITEM   OBSERVED TIME   RECORD YEAR NORMAL DEPARTURE LAST
                VALUE   (LST)  VALUE       VALUE  FROM      YEAR
                                                  NORMAL
..................................................................
TEMPERATURE (F)
 YESTERDAY
  MAXIMUM         56    348 PM  60    2014  48      8       60
  MINIMUM         45   1159 PM  20    1972  36      9       31
  AVERAGE         51                        42      9       46

PRECIPITATION (IN)
  YESTERDAY        0.00          4.45 1971   0.44  -0.44     0.00
  MONTH TO DATE   11.42                     12.02  -0.60     9.40
  SINCE OCT 1     56.17                     51.02   5.15    26.63
  SINCE JAN 1     11.42                     12.02  -0.60     9.40

DEGREE DAYS
 HEATING
  YESTERDAY       14                        23     -9       19
  MONTH TO DATE  480                       587   -107      490
  SINCE DEC 1   1105                      1351   -246     1247
  SINCE JUL 1   2339                      3065   -726     2443

 COOLING
  YESTERDAY        0                         0      0        0
  MONTH TO DATE    0                         0      0        0
  SINCE DEC 1      0                         0      0        0
  SINCE JAN 1      0                         0      0        0
..................................................................


WIND (MPH)
  RESULTANT WIND SPEED   2   RESULTANT WIND DIRECTION   E (90)
  HIGHEST WIND SPEED    10   HIGHEST WIND DIRECTION     S (200)
  HIGHEST GUST SPEED    14   HIGHEST GUST DIRECTION     S (200)
  AVERAGE WIND SPEED     3.7


SKY COVER
  AVERAGE SKY COVER 0.4


WEATHER CONDITIONS
 THE FOLLOWING WEATHER WAS RECORDED YESTERDAY.
  FOG


RELATIVE HUMIDITY (PERCENT)
 HIGHEST   100          1200 AM
 LOWEST     86           100 PM
 AVERAGE    93

..........................................................


THE QUILLAYUTE WA AIRPORT CLIMATE NORMALS FOR TODAY
                         NORMAL    RECORD    YEAR
 MAXIMUM TEMPERATURE (F)   48        61      2014
 MINIMUM TEMPERATURE (F)   36        19      1972


SUNRISE AND SUNSET
JANUARY 26 2015.......SUNRISE   753 AM PST   SUNSET   509 PM PST
JANUARY 27 2015.......SUNRISE   752 AM PST   SUNSET   510 PM PST


-  INDICATES NEGATIVE NUMBERS.
R  INDICATES RECORD WAS SET OR TIED.
MM INDICATES DATA IS MISSING.
T  INDICATES TRACE AMOUNT.




$$
