000
CDUS46 KSEW 260828
CLIUIL


CLIMATE REPORT
NATIONAL WEATHER SERVICE SEATTLE WA
128 AM PDT THU MAR 26 2015


...................................

...THE QUILLAYUTE WA AIRPORT CLIMATE SUMMARY FOR MARCH 25 2015...

CLIMATE NORMAL PERIOD 1981 TO 2010
CLIMATE RECORD PERIOD 1966 TO 2015


WEATHER ITEM   OBSERVED TIME   RECORD YEAR NORMAL DEPARTURE LAST
                VALUE   (LST)  VALUE       VALUE  FROM      YEAR
                                                  NORMAL
..................................................................
TEMPERATURE (F)
 YESTERDAY
  MAXIMUM         54    445 PM  66    1969  52      2       51
  MINIMUM         46    117 AM  25    1996  38      8       44
  AVERAGE         50                        45      5       48

PRECIPITATION (IN)
  YESTERDAY        2.49R         1.19 1984   0.34   2.15     1.04
  MONTH TO DATE   10.92                      8.86   2.06    14.23
  SINCE OCT 1     75.50                     72.82   2.68    54.03
  SINCE JAN 1     30.75                     33.82  -3.07    36.80

DEGREE DAYS
 HEATING
  YESTERDAY       15                        20     -5       17
  MONTH TO DATE  452                       528    -76      481
  SINCE MAR 1    452                       528    -76      481
  SINCE JUL 1   3362                      4373  -1011     3675

 COOLING
  YESTERDAY        0                         0      0        0
  MONTH TO DATE    0                         0      0        0
  SINCE MAR 1      0                         0      0        0
  SINCE JAN 1      0                         0      0        0
..................................................................


WIND (MPH)
  RESULTANT WIND SPEED   8   RESULTANT WIND DIRECTION   S (170)
  HIGHEST WIND SPEED    16   HIGHEST WIND DIRECTION     S (190)
  HIGHEST GUST SPEED    26   HIGHEST GUST DIRECTION     S (190)
  AVERAGE WIND SPEED     9.3


SKY COVER
  AVERAGE SKY COVER 1.0


WEATHER CONDITIONS
 THE FOLLOWING WEATHER WAS RECORDED YESTERDAY.
  RAIN
  LIGHT RAIN
  FOG


RELATIVE HUMIDITY (PERCENT)
 HIGHEST   100           200 AM
 LOWEST     86          1200 AM
 AVERAGE    93

..........................................................


THE QUILLAYUTE WA AIRPORT CLIMATE NORMALS FOR TODAY
                         NORMAL    RECORD    YEAR
 MAXIMUM TEMPERATURE (F)   52        69      1969
 MINIMUM TEMPERATURE (F)   38        25      1972


SUNRISE AND SUNSET
MARCH 26 2015.........SUNRISE   709 AM PDT   SUNSET   740 PM PDT
MARCH 27 2015.........SUNRISE   707 AM PDT   SUNSET   741 PM PDT


-  INDICATES NEGATIVE NUMBERS.
R  INDICATES RECORD WAS SET OR TIED.
MM INDICATES DATA IS MISSING.
T  INDICATES TRACE AMOUNT.




$$
