000
CDUS46 KSEW 210845
CLIUIL


CLIMATE REPORT
NATIONAL WEATHER SERVICE SEATTLE WA
145 AM PDT FRI JUL 21 2017


...................................

...THE QUILLAYUTE WA AIRPORT CLIMATE SUMMARY FOR JULY 20 2017...

CLIMATE NORMAL PERIOD 1981 TO 2010
CLIMATE RECORD PERIOD 1966 TO 2017


WEATHER ITEM   OBSERVED TIME   RECORD YEAR NORMAL DEPARTURE LAST
                VALUE   (LST)  VALUE       VALUE  FROM      YEAR
                                                  NORMAL
..................................................................
TEMPERATURE (F)
 YESTERDAY
  MAXIMUM         68    351 PM  88    1972  68      0       71
  MINIMUM         50   1159 PM  41    1974  51     -1       53
  AVERAGE         59                        60     -1       62

PRECIPITATION (IN)
  YESTERDAY        0.08          0.73 2007   0.05   0.03     0.00
  MONTH TO DATE    0.13                      1.37  -1.24     2.13
  SINCE OCT 1    126.96                     92.62  34.34   101.46
  SINCE JAN 1     67.03                     53.62  13.41    57.48

DEGREE DAYS
 HEATING
  YESTERDAY        6                         6      0        3
  MONTH TO DATE  136                       134      2      117
  SINCE JUN 1    404                       428    -24      366
  SINCE JUL 1    136                       134      2      117

 COOLING
  YESTERDAY        0                         0      0        0
  MONTH TO DATE    0                         0      0        0
  SINCE JUN 1     11                         3      8       11
  SINCE JAN 1     11                         4      7       11
..................................................................


WIND (MPH)
  RESULTANT WIND SPEED   4   RESULTANT WIND DIRECTION   S (200)
  HIGHEST WIND SPEED    14   HIGHEST WIND DIRECTION    SW (210)
  HIGHEST GUST SPEED    17   HIGHEST GUST DIRECTION    SW (240)
  AVERAGE WIND SPEED     4.9


SKY COVER
  AVERAGE SKY COVER 0.7


WEATHER CONDITIONS
 THE FOLLOWING WEATHER WAS RECORDED YESTERDAY.
  LIGHT RAIN
  FOG


RELATIVE HUMIDITY (PERCENT)
 HIGHEST   100           300 AM
 LOWEST     63           400 PM
 AVERAGE    82

..........................................................


THE QUILLAYUTE WA AIRPORT CLIMATE NORMALS FOR TODAY
                         NORMAL    RECORD    YEAR
 MAXIMUM TEMPERATURE (F)   68        93      1980
 MINIMUM TEMPERATURE (F)   51        44      2005


SUNRISE AND SUNSET
JULY 21 2017..........SUNRISE   542 AM PDT   SUNSET   907 PM PDT
JULY 22 2017..........SUNRISE   543 AM PDT   SUNSET   906 PM PDT


-  INDICATES NEGATIVE NUMBERS.
R  INDICATES RECORD WAS SET OR TIED.
MM INDICATES DATA IS MISSING.
T  INDICATES TRACE AMOUNT.




$$
