000
CDUS46 KSEW 230830
CLIUIL


CLIMATE REPORT
NATIONAL WEATHER SERVICE SEATTLE WA
128 AM PDT SAT MAY 23 2015


...................................

...THE QUILLAYUTE WA AIRPORT CLIMATE SUMMARY FOR MAY 22 2015...

CLIMATE NORMAL PERIOD 1981 TO 2010
CLIMATE RECORD PERIOD 1966 TO 2015


WEATHER ITEM   OBSERVED TIME   RECORD YEAR NORMAL DEPARTURE LAST
                VALUE   (LST)  VALUE       VALUE  FROM      YEAR
                                                  NORMAL
..................................................................
TEMPERATURE (F)
 YESTERDAY
  MAXIMUM         56    317 PM  85    1969  60     -4       66
  MINIMUM         50    205 AM  36    1977  44      6       48
  AVERAGE         53                        52      1       57

PRECIPITATION (IN)
  YESTERDAY        T             1.13 1974   0.15  -0.15      T
  MONTH TO DATE    0.65                      3.75  -3.10     3.21
  SINCE OCT 1     86.13                     86.39  -0.26    68.72
  SINCE JAN 1     41.38                     47.39  -6.01    51.49

DEGREE DAYS
 HEATING
  YESTERDAY       12                        13     -1        8
  MONTH TO DATE  271                       317    -46      215
  SINCE MAR 1   1330                      1514   -184     1303
  SINCE JUL 1   4240                      5359  -1119     4497

 COOLING
  YESTERDAY        0                         0      0        0
  MONTH TO DATE    0                         0      0        2
  SINCE MAR 1      0                         0      0        4
  SINCE JAN 1      0                         0      0        4
..................................................................


WIND (MPH)
  RESULTANT WIND SPEED   3   RESULTANT WIND DIRECTION  SW (230)
  HIGHEST WIND SPEED     9   HIGHEST WIND DIRECTION    SW (230)
  HIGHEST GUST SPEED    12   HIGHEST GUST DIRECTION    SW (220)
  AVERAGE WIND SPEED     3.7


SKY COVER
  AVERAGE SKY COVER 1.0


WEATHER CONDITIONS
 THE FOLLOWING WEATHER WAS RECORDED YESTERDAY.
  LIGHT RAIN
  FOG


RELATIVE HUMIDITY (PERCENT)
 HIGHEST   100           100 AM
 LOWEST     86           100 PM
 AVERAGE    93

..........................................................


THE QUILLAYUTE WA AIRPORT CLIMATE NORMALS FOR TODAY
                         NORMAL    RECORD    YEAR
 MAXIMUM TEMPERATURE (F)   61        81      1983
 MINIMUM TEMPERATURE (F)   44        33      1987


SUNRISE AND SUNSET
MAY 23 2015...........SUNRISE   531 AM PDT   SUNSET   900 PM PDT
MAY 24 2015...........SUNRISE   530 AM PDT   SUNSET   901 PM PDT


-  INDICATES NEGATIVE NUMBERS.
R  INDICATES RECORD WAS SET OR TIED.
MM INDICATES DATA IS MISSING.
T  INDICATES TRACE AMOUNT.




$$
