000
CDUS46 KSEW 280830
CLIUIL


CLIMATE REPORT
NATIONAL WEATHER SERVICE SEATTLE WA
130 AM PDT SUN MAY 28 2017


...................................

...THE QUILLAYUTE WA AIRPORT CLIMATE SUMMARY FOR MAY 27 2017...

CLIMATE NORMAL PERIOD 1981 TO 2010
CLIMATE RECORD PERIOD 1966 TO 2017


WEATHER ITEM   OBSERVED TIME   RECORD YEAR NORMAL DEPARTURE LAST
                VALUE   (LST)  VALUE       VALUE  FROM      YEAR
                                                  NORMAL
..................................................................
TEMPERATURE (F)
 YESTERDAY
  MAXIMUM         72    326 PM  89    2005  61     11       58
                                      1972
  MINIMUM         45    458 AM  33    1982  45      0       43
  AVERAGE         59                        53      6       51

PRECIPITATION (IN)
  YESTERDAY        0.00          1.86 1977   0.15  -0.15     0.10
  MONTH TO DATE    4.77                      4.50   0.27     0.44
  SINCE OCT 1    122.15                     87.14  35.01    93.93
  SINCE JAN 1     62.22                     48.14  14.08    49.95

DEGREE DAYS
 HEATING
  YESTERDAY        6                        12     -6       14
  MONTH TO DATE  349                       378    -29      305
  SINCE MAR 1   1540                      1575    -35     1221
  SINCE JUL 1   5362                      5420    -58     4344

 COOLING
  YESTERDAY        0                         0      0        0
  MONTH TO DATE    0                         0      0        0
  SINCE MAR 1      0                         0      0        0
  SINCE JAN 1      0                         0      0        0
..................................................................


WIND (MPH)
  RESULTANT WIND SPEED   3   RESULTANT WIND DIRECTION  SW (240)
  HIGHEST WIND SPEED    10   HIGHEST WIND DIRECTION    SW (230)
  HIGHEST GUST SPEED    13   HIGHEST GUST DIRECTION    SW (240)
  AVERAGE WIND SPEED     3.6


SKY COVER
  AVERAGE SKY COVER 0.0


WEATHER CONDITIONS
 THE FOLLOWING WEATHER WAS RECORDED YESTERDAY.
  NO SIGNIFICANT WEATHER WAS OBSERVED.


RELATIVE HUMIDITY (PERCENT)
 HIGHEST   100          1200 AM
 LOWEST     49           200 PM
 AVERAGE    75

..........................................................


THE QUILLAYUTE WA AIRPORT CLIMATE NORMALS FOR TODAY
                         NORMAL    RECORD    YEAR
 MAXIMUM TEMPERATURE (F)   61        86      1972
 MINIMUM TEMPERATURE (F)   45        35      1999


SUNRISE AND SUNSET
MAY 28 2017...........SUNRISE   526 AM PDT   SUNSET   906 PM PDT
MAY 29 2017...........SUNRISE   525 AM PDT   SUNSET   907 PM PDT


-  INDICATES NEGATIVE NUMBERS.
R  INDICATES RECORD WAS SET OR TIED.
MM INDICATES DATA IS MISSING.
T  INDICATES TRACE AMOUNT.




$$
