000
CDUS46 KSEW 220857
CLIUIL


CLIMATE REPORT
NATIONAL WEATHER SERVICE SEATTLE WA
156 AM PDT FRI SEP 22 2017


...................................

...THE QUILLAYUTE WA AIRPORT CLIMATE SUMMARY FOR SEPTEMBER 21 2017...

CLIMATE NORMAL PERIOD 1981 TO 2010
CLIMATE RECORD PERIOD 1966 TO 2017


WEATHER ITEM   OBSERVED TIME   RECORD YEAR NORMAL DEPARTURE LAST
                VALUE   (LST)  VALUE       VALUE  FROM      YEAR
                                                  NORMAL
..................................................................
TEMPERATURE (F)
 YESTERDAY
  MAXIMUM         64   1125 AM  85    1974  65     -1       71
  MINIMUM         42    637 AM  34    2005  46     -4       40
                                      1993
  AVERAGE         53                        56     -3       56

PRECIPITATION (IN)
  YESTERDAY        0.00          1.43 1981   0.13  -0.13     0.00
  MONTH TO DATE    2.94                      2.37   0.57     3.65
  SINCE OCT 1    130.47                     98.09  32.38   105.82
  SINCE JAN 1     70.54                     59.09  11.45    61.84

DEGREE DAYS
 HEATING
  YESTERDAY       12                         9      3        9
  MONTH TO DATE  130                       162    -32      173
  SINCE SEP 1    130                       162    -32      173
  SINCE JUL 1    436                       531    -95      449

 COOLING
  YESTERDAY        0                         0      0        0
  MONTH TO DATE   20                         0     20        0
  SINCE SEP 1     20                         0     20        0
  SINCE JAN 1     73                        17     56       54
..................................................................


WIND (MPH)
  RESULTANT WIND SPEED   1   RESULTANT WIND DIRECTION  SW (240)
  HIGHEST WIND SPEED    13   HIGHEST WIND DIRECTION    SW (240)
  HIGHEST GUST SPEED    15   HIGHEST GUST DIRECTION     W (250)
  AVERAGE WIND SPEED     3.3


SKY COVER
  AVERAGE SKY COVER 0.1


WEATHER CONDITIONS
 THE FOLLOWING WEATHER WAS RECORDED YESTERDAY.
  NO SIGNIFICANT WEATHER WAS OBSERVED.


RELATIVE HUMIDITY (PERCENT)
 HIGHEST   100           900 PM
 LOWEST     56          1100 AM
 AVERAGE    78

..........................................................


THE QUILLAYUTE WA AIRPORT CLIMATE NORMALS FOR TODAY
                         NORMAL    RECORD    YEAR
 MAXIMUM TEMPERATURE (F)   65        89      2009
                                             1989
                                             1974
 MINIMUM TEMPERATURE (F)   46        35      1993


SUNRISE AND SUNSET
SEPTEMBER 22 2017.....SUNRISE   705 AM PDT   SUNSET   715 PM PDT
SEPTEMBER 23 2017.....SUNRISE   707 AM PDT   SUNSET   713 PM PDT


-  INDICATES NEGATIVE NUMBERS.
R  INDICATES RECORD WAS SET OR TIED.
MM INDICATES DATA IS MISSING.
T  INDICATES TRACE AMOUNT.




$$
