000
CDUS46 KSEW 260122
CLIUIL


CLIMATE REPORT
NATIONAL WEATHER SERVICE SEATTLE WA
622 PM PDT SAT OCT 25 2014


...................................

...THE QUILLAYUTE WA AIRPORT CLIMATE SUMMARY FOR OCTOBER 25 2014...
VALID TODAY AS OF 0600 PM LOCAL TIME.

CLIMATE NORMAL PERIOD 1981 TO 2010
CLIMATE RECORD PERIOD 1966 TO 2014


WEATHER ITEM   OBSERVED TIME   RECORD YEAR NORMAL DEPARTURE LAST
                VALUE   (LST)  VALUE       VALUE  FROM      YEAR
                                                  NORMAL
..................................................................
TEMPERATURE (F)
 TODAY
  MAXIMUM         57    932 AM  65    2003  55      2       62
                                      2000
  MINIMUM         49   1201 AM  30    1978  41      8       46
  AVERAGE         53                        48      5       54

PRECIPITATION (IN)
  TODAY            1.15          3.21 1971   0.41   0.74     0.01
  MONTH TO DATE   14.02                      7.87   6.15     2.61
  SINCE OCT 1     14.02                      7.87   6.15     2.61
  SINCE JAN 1     74.42                     68.41   6.01    74.02

DEGREE DAYS
 HEATING
  TODAY           12                        17     -5       11
  MONTH TO DATE  188                       361   -173      312
  SINCE SEP 1    327                       617   -290      431
  SINCE JUL 1    577                       986   -409      603

 COOLING
  TODAY            0                         0      0        0
  MONTH TO DATE    0                         0      0        0
  SINCE SEP 1      7                         2      5       14
  SINCE JAN 1     25                        19      6       39
..................................................................


WIND (MPH)
  RESULTANT WIND SPEED   5   RESULTANT WIND DIRECTION  NE (60)
  HIGHEST WIND SPEED    17   HIGHEST WIND DIRECTION    NW (300)
  HIGHEST GUST SPEED    28   HIGHEST GUST DIRECTION    SE (150)
  AVERAGE WIND SPEED     9.5


SKY COVER
  AVERAGE SKY COVER 1.0


WEATHER CONDITIONS
 THE FOLLOWING WEATHER WAS RECORDED TODAY.
  RAIN
  LIGHT RAIN
  FOG


RELATIVE HUMIDITY (PERCENT)
 HIGHEST   100          1200 AM
 LOWEST     86           900 AM
 AVERAGE    93

..........................................................


THE QUILLAYUTE WA AIRPORT CLIMATE NORMALS FOR TOMORROW
                         NORMAL    RECORD    YEAR
 MAXIMUM TEMPERATURE (F)   55        68      2003
 MINIMUM TEMPERATURE (F)   41        28      1970


SUNRISE AND SUNSET
OCTOBER 25 2014.......SUNRISE   752 AM PDT   SUNSET   611 PM PDT
OCTOBER 26 2014.......SUNRISE   754 AM PDT   SUNSET   610 PM PDT


-  INDICATES NEGATIVE NUMBERS.
R  INDICATES RECORD WAS SET OR TIED.
MM INDICATES DATA IS MISSING.
T  INDICATES TRACE AMOUNT.




$$
