000
CDUS46 KSEW 050830
CLIUIL


CLIMATE REPORT
NATIONAL WEATHER SERVICE SEATTLE WA
1229 AM PST MON DEC 5 2016


...................................

...THE QUILLAYUTE WA AIRPORT CLIMATE SUMMARY FOR DECEMBER 4 2016...

CLIMATE NORMAL PERIOD 1981 TO 2010
CLIMATE RECORD PERIOD 1966 TO 2016


WEATHER ITEM   OBSERVED TIME   RECORD YEAR NORMAL DEPARTURE LAST
                VALUE   (LST)  VALUE       VALUE  FROM      YEAR
                                                  NORMAL
..................................................................
TEMPERATURE (F)
 YESTERDAY
  MAXIMUM         46    240 PM  58    1988  47     -1       54
                                      1985
  MINIMUM         32    900 PM  21    1994  35     -3       42
  AVERAGE         39                        41     -2       48

PRECIPITATION (IN)
  YESTERDAY        0.15          1.82 1971   0.45  -0.30     0.20
  MONTH TO DATE    2.84                      1.89   0.95     2.68
  SINCE OCT 1     49.64                     27.90  21.74    27.42
  SINCE JAN 1    112.01                     88.44  23.57    80.26

DEGREE DAYS
 HEATING
  YESTERDAY       26                        24      2       17
  MONTH TO DATE   87                        96     -9       59
  SINCE DEC 1     87                        96     -9       59
  SINCE JUL 1   1514                      1810   -296     1370

 COOLING
  YESTERDAY        0                         0      0        0
  MONTH TO DATE    0                         0      0        0
  SINCE DEC 1      0                         0      0        0
  SINCE JAN 1     54                        19     35       56
..................................................................


WIND (MPH)
  RESULTANT WIND SPEED   4   RESULTANT WIND DIRECTION  NW (320)
  HIGHEST WIND SPEED    23   HIGHEST WIND DIRECTION     W (280)
  HIGHEST GUST SPEED    33   HIGHEST GUST DIRECTION     W (290)
  AVERAGE WIND SPEED     6.5


SKY COVER
  AVERAGE SKY COVER 0.5


WEATHER CONDITIONS
 THE FOLLOWING WEATHER WAS RECORDED YESTERDAY.
  RAIN
  LIGHT RAIN
  FOG


RELATIVE HUMIDITY (PERCENT)
 HIGHEST   100           300 AM
 LOWEST     58          1100 AM
 AVERAGE    79

..........................................................


THE QUILLAYUTE WA AIRPORT CLIMATE NORMALS FOR TODAY
                         NORMAL    RECORD    YEAR
 MAXIMUM TEMPERATURE (F)   47        57      2014
 MINIMUM TEMPERATURE (F)   35        21      2013


SUNRISE AND SUNSET
DECEMBER  5 2016......SUNRISE   752 AM PST   SUNSET   426 PM PST
DECEMBER  6 2016......SUNRISE   753 AM PST   SUNSET   426 PM PST


-  INDICATES NEGATIVE NUMBERS.
R  INDICATES RECORD WAS SET OR TIED.
MM INDICATES DATA IS MISSING.
T  INDICATES TRACE AMOUNT.




$$
