000
CDUS43 KLSX 232225
CLIUIN


CLIMATE REPORT
NATIONAL WEATHER SERVICE ST LOUIS MO
525 PM CDT TUE MAY 23 2017


...................................

...THE QUINCY IL CLIMATE SUMMARY FOR MAY 23 2017...
VALID TODAY AS OF 0500 PM LOCAL TIME.

CLIMATE NORMAL PERIOD 1981 TO 2010
CLIMATE RECORD PERIOD 1901 TO 2017


WEATHER ITEM   OBSERVED TIME   RECORD YEAR NORMAL DEPARTURE LAST
                VALUE   (LST)  VALUE       VALUE  FROM      YEAR
                                                  NORMAL
..................................................................
TEMPERATURE (F)
 TODAY
  MAXIMUM         64    339 PM  93    1921  75    -11       83
  MINIMUM         55    212 AM  40    1963  55      0       55
                                      1917
  AVERAGE         60                        65     -5       69

PRECIPITATION (IN)
  TODAY            0.76          1.16 1966   0.15   0.61     0.00
  MONTH TO DATE    4.53                      3.29   1.24     1.87
  SINCE MAR 1     14.52                      9.44   5.08     6.29
  SINCE JAN 1     16.57                     12.84   3.73     6.91

DEGREE DAYS
 HEATING
  TODAY            5                         3      2
  MONTH TO DATE  107                       117    -10
  SINCE MAR 1    977                      1205   -228
  SINCE JUL 1   4418                      5547  -1129

 COOLING
  TODAY            0                         3     -3
  MONTH TO DATE   61                        39     22
  SINCE MAR 1     93                        57     36
  SINCE JAN 1     93                        57     36
..................................................................


WIND (MPH)
  HIGHEST WIND SPEED    14   HIGHEST WIND DIRECTION    NW (310)
  HIGHEST GUST SPEED    17   HIGHEST GUST DIRECTION    NW (310)
  AVERAGE WIND SPEED     6.8


SKY COVER
  AVERAGE SKY COVER 0.9



RELATIVE HUMIDITY (PERCENT)
 HIGHEST   100           300 AM
 LOWEST     67           400 PM
 AVERAGE    84

..........................................................


THE QUINCY IL CLIMATE NORMALS FOR TOMORROW
                         NORMAL    RECORD    YEAR
 MAXIMUM TEMPERATURE (F)   75        94      1921
 MINIMUM TEMPERATURE (F)   55        40      1917


SUNRISE AND SUNSET
MAY 23 2017...........SUNRISE   543 AM CDT   SUNSET   821 PM CDT
MAY 24 2017...........SUNRISE   542 AM CDT   SUNSET   821 PM CDT


-  INDICATES NEGATIVE NUMBERS.
R  INDICATES RECORD WAS SET OR TIED.
MM INDICATES DATA IS MISSING.
T  INDICATES TRACE AMOUNT.




$$
