000
CDUS43 KLSX 060744
CLIUIN


CLIMATE REPORT
NATIONAL WEATHER SERVICE ST LOUIS MO
242 AM CDT MON JUL 6 2015


...................................

...THE QUINCY IL CLIMATE SUMMARY FOR JULY 5 2015...

CLIMATE NORMAL PERIOD 1981 TO 2010
CLIMATE RECORD PERIOD 1901 TO 2015


WEATHER ITEM   OBSERVED TIME   RECORD YEAR NORMAL DEPARTURE LAST
                VALUE   (LST)  VALUE       VALUE  FROM      YEAR
                                                  NORMAL
..................................................................
TEMPERATURE (F)
 YESTERDAY
  MAXIMUM         86    256 PM 104    1911  86      0       76
  MINIMUM         64    521 AM  50    1997  66     -2       60
                                      1972
                                      1940
  AVERAGE         75                        76     -1

PRECIPITATION (IN)
  YESTERDAY        0.00          3.09 1909   0.13  -0.13     0.10
  MONTH TO DATE    0.12                      0.64  -0.52     0.11
  SINCE JUN 1      8.65                      4.63   4.02     8.26
  SINCE JAN 1     17.33                     18.72  -1.39    16.67

DEGREE DAYS
 HEATING
  YESTERDAY        0                         0      0
  MONTH TO DATE    0                         0      0
  SINCE JUN 1      8                        16     -8
  SINCE JUL 1      0                         0      0

 COOLING
  YESTERDAY       10                        11     -1
  MONTH TO DATE   37                        55    -18
  SINCE JUN 1    284                       282      2
  SINCE JAN 1    398                       368     30
..................................................................


WIND (MPH)
  HIGHEST WIND SPEED    14   HIGHEST WIND DIRECTION     S (160)
  HIGHEST GUST SPEED    18   HIGHEST GUST DIRECTION    SE (140)
  AVERAGE WIND SPEED     7.2


SKY COVER
  AVERAGE SKY COVER 0.1



RELATIVE HUMIDITY (PERCENT)
 HIGHEST    93           500 AM
 LOWEST     55           300 PM
 AVERAGE    74

..........................................................


THE QUINCY IL CLIMATE NORMALS FOR TODAY
                         NORMAL    RECORD    YEAR
 MAXIMUM TEMPERATURE (F)   86       105      2012
                                             1936
 MINIMUM TEMPERATURE (F)   66        50      1967


SUNRISE AND SUNSET
JULY  6 2015..........SUNRISE   542 AM CDT   SUNSET   836 PM CDT
JULY  7 2015..........SUNRISE   543 AM CDT   SUNSET   836 PM CDT


-  INDICATES NEGATIVE NUMBERS.
R  INDICATES RECORD WAS SET OR TIED.
MM INDICATES DATA IS MISSING.
T  INDICATES TRACE AMOUNT.




$$
