000
CDUS43 KLSX 050741
CLIUIN


CLIMATE REPORT
NATIONAL WEATHER SERVICE ST LOUIS MO
239 AM CDT WED AUG 5 2015


...................................

...THE QUINCY IL CLIMATE SUMMARY FOR AUGUST 4 2015...

CLIMATE NORMAL PERIOD 1981 TO 2010
CLIMATE RECORD PERIOD 1901 TO 2015


WEATHER ITEM   OBSERVED TIME   RECORD YEAR NORMAL DEPARTURE LAST
                VALUE   (LST)  VALUE       VALUE  FROM      YEAR
                                                  NORMAL
..................................................................
TEMPERATURE (F)
 YESTERDAY
  MAXIMUM         77    537 PM 105    1947  85     -8       86
                                      1934
  MINIMUM         65    354 AM  52    1978  66     -1       65
                                      1966
  AVERAGE         71                        76     -5

PRECIPITATION (IN)
  YESTERDAY        0.02          1.82 1902   0.12  -0.10      T
  MONTH TO DATE    0.12                      0.48  -0.36     0.07
  SINCE JUN 1     18.07                      8.51   9.56    11.11
  SINCE JAN 1     26.75                     22.60   4.15    19.52

DEGREE DAYS
 HEATING
  YESTERDAY        0                         0      0
  MONTH TO DATE    0                         0      0
  SINCE JUN 1     11                        16     -5
  SINCE JUL 1      3                         0      3

 COOLING
  YESTERDAY        6                        11     -5
  MONTH TO DATE   41                        44     -3
  SINCE JUN 1    624                       614     10
  SINCE JAN 1    738                       700     38
..................................................................


WIND (MPH)
  HIGHEST WIND SPEED    12   HIGHEST WIND DIRECTION    SE (140)
  HIGHEST GUST SPEED    15   HIGHEST GUST DIRECTION    SE (120)
  AVERAGE WIND SPEED     4.7


SKY COVER
  AVERAGE SKY COVER 0.3



RELATIVE HUMIDITY (PERCENT)
 HIGHEST    90           800 PM
 LOWEST     54           300 PM
 AVERAGE    72

..........................................................


THE QUINCY IL CLIMATE NORMALS FOR TODAY
                         NORMAL    RECORD    YEAR
 MAXIMUM TEMPERATURE (F)   85       108      1918
 MINIMUM TEMPERATURE (F)   66        52      1948


SUNRISE AND SUNSET
AUGUST  5 2015........SUNRISE   607 AM CDT   SUNSET   814 PM CDT
AUGUST  6 2015........SUNRISE   608 AM CDT   SUNSET   813 PM CDT


-  INDICATES NEGATIVE NUMBERS.
R  INDICATES RECORD WAS SET OR TIED.
MM INDICATES DATA IS MISSING.
T  INDICATES TRACE AMOUNT.




$$
