000
CDUS43 KLSX 282236
CLIUIN


CLIMATE REPORT
NATIONAL WEATHER SERVICE ST LOUIS MO
535 PM CDT WED JUN 28 2017


...................................

...THE QUINCY IL CLIMATE SUMMARY FOR JUNE 28 2017...
VALID TODAY AS OF 0500 PM LOCAL TIME.

CLIMATE NORMAL PERIOD 1981 TO 2010
CLIMATE RECORD PERIOD 1901 TO 2017


WEATHER ITEM   OBSERVED TIME   RECORD YEAR NORMAL DEPARTURE LAST
                VALUE   (LST)  VALUE       VALUE  FROM      YEAR
                                                  NORMAL
..................................................................
TEMPERATURE (F)
 TODAY
  MAXIMUM         87    359 PM 104    2012  85      2       84
                                      1934
  MINIMUM         66   1235 AM  53    1968  66      0       62
  AVERAGE         77                        75      2       73

PRECIPITATION (IN)
  TODAY            0.00          3.01 1902   0.12  -0.12     0.00
  MONTH TO DATE    2.33                      3.75  -1.42     0.61
  SINCE JUN 1      2.33                      3.75  -1.42     0.61
  SINCE JAN 1     19.11                     17.84   1.27     9.29

DEGREE DAYS
 HEATING
  TODAY            0                         0      0
  MONTH TO DATE    4                        14    -10
  SINCE JUN 1      4                        14    -10
  SINCE JUL 1   4437                      5580  -1143

 COOLING
  TODAY           12                        10      2
  MONTH TO DATE  253                       208     45
  SINCE JUN 1    253                       208     45
  SINCE JAN 1    362                       294     68
..................................................................


WIND (MPH)
  HIGHEST WIND SPEED    30   HIGHEST WIND DIRECTION     S (190)
  HIGHEST GUST SPEED    38   HIGHEST GUST DIRECTION     S (190)
  AVERAGE WIND SPEED    15.4


SKY COVER
  AVERAGE SKY COVER 0.3



RELATIVE HUMIDITY (PERCENT)
 HIGHEST    78           600 AM
 LOWEST     50           300 PM
 AVERAGE    64

..........................................................


THE QUINCY IL CLIMATE NORMALS FOR TOMORROW
                         NORMAL    RECORD    YEAR
 MAXIMUM TEMPERATURE (F)   85       103      2012
                                             1934
                                             1931
 MINIMUM TEMPERATURE (F)   66        52      1950
                                             1923


SUNRISE AND SUNSET
JUNE 28 2017..........SUNRISE   539 AM CDT   SUNSET   838 PM CDT
JUNE 29 2017..........SUNRISE   539 AM CDT   SUNSET   837 PM CDT


-  INDICATES NEGATIVE NUMBERS.
R  INDICATES RECORD WAS SET OR TIED.
MM INDICATES DATA IS MISSING.
T  INDICATES TRACE AMOUNT.




$$
