000
CDUS43 KLSX 040727
CLIUIN


CLIMATE REPORT
NATIONAL WEATHER SERVICE ST LOUIS MO
226 AM CDT WED MAY 4 2016


...................................

...THE QUINCY IL CLIMATE SUMMARY FOR MAY 3 2016...

CLIMATE NORMAL PERIOD 1981 TO 2010
CLIMATE RECORD PERIOD 1901 TO 2016


WEATHER ITEM   OBSERVED TIME   RECORD YEAR NORMAL DEPARTURE LAST
                VALUE   (LST)  VALUE       VALUE  FROM      YEAR
                                                  NORMAL
..................................................................
TEMPERATURE (F)
 YESTERDAY
  MAXIMUM         67    401 PM  88    1949  69     -2       83
                                      1901
  MINIMUM         47    519 AM  31    2005  49     -2       58
                                      1907
  AVERAGE         57                        59     -2

PRECIPITATION (IN)
  YESTERDAY        0.00          2.43 1935   0.14  -0.14      T
  MONTH TO DATE    T                         0.39  -0.39     0.05
  SINCE MAR 1      4.42                      6.54  -2.12     2.70
  SINCE JAN 1      5.04                      9.94  -4.90     4.74

DEGREE DAYS
 HEATING
  YESTERDAY        8                         7      1
  MONTH TO DATE   34                        22     12
  SINCE MAR 1    881                      1110   -229
  SINCE JUL 1   4478                      5452   -974

 COOLING
  YESTERDAY        0                         1     -1
  MONTH TO DATE    0                         3     -3
  SINCE MAR 1     21                        21      0
  SINCE JAN 1     21                        21      0
..................................................................


WIND (MPH)
  HIGHEST WIND SPEED    16   HIGHEST WIND DIRECTION    NW (300)
  HIGHEST GUST SPEED    20   HIGHEST GUST DIRECTION    NW (310)
  AVERAGE WIND SPEED     7.2


SKY COVER
  AVERAGE SKY COVER 0.6



RELATIVE HUMIDITY (PERCENT)
 HIGHEST   100           500 AM
 LOWEST     34           400 PM
 AVERAGE    67

..........................................................


THE QUINCY IL CLIMATE NORMALS FOR TODAY
                         NORMAL    RECORD    YEAR
 MAXIMUM TEMPERATURE (F)   69        89      1959
 MINIMUM TEMPERATURE (F)   49        26      1907


SUNRISE AND SUNSET
MAY  4 2016...........SUNRISE   601 AM CDT   SUNSET   803 PM CDT
MAY  5 2016...........SUNRISE   600 AM CDT   SUNSET   804 PM CDT


-  INDICATES NEGATIVE NUMBERS.
R  INDICATES RECORD WAS SET OR TIED.
MM INDICATES DATA IS MISSING.
T  INDICATES TRACE AMOUNT.




$$
