000
CDUS43 KLSX 260732
CLIUIN


CLIMATE REPORT
NATIONAL WEATHER SERVICE ST LOUIS MO
231 AM CDT SUN MAR 26 2017


...................................

...THE QUINCY IL CLIMATE SUMMARY FOR MARCH 25 2017...

CLIMATE NORMAL PERIOD 1981 TO 2010
CLIMATE RECORD PERIOD 1901 TO 2017


WEATHER ITEM   OBSERVED TIME   RECORD YEAR NORMAL DEPARTURE LAST
                VALUE   (LST)  VALUE       VALUE  FROM      YEAR
                                                  NORMAL
..................................................................
TEMPERATURE (F)
 YESTERDAY
  MAXIMUM         65   1159 AM  85    1907  56      9       53
  MINIMUM         55   1159 PM   7    1955  36     19       29
  AVERAGE         60                        46     14

PRECIPITATION (IN)
  YESTERDAY        0.40          1.85 1945   0.08   0.32     0.00
  MONTH TO DATE    1.14                      1.93  -0.79     0.78
  SINCE MAR 1      1.14                      1.93  -0.79     0.78
  SINCE JAN 1      3.19                      5.33  -2.14     1.40

DEGREE DAYS
 HEATING
  YESTERDAY        5                        20    -15
  MONTH TO DATE  528                       609    -81
  SINCE MAR 1    528                       609    -81
  SINCE JUL 1   3969                      4951   -982

 COOLING
  YESTERDAY        0                         0      0
  MONTH TO DATE    0                         0      0
  SINCE MAR 1      0                         0      0
  SINCE JAN 1      0                         0      0
..................................................................


WIND (MPH)
  HIGHEST WIND SPEED    16   HIGHEST WIND DIRECTION     S (160)
  HIGHEST GUST SPEED    22   HIGHEST GUST DIRECTION     E (90)
  AVERAGE WIND SPEED     9.4


SKY COVER
  AVERAGE SKY COVER 0.8



RELATIVE HUMIDITY (PERCENT)
 HIGHEST   100           100 AM
 LOWEST     67          1100 AM
 AVERAGE    84

..........................................................


THE QUINCY IL CLIMATE NORMALS FOR TODAY
                         NORMAL    RECORD    YEAR
 MAXIMUM TEMPERATURE (F)   56        82      1991
                                             1910
 MINIMUM TEMPERATURE (F)   36         4      1955


SUNRISE AND SUNSET
MARCH 26 2017.........SUNRISE   658 AM CDT   SUNSET   723 PM CDT
MARCH 27 2017.........SUNRISE   656 AM CDT   SUNSET   724 PM CDT


-  INDICATES NEGATIVE NUMBERS.
R  INDICATES RECORD WAS SET OR TIED.
MM INDICATES DATA IS MISSING.
T  INDICATES TRACE AMOUNT.




$$
