000
CDUS46 KEKA 241216
CLIUKI


CLIMATE REPORT
NATIONAL WEATHER SERVICE EUREKA CA
416 AM PST TUE JAN 24 2017


...................................

...THE UKIAH CA CLIMATE SUMMARY FOR JANUARY 23 2017...

CLIMATE NORMAL PERIOD 1981 TO 2010
CLIMATE RECORD PERIOD 1903 TO 2017


WEATHER ITEM   OBSERVED TIME   RECORD YEAR NORMAL DEPARTURE LAST
                VALUE   (LST)  VALUE       VALUE  FROM      YEAR
                                                  NORMAL
..................................................................
TEMPERATURE (F)
 YESTERDAY
  MAXIMUM         48    246 PM  80    1948  57     -9       55
  MINIMUM         39    957 AM  21    1949  37      2       43
  AVERAGE         44                        47     -3       49

PRECIPITATION (IN)
  YESTERDAY        0.18          4.67 1970   0.13   0.05     0.37
  MONTH TO DATE   14.92                      6.12   8.80     9.53
  SINCE OCT 1     32.03                     19.50  12.53    21.74
  SINCE JAN 1     14.92                      6.12   8.80     9.53

SNOWFALL (IN)
  YESTERDAY       MM            MM      MM  MM     MM       MM
  MONTH TO DATE    0.0                      MM     MM        0.0
  SINCE DEC 1      0.0                      MM     MM        0.0
  SINCE JUL 1      0.0                      MM     MM        0.0
  SNOW DEPTH       0

DEGREE DAYS
 HEATING
  YESTERDAY       21                        18      3       16
  MONTH TO DATE  439                       430      9      390
  SINCE DEC 1   1076                      1037     39      991
  SINCE JUL 1   1613                      1660    -47     1514

 COOLING
  YESTERDAY        0                         0      0        0
  MONTH TO DATE    0                         0      0        0
  SINCE DEC 1      0                         0      0        0
  SINCE JAN 1      0                         0      0        0
..................................................................


WIND (MPH)
  HIGHEST WIND SPEED    10   HIGHEST WIND DIRECTION    SE (140)
  HIGHEST GUST SPEED    14   HIGHEST GUST DIRECTION    SE (130)
  AVERAGE WIND SPEED     2.7


SKY COVER
  AVERAGE SKY COVER 0.9


WEATHER CONDITIONS
 THE FOLLOWING WEATHER WAS RECORDED YESTERDAY.
  RAIN
  FOG


RELATIVE HUMIDITY (PERCENT)
 HIGHEST   100
 LOWEST     76
 AVERAGE    88

..........................................................


THE UKIAH CA CLIMATE NORMALS FOR TODAY
                         NORMAL    RECORD    YEAR
 MAXIMUM TEMPERATURE (F)   57        77      1975
 MINIMUM TEMPERATURE (F)   37        18      1949


SUNRISE AND SUNSET
JANUARY 24 2017.......SUNRISE   725 AM PST   SUNSET   525 PM PST
JANUARY 25 2017.......SUNRISE   725 AM PST   SUNSET   526 PM PST


-  INDICATES NEGATIVE NUMBERS.
R  INDICATES RECORD WAS SET OR TIED.
MM INDICATES DATA IS MISSING.
T  INDICATES TRACE AMOUNT.




$$
