000
CDUS46 KEKA 211213
CLIUKI


CLIMATE REPORT
NATIONAL WEATHER SERVICE EUREKA CA
412 AM PST SUN JAN 21 2018


...................................

...THE UKIAH CA CLIMATE SUMMARY FOR JANUARY 20 2018...

CLIMATE NORMAL PERIOD 1981 TO 2010
CLIMATE RECORD PERIOD 1903 TO 2018


WEATHER ITEM   OBSERVED TIME   RECORD YEAR NORMAL DEPARTURE LAST
                VALUE   (LST)  VALUE       VALUE  FROM      YEAR
                                                  NORMAL
..................................................................
TEMPERATURE (F)
 YESTERDAY
  MAXIMUM         55    246 PM  73    1975  57     -2       49
  MINIMUM         31    729 AM  17    1922  37     -6       43
  AVERAGE         43                        47     -4       46

PRECIPITATION (IN)
  YESTERDAY        0.00          4.29 1993   0.15  -0.15     1.56
  MONTH TO DATE    3.38                      5.70  -2.32    12.83
  SINCE OCT 1      8.96                     19.08 -10.12    29.94
  SINCE JAN 1      3.38                      5.70  -2.32    12.83

SNOWFALL (IN)
  YESTERDAY        0.0          MM      MM  MM     MM       MM
  MONTH TO DATE    0.0                      MM     MM        0.0
  SINCE DEC 1      0.0                      MM     MM        0.0
  SINCE JUL 1      0.0                      MM     MM        0.0
  SNOW DEPTH       0

DEGREE DAYS
 HEATING
  YESTERDAY       22                        18      4       19
  MONTH TO DATE  298                       376    -78      381
  SINCE DEC 1    874                       983   -109     1018
  SINCE JUL 1   1407                      1606   -199     1555

 COOLING
  YESTERDAY        0                         0      0        0
  MONTH TO DATE    0                         0      0        0
  SINCE DEC 1      0                         0      0        0
  SINCE JAN 1      0                         0      0        0
..................................................................


WIND (MPH)
  HIGHEST WIND SPEED    13   HIGHEST WIND DIRECTION     W (290)
  HIGHEST GUST SPEED    20   HIGHEST GUST DIRECTION     N (340)
  AVERAGE WIND SPEED     3.0


SKY COVER
  AVERAGE SKY COVER 0.0


WEATHER CONDITIONS
 THE FOLLOWING WEATHER WAS RECORDED YESTERDAY.
  FOG


RELATIVE HUMIDITY (PERCENT)
 HIGHEST    92
 LOWEST     50
 AVERAGE    71

..........................................................


THE UKIAH CA CLIMATE NORMALS FOR TODAY
                         NORMAL    RECORD    YEAR
 MAXIMUM TEMPERATURE (F)   57        74      1975
 MINIMUM TEMPERATURE (F)   37        17      1937


SUNRISE AND SUNSET
JANUARY 21 2018.......SUNRISE   728 AM PST   SUNSET   521 PM PST
JANUARY 22 2018.......SUNRISE   727 AM PST   SUNSET   522 PM PST


-  INDICATES NEGATIVE NUMBERS.
R  INDICATES RECORD WAS SET OR TIED.
MM INDICATES DATA IS MISSING.
T  INDICATES TRACE AMOUNT.




$$
