000
CDUS46 KEKA 301212
CLIUKI


CLIMATE REPORT
NATIONAL WEATHER SERVICE EUREKA CA
512 AM PDT THU JUL 30 2015


...................................

...THE UKIAH CA CLIMATE SUMMARY FOR JULY 29 2015...

CLIMATE NORMAL PERIOD 1981 TO 2010
CLIMATE RECORD PERIOD 1903 TO 2015


WEATHER ITEM   OBSERVED TIME   RECORD YEAR NORMAL DEPARTURE LAST
                VALUE   (LST)  VALUE       VALUE  FROM      YEAR
                                                  NORMAL
..................................................................
TEMPERATURE (F)
 YESTERDAY
  MAXIMUM        107R   233 PM 107    1922  94     13      104
  MINIMUM         55    510 AM  43    1919  55      0       58
  AVERAGE         81                        74      7       81

PRECIPITATION (IN)
  YESTERDAY        0.00          0.00 2003   0.00   0.00     0.00
  MONTH TO DATE    0.13                      0.04   0.09      T
  SINCE OCT 1     26.00                     36.80 -10.80    17.97
  SINCE JAN 1      8.23                     23.42 -15.19    16.63

SNOWFALL (IN)
  YESTERDAY        0.0          MM      MM  MM     MM        0.0
  MONTH TO DATE    0.0                      MM     MM        0.0
  SINCE JUN 1      0.0                      MM     MM        0.0
  SINCE JUL 1      0.0                      MM     MM        0.0
  SNOW DEPTH       0

DEGREE DAYS
 HEATING
  YESTERDAY        0                         0      0        0
  MONTH TO DATE    1                         0      1        0
  SINCE JUN 1      5                        32    -27        2
  SINCE JUL 1      1                         0      1        0

 COOLING
  YESTERDAY       16                        10      6       16
  MONTH TO DATE  292                       263     29      346
  SINCE JUN 1    583                       375    208      567
  SINCE JAN 1    631                       427    204      656
..................................................................


WIND (MPH)
  HIGHEST WIND SPEED    14   HIGHEST WIND DIRECTION     W (260)
  HIGHEST GUST SPEED    21   HIGHEST GUST DIRECTION     W (260)
  AVERAGE WIND SPEED     2.6


SKY COVER
  AVERAGE SKY COVER 0.0


WEATHER CONDITIONS
 THE FOLLOWING WEATHER WAS RECORDED YESTERDAY.
  NO SIGNIFICANT WEATHER WAS OBSERVED.


RELATIVE HUMIDITY (PERCENT)
 HIGHEST    62
 LOWEST      9
 AVERAGE    36

..........................................................


THE UKIAH CA CLIMATE NORMALS FOR TODAY
                         NORMAL    RECORD    YEAR
 MAXIMUM TEMPERATURE (F)   94       109      1977
 MINIMUM TEMPERATURE (F)   55        40      1924


SUNRISE AND SUNSET
JULY 30 2015..........SUNRISE   611 AM PDT   SUNSET   827 PM PDT
JULY 31 2015..........SUNRISE   612 AM PDT   SUNSET   826 PM PDT


-  INDICATES NEGATIVE NUMBERS.
R  INDICATES RECORD WAS SET OR TIED.
MM INDICATES DATA IS MISSING.
T  INDICATES TRACE AMOUNT.




$$
