939
CDUS46 KEKA 141211
CLIUKI


CLIMATE REPORT
NATIONAL WEATHER SERVICE EUREKA CA
409 AM PST SUN FEB 14 2016


...................................

...THE UKIAH CA CLIMATE SUMMARY FOR FEBRUARY 13 2016...

CLIMATE NORMAL PERIOD 1981 TO 2010
CLIMATE RECORD PERIOD 1903 TO 2016


WEATHER ITEM   OBSERVED TIME   RECORD YEAR NORMAL DEPARTURE LAST
                VALUE   (LST)  VALUE       VALUE  FROM      YEAR
                                                  NORMAL
..................................................................
TEMPERATURE (F)
 YESTERDAY
  MAXIMUM         71    322 PM  79    1977  60     11       74
  MINIMUM         39    717 AM  20    1922  39      0       41
  AVERAGE         55                        49      6       58

PRECIPITATION (IN)
  YESTERDAY        0.00          2.57 1962   0.24  -0.24     0.00
  MONTH TO DATE    0.29                      2.74  -2.45     4.72
  SINCE OCT 1     23.28                     23.13   0.15    22.95
  SINCE JAN 1     11.07                      9.75   1.32     5.18

SNOWFALL (IN)
  YESTERDAY        0.0          MM      MM  MM     MM        0.0
  MONTH TO DATE    0.0                      MM     MM        0.0
  SINCE DEC 1      0.0                      MM     MM        0.0
  SINCE JUL 1      0.0                      MM     MM        0.0
  SNOW DEPTH       0

DEGREE DAYS
 HEATING
  YESTERDAY       10                        16     -6        7
  MONTH TO DATE  149                       213    -64      116
  SINCE DEC 1   1248                      1390   -142      962
  SINCE JUL 1   1771                      2013   -242     1363

 COOLING
  YESTERDAY        0                         0      0        0
  MONTH TO DATE    0                         0      0        0
  SINCE DEC 1      0                         0      0        0
  SINCE JAN 1      0                         0      0        0
..................................................................


WIND (MPH)
  HIGHEST WIND SPEED    17   HIGHEST WIND DIRECTION    NW (320)
  HIGHEST GUST SPEED    22   HIGHEST GUST DIRECTION    NW (310)
  AVERAGE WIND SPEED     3.1


SKY COVER
  AVERAGE SKY COVER 0.0


WEATHER CONDITIONS
 THE FOLLOWING WEATHER WAS RECORDED YESTERDAY.
  FOG W/VISIBILITY <= 1/4 MILE


RELATIVE HUMIDITY (PERCENT)
 HIGHEST   100
 LOWEST     28
 AVERAGE    64

..........................................................


THE UKIAH CA CLIMATE NORMALS FOR TODAY
                         NORMAL    RECORD    YEAR
 MAXIMUM TEMPERATURE (F)   60        85      1977
 MINIMUM TEMPERATURE (F)   39        24      1949


SUNRISE AND SUNSET
FEBRUARY 14 2016......SUNRISE   706 AM PST   SUNSET   548 PM PST
FEBRUARY 15 2016......SUNRISE   705 AM PST   SUNSET   550 PM PST


-  INDICATES NEGATIVE NUMBERS.
R  INDICATES RECORD WAS SET OR TIED.
MM INDICATES DATA IS MISSING.
T  INDICATES TRACE AMOUNT.




$$
