000
CDUS43 KSGF 270959
CLIUNO


CLIMATE REPORT
NATIONAL WEATHER SERVICE SPRINGFIELD MO
359 AM CST MON FEB 27 2017


...................................

...THE WEST PLAINS MO CLIMATE SUMMARY FOR FEBRUARY 26 2017...

CLIMATE NORMAL PERIOD 1981 TO 2010
CLIMATE RECORD PERIOD 1947 TO 2017


WEATHER ITEM   OBSERVED TIME   RECORD YEAR NORMAL DEPARTURE LAST
                VALUE   (LST)  VALUE       VALUE  FROM      YEAR
                                                  NORMAL
..................................................................
TEMPERATURE (F)
 YESTERDAY
  MAXIMUM         49    402 PM  76    1961  53     -4       49
  MINIMUM         25   1226 AM  10    1980  29     -4       22
  AVERAGE         37                        41     -4       36

PRECIPITATION (IN)
  YESTERDAY        T             2.27 2000   0.10  -0.10     0.00
  MONTH TO DATE    2.58                      2.64  -0.06     1.71
  SINCE DEC 1      5.64                      9.00  -3.36    11.68
  SINCE JAN 1      4.62                      5.36  -0.74     2.64

DEGREE DAYS
 HEATING
  YESTERDAY       28                        24      4       29
  MONTH TO DATE  453                       713   -260      626
  SINCE DEC 1   2112                      2565   -453     2160
  SINCE JUL 1   2632                      3417   -785     2795

 COOLING
  YESTERDAY        0                         0      0        0
  MONTH TO DATE    0                         0      0        0
  SINCE DEC 1      0                         0      0        0
  SINCE JAN 1      0                         0      0        0
..................................................................


WIND (MPH)
  HIGHEST WIND SPEED    14   HIGHEST WIND DIRECTION     S (170)
  HIGHEST GUST SPEED    19   HIGHEST GUST DIRECTION     S (170)
  AVERAGE WIND SPEED     6.3


SKY COVER
  AVERAGE SKY COVER 0.6


WEATHER CONDITIONS
 THE FOLLOWING WEATHER WAS RECORDED YESTERDAY.
  NO SIGNIFICANT WEATHER WAS OBSERVED.


RELATIVE HUMIDITY (PERCENT)
 HIGHEST    68          1200 AM
 LOWEST     31           300 PM
 AVERAGE    50

..........................................................


THE WEST PLAINS MO CLIMATE NORMALS FOR TODAY
                         NORMAL    RECORD    YEAR
 MAXIMUM TEMPERATURE (F)   53        77      1976
 MINIMUM TEMPERATURE (F)   30         5      2015


SUNRISE AND SUNSET
FEBRUARY 27 2017......SUNRISE   641 AM CST   SUNSET   600 PM CST
FEBRUARY 28 2017......SUNRISE   639 AM CST   SUNSET   601 PM CST


-  INDICATES NEGATIVE NUMBERS.
R  INDICATES RECORD WAS SET OR TIED.
MM INDICATES DATA IS MISSING.
T  INDICATES TRACE AMOUNT.




$$
