000
CDUS43 KSGF 240630
CLIUNO


CLIMATE REPORT
NATIONAL WEATHER SERVICE SPRINGFIELD MO
129 AM CDT MON JUL 24 2017


...................................

...THE WEST PLAINS MO CLIMATE SUMMARY FOR JULY 23 2017...

CLIMATE NORMAL PERIOD 1981 TO 2010
CLIMATE RECORD PERIOD 1947 TO 2017


WEATHER ITEM   OBSERVED TIME   RECORD YEAR NORMAL DEPARTURE LAST
                VALUE   (LST)  VALUE       VALUE  FROM      YEAR
                                                  NORMAL
..................................................................
TEMPERATURE (F)
 YESTERDAY
  MAXIMUM         97    118 PM 100    2001  90      7       99
  MINIMUM         70   1138 PM  54    2007  67      3       74
  AVERAGE         84                        78      6       87

PRECIPITATION (IN)
  YESTERDAY        0.00          2.37 1963   0.12  -0.12     0.00
  MONTH TO DATE    2.13                      2.76  -0.63     2.93
  SINCE JUN 1      3.80                      6.78  -2.98     7.34
  SINCE JAN 1     39.21                     26.05  13.16    22.08

DEGREE DAYS
 HEATING
  YESTERDAY        0                         0      0        0
  MONTH TO DATE    0                         0      0        0
  SINCE JUN 1      0                         5     -5        0
  SINCE JUL 1      0                         0      0        0

 COOLING
  YESTERDAY       19                        13      6       22
  MONTH TO DATE  338                       295     43      334
  SINCE JUN 1    592                       561     31      684
  SINCE JAN 1    714                       683     31      777
..................................................................


WIND (MPH)
  HIGHEST WIND SPEED    14   HIGHEST WIND DIRECTION     N (10)
  HIGHEST GUST SPEED    19   HIGHEST GUST DIRECTION     N (360)
  AVERAGE WIND SPEED     4.2


SKY COVER
  AVERAGE SKY COVER 0.2


WEATHER CONDITIONS
 THE FOLLOWING WEATHER WAS RECORDED YESTERDAY.
  NO SIGNIFICANT WEATHER WAS OBSERVED.


RELATIVE HUMIDITY (PERCENT)
 HIGHEST    84          1000 PM
 LOWEST     30           100 PM
 AVERAGE    57

..........................................................


THE WEST PLAINS MO CLIMATE NORMALS FOR TODAY
                         NORMAL    RECORD    YEAR
 MAXIMUM TEMPERATURE (F)   90       100      2012
 MINIMUM TEMPERATURE (F)   66        55      2000
                                             2007


SUNRISE AND SUNSET
JULY 24 2017..........SUNRISE   607 AM CDT   SUNSET   821 PM CDT
JULY 25 2017..........SUNRISE   608 AM CDT   SUNSET   820 PM CDT


-  INDICATES NEGATIVE NUMBERS.
R  INDICATES RECORD WAS SET OR TIED.
MM INDICATES DATA IS MISSING.
T  INDICATES TRACE AMOUNT.




$$
