000
CDUS43 KSGF 010729
CLIUNO


CLIMATE REPORT
NATIONAL WEATHER SERVICE SPRINGFIELD MO
229 AM CDT SAT OCT 1 2016


...................................

...THE WEST PLAINS MO CLIMATE SUMMARY FOR SEPTEMBER 30 2016...

CLIMATE NORMAL PERIOD 1981 TO 2010
CLIMATE RECORD PERIOD 1947 TO 2016


WEATHER ITEM   OBSERVED TIME   RECORD YEAR NORMAL DEPARTURE LAST
                VALUE   (LST)  VALUE       VALUE  FROM      YEAR
                                                  NORMAL
..................................................................
TEMPERATURE (F)
 YESTERDAY
  MAXIMUM         72   1253 PM  92    1952  75     -3       72
  MINIMUM         54    449 AM  31    1949  50      4       52
  AVERAGE         63                        63      0       62

PRECIPITATION (IN)
  YESTERDAY        0.00          1.87 1962   0.14  -0.14      T
  MONTH TO DATE    1.35                      4.09  -2.74     0.97
  SINCE SEP 1      1.35                      4.09  -2.74     0.97
  SINCE JAN 1     33.47                     34.16  -0.69    36.68

DEGREE DAYS
 HEATING
  YESTERDAY        2                         4     -2        3
  MONTH TO DATE   10                        39    -29       20
  SINCE SEP 1     10                        41    -31       20
  SINCE JUL 1     10                        42    -32       20

 COOLING
  YESTERDAY        0                         2     -2        0
  MONTH TO DATE  226                       156     70      192
  SINCE SEP 1    226                       156     70      192
  SINCE JAN 1   1515                      1328    187     1349
..................................................................


WIND (MPH)
  HIGHEST WIND SPEED    15   HIGHEST WIND DIRECTION     N (20)
  HIGHEST GUST SPEED    20   HIGHEST GUST DIRECTION     N (10)
  AVERAGE WIND SPEED     6.1


SKY COVER
  AVERAGE SKY COVER 0.6


WEATHER CONDITIONS
 THE FOLLOWING WEATHER WAS RECORDED YESTERDAY.
  NO SIGNIFICANT WEATHER WAS OBSERVED.


RELATIVE HUMIDITY (PERCENT)
 HIGHEST    86           300 AM
 LOWEST     53           100 PM
 AVERAGE    70

..........................................................


THE WEST PLAINS MO CLIMATE NORMALS FOR TODAY
                         NORMAL    RECORD    YEAR
 MAXIMUM TEMPERATURE (F)   75        94      1952
 MINIMUM TEMPERATURE (F)   50        30      1985


SUNRISE AND SUNSET
OCTOBER  1 2016.......SUNRISE   703 AM CDT   SUNSET   650 PM CDT
OCTOBER  2 2016.......SUNRISE   704 AM CDT   SUNSET   649 PM CDT


-  INDICATES NEGATIVE NUMBERS.
R  INDICATES RECORD WAS SET OR TIED.
MM INDICATES DATA IS MISSING.
T  INDICATES TRACE AMOUNT.




$$
