000
CDUS43 KSGF 280627
CLIUNO


CLIMATE REPORT
NATIONAL WEATHER SERVICE SPRINGFIELD MO
127 AM CDT THU AUG 28 2014


...................................

...THE WEST PLAINS MO CLIMATE SUMMARY FOR AUGUST 27 2014...

CLIMATE NORMAL PERIOD 1981 TO 2010
CLIMATE RECORD PERIOD 1947 TO 2014


WEATHER ITEM   OBSERVED TIME   RECORD YEAR NORMAL DEPARTURE LAST
                VALUE   (LST)  VALUE       VALUE  FROM      YEAR
                                                  NORMAL
..................................................................
TEMPERATURE (F)
 YESTERDAY
  MAXIMUM         96    147 PM 103    1954  88      8       89
  MINIMUM         68    535 AM  52    2010  64      4       69
                                      1967
  AVERAGE         82                        76      6       79

PRECIPITATION (IN)
  YESTERDAY        T             2.20 1982   0.11  -0.11     0.00
  MONTH TO DATE    2.75                      2.81  -0.06    10.62
  SINCE JUN 1      9.61                     10.38  -0.77    20.41
  SINCE JAN 1     21.59                     29.65  -8.06    42.23

DEGREE DAYS
 HEATING
  YESTERDAY        0                         0      0        0
  MONTH TO DATE    0                         0      0        4
  SINCE JUN 1      4                         5     -1       13
  SINCE JUL 1      2                         0      2        4

 COOLING
  YESTERDAY       17                        11      6       14
  MONTH TO DATE  353                       337     16      238
  SINCE JUN 1    852                      1008   -156      660
  SINCE JAN 1   1002                      1130   -128      772
..................................................................


WIND (MPH)
  HIGHEST WIND SPEED    16   HIGHEST WIND DIRECTION    SE (140)
  HIGHEST GUST SPEED    23   HIGHEST GUST DIRECTION    SE (150)
  AVERAGE WIND SPEED     2.6


SKY COVER
  AVERAGE SKY COVER 0.1


WEATHER CONDITIONS
 THE FOLLOWING WEATHER WAS RECORDED YESTERDAY.
  THUNDERSTORM
  LIGHT RAIN


RELATIVE HUMIDITY (PERCENT)
 HIGHEST    90           100 AM
 LOWEST     39           200 PM
 AVERAGE    65

..........................................................


THE WEST PLAINS MO CLIMATE NORMALS FOR TODAY
                         NORMAL    RECORD    YEAR
 MAXIMUM TEMPERATURE (F)   87       102      2000
 MINIMUM TEMPERATURE (F)   64        46      1967
                                             1986


SUNRISE AND SUNSET
AUGUST 28 2014........SUNRISE   635 AM CDT   SUNSET   742 PM CDT
AUGUST 29 2014........SUNRISE   636 AM CDT   SUNSET   740 PM CDT


-  INDICATES NEGATIVE NUMBERS.
R  INDICATES RECORD WAS SET OR TIED.
MM INDICATES DATA IS MISSING.
T  INDICATES TRACE AMOUNT.




$$
