000
CDUS43 KUNR 290833
CLIUNR


CLIMATE REPORT
NATIONAL WEATHER SERVICE RAPID CITY SD
232 AM MDT SUN MAY 29 2016


...................................

...THE EAST RAPID CITY SD CLIMATE SUMMARY FOR MAY 28 2016...

CLIMATE NORMAL PERIOD 1981 TO 2010
CLIMATE RECORD PERIOD 1888 TO 2016


WEATHER ITEM   OBSERVED RECORD YEAR NORMAL DEPARTURE LAST
                VALUE   VALUE       VALUE  FROM      YEAR
                                           NORMAL
...........................................................
TEMPERATURE (F)
 YESTERDAY
  MAXIMUM         68     96    1934  70     -2       69
  MINIMUM         51     30    1947  49      2       55
  AVERAGE         60                 59      1       62

PRECIPITATION (IN)
  YESTERDAY        0.13   0.98 1956   0.15  -0.02     0.68
  MONTH TO DATE    1.24               3.72  -2.48     7.70
  SINCE MAR 1      3.47               6.81  -3.34     8.75
  SINCE JAN 1      4.28               7.58  -3.30     9.30

SNOWFALL (IN)
  YESTERDAY        0.0    0.0  2002   0.0    0.0      0.0
                               2001
                               1954
  MONTH TO DATE    T                  2.0   -2.0     13.6
  SINCE MAR 1     11.7               22.6  -10.9     15.0
  SINCE JUL 1     41.6               49.3   -7.7     50.7
  SNOW DEPTH       0

DEGREE DAYS
 HEATING
  YESTERDAY        5                  7     -2        3
  MONTH TO DATE  256                289    -33      373
  SINCE MAR 1   1453               1801   -348     1512
  SINCE JUL 1   5702               6755  -1053     6208

 COOLING
  YESTERDAY        0                  1     -1        0
  MONTH TO DATE    4                 12     -8        2
  SINCE MAR 1      6                 13     -7        8
  SINCE JAN 1      6                 13     -7        8
...........................................................


WIND (MPH)
  HIGHEST GUST SPEED    22   HIGHEST GUST DIRECTION     W (280)



WEATHER CONDITIONS
 THE FOLLOWING WEATHER WAS RECORDED YESTERDAY.
  THUNDERSTORM
  RAIN
  LIGHT RAIN


..........................................................


THE EAST RAPID CITY SD CLIMATE NORMALS FOR TODAY
                         NORMAL    RECORD    YEAR
 MAXIMUM TEMPERATURE (F)   70        97      1939
 MINIMUM TEMPERATURE (F)   49        29      1947


SUNRISE AND SUNSET
MAY 29 2016...........SUNRISE   514 AM MDT   SUNSET   827 PM MDT
MAY 30 2016...........SUNRISE   514 AM MDT   SUNSET   828 PM MDT


-  INDICATES NEGATIVE NUMBERS.
R  INDICATES RECORD WAS SET OR TIED.
MM INDICATES DATA IS MISSING.
T  INDICATES TRACE AMOUNT.




$$
