000
CDUS43 KUNR 280833
CLIUNR


CLIMATE REPORT
NATIONAL WEATHER SERVICE RAPID CITY SD
132 AM MST TUE FEB 28 2017


...................................

...THE EAST RAPID CITY SD CLIMATE SUMMARY FOR FEBRUARY 27 2017...

CLIMATE NORMAL PERIOD 1981 TO 2010
CLIMATE RECORD PERIOD 1888 TO 2017


WEATHER ITEM   OBSERVED RECORD YEAR NORMAL DEPARTURE LAST
                VALUE   VALUE       VALUE  FROM      YEAR
                                           NORMAL
...........................................................
TEMPERATURE (F)
 YESTERDAY
  MAXIMUM         39     72    1895  41     -2       68
  MINIMUM         17    -27    1890  21     -4       45
  AVERAGE         28                 31     -3       57

PRECIPITATION (IN)
  YESTERDAY        0.00   0.25 1969   0.02  -0.02      T
  MONTH TO DATE    0.44               0.46  -0.02     0.43
  SINCE DEC 1      1.61               1.07   0.54     1.33
  SINCE JAN 1      0.79               0.75   0.04     0.60

SNOWFALL (IN)
  YESTERDAY        0.0    3.4  1969   0.3   -0.3      0.0
  MONTH TO DATE    9.2                7.1    2.1      3.8
  SINCE DEC 1     29.4               17.8   11.6     21.8
  SINCE JUL 1     33.1               26.4    6.7     27.8
  SNOW DEPTH       1

DEGREE DAYS
 HEATING
  YESTERDAY       37                 34      3        8
  MONTH TO DATE  830                992   -162      716
  SINCE DEC 1   3524               3340    184     2942
  SINCE JUL 1   4555               4920   -365     4200

 COOLING
  YESTERDAY        0                  0      0        0
  MONTH TO DATE    0                  0      0        0
  SINCE DEC 1      0                  0      0        0
  SINCE JAN 1      0                  0      0        0
...........................................................


WIND (MPH)
  HIGHEST GUST SPEED    23   HIGHEST GUST DIRECTION     N (340)



WEATHER CONDITIONS
 THE FOLLOWING WEATHER WAS RECORDED YESTERDAY.
  NO SIGNIFICANT WEATHER WAS OBSERVED.


..........................................................


THE EAST RAPID CITY SD CLIMATE NORMALS FOR TODAY
                         NORMAL    RECORD    YEAR
 MAXIMUM TEMPERATURE (F)   42        70      1972
 MINIMUM TEMPERATURE (F)   21       -20      1919


SUNRISE AND SUNSET
FEBRUARY 28 2017......SUNRISE   631 AM MST   SUNSET   540 PM MST
MARCH  1 2017.........SUNRISE   629 AM MST   SUNSET   542 PM MST


-  INDICATES NEGATIVE NUMBERS.
R  INDICATES RECORD WAS SET OR TIED.
MM INDICATES DATA IS MISSING.
T  INDICATES TRACE AMOUNT.




$$
