000
CDUS43 KUNR 010836
CLIUNR


CLIMATE REPORT
NATIONAL WEATHER SERVICE RAPID CITY SD
136 AM MST SUN FEB 1 2015


...................................

...THE EAST RAPID CITY SD CLIMATE SUMMARY FOR JANUARY 31 2015...

CLIMATE NORMAL PERIOD 1981 TO 2010
CLIMATE RECORD PERIOD 1888 TO 2015


WEATHER ITEM   OBSERVED RECORD YEAR NORMAL DEPARTURE LAST
                VALUE   VALUE       VALUE  FROM      YEAR
                                           NORMAL
...........................................................
TEMPERATURE (F)
 YESTERDAY
  MAXIMUM         35     66    1888  37     -2       39
  MINIMUM          9    -26    1918  16     -7        9
  AVERAGE         22                 27     -5       24

PRECIPITATION (IN)
  YESTERDAY        0.04   0.43 1892   0.01   0.03      T
  MONTH TO DATE    0.15               0.29  -0.14     0.26
  SINCE DEC 1      0.53               0.61  -0.08     0.80
  SINCE JAN 1      0.15               0.29  -0.14     0.26

SNOWFALL (IN)
  YESTERDAY        2.2    5.8  1892   0.2    2.0       T
  MONTH TO DATE    4.3                5.5   -1.2      4.1
  SINCE DEC 1     11.8               10.7    1.1     13.3
  SINCE JUL 1     27.1               19.3    7.8     43.1
  SNOW DEPTH       0

DEGREE DAYS
 HEATING
  YESTERDAY       43                 38      5       41
  MONTH TO DATE 1026               1178   -152     1141
  SINCE DEC 1   2090               2348   -258     2488
  SINCE JUL 1   3704               3928   -224     4077

 COOLING
  YESTERDAY        0                  0      0        0
  MONTH TO DATE    0                  0      0        0
  SINCE DEC 1      0                  0      0        0
  SINCE JAN 1      0                  0      0        0
...........................................................


WIND (MPH)
  HIGHEST GUST SPEED    18   HIGHEST GUST DIRECTION     N (10)



WEATHER CONDITIONS
 THE FOLLOWING WEATHER WAS RECORDED YESTERDAY.
  LT FREEZING RAIN
  LIGHT SNOW
  SLEET
  FOG
  FOG W/VISIBILITY <= 1/4 MILE


..........................................................


THE EAST RAPID CITY SD CLIMATE NORMALS FOR TODAY
                         NORMAL    RECORD    YEAR
 MAXIMUM TEMPERATURE (F)   37        69      1934
 MINIMUM TEMPERATURE (F)   17       -26      1893


SUNRISE AND SUNSET
FEBRUARY  1 2015......SUNRISE   711 AM MST   SUNSET   503 PM MST
FEBRUARY  2 2015......SUNRISE   709 AM MST   SUNSET   504 PM MST


-  INDICATES NEGATIVE NUMBERS.
R  INDICATES RECORD WAS SET OR TIED.
MM INDICATES DATA IS MISSING.
T  INDICATES TRACE AMOUNT.




$$
