000
CDUS43 KUNR 240833
CLIUNR


CLIMATE REPORT
NATIONAL WEATHER SERVICE RAPID CITY SD
232 AM MDT THU APR 24 2014


...................................

...THE EAST RAPID CITY SD CLIMATE SUMMARY FOR APRIL 23 2014...

CLIMATE NORMAL PERIOD 1981 TO 2010
CLIMATE RECORD PERIOD 1888 TO 2014


WEATHER ITEM   OBSERVED RECORD YEAR NORMAL DEPARTURE LAST
                VALUE   VALUE       VALUE  FROM      YEAR
                                           NORMAL
...........................................................
TEMPERATURE (F)
 YESTERDAY
  MAXIMUM         66     85    1906  58      8       34
  MINIMUM         42     16    1902  37      5       18
  AVERAGE         54                 48      6       26

PRECIPITATION (IN)
  YESTERDAY        T      1.63 1932   0.08  -0.08     0.00
  MONTH TO DATE    0.68               1.46  -0.78     3.08
  SINCE MAR 1      1.81               2.45  -0.64     3.77
  SINCE JAN 1      2.32               3.22  -0.90     4.45

SNOWFALL (IN)
  YESTERDAY        0.0                0.2   -0.2      0.0
  MONTH TO DATE    7.8                7.4    0.4     39.5
  SINCE MAR 1     22.2               19.2    3.0     51.3
  SINCE JUL 1     72.3               45.9   26.4     73.0
  SNOW DEPTH       0

DEGREE DAYS
 HEATING
  YESTERDAY       11                 17     -6       39
  MONTH TO DATE  471                492    -21      720
  SINCE MAR 1   1491               1400     91     1664
  SINCE JUL 1   6839               6354    485     6292

 COOLING
  YESTERDAY        0                  0      0        0
  MONTH TO DATE    0                  0      0        0
  SINCE MAR 1      0                  0      0        0
  SINCE JAN 1      0                  0      0        0
...........................................................


WIND (MPH)
  HIGHEST GUST SPEED    45   HIGHEST GUST DIRECTION     N (350)



WEATHER CONDITIONS
 THE FOLLOWING WEATHER WAS RECORDED YESTERDAY.
  LIGHT RAIN


..........................................................


THE EAST RAPID CITY SD CLIMATE NORMALS FOR TODAY
                         NORMAL    RECORD    YEAR
 MAXIMUM TEMPERATURE (F)   59        88      1962
 MINIMUM TEMPERATURE (F)   37        23      1907


SUNRISE AND SUNSET
APRIL 24 2014.........SUNRISE   555 AM MDT   SUNSET   748 PM MDT
APRIL 25 2014.........SUNRISE   553 AM MDT   SUNSET   749 PM MDT


-  INDICATES NEGATIVE NUMBERS.
R  INDICATES RECORD WAS SET OR TIED.
MM INDICATES DATA IS MISSING.
T  INDICATES TRACE AMOUNT.




$$
