000
CDUS44 KCRP 030659
CLIVCT

CLIMATE REPORT
NATIONAL WEATHER SERVICE CORPUS CHRISTI TX
1254 AM CST TUE MAR 3 2015


...................................

...THE VICTORIA CLIMATE SUMMARY FOR MARCH 2 2015...

CLIMATE NORMAL PERIOD 1981 TO 2010
CLIMATE RECORD PERIOD 1893 TO 2015


WEATHER ITEM   OBSERVED TIME   RECORD YEAR NORMAL DEPARTURE LAST
                VALUE   (LST)  VALUE       VALUE  FROM      YEAR
                                                  NORMAL
..................................................................
TEMPERATURE (F)
 YESTERDAY
  MAXIMUM         56    426 PM  95    1909  71    -15       77
  MINIMUM         44    840 AM  21    1980  50     -6       34
  AVERAGE         50                        60    -10       56

PRECIPITATION (IN)
  YESTERDAY        0.00          0.78 2001   0.08  -0.08      T
  MONTH TO DATE    0.10                      0.16  -0.06      T
  SINCE MAR 1      0.10                      0.16  -0.06      T
  SINCE JAN 1      4.15                      4.76  -0.61     1.66

SNOWFALL (IN)
  YESTERDAY        0.0
  MONTH TO DATE    0.0
  SINCE MAR 1      0.0
  SINCE JUL 1      0.0
  SNOW DEPTH       0

DEGREE DAYS
 HEATING
  YESTERDAY       15                         6      9        9
  MONTH TO DATE   32                        12     20        9
  SINCE MAR 1     32                        12     20        9
  SINCE JUL 1   1112                      1105      7     1262

 COOLING
  YESTERDAY        0                         2     -2        0
  MONTH TO DATE    0                         3     -3        9
  SINCE MAR 1      0                         3     -3        9
  SINCE JAN 1     15                        41    -26       67
..................................................................


WIND (MPH)
  HIGHEST WIND SPEED    16   HIGHEST WIND DIRECTION     N (350)
  HIGHEST GUST SPEED    19   HIGHEST GUST DIRECTION     N (10)
  AVERAGE WIND SPEED     8.8


SKY COVER
  POSSIBLE SUNSHINE  MM
  AVERAGE SKY COVER 1.0


WEATHER CONDITIONS
 THE FOLLOWING WEATHER WAS RECORDED YESTERDAY.
  FOG


RELATIVE HUMIDITY (PERCENT)
 HIGHEST   100           100 AM
 LOWEST     83           200 PM
 AVERAGE    92

..........................................................


THE VICTORIA CLIMATE NORMALS FOR TODAY
                         NORMAL    RECORD    YEAR
 MAXIMUM TEMPERATURE (F)   71        85      1956
 MINIMUM TEMPERATURE (F)   50        23      1943


SUNRISE AND SUNSET
MARCH  3 2015.........SUNRISE   651 AM CST   SUNSET   629 PM CST
MARCH  4 2015.........SUNRISE   650 AM CST   SUNSET   629 PM CST


-  INDICATES NEGATIVE NUMBERS.
R  INDICATES RECORD WAS SET OR TIED.
MM INDICATES DATA IS MISSING.
T  INDICATES TRACE AMOUNT.




$$
