000
CDUS44 KCRP 220942
CLIVCT

CLIMATE REPORT
NATIONAL WEATHER SERVICE CORPUS CHRISTI TX
439 AM CDT MON MAY 22 2017


...................................

...THE VICTORIA CLIMATE SUMMARY FOR MAY 21 2017...

CLIMATE NORMAL PERIOD 1981 TO 2010
CLIMATE RECORD PERIOD 1893 TO 2017


WEATHER ITEM   OBSERVED TIME   RECORD YEAR NORMAL DEPARTURE LAST
                VALUE   (LST)  VALUE       VALUE  FROM      YEAR
                                                  NORMAL
..................................................................
TEMPERATURE (F)
 YESTERDAY
  MAXIMUM         91   1210 PM  96    1939  88      3       88
  MINIMUM         73    908 PM  56    2009  69      4       72
                                      2002
                                      1926
  AVERAGE         82                        78      4       80

PRECIPITATION (IN)
  YESTERDAY        0.60          2.19 1977   0.17   0.43     0.04
  MONTH TO DATE    0.86                      3.48  -2.62     3.58
  SINCE MAR 1      8.78                      9.07  -0.29    12.49
  SINCE JAN 1     17.38                     13.67   3.71    17.43

SNOWFALL (IN)
  YESTERDAY        0.0
  MONTH TO DATE    0.0
  SINCE MAR 1      0.0
  SINCE JUL 1      0.0
  SNOW DEPTH       0

DEGREE DAYS
 HEATING
  YESTERDAY        0                         0      0        0
  MONTH TO DATE    0                         0      0        0
  SINCE MAR 1     36                       155   -119       63
  SINCE JUL 1    567                      1248   -681      913

 COOLING
  YESTERDAY       17                        13      4       15
  MONTH TO DATE  240                       229     11      207
  SINCE MAR 1    659                       480    179      523
  SINCE JAN 1    866                       518    348      558
..................................................................


WIND (MPH)
  HIGHEST WIND SPEED    28   HIGHEST WIND DIRECTION    SE (120)
  HIGHEST GUST SPEED    33   HIGHEST GUST DIRECTION     E (110)
  AVERAGE WIND SPEED     8.9


SKY COVER
  POSSIBLE SUNSHINE  MM
  AVERAGE SKY COVER 0.7


WEATHER CONDITIONS
 THE FOLLOWING WEATHER WAS RECORDED YESTERDAY.
  THUNDERSTORM
  HEAVY RAIN
  RAIN
  LIGHT RAIN
  FOG
  HAZE


RELATIVE HUMIDITY (PERCENT)
 HIGHEST    94           200 AM
 LOWEST     59          1200 PM
 AVERAGE    77

..........................................................


THE VICTORIA CLIMATE NORMALS FOR TODAY
                         NORMAL    RECORD    YEAR
 MAXIMUM TEMPERATURE (F)   88        99      1917
 MINIMUM TEMPERATURE (F)   69        56      1911


SUNRISE AND SUNSET
MAY 22 2017...........SUNRISE   633 AM CDT   SUNSET   816 PM CDT
MAY 23 2017...........SUNRISE   632 AM CDT   SUNSET   817 PM CDT


-  INDICATES NEGATIVE NUMBERS.
R  INDICATES RECORD WAS SET OR TIED.
MM INDICATES DATA IS MISSING.
T  INDICATES TRACE AMOUNT.




$$
