000
CDUS44 KCRP 280826
CLIVCT

CLIMATE REPORT
NATIONAL WEATHER SERVICE CORPUS CHRISTI TX
326 AM CDT SAT MAR 28 2015


...................................

...THE VICTORIA CLIMATE SUMMARY FOR MARCH 27 2015...

CLIMATE NORMAL PERIOD 1981 TO 2010
CLIMATE RECORD PERIOD 1893 TO 2015


WEATHER ITEM   OBSERVED TIME   RECORD YEAR NORMAL DEPARTURE LAST
                VALUE   (LST)  VALUE       VALUE  FROM      YEAR
                                                  NORMAL
..................................................................
TEMPERATURE (F)
 YESTERDAY
  MAXIMUM         79    343 PM  98    1939  77      2       78
  MINIMUM         44    627 AM  32    1913  55    -11       65
  AVERAGE         62                        66     -4       72

PRECIPITATION (IN)
  YESTERDAY        0.00          0.42 2005   0.10  -0.10     0.01
  MONTH TO DATE    8.37                      2.41   5.96     1.62
  SINCE MAR 1      8.37                      2.41   5.96     1.62
  SINCE JAN 1     12.42                      7.01   5.41     3.28

SNOWFALL (IN)
  YESTERDAY        0.0
  MONTH TO DATE    0.0
  SINCE MAR 1      0.0
  SINCE JUL 1      0.0
  SNOW DEPTH       0

DEGREE DAYS
 HEATING
  YESTERDAY        3                         3      0        0
  MONTH TO DATE  139                       117     22      204
  SINCE MAR 1    139                       117     22      204
  SINCE JUL 1   1219                      1210      9     1457

 COOLING
  YESTERDAY        0                         3     -3        7
  MONTH TO DATE   41                        60    -19       33
  SINCE MAR 1     41                        60    -19       33
  SINCE JAN 1     56                        98    -42       91
..................................................................


WIND (MPH)
  HIGHEST WIND SPEED    17   HIGHEST WIND DIRECTION     W (290)
  HIGHEST GUST SPEED    20   HIGHEST GUST DIRECTION     W (280)
  AVERAGE WIND SPEED     7.7


SKY COVER
  POSSIBLE SUNSHINE  MM
  AVERAGE SKY COVER 0.0


WEATHER CONDITIONS
 THE FOLLOWING WEATHER WAS RECORDED YESTERDAY.
  NO SIGNIFICANT WEATHER WAS OBSERVED.


RELATIVE HUMIDITY (PERCENT)
 HIGHEST    92           500 AM
 LOWEST     25           300 PM
 AVERAGE    59

..........................................................


THE VICTORIA CLIMATE NORMALS FOR TODAY
                         NORMAL    RECORD    YEAR
 MAXIMUM TEMPERATURE (F)   77        92      1971
                                             1909
 MINIMUM TEMPERATURE (F)   55        34      1931


SUNRISE AND SUNSET
MARCH 28 2015.........SUNRISE   722 AM CDT   SUNSET   743 PM CDT
MARCH 29 2015.........SUNRISE   721 AM CDT   SUNSET   744 PM CDT


-  INDICATES NEGATIVE NUMBERS.
R  INDICATES RECORD WAS SET OR TIED.
MM INDICATES DATA IS MISSING.
T  INDICATES TRACE AMOUNT.




$$
