000
CDUS44 KCRP 190810
CLIVCT

CLIMATE REPORT
NATIONAL WEATHER SERVICE CORPUS CHRISTI TX
308 AM CDT SAT AUG 19 2017


...................................

...THE VICTORIA CLIMATE SUMMARY FOR AUGUST 18 2017...

CLIMATE NORMAL PERIOD 1981 TO 2010
CLIMATE RECORD PERIOD 1893 TO 2017


WEATHER ITEM   OBSERVED TIME   RECORD YEAR NORMAL DEPARTURE LAST
                VALUE   (LST)  VALUE       VALUE  FROM      YEAR
                                                  NORMAL
..................................................................
TEMPERATURE (F)
 YESTERDAY
  MAXIMUM         99    134 PM 104    2011  95      4       91
                                      1917
  MINIMUM         77    507 AM  65    1992  74      3       73
  AVERAGE         88                        84      4       82

PRECIPITATION (IN)
  YESTERDAY        0.00          1.66 1973   0.09  -0.09     0.00
  MONTH TO DATE    3.56                      1.43   2.13     3.27
  SINCE JUN 1      7.44                     10.07  -2.63     7.11
  SINCE JAN 1     27.02                     25.45   1.57    27.33

SNOWFALL (IN)
  YESTERDAY        0.0
  MONTH TO DATE    0.0
  SINCE JUN 1      0.0
  SINCE JUL 1      0.0
  SNOW DEPTH       0

DEGREE DAYS
 HEATING
  YESTERDAY        0                         0      0        0
  MONTH TO DATE    0                         0      0        0
  SINCE JUN 1      0                         0      0        0
  SINCE JUL 1      0                         0      0        0

 COOLING
  YESTERDAY       23                        20      3       17
  MONTH TO DATE  384                       360     24      367
  SINCE JUN 1   1603                      1454    149     1551
  SINCE JAN 1   2615                      2113    502     2264
..................................................................


WIND (MPH)
  HIGHEST WIND SPEED    20   HIGHEST WIND DIRECTION    SE (140)
  HIGHEST GUST SPEED    25   HIGHEST GUST DIRECTION     E (110)
  AVERAGE WIND SPEED     8.6


SKY COVER
  POSSIBLE SUNSHINE  MM
  AVERAGE SKY COVER 0.1


WEATHER CONDITIONS
 THE FOLLOWING WEATHER WAS RECORDED YESTERDAY.
  NO SIGNIFICANT WEATHER WAS OBSERVED.


RELATIVE HUMIDITY (PERCENT)
 HIGHEST    97           700 AM
 LOWEST     38           100 PM
 AVERAGE    68

..........................................................


THE VICTORIA CLIMATE NORMALS FOR TODAY
                         NORMAL    RECORD    YEAR
 MAXIMUM TEMPERATURE (F)   95       104      2011
                                             1986
 MINIMUM TEMPERATURE (F)   74        70      2013
                                             1967
                                             1957


SUNRISE AND SUNSET
AUGUST 19 2017........SUNRISE   659 AM CDT   SUNSET   803 PM CDT
AUGUST 20 2017........SUNRISE   700 AM CDT   SUNSET   802 PM CDT


-  INDICATES NEGATIVE NUMBERS.
R  INDICATES RECORD WAS SET OR TIED.
MM INDICATES DATA IS MISSING.
T  INDICATES TRACE AMOUNT.




$$
