000
CDUS44 KCRP 240711 RRA
CLIVCT

CLIMATE REPORT
NATIONAL WEATHER SERVICE CORPUS CHRISTI TX
109 AM CST SAT FEB 24 2018


...................................

...THE VICTORIA CLIMATE SUMMARY FOR FEBRUARY 23 2018...

CLIMATE NORMAL PERIOD 1981 TO 2010
CLIMATE RECORD PERIOD 1893 TO 2018


WEATHER ITEM   OBSERVED TIME   RECORD YEAR NORMAL DEPARTURE LAST
                VALUE   (LST)  VALUE       VALUE  FROM      YEAR
                                                  NORMAL
..................................................................
TEMPERATURE (F)
 YESTERDAY
  MAXIMUM         83    135 PM  89    1920  70     13       85
                                      1917
  MINIMUM         49    235 AM  28    2009  48      1       53
  AVERAGE         66                        59      7       69

PRECIPITATION (IN)
  YESTERDAY        0.00          1.61 2016   0.08  -0.08     0.00
  MONTH TO DATE    1.31                      1.69  -0.38     4.83
  SINCE DEC 1      3.87                      6.52  -2.65    11.60
  SINCE JAN 1      1.83                      4.21  -2.38     8.59

SNOWFALL (IN)
  YESTERDAY        0.0
  MONTH TO DATE    0.0
  SINCE DEC 1      2.0
  SINCE JUL 1      2.0
  SNOW DEPTH       0

DEGREE DAYS
 HEATING
  YESTERDAY        0                         7     -7        0
  MONTH TO DATE  161                       207    -46       42
  SINCE DEC 1    929                       896     33      470
  SINCE JUL 1   1047                      1059    -12      520

 COOLING
  YESTERDAY        1                         1      0        4
  MONTH TO DATE   49                        23     26      106
  SINCE DEC 1     76                        64     12      234
  SINCE JAN 1     55                        37     18      177
..................................................................


WIND (MPH)
  HIGHEST WIND SPEED    24   HIGHEST WIND DIRECTION    SE (150)
  HIGHEST GUST SPEED    29   HIGHEST GUST DIRECTION     S (170)
  AVERAGE WIND SPEED    11.8


SKY COVER
  POSSIBLE SUNSHINE  MM
  AVERAGE SKY COVER 0.8


WEATHER CONDITIONS
 THE FOLLOWING WEATHER WAS RECORDED YESTERDAY.
  FOG
  FOG W/VISIBILITY <= 1/4 MILE


RELATIVE HUMIDITY (PERCENT)
 HIGHEST   100           100 AM
 LOWEST     54           300 PM
 AVERAGE    77

..........................................................


THE VICTORIA CLIMATE NORMALS FOR TODAY
                         NORMAL    RECORD    YEAR
 MAXIMUM TEMPERATURE (F)   70        93      1917
 MINIMUM TEMPERATURE (F)   48        27      1965
                                             1914


SUNRISE AND SUNSET
FEBRUARY 24 2018......SUNRISE   658 AM CST   SUNSET   624 PM CST
FEBRUARY 25 2018......SUNRISE   657 AM CST   SUNSET   625 PM CST


-  INDICATES NEGATIVE NUMBERS.
R  INDICATES RECORD WAS SET OR TIED.
MM INDICATES DATA IS MISSING.
T  INDICATES TRACE AMOUNT.

$$

GW
