000
CDUS44 KCRP 270744
CLIVCT

CLIMATE REPORT
NATIONAL WEATHER SERVICE CORPUS CHRISTI TX
235 AM CDT WED JUL 27 2016


...................................

...THE VICTORIA CLIMATE SUMMARY FOR JULY 26 2016...

CLIMATE NORMAL PERIOD 1981 TO 2010
CLIMATE RECORD PERIOD 1893 TO 2016


WEATHER ITEM   OBSERVED TIME   RECORD YEAR NORMAL DEPARTURE LAST
                VALUE   (LST)  VALUE       VALUE  FROM      YEAR
                                                  NORMAL
..................................................................
TEMPERATURE (F)
 YESTERDAY
  MAXIMUM         84    633 PM 107    1954  95    -11       97
  MINIMUM         74   1159 PM  69    1904  74      0       74
  AVERAGE         79                        84     -5       86

PRECIPITATION (IN)
  YESTERDAY        0.07          2.35 1979   0.11  -0.04     0.00
  MONTH TO DATE    0.11                      3.62  -3.51     0.18
  SINCE JUN 1      3.29                      8.08  -4.79     9.55
  SINCE JAN 1     23.51                     23.46   0.05    37.28

SNOWFALL (IN)
  YESTERDAY        0.0
  MONTH TO DATE    0.0
  SINCE JUN 1      0.0
  SINCE JUL 1      0.0
  SNOW DEPTH       0

DEGREE DAYS
 HEATING
  YESTERDAY        0                         0      0        0
  MONTH TO DATE    0                         0      0        0
  SINCE JUN 1      0                         0      0        0
  SINCE JUL 1      0                         0      0        0

 COOLING
  YESTERDAY       14                        19     -5       21
  MONTH TO DATE  551                       489     62      505
  SINCE JUN 1   1081                       997     84     1002
  SINCE JAN 1   1794                      1656    138     1702
..................................................................


WIND (MPH)
  HIGHEST WIND SPEED    15   HIGHEST WIND DIRECTION    SW (210)
  HIGHEST GUST SPEED    19   HIGHEST GUST DIRECTION    SW (210)
  AVERAGE WIND SPEED     5.7


SKY COVER
  POSSIBLE SUNSHINE  MM
  AVERAGE SKY COVER 0.6


WEATHER CONDITIONS
 THE FOLLOWING WEATHER WAS RECORDED YESTERDAY.
  RAIN
  LIGHT RAIN
  FOG


RELATIVE HUMIDITY (PERCENT)
 HIGHEST   100           600 AM
 LOWEST     79           200 PM
 AVERAGE    90

..........................................................


THE VICTORIA CLIMATE NORMALS FOR TODAY
                         NORMAL    RECORD    YEAR
 MAXIMUM TEMPERATURE (F)   95       103      1954
 MINIMUM TEMPERATURE (F)   74        67      2008


SUNRISE AND SUNSET
JULY 27 2016..........SUNRISE   646 AM CDT   SUNSET   822 PM CDT
JULY 28 2016..........SUNRISE   647 AM CDT   SUNSET   821 PM CDT


-  INDICATES NEGATIVE NUMBERS.
R  INDICATES RECORD WAS SET OR TIED.
MM INDICATES DATA IS MISSING.
T  INDICATES TRACE AMOUNT.

$$

CB
