000
CDUS44 KCRP 210946
CLIVCT

CLIMATE REPORT
NATIONAL WEATHER SERVICE CORPUS CHRISTI TX
346 AM CST TUE FEB 21 2017


...................................

...THE VICTORIA CLIMATE SUMMARY FOR FEBRUARY 20 2017...

CLIMATE NORMAL PERIOD 1981 TO 2010
CLIMATE RECORD PERIOD 1893 TO 2017


WEATHER ITEM   OBSERVED TIME   RECORD YEAR NORMAL DEPARTURE LAST
                VALUE   (LST)  VALUE       VALUE  FROM      YEAR
                                                  NORMAL
..................................................................
TEMPERATURE (F)
 YESTERDAY
  MAXIMUM         73    118 AM  88    1996  69      4       79
                                      1945
  MINIMUM         59   1159 PM  27    1908  47     12       57
  AVERAGE         66                        58      8       68

PRECIPITATION (IN)
  YESTERDAY        2.66R         2.23 1982   0.07   2.59     0.00
  MONTH TO DATE    4.83                      1.47   3.36      T
  SINCE DEC 1     11.60                      6.30   5.30     4.75
  SINCE JAN 1      8.59                      3.99   4.60     3.15

SNOWFALL (IN)
  YESTERDAY        0.0
  MONTH TO DATE    0.0
  SINCE DEC 1      0.0
  SINCE JUL 1      0.0
  SNOW DEPTH       0

DEGREE DAYS
 HEATING
  YESTERDAY        0                         8     -8        0
  MONTH TO DATE   42                       185   -143      131
  SINCE DEC 1    470                       874   -404      711
  SINCE JUL 1    520                      1037   -517      809

 COOLING
  YESTERDAY        1                         1      0        3
  MONTH TO DATE   98                        20     78       12
  SINCE DEC 1    226                        61    165       73
  SINCE JAN 1    169                        34    135       17
..................................................................


WIND (MPH)
  HIGHEST WIND SPEED    28   HIGHEST WIND DIRECTION    NW (320)
  HIGHEST GUST SPEED    32   HIGHEST GUST DIRECTION    NW (330)
  AVERAGE WIND SPEED     9.8


SKY COVER
  POSSIBLE SUNSHINE  MM
  AVERAGE SKY COVER 0.8


WEATHER CONDITIONS
 THE FOLLOWING WEATHER WAS RECORDED YESTERDAY.
  THUNDERSTORM
  HEAVY RAIN
  RAIN
  LIGHT RAIN
  FOG


RELATIVE HUMIDITY (PERCENT)
 HIGHEST   100           700 AM
 LOWEST     81           300 PM
 AVERAGE    91

..........................................................


THE VICTORIA CLIMATE NORMALS FOR TODAY
                         NORMAL    RECORD    YEAR
 MAXIMUM TEMPERATURE (F)   69        89      1909
 MINIMUM TEMPERATURE (F)   48        30      1921
                                             1905


SUNRISE AND SUNSET
FEBRUARY 21 2017......SUNRISE   700 AM CST   SUNSET   622 PM CST
FEBRUARY 22 2017......SUNRISE   700 AM CST   SUNSET   623 PM CST


-  INDICATES NEGATIVE NUMBERS.
R  INDICATES RECORD WAS SET OR TIED.
MM INDICATES DATA IS MISSING.
T  INDICATES TRACE AMOUNT.




$$
