000
CDUS44 KCRP 230858 RRA
CLIVCT

CLIMATE REPORT
NATIONAL WEATHER SERVICE CORPUS CHRISTI TX
355 AM CDT SAT MAY 23 2015

...................................

...THE VICTORIA CLIMATE SUMMARY FOR MAY 22 2015...

CLIMATE NORMAL PERIOD 1981 TO 2010
CLIMATE RECORD PERIOD 1893 TO 2015


WEATHER ITEM   OBSERVED TIME   RECORD YEAR NORMAL DEPARTURE LAST
                VALUE   (LST)  VALUE       VALUE  FROM      YEAR
                                                  NORMAL
..................................................................
TEMPERATURE (F)
 YESTERDAY
  MAXIMUM         83   1159 AM  99    1917  88     -5       89
  MINIMUM         70    622 AM  56    1911  69      1       70
  AVERAGE         77                        78     -1       80

PRECIPITATION (IN)
  YESTERDAY        0.06          1.17 1963   0.18  -0.12     0.00
  MONTH TO DATE    4.76                      3.66   1.10     2.35
  SINCE MAR 1     19.94                      9.25  10.69     4.35
  SINCE JAN 1     23.99                     13.85  10.14     6.01

SNOWFALL (IN)
  YESTERDAY        0.0
  MONTH TO DATE    0.0
  SINCE MAR 1      0.0
  SINCE JUL 1      0.0
  SNOW DEPTH       0

DEGREE DAYS
 HEATING
  YESTERDAY        0                         0      0        0
  MONTH TO DATE    0                         0      0        3
  SINCE MAR 1    140                       155    -15      240
  SINCE JUL 1   1220                      1248    -28     1493

 COOLING
  YESTERDAY       12                        13     -1       15
  MONTH TO DATE  266                       242     24      207
  SINCE MAR 1    558                       493     65      462
  SINCE JAN 1    573                       531     42      520
..................................................................


WIND (MPH)
  HIGHEST WIND SPEED    23   HIGHEST WIND DIRECTION    SE (140)
  HIGHEST GUST SPEED    28   HIGHEST GUST DIRECTION    SE (120)
  AVERAGE WIND SPEED    11.2


SKY COVER
  POSSIBLE SUNSHINE  MM
  AVERAGE SKY COVER 0.7


WEATHER CONDITIONS
 THE FOLLOWING WEATHER WAS RECORDED YESTERDAY.
  LIGHT RAIN
  FOG
  HAZE


RELATIVE HUMIDITY (PERCENT)
 HIGHEST   100           600 AM
 LOWEST     79          1200 PM
 AVERAGE    90

..........................................................


THE VICTORIA CLIMATE NORMALS FOR TODAY
                         NORMAL    RECORD    YEAR
 MAXIMUM TEMPERATURE (F)   88        96      1932
 MINIMUM TEMPERATURE (F)   69        57      2001


SUNRISE AND SUNSET
MAY 23 2015...........SUNRISE   633 AM CDT   SUNSET   817 PM CDT
MAY 24 2015...........SUNRISE   632 AM CDT   SUNSET   817 PM CDT


-  INDICATES NEGATIVE NUMBERS.
R  INDICATES RECORD WAS SET OR TIED.
MM INDICATES DATA IS MISSING.
T  INDICATES TRACE AMOUNT.

$$

87
