000
CDUS45 KGJT 060744
CLIVEL


CLIMATE REPORT
NATIONAL WEATHER SERVICE GRAND JUNCTION CO
130 AM MDT MON JUL 6 2015


...................................

...THE VERNAL UT CLIMATE SUMMARY FOR JULY 5 2015...

CLIMATE NORMAL PERIOD 1981 TO 2010
CLIMATE RECORD PERIOD 9999 TO 9999


WEATHER ITEM   OBSERVED TIME   RECORD YEAR NORMAL DEPARTURE LAST
                VALUE   (LST)  VALUE       VALUE  FROM      YEAR
                                                  NORMAL
..................................................................
TEMPERATURE (F)
 YESTERDAY
  MAXIMUM         81    429 PM  MM      MM  86     -5       95
  MINIMUM         63   1159 PM  MM      MM  55      8       59
  AVERAGE         72                        71      1       77

PRECIPITATION (IN)
  YESTERDAY        T            MM      MM   0.01  -0.01     0.00
  MONTH TO DATE    T                         0.08  -0.08     0.00
  SINCE JUN 1      0.36                      0.88  -0.52     0.04
  SINCE JAN 1      5.18                      4.29   0.89     2.02

SNOWFALL (IN)
  YESTERDAY       MM            MM      MM  MM     MM       MM
  MONTH TO DATE   MM                        MM     MM       MM
  SINCE JUN 1     MM                        MM     MM       MM
  SINCE JUL 1     MM                        MM     MM       MM
  SNOW DEPTH      MM

DEGREE DAYS
 HEATING
  YESTERDAY        0                         0      0        0
  MONTH TO DATE    0                         2     -2        0
  SINCE JUN 1     14                        74    -60       33
  SINCE JUL 1      0                         2     -2        0

 COOLING
  YESTERDAY        7                         6      1       12
  MONTH TO DATE   62                        29     33       47
  SINCE JUN 1    284                       111    173      150
  SINCE JAN 1    288                       120    168      173
..................................................................


WIND (MPH)
  HIGHEST WIND SPEED    20   HIGHEST WIND DIRECTION    NE (60)
  HIGHEST GUST SPEED    24   HIGHEST GUST DIRECTION    NE (60)
  AVERAGE WIND SPEED     5.7


SKY COVER
  POSSIBLE SUNSHINE  MM
  AVERAGE SKY COVER 0.6


WEATHER CONDITIONS
 THE FOLLOWING WEATHER WAS RECORDED YESTERDAY.
  LIGHT RAIN


RELATIVE HUMIDITY (PERCENT)
 HIGHEST    68           700 AM
 LOWEST     32          1200 AM
 AVERAGE    50

..........................................................


THE VERNAL UT CLIMATE NORMALS FOR TODAY
                         NORMAL    RECORD    YEAR
 MAXIMUM TEMPERATURE (F)   86        MM        MM
 MINIMUM TEMPERATURE (F)   56        MM        MM


SUNRISE AND SUNSET
JULY  6 2015..........SUNRISE   554 AM MDT   SUNSET   851 PM MDT
JULY  7 2015..........SUNRISE   555 AM MDT   SUNSET   851 PM MDT


-  INDICATES NEGATIVE NUMBERS.
R  INDICATES RECORD WAS SET OR TIED.
MM INDICATES DATA IS MISSING.
T  INDICATES TRACE AMOUNT.




$$
