000
CDUS43 KSGF 230627
CLIVIH


CLIMATE REPORT
NATIONAL WEATHER SERVICE SPRINGFIELD MO
127 AM CDT TUE SEP 23 2014


...................................

...THE VICHY-ROLLA MO CLIMATE SUMMARY FOR SEPTEMBER 22 2014...

CLIMATE NORMAL PERIOD 1981 TO 2010
CLIMATE RECORD PERIOD 1888 TO 2014


WEATHER ITEM   OBSERVED TIME   RECORD YEAR NORMAL DEPARTURE LAST
                VALUE   (LST)  VALUE       VALUE  FROM      YEAR
                                                  NORMAL
..................................................................
TEMPERATURE (F)
 YESTERDAY
  MAXIMUM         73    257 PM  95    1956  76     -3       73
  MINIMUM         47    607 AM  34    1995  54     -7       45
  AVERAGE         60                        65     -5       59

PRECIPITATION (IN)
  YESTERDAY        0.00          1.97 1970   0.12  -0.12     0.00
  MONTH TO DATE    1.91                      3.07  -1.16     2.86
  SINCE SEP 1      1.91                      3.07  -1.16     2.86
  SINCE JAN 1     19.21                     32.62 -13.41    35.84

DEGREE DAYS
 HEATING
  YESTERDAY        5                         3      2        6
  MONTH TO DATE   57                        27     30       22
  SINCE SEP 1     57                        27     30       22
  SINCE JUL 1     60                        30     30       26

 COOLING
  YESTERDAY        0                         3     -3        0
  MONTH TO DATE   90                       122    -32      162
  SINCE SEP 1     90                       122    -32      162
  SINCE JAN 1   1129                      1199    -70     1061
..................................................................


WIND (MPH)
  HIGHEST WIND SPEED    12   HIGHEST WIND DIRECTION    NE (40)
  HIGHEST GUST SPEED    15   HIGHEST GUST DIRECTION    NE (40)
  AVERAGE WIND SPEED     4.6


SKY COVER
  AVERAGE SKY COVER 0.0


WEATHER CONDITIONS
 THE FOLLOWING WEATHER WAS RECORDED YESTERDAY.
  NO SIGNIFICANT WEATHER WAS OBSERVED.


RELATIVE HUMIDITY (PERCENT)
 HIGHEST    93           300 AM
 LOWEST     38           300 PM
 AVERAGE    66

..........................................................


THE VICHY-ROLLA MO CLIMATE NORMALS FOR TODAY
                         NORMAL    RECORD    YEAR
 MAXIMUM TEMPERATURE (F)   76        92      1901
 MINIMUM TEMPERATURE (F)   54        36      1897


SUNRISE AND SUNSET
SEPTEMBER 23 2014.....SUNRISE   656 AM CDT   SUNSET   702 PM CDT
SEPTEMBER 24 2014.....SUNRISE   657 AM CDT   SUNSET   701 PM CDT


-  INDICATES NEGATIVE NUMBERS.
R  INDICATES RECORD WAS SET OR TIED.
MM INDICATES DATA IS MISSING.
T  INDICATES TRACE AMOUNT.




$$
