000
CDUS43 KSGF 242226
CLIVIH


CLIMATE REPORT
NATIONAL WEATHER SERVICE SPRINGFIELD MO
526 PM CDT SAT SEP 24 2016


...................................

...THE VICHY-ROLLA MO CLIMATE SUMMARY FOR SEPTEMBER 24 2016...
VALID TODAY AS OF 0500 PM LOCAL TIME.

CLIMATE NORMAL PERIOD 1981 TO 2010
CLIMATE RECORD PERIOD 1888 TO 2016


WEATHER ITEM   OBSERVED TIME   RECORD YEAR NORMAL DEPARTURE LAST
                VALUE   (LST)  VALUE       VALUE  FROM      YEAR
                                                  NORMAL
..................................................................
TEMPERATURE (F)
 TODAY
  MAXIMUM         88    248 PM  93    1901  75     13       83
  MINIMUM         66    357 AM  41    2012  53     13       56
                                      1995
  AVERAGE         77                        64     13       70

PRECIPITATION (IN)
  TODAY            0.00          2.59 2009   0.13  -0.13     0.00
  MONTH TO DATE    4.08                      3.32   0.76     0.75
  SINCE SEP 1      4.08                      3.32   0.76     0.75
  SINCE JAN 1     36.42                     32.87   3.55    30.01

DEGREE DAYS
 HEATING
  TODAY            0                         4     -4        0
  MONTH TO DATE    3                        34    -31       24
  SINCE SEP 1      3                        34    -31       24
  SINCE JUL 1      3                        37    -34       26

 COOLING
  TODAY           12                         3      9        5
  MONTH TO DATE  203                       128     75      213
  SINCE SEP 1    203                       128     75      213
  SINCE JAN 1   1392                      1205    187     1228
..................................................................


WIND (MPH)
  HIGHEST WIND SPEED    12   HIGHEST WIND DIRECTION    SE (140)
  HIGHEST GUST SPEED    16   HIGHEST GUST DIRECTION     S (180)


SKY COVER
  AVERAGE SKY COVER 0.1


WEATHER CONDITIONS
 THE FOLLOWING WEATHER WAS RECORDED TODAY.
  NO SIGNIFICANT WEATHER WAS OBSERVED.


RELATIVE HUMIDITY (PERCENT)
 HIGHEST    93           400 AM
 LOWEST     50           300 PM
 AVERAGE    72

..........................................................


THE VICHY-ROLLA MO CLIMATE NORMALS FOR TOMORROW
                         NORMAL    RECORD    YEAR
 MAXIMUM TEMPERATURE (F)   75        90      2012
                                             1898
 MINIMUM TEMPERATURE (F)   53        36      2001


SUNRISE AND SUNSET
SEPTEMBER 24 2016.....SUNRISE   657 AM CDT   SUNSET   700 PM CDT
SEPTEMBER 25 2016.....SUNRISE   658 AM CDT   SUNSET   658 PM CDT


-  INDICATES NEGATIVE NUMBERS.
R  INDICATES RECORD WAS SET OR TIED.
MM INDICATES DATA IS MISSING.
T  INDICATES TRACE AMOUNT.




$$
