000
CDUS43 KSGF 060627
CLIVIH


CLIMATE REPORT
NATIONAL WEATHER SERVICE SPRINGFIELD MO
127 AM CDT FRI MAY 6 2016


...................................

...THE VICHY-ROLLA MO CLIMATE SUMMARY FOR MAY 5 2016...

CLIMATE NORMAL PERIOD 1981 TO 2010
CLIMATE RECORD PERIOD 1888 TO 2016


WEATHER ITEM   OBSERVED TIME   RECORD YEAR NORMAL DEPARTURE LAST
                VALUE   (LST)  VALUE       VALUE  FROM      YEAR
                                                  NORMAL
..................................................................
TEMPERATURE (F)
 YESTERDAY
  MAXIMUM         66    500 PM  92    1952  72     -6       81
  MINIMUM         43    519 AM  40    2013  50     -7       59
                                      1958
  AVERAGE         55                        61     -6       70

PRECIPITATION (IN)
  YESTERDAY        0.00          2.40 1961   0.17  -0.17     0.01
  MONTH TO DATE    T                         0.81  -0.81     0.01
  SINCE MAR 1      6.94                      8.48  -1.54     5.15
  SINCE JAN 1      9.06                     12.58  -3.52     7.43

DEGREE DAYS
 HEATING
  YESTERDAY       10                         5      5        0
  MONTH TO DATE   50                        29     21       12
  SINCE MAR 1    738                       957   -219      850
  SINCE JUL 1   3941                      4747   -806     4967

 COOLING
  YESTERDAY        0                         1     -1        5
  MONTH TO DATE    0                         5     -5       18
  SINCE MAR 1     14                        31    -17       31
  SINCE JAN 1     14                        31    -17       31
..................................................................


WIND (MPH)
  HIGHEST WIND SPEED    18   HIGHEST WIND DIRECTION    NW (330)
  HIGHEST GUST SPEED    23   HIGHEST GUST DIRECTION    NW (330)
  AVERAGE WIND SPEED     7.4


SKY COVER
  AVERAGE SKY COVER 0.0


WEATHER CONDITIONS
 THE FOLLOWING WEATHER WAS RECORDED YESTERDAY.
  NO SIGNIFICANT WEATHER WAS OBSERVED.


RELATIVE HUMIDITY (PERCENT)
 HIGHEST    76          1200 AM
 LOWEST     34           500 PM
 AVERAGE    55

..........................................................


THE VICHY-ROLLA MO CLIMATE NORMALS FOR TODAY
                         NORMAL    RECORD    YEAR
 MAXIMUM TEMPERATURE (F)   72        88      1949
 MINIMUM TEMPERATURE (F)   50        36      1958


SUNRISE AND SUNSET
MAY  6 2016...........SUNRISE   605 AM CDT   SUNSET   803 PM CDT
MAY  7 2016...........SUNRISE   603 AM CDT   SUNSET   804 PM CDT


-  INDICATES NEGATIVE NUMBERS.
R  INDICATES RECORD WAS SET OR TIED.
MM INDICATES DATA IS MISSING.
T  INDICATES TRACE AMOUNT.




$$
