000
CDUS43 KSGF 240628
CLIVIH


CLIMATE REPORT
NATIONAL WEATHER SERVICE SPRINGFIELD MO
1228 AM CST FRI NOV 24 2017


...................................

...THE VICHY-ROLLA MO CLIMATE SUMMARY FOR NOVEMBER 23 2017...

CLIMATE NORMAL PERIOD 1981 TO 2010
CLIMATE RECORD PERIOD 1888 TO 2017


WEATHER ITEM   OBSERVED TIME   RECORD YEAR NORMAL DEPARTURE LAST
                VALUE   (LST)  VALUE       VALUE  FROM      YEAR
                                                  NORMAL
..................................................................
TEMPERATURE (F)
 YESTERDAY
  MAXIMUM         61    319 PM  70    1958  52      9       60
  MINIMUM         26    136 AM   7    1950  32     -6       41
  AVERAGE         44                        42      2       51

PRECIPITATION (IN)
  YESTERDAY        0.00          1.65 1901   0.13  -0.13      T
  MONTH TO DATE    0.27                      2.96  -2.69     0.35
  SINCE SEP 1      3.35                     10.51  -7.16     7.55
  SINCE JAN 1     41.95                     40.06   1.89    39.89

DEGREE DAYS
 HEATING
  YESTERDAY       21                        23     -2       14
  MONTH TO DATE  412                       421     -9      303
  SINCE SEP 1    663                       768   -105      456
  SINCE JUL 1    664                       771   -107      456

 COOLING
  YESTERDAY        0                         0      0        0
  MONTH TO DATE    0                         0      0       20
  SINCE SEP 1    277                       166    111      293
  SINCE JAN 1   1247                      1243      4     1482
..................................................................


WIND (MPH)
  HIGHEST WIND SPEED    17   HIGHEST WIND DIRECTION    SW (220)
  HIGHEST GUST SPEED    24   HIGHEST GUST DIRECTION    SW (210)
  AVERAGE WIND SPEED     8.3


SKY COVER
  AVERAGE SKY COVER 0.0


WEATHER CONDITIONS
 THE FOLLOWING WEATHER WAS RECORDED YESTERDAY.
  NO SIGNIFICANT WEATHER WAS OBSERVED.


RELATIVE HUMIDITY (PERCENT)
 HIGHEST    70           800 PM
 LOWEST     29           200 PM
 AVERAGE    50

..........................................................


THE VICHY-ROLLA MO CLIMATE NORMALS FOR TODAY
                         NORMAL    RECORD    YEAR
 MAXIMUM TEMPERATURE (F)   51        71      1966
 MINIMUM TEMPERATURE (F)   32         4      1950


SUNRISE AND SUNSET
NOVEMBER 24 2017......SUNRISE   658 AM CST   SUNSET   450 PM CST
NOVEMBER 25 2017......SUNRISE   659 AM CST   SUNSET   449 PM CST


-  INDICATES NEGATIVE NUMBERS.
R  INDICATES RECORD WAS SET OR TIED.
MM INDICATES DATA IS MISSING.
T  INDICATES TRACE AMOUNT.




$$
