000
CDUS43 KSGF 282228
CLIVIH


CLIMATE REPORT
NATIONAL WEATHER SERVICE SPRINGFIELD MO
528 PM CDT SUN MAY 28 2017


...................................

...THE VICHY-ROLLA MO CLIMATE SUMMARY FOR MAY 28 2017...
VALID TODAY AS OF 0500 PM LOCAL TIME.

CLIMATE NORMAL PERIOD 1981 TO 2010
CLIMATE RECORD PERIOD 1888 TO 2017


WEATHER ITEM   OBSERVED TIME   RECORD YEAR NORMAL DEPARTURE LAST
                VALUE   (LST)  VALUE       VALUE  FROM      YEAR
                                                  NORMAL
..................................................................
TEMPERATURE (F)
 TODAY
  MAXIMUM         76    329 PM  92    2012  78     -2       81
  MINIMUM         56    432 AM  41    1902  57     -1       64
  AVERAGE         66                        67     -1       73

PRECIPITATION (IN)
  TODAY            0.00          1.88 1945   0.17  -0.17     0.21
  MONTH TO DATE    6.15                      4.55   1.60     5.15
  SINCE MAR 1     20.38                     12.22   8.16    12.09
  SINCE JAN 1     22.44                     16.32   6.12    14.21

DEGREE DAYS
 COOLING
  TODAY            1                         4     -3        8
  MONTH TO DATE   62                        67     -5       43
  SINCE MAR 1     97                        93      4       57
  SINCE JAN 1     98                        93      5       57
..................................................................


WIND (MPH)
  HIGHEST WIND SPEED    18   HIGHEST WIND DIRECTION     W (280)
  HIGHEST GUST SPEED    24   HIGHEST GUST DIRECTION    NW (300)


SKY COVER
  AVERAGE SKY COVER 0.7


WEATHER CONDITIONS
 THE FOLLOWING WEATHER WAS RECORDED TODAY.
  FOG
  FOG W/VISIBILITY <= 1/4 MILE
  HAZE


RELATIVE HUMIDITY (PERCENT)
 HIGHEST   100          1200 AM
 LOWEST     54           400 PM
 AVERAGE    77

..........................................................


THE VICHY-ROLLA MO CLIMATE NORMALS FOR TOMORROW
                         NORMAL    RECORD    YEAR
 MAXIMUM TEMPERATURE (F)   78        92      1953
 MINIMUM TEMPERATURE (F)   57        41      1971


SUNRISE AND SUNSET
MAY 28 2017...........SUNRISE   547 AM CDT   SUNSET   822 PM CDT
MAY 29 2017...........SUNRISE   547 AM CDT   SUNSET   822 PM CDT


-  INDICATES NEGATIVE NUMBERS.
R  INDICATES RECORD WAS SET OR TIED.
MM INDICATES DATA IS MISSING.
T  INDICATES TRACE AMOUNT.




$$
