000
CDUS43 KSGF 040626
CLIVIH


CLIMATE REPORT
NATIONAL WEATHER SERVICE SPRINGFIELD MO
1226 AM CST SUN DEC 4 2016


...................................

...THE VICHY-ROLLA MO CLIMATE SUMMARY FOR DECEMBER 3 2016...

CLIMATE NORMAL PERIOD 1981 TO 2010
CLIMATE RECORD PERIOD 1888 TO 2016


WEATHER ITEM   OBSERVED TIME   RECORD YEAR NORMAL DEPARTURE LAST
                VALUE   (LST)  VALUE       VALUE  FROM      YEAR
                                                  NORMAL
..................................................................
TEMPERATURE (F)
 YESTERDAY
  MAXIMUM         45    248 PM  74    1970  47     -2       47
  MINIMUM         29   1234 AM   7    2006  28      1       25
  AVERAGE         37                        37      0       36

PRECIPITATION (IN)
  YESTERDAY        0.01          4.13 1982   0.10  -0.09     0.00
  MONTH TO DATE    0.01                      0.31  -0.30      T
  SINCE DEC 1      0.01                      0.31  -0.30      T
  SINCE JAN 1     40.07                     41.28  -1.21    42.03

DEGREE DAYS
 HEATING
  YESTERDAY       28                        28      0       29
  MONTH TO DATE   85                        82      3       83
  SINCE DEC 1     85                        82      3       83
  SINCE JUL 1    713                      1029   -316      804

 COOLING
  YESTERDAY        0                         0      0        0
  MONTH TO DATE    0                         0      0        0
  SINCE DEC 1      0                         0      0        0
  SINCE JAN 1   1482                      1246    236     1280
..................................................................


WIND (MPH)
  HIGHEST WIND SPEED    13   HIGHEST WIND DIRECTION    SE (130)
  HIGHEST GUST SPEED    16   HIGHEST GUST DIRECTION    SE (130)
  AVERAGE WIND SPEED     6.6


SKY COVER
  AVERAGE SKY COVER 0.5


WEATHER CONDITIONS
 THE FOLLOWING WEATHER WAS RECORDED YESTERDAY.
  LIGHT RAIN


RELATIVE HUMIDITY (PERCENT)
 HIGHEST    92           800 AM
 LOWEST     58           300 PM
 AVERAGE    75

..........................................................


THE VICHY-ROLLA MO CLIMATE NORMALS FOR TODAY
                         NORMAL    RECORD    YEAR
 MAXIMUM TEMPERATURE (F)   46        71      2001
 MINIMUM TEMPERATURE (F)   27         7      2006


SUNRISE AND SUNSET
DECEMBER  4 2016......SUNRISE   708 AM CST   SUNSET   447 PM CST
DECEMBER  5 2016......SUNRISE   709 AM CST   SUNSET   447 PM CST


-  INDICATES NEGATIVE NUMBERS.
R  INDICATES RECORD WAS SET OR TIED.
MM INDICATES DATA IS MISSING.
T  INDICATES TRACE AMOUNT.




$$
