000
CDUS42 KTAE 280634
CLIVLD


CLIMATE REPORT
NATIONAL WEATHER SERVICE TALLAHASSEE FL
133 AM EST SAT FEB 28 2015


...................................

...THE VALDOSTA CLIMATE SUMMARY FOR FEBRUARY 27 2015...

CLIMATE NORMAL PERIOD 1981 TO 2010
CLIMATE RECORD PERIOD 1948 TO 2015


WEATHER ITEM   OBSERVED TIME   NORMAL DEPARTURE LAST
                VALUE   (LST)  VALUE  FROM      YEAR
                                      NORMAL
......................................................
TEMPERATURE (F)
 YESTERDAY
  MAXIMUM         54    337 PM  70    -16       59
  MINIMUM         41    719 AM  44     -3       37
  AVERAGE         48            57     -9       48

PRECIPITATION (IN)
  YESTERDAY        0.00          0.24  -0.24     0.00
  MONTH TO DATE    4.41          3.92   0.49     3.52
  SINCE DEC 1     13.07         11.66   1.41    10.68
  SINCE JAN 1      8.97          8.49   0.48     6.14

DEGREE DAYS
 HEATING
  YESTERDAY       17             9      8       17
  MONTH TO DATE  405           302    103      180
  SINCE DEC 1   1098          1140    -42      870
  SINCE JUL 1   1465          1371     94     1036
......................................................


WIND (MPH)
  HIGHEST WIND SPEED    16   HIGHEST WIND DIRECTION     N (10)
  HIGHEST GUST SPEED    20   HIGHEST GUST DIRECTION     N (360)
  AVERAGE WIND SPEED     6.9




RELATIVE HUMIDITY (PERCENT)
 HIGHEST    89
 LOWEST     59
 AVERAGE    74

..........................................................




SUNRISE AND SUNSET
FEBRUARY 28 2015......SUNRISE   701 AM EST   SUNSET   631 PM EST
MARCH  1 2015.........SUNRISE   700 AM EST   SUNSET   632 PM EST


-  INDICATES NEGATIVE NUMBERS.
R  INDICATES RECORD WAS SET OR TIED.
MM INDICATES DATA IS MISSING.
T  INDICATES TRACE AMOUNT.




$$
