000
CDUS42 KTAE 310638
CLIVLD


CLIMATE REPORT
NATIONAL WEATHER SERVICE TALLAHASSEE FL
238 AM EDT SUN AUG 31 2014


...................................

...THE VALDOSTA CLIMATE SUMMARY FOR AUGUST 30 2014...

CLIMATE NORMAL PERIOD 1981 TO 2010
CLIMATE RECORD PERIOD 1948 TO 2014


WEATHER ITEM   OBSERVED TIME   NORMAL DEPARTURE LAST
                VALUE   (LST)  VALUE  FROM      YEAR
                                      NORMAL
......................................................
TEMPERATURE (F)
 YESTERDAY
  MAXIMUM         95    340 PM  91      4       96
  MINIMUM         71    609 AM  70      1       74
  AVERAGE         83            80      3       85

PRECIPITATION (IN)
  YESTERDAY        2.36          0.15   2.21     1.13
  MONTH TO DATE    5.13          5.18  -0.05     6.46
  SINCE JUN 1     11.21         17.87  -6.66    19.62
  SINCE JAN 1     34.48         36.87  -2.39    34.16

DEGREE DAYS
 COOLING
  YESTERDAY       18            15      3       20
  MONTH TO DATE  576           486     90      573
  SINCE JUN 1   1740          1426    314     1694
  SINCE JAN 1   2343          1838    505     2256
......................................................


WIND (MPH)
  HIGHEST WIND SPEED    14   HIGHEST WIND DIRECTION    NE (40)
  HIGHEST GUST SPEED    17   HIGHEST GUST DIRECTION     N (10)
  AVERAGE WIND SPEED     2.8




RELATIVE HUMIDITY (PERCENT)
 HIGHEST    94
 LOWEST     46
 AVERAGE    70

..........................................................




SUNRISE AND SUNSET
AUGUST 31 2014........SUNRISE   709 AM EDT   SUNSET   757 PM EDT
SEPTEMBER  1 2014.....SUNRISE   709 AM EDT   SUNSET   756 PM EDT


-  INDICATES NEGATIVE NUMBERS.
R  INDICATES RECORD WAS SET OR TIED.
MM INDICATES DATA IS MISSING.
T  INDICATES TRACE AMOUNT.




$$
