000
CDUS42 KTAE 170633
CLIVLD


CLIMATE REPORT
NATIONAL WEATHER SERVICE TALLAHASSEE FL
231 AM EDT TUE OCT 17 2017


...................................

...THE VALDOSTA CLIMATE SUMMARY FOR OCTOBER 16 2017...

CLIMATE NORMAL PERIOD 1981 TO 2010
CLIMATE RECORD PERIOD 1948 TO 2017


WEATHER ITEM   OBSERVED TIME   NORMAL DEPARTURE LAST
                VALUE   (LST)  VALUE  FROM      YEAR
                                      NORMAL
......................................................
TEMPERATURE (F)
 YESTERDAY
  MAXIMUM         88    111 PM  81      7       84
  MINIMUM         68   1159 PM  57     11       67
  AVERAGE         78            69      9       76

PRECIPITATION (IN)
  YESTERDAY        T             0.11  -0.11     0.01
  MONTH TO DATE    2.84          1.64   1.20     0.46
  SINCE SEP 1      5.18          6.28  -1.10     6.07
  SINCE JAN 1     36.96         43.31  -6.35    50.40

DEGREE DAYS
 HEATING
  YESTERDAY        0             1     -1        0
  MONTH TO DATE    0             6     -6        0
  SINCE SEP 1      0             7     -7        0
  SINCE JUL 1      0             7     -7        0

 COOLING
  YESTERDAY       13             5      8       11
  MONTH TO DATE  205           103    102      138
  SINCE SEP 1    545           474     71      586
  SINCE JAN 1   2528          2328    200     2716
......................................................


WIND (MPH)
  HIGHEST WIND SPEED    18   HIGHEST WIND DIRECTION     N (10)
  HIGHEST GUST SPEED    24   HIGHEST GUST DIRECTION     N (360)
  AVERAGE WIND SPEED     3.4




RELATIVE HUMIDITY (PERCENT)
 HIGHEST   100
 LOWEST     57
 AVERAGE    79

..........................................................




SUNRISE AND SUNSET
OCTOBER 17 2017.......SUNRISE   737 AM EDT   SUNSET   659 PM EDT
OCTOBER 18 2017.......SUNRISE   738 AM EDT   SUNSET   658 PM EDT


-  INDICATES NEGATIVE NUMBERS.
R  INDICATES RECORD WAS SET OR TIED.
MM INDICATES DATA IS MISSING.
T  INDICATES TRACE AMOUNT.




$$
