000
CDUS42 KTAE 020632
CLIVLD


CLIMATE REPORT
NATIONAL WEATHER SERVICE TALLAHASSEE FL
231 AM EDT MON MAY 2 2016


...................................

...THE VALDOSTA CLIMATE SUMMARY FOR MAY 1 2016...

CLIMATE NORMAL PERIOD 1981 TO 2010
CLIMATE RECORD PERIOD 1948 TO 2016


WEATHER ITEM   OBSERVED TIME   NORMAL DEPARTURE LAST
                VALUE   (LST)  VALUE  FROM      YEAR
                                      NORMAL
......................................................
TEMPERATURE (F)
 YESTERDAY
  MAXIMUM         88    410 PM  83      5       77
  MINIMUM         68    255 AM  56     12       50
  AVERAGE         78            70      8       64

PRECIPITATION (IN)
  YESTERDAY        0.00          0.05  -0.05     0.00
  MONTH TO DATE    0.00          0.05  -0.05     0.00
  SINCE MAR 1     11.99          7.79   4.20     7.34
  SINCE JAN 1     20.85         16.52   4.33    16.50

DEGREE DAYS
 HEATING
  YESTERDAY        0             1     -1        1
  MONTH TO DATE    0             1     -1        1
  SINCE MAR 1    121           253   -132       97
  SINCE JUL 1   1063          1633   -570     1581

 COOLING
  YESTERDAY       13             5      8        0
  MONTH TO DATE   13             5      8        0
  SINCE MAR 1    226           130     96      297
  SINCE JAN 1    236           140     96      301
......................................................


WIND (MPH)
  HIGHEST WIND SPEED    16   HIGHEST WIND DIRECTION     S (170)
  HIGHEST GUST SPEED    21   HIGHEST GUST DIRECTION     S (180)
  AVERAGE WIND SPEED     4.6




RELATIVE HUMIDITY (PERCENT)
 HIGHEST   100
 LOWEST     46
 AVERAGE    73

..........................................................




SUNRISE AND SUNSET
MAY  2 2016...........SUNRISE   648 AM EDT   SUNSET   813 PM EDT
MAY  3 2016...........SUNRISE   647 AM EDT   SUNSET   813 PM EDT


-  INDICATES NEGATIVE NUMBERS.
R  INDICATES RECORD WAS SET OR TIED.
MM INDICATES DATA IS MISSING.
T  INDICATES TRACE AMOUNT.




$$
