000
CDUS42 KTAE 172133
CLIVLD


CLIMATE REPORT
NATIONAL WEATHER SERVICE TALLAHASSEE FL
533 PM EDT THU APR 17 2014


...................................

...THE VALDOSTA CLIMATE SUMMARY FOR APRIL 17 2014...
VALID TODAY AS OF 0500 PM LOCAL TIME.

CLIMATE NORMAL PERIOD 1981 TO 2010
CLIMATE RECORD PERIOD 1948 TO 2014


WEATHER ITEM   OBSERVED TIME   NORMAL DEPARTURE LAST
                VALUE   (LST)  VALUE  FROM      YEAR
                                      NORMAL
......................................................
TEMPERATURE (F)
 TODAY
  MAXIMUM         72    142 PM  80     -8       83
  MINIMUM         52    344 AM  53     -1       63
  AVERAGE         62            66     -4       73

PRECIPITATION (IN)
  TODAY            0.00          0.08  -0.08     0.00
  MONTH TO DATE    5.40          1.88   3.52     3.87
  SINCE MAR 1      9.56          6.75   2.81     6.16
  SINCE JAN 1     15.70         15.48   0.22    12.31

......................................................







THE VALDOSTA CLIMATE NORMALS FOR TOMORROW
                         NORMAL
 MAXIMUM TEMPERATURE (F)   80
 MINIMUM TEMPERATURE (F)   53



-  INDICATES NEGATIVE NUMBERS.
R  INDICATES RECORD WAS SET OR TIED.
MM INDICATES DATA IS MISSING.
T  INDICATES TRACE AMOUNT.




$$
