000
CDUS42 KTAE 130631
CLIVLD


CLIMATE REPORT
NATIONAL WEATHER SERVICE TALLAHASSEE FL
131 AM EST WED DEC 13 2017


...................................

...THE VALDOSTA CLIMATE SUMMARY FOR DECEMBER 12 2017...

CLIMATE NORMAL PERIOD 1981 TO 2010
CLIMATE RECORD PERIOD 1948 TO 2017


WEATHER ITEM   OBSERVED TIME   NORMAL DEPARTURE LAST
                VALUE   (LST)  VALUE  FROM      YEAR
                                      NORMAL
......................................................
TEMPERATURE (F)
 YESTERDAY
  MAXIMUM         64    130 PM  65     -1       75
  MINIMUM         36   1117 PM  42     -6       56
  AVERAGE         50            54     -4       66

PRECIPITATION (IN)
  YESTERDAY        0.00          0.13  -0.13     0.01
  MONTH TO DATE    1.48          1.34   0.14     1.30
  SINCE DEC 1      1.48          1.34   0.14     1.30
  SINCE JAN 1     40.31         48.77  -8.46    51.70

DEGREE DAYS
 HEATING
  YESTERDAY       15            12      3        0
  MONTH TO DATE  138           129      9      114
  SINCE DEC 1    138           129      9      114
  SINCE JUL 1    371           360     11      281
......................................................


WIND (MPH)
  HIGHEST WIND SPEED    13   HIGHEST WIND DIRECTION    NW (300)
  HIGHEST GUST SPEED    21   HIGHEST GUST DIRECTION    NW (300)
  AVERAGE WIND SPEED     4.4




RELATIVE HUMIDITY (PERCENT)
 HIGHEST   100
 LOWEST     36
 AVERAGE    68

..........................................................




SUNRISE AND SUNSET
DECEMBER 13 2017......SUNRISE   722 AM EST   SUNSET   533 PM EST
DECEMBER 14 2017......SUNRISE   723 AM EST   SUNSET   533 PM EST


-  INDICATES NEGATIVE NUMBERS.
R  INDICATES RECORD WAS SET OR TIED.
MM INDICATES DATA IS MISSING.
T  INDICATES TRACE AMOUNT.




$$
