267
CDUS42 KTAE 270635
CLIVLD


CLIMATE REPORT
NATIONAL WEATHER SERVICE TALLAHASSEE FL
134 AM EST MON FEB 27 2017


...................................

...THE VALDOSTA CLIMATE SUMMARY FOR FEBRUARY 26 2017...

CLIMATE NORMAL PERIOD 1981 TO 2010
CLIMATE RECORD PERIOD 1948 TO 2017


WEATHER ITEM   OBSERVED TIME   NORMAL DEPARTURE LAST
                VALUE   (LST)  VALUE  FROM      YEAR
                                      NORMAL
......................................................
TEMPERATURE (F)
 YESTERDAY
  MAXIMUM         70    417 PM  70      0       58
  MINIMUM         36    549 AM  44     -8       36
  AVERAGE         53            57     -4       47

PRECIPITATION (IN)
  YESTERDAY        0.00          0.23  -0.23     0.00
  MONTH TO DATE    1.20          3.68  -2.48     4.97
  SINCE DEC 1     12.46         11.42   1.04    11.37
  SINCE JAN 1     10.31          8.25   2.06     8.86

DEGREE DAYS
 HEATING
  YESTERDAY       12             9      3       18
  MONTH TO DATE  124           293   -169      260
  SINCE DEC 1    616          1131   -515      829
  SINCE JUL 1    783          1362   -579      905
......................................................


WIND (MPH)
  HIGHEST WIND SPEED    14   HIGHEST WIND DIRECTION    NE (30)
  HIGHEST GUST SPEED    16   HIGHEST GUST DIRECTION    NE (40)
  AVERAGE WIND SPEED     4.6




RELATIVE HUMIDITY (PERCENT)
 HIGHEST    82
 LOWEST     15
 AVERAGE    49

..........................................................




SUNRISE AND SUNSET
FEBRUARY 27 2017......SUNRISE   701 AM EST   SUNSET   630 PM EST
FEBRUARY 28 2017......SUNRISE   700 AM EST   SUNSET   631 PM EST


-  INDICATES NEGATIVE NUMBERS.
R  INDICATES RECORD WAS SET OR TIED.
MM INDICATES DATA IS MISSING.
T  INDICATES TRACE AMOUNT.




$$
