000
CDUS42 KTAE 220718
CLIVLD


CLIMATE REPORT
NATIONAL WEATHER SERVICE TALLAHASSEE FL
237 AM EDT MON MAY 22 2017


...................................

...THE VALDOSTA CLIMATE SUMMARY FOR MAY 21 2017...

CLIMATE NORMAL PERIOD 1981 TO 2010
CLIMATE RECORD PERIOD 1948 TO 2017


WEATHER ITEM   OBSERVED TIME   NORMAL DEPARTURE LAST
                VALUE   (LST)  VALUE  FROM      YEAR
                                      NORMAL
......................................................
TEMPERATURE (F)
 YESTERDAY
  MAXIMUM         84    338 PM  87     -3       86
  MINIMUM         67    736 AM  63      4       65
  AVERAGE         76            75      1       76

PRECIPITATION (IN)
  YESTERDAY        T             0.07  -0.07     0.00
  MONTH TO DATE    1.26          1.34  -0.08     3.45
  SINCE MAR 1      4.40          9.08  -4.68    15.44
  SINCE JAN 1     14.71         17.81  -3.10    24.30

DEGREE DAYS
 COOLING
  YESTERDAY       11            10      1       11
  MONTH TO DATE  169           165      4      179
  SINCE MAR 1    386           290     96      392
  SINCE JAN 1    432           300    132      402
......................................................


WIND (MPH)
  HIGHEST WIND SPEED    12   HIGHEST WIND DIRECTION     S (180)
  HIGHEST GUST SPEED    20   HIGHEST GUST DIRECTION     W (290)
  AVERAGE WIND SPEED     3.5




RELATIVE HUMIDITY (PERCENT)
 HIGHEST    93
 LOWEST     65
 AVERAGE    79

..........................................................




SUNRISE AND SUNSET
MAY 22 2017...........SUNRISE   634 AM EDT   SUNSET   826 PM EDT
MAY 23 2017...........SUNRISE   634 AM EDT   SUNSET   826 PM EDT


-  INDICATES NEGATIVE NUMBERS.
R  INDICATES RECORD WAS SET OR TIED.
MM INDICATES DATA IS MISSING.
T  INDICATES TRACE AMOUNT.




$$
