000
CDUS42 KFFC 280818
CLIVPC


CLIMATE REPORT
NATIONAL WEATHER SERVICE PEACHTREE CITY GA
416 AM EDT TUE JUL 28 2015


...................................

...THE CARTERSVILLE CLIMATE SUMMARY FOR JULY 27 2015...

CLIMATE NORMAL PERIOD 1981 TO 2010
CLIMATE RECORD PERIOD 9999 TO 9999


WEATHER ITEM   OBSERVED TIME   RECORD YEAR NORMAL DEPARTURE LAST
                VALUE   (LST)  VALUE       VALUE  FROM      YEAR
                                                  NORMAL
..................................................................
TEMPERATURE (F)
 YESTERDAY
  MAXIMUM         94    354 PM  MM      MM  89      5       94
  MINIMUM         69    602 AM  MM      MM  68      1       66
  AVERAGE         82                        79      3       80

PRECIPITATION (IN)
  YESTERDAY        0.00         MM      MM   0.10  -0.10     0.00
  MONTH TO DATE    3.57                      4.25  -0.68     0.85
  SINCE JUN 1      6.04                      8.09  -2.05     5.09
  SINCE JAN 1     24.14                     30.25  -6.11    25.86

DEGREE DAYS
 COOLING
  YESTERDAY       17                        14      3       15
  MONTH TO DATE  379                       358     21      329
  SINCE JUN 1    749                       653     96      671
  SINCE JAN 1    967                       802    165      853
..................................................................


WIND (MPH)
  RESULTANT WIND SPEED   0   RESULTANT WIND DIRECTION  NE (60)
  HIGHEST WIND SPEED    13   HIGHEST WIND DIRECTION     N (20)
  HIGHEST GUST SPEED    16   HIGHEST GUST DIRECTION     N (10)
  AVERAGE WIND SPEED     0.5


SKY COVER
  AVERAGE SKY COVER 0.0


WEATHER CONDITIONS
 THE FOLLOWING WEATHER WAS RECORDED YESTERDAY.
  FOG


RELATIVE HUMIDITY (PERCENT)
 HIGHEST    97           200 AM
 LOWEST     49           300 PM
 AVERAGE    73

..........................................................


THE CARTERSVILLE CLIMATE NORMALS FOR TODAY
                         NORMAL    RECORD    YEAR
 MAXIMUM TEMPERATURE (F)   89        MM        MM
 MINIMUM TEMPERATURE (F)   68        MM        MM


SUNRISE AND SUNSET
JULY 28 2015..........SUNRISE   648 AM EDT   SUNSET   844 PM EDT
JULY 29 2015..........SUNRISE   648 AM EDT   SUNSET   843 PM EDT


-  INDICATES NEGATIVE NUMBERS.
R  INDICATES RECORD WAS SET OR TIED.
MM INDICATES DATA IS MISSING.
T  INDICATES TRACE AMOUNT.




$$
