000
CDUS43 KLOT 280636
CLIVPZ


CLIMATE REPORT
NATIONAL WEATHER SERVICE CHICAGO IL
135 AM CDT THU AUG 28 2014


...................................

...THE VALPARAISO CLIMATE SUMMARY FOR AUGUST 27 2014...

CLIMATE NORMAL PERIOD 1981 TO 2010
CLIMATE RECORD PERIOD 1998 TO 2014


WEATHER ITEM   OBSERVED TIME   RECORD YEAR NORMAL DEPARTURE LAST
                VALUE   (LST)  VALUE       VALUE  FROM      YEAR
                                                  NORMAL
..................................................................
TEMPERATURE (F)
 YESTERDAY
  MAXIMUM         80   1249 PM  93    2013  80      0       93
  MINIMUM         59   1113 PM  50    2010  59      0       70
  AVERAGE         70                        70      0       82

PRECIPITATION (IN)
  YESTERDAY        0.00          1.39 2009   0.14  -0.14     0.00
  MONTH TO DATE    9.62                      3.78   5.84     3.70
  SINCE JUN 1     19.56                     12.03   7.53    11.70
  SINCE JAN 1     28.49                     25.01   3.48    25.33

DEGREE DAYS
 HEATING
  YESTERDAY        0                         1     -1        0
  MONTH TO DATE   15                         3     12       12
  SINCE JUN 1     60                        48     12       65
  SINCE JUL 1     40                         7     33       28

 COOLING
  YESTERDAY        5                         5      0       17
  MONTH TO DATE  169                       167      2      147
  SINCE JUN 1    440                       571   -131      521
  SINCE JAN 1    513                       618   -105      622
..................................................................


WIND (MPH)
  RESULTANT WIND SPEED   4   RESULTANT WIND DIRECTION  NE (30)
  HIGHEST WIND SPEED    12   HIGHEST WIND DIRECTION     N (350)
  HIGHEST GUST SPEED    16   HIGHEST GUST DIRECTION     N (340)
  AVERAGE WIND SPEED     4.3



WEATHER CONDITIONS
 THE FOLLOWING WEATHER WAS RECORDED YESTERDAY.
  FOG
  FOG W/VISIBILITY <= 1/4 MILE


..........................................................


THE VALPARAISO CLIMATE NORMALS FOR TODAY
                         NORMAL    RECORD    YEAR
 MAXIMUM TEMPERATURE (F)   79        91      2003
 MINIMUM TEMPERATURE (F)   59        54      2010


SUNRISE AND SUNSET
AUGUST 28 2014........SUNRISE   610 AM CDT   SUNSET   727 PM CDT
AUGUST 29 2014........SUNRISE   611 AM CDT   SUNSET   726 PM CDT


-  INDICATES NEGATIVE NUMBERS.
R  INDICATES RECORD WAS SET OR TIED.
MM INDICATES DATA IS MISSING.
T  INDICATES TRACE AMOUNT.




$$
