000
CDUS43 KLOT 240631
CLIVPZ


CLIMATE REPORT
NATIONAL WEATHER SERVICE CHICAGO IL
131 AM CDT FRI OCT 24 2014


...................................

...THE VALPARAISO CLIMATE SUMMARY FOR OCTOBER 23 2014...

CLIMATE NORMAL PERIOD 1981 TO 2010
CLIMATE RECORD PERIOD 1998 TO 2014


WEATHER ITEM   OBSERVED TIME   RECORD YEAR NORMAL DEPARTURE LAST
                VALUE   (LST)  VALUE       VALUE  FROM      YEAR
                                                  NORMAL
..................................................................
TEMPERATURE (F)
 YESTERDAY
  MAXIMUM         59    146 PM  71    2000  60     -1       45
  MINIMUM         30R   625 AM  31    2013  41    -11       31
  AVERAGE         45                        50     -5       38

PRECIPITATION (IN)
  YESTERDAY        0.00          1.71 2009   0.11  -0.11     0.00
  MONTH TO DATE    3.57                      2.45   1.12     1.68
  SINCE SEP 1      5.95                      5.66   0.29     4.25
  SINCE JAN 1     35.31                     31.20   4.11    29.93

DEGREE DAYS
 HEATING
  YESTERDAY       20                        15      5       27
  MONTH TO DATE  296                       272     24      266
  SINCE SEP 1    427                       385     42      346
  SINCE JUL 1    467                       402     65      374

 COOLING
  YESTERDAY        0                         0      0        0
  MONTH TO DATE    3                        11     -8       25
  SINCE SEP 1     64                        77    -13      143
  SINCE JAN 1    611                       713   -102      810
..................................................................


WIND (MPH)
  RESULTANT WIND SPEED   2   RESULTANT WIND DIRECTION   S (180)
  HIGHEST WIND SPEED    14   HIGHEST WIND DIRECTION    SW (220)
  HIGHEST GUST SPEED    19   HIGHEST GUST DIRECTION    SW (210)
  AVERAGE WIND SPEED     4.6



WEATHER CONDITIONS
 THE FOLLOWING WEATHER WAS RECORDED YESTERDAY.
  FOG
  FOG W/VISIBILITY <= 1/4 MILE
  HAZE


..........................................................


THE VALPARAISO CLIMATE NORMALS FOR TODAY
                         NORMAL    RECORD    YEAR
 MAXIMUM TEMPERATURE (F)   60        79      2012
 MINIMUM TEMPERATURE (F)   40        30      2006


SUNRISE AND SUNSET
OCTOBER 24 2014.......SUNRISE   710 AM CDT   SUNSET   554 PM CDT
OCTOBER 25 2014.......SUNRISE   711 AM CDT   SUNSET   552 PM CDT


-  INDICATES NEGATIVE NUMBERS.
R  INDICATES RECORD WAS SET OR TIED.
MM INDICATES DATA IS MISSING.
T  INDICATES TRACE AMOUNT.




$$
