000
CDUS43 KLOT 260633
CLIVPZ


CLIMATE REPORT
NATIONAL WEATHER SERVICE CHICAGO IL
1232 AM CST MON JAN 26 2015


...................................

...THE VALPARAISO CLIMATE SUMMARY FOR JANUARY 25 2015...

CLIMATE NORMAL PERIOD 1981 TO 2010
CLIMATE RECORD PERIOD 1998 TO 2015


WEATHER ITEM   OBSERVED TIME   RECORD YEAR NORMAL DEPARTURE LAST
                VALUE   (LST)  VALUE       VALUE  FROM      YEAR
                                                  NORMAL
..................................................................
TEMPERATURE (F)
 YESTERDAY
  MAXIMUM         34    954 AM  50    2002  31      3       30
  MINIMUM         18   1159 PM  -8    2008  16      2        3
  AVERAGE         26                        24      2       17

PRECIPITATION (IN)
  YESTERDAY        0.03          0.24 2005   0.06  -0.03      T
  MONTH TO DATE    0.82                      1.40  -0.58     0.89
  SINCE DEC 1      1.63                      3.58  -1.95     2.00
  SINCE JAN 1      0.82                      1.40  -0.58     0.89

DEGREE DAYS
 HEATING
  YESTERDAY       39                        41     -2       48
  MONTH TO DATE 1106                      1040     66     1064
  SINCE DEC 1   2114                      2184    -70     2361
  SINCE JUL 1   3615                      3442    173     3747

 COOLING
  YESTERDAY        0                         0      0        0
  MONTH TO DATE    0                         0      0        0
  SINCE DEC 1      0                         0      0        0
  SINCE JAN 1      0                         0      0        0
..................................................................


WIND (MPH)
  RESULTANT WIND SPEED   8   RESULTANT WIND DIRECTION  NE (40)
  HIGHEST WIND SPEED    18   HIGHEST WIND DIRECTION    NE (60)
  HIGHEST GUST SPEED    27   HIGHEST GUST DIRECTION    NE (40)
  AVERAGE WIND SPEED     9.7



WEATHER CONDITIONS
 THE FOLLOWING WEATHER WAS RECORDED YESTERDAY.
  LIGHT RAIN
  SNOW
  LIGHT SNOW
  FOG
  FOG W/VISIBILITY <= 1/4 MILE
  HAZE


..........................................................


THE VALPARAISO CLIMATE NORMALS FOR TODAY
                         NORMAL    RECORD    YEAR
 MAXIMUM TEMPERATURE (F)   31        53      2002
 MINIMUM TEMPERATURE (F)   16         2      2003


SUNRISE AND SUNSET
JANUARY 26 2015.......SUNRISE   705 AM CST   SUNSET   456 PM CST
JANUARY 27 2015.......SUNRISE   704 AM CST   SUNSET   458 PM CST


-  INDICATES NEGATIVE NUMBERS.
R  INDICATES RECORD WAS SET OR TIED.
MM INDICATES DATA IS MISSING.
T  INDICATES TRACE AMOUNT.




$$
