000
CDUS43 KLOT 010632
CLIVPZ


CLIMATE REPORT
NATIONAL WEATHER SERVICE CHICAGO IL
131 AM CDT SUN MAY 1 2016


...................................

...THE VALPARAISO CLIMATE SUMMARY FOR APRIL 30 2016...

CLIMATE NORMAL PERIOD 1981 TO 2010
CLIMATE RECORD PERIOD 1998 TO 2016


WEATHER ITEM   OBSERVED TIME   RECORD YEAR NORMAL DEPARTURE LAST
                VALUE   (LST)  VALUE       VALUE  FROM      YEAR
                                                  NORMAL
..................................................................
TEMPERATURE (F)
 YESTERDAY
  MAXIMUM         48   1159 PM  85    2001  65    -17       47
  MINIMUM         40   1221 AM  30    2008  43     -3       38
  AVERAGE         44                        54    -10       43

PRECIPITATION (IN)
  YESTERDAY        0.58          0.87 2003   0.18   0.40      T
  MONTH TO DATE    2.68                      3.53  -0.85     2.15
  SINCE MAR 1      5.73                      6.01  -0.28     2.77
  SINCE JAN 1      7.06                      9.18  -2.12     4.38

DEGREE DAYS
 HEATING
  YESTERDAY       21                        11     10       22
  MONTH TO DATE  502                       481     21      447
  SINCE MAR 1   1143                      1327   -184     1410
  SINCE JUL 1   5001                      6059  -1058     6668

 COOLING
  YESTERDAY        0                         0      0        0
  MONTH TO DATE    6                         5      1        0
  SINCE MAR 1      6                         5      1        0
  SINCE JAN 1      6                         5      1        0
..................................................................


WIND (MPH)
  RESULTANT WIND SPEED  12   RESULTANT WIND DIRECTION   E (80)
  HIGHEST WIND SPEED    26   HIGHEST WIND DIRECTION     E (80)
  HIGHEST GUST SPEED    33   HIGHEST GUST DIRECTION     E (70)
  AVERAGE WIND SPEED    12.5



WEATHER CONDITIONS
 THE FOLLOWING WEATHER WAS RECORDED YESTERDAY.
  RAIN
  LIGHT RAIN
  FOG
  HAZE


..........................................................


THE VALPARAISO CLIMATE NORMALS FOR TODAY
                         NORMAL    RECORD    YEAR
 MAXIMUM TEMPERATURE (F)   66        87      2007
 MINIMUM TEMPERATURE (F)   43        31      2005


SUNRISE AND SUNSET
MAY  1 2016...........SUNRISE   544 AM CDT   SUNSET   746 PM CDT
MAY  2 2016...........SUNRISE   543 AM CDT   SUNSET   747 PM CDT


-  INDICATES NEGATIVE NUMBERS.
R  INDICATES RECORD WAS SET OR TIED.
MM INDICATES DATA IS MISSING.
T  INDICATES TRACE AMOUNT.




$$
