000
CDUS43 KLOT 290636
CLIVPZ


CLIMATE REPORT
NATIONAL WEATHER SERVICE CHICAGO IL
135 AM CDT SUN MAR 29 2015


...................................

...THE VALPARAISO CLIMATE SUMMARY FOR MARCH 28 2015...

CLIMATE NORMAL PERIOD 1981 TO 2010
CLIMATE RECORD PERIOD 1998 TO 2015


WEATHER ITEM   OBSERVED TIME   RECORD YEAR NORMAL DEPARTURE LAST
                VALUE   (LST)  VALUE       VALUE  FROM      YEAR
                                                  NORMAL
..................................................................
TEMPERATURE (F)
 YESTERDAY
  MAXIMUM         38    231 PM  77    1945  52    -14       52
                                      1905
  MINIMUM         13    535 AM   2    1934  33    -20       30
  AVERAGE         26                        42    -16       41

PRECIPITATION (IN)
  YESTERDAY        0.00          1.05 1985   0.09  -0.09     0.02
  MONTH TO DATE    0.61                      2.21  -1.60     0.79
  SINCE MAR 1      0.61                      2.21  -1.60     0.79
  SINCE JAN 1      2.22                      5.38  -3.16     3.42

DEGREE DAYS
 HEATING
  YESTERDAY       39                        23     16       24
  MONTH TO DATE  893                       779    114      926
  SINCE MAR 1    893                       779    114      926
  SINCE JUL 1   6151                      5511    640     6375

 COOLING
  YESTERDAY        0                         0      0        0
  MONTH TO DATE    0                         0      0        0
  SINCE MAR 1      0                         0      0        0
  SINCE JAN 1      0                         0      0        0
..................................................................


WIND (MPH)
  RESULTANT WIND SPEED   2   RESULTANT WIND DIRECTION  NE (50)
  HIGHEST WIND SPEED    12   HIGHEST WIND DIRECTION    NE (60)
  HIGHEST GUST SPEED    16   HIGHEST GUST DIRECTION     N (350)
  AVERAGE WIND SPEED     4.2



WEATHER CONDITIONS
 THE FOLLOWING WEATHER WAS RECORDED YESTERDAY.
  NO SIGNIFICANT WEATHER WAS OBSERVED.


..........................................................


THE VALPARAISO CLIMATE NORMALS FOR TODAY
                         NORMAL    RECORD    YEAR
 MAXIMUM TEMPERATURE (F)   52        82      1986
 MINIMUM TEMPERATURE (F)   33        13      1915


SUNRISE AND SUNSET
MARCH 29 2015.........SUNRISE   637 AM CDT   SUNSET   710 PM CDT
MARCH 30 2015.........SUNRISE   635 AM CDT   SUNSET   711 PM CDT


-  INDICATES NEGATIVE NUMBERS.
R  INDICATES RECORD WAS SET OR TIED.
MM INDICATES DATA IS MISSING.
T  INDICATES TRACE AMOUNT.




$$
