000
CDUS43 KLOT 060648
CLIVPZ


CLIMATE REPORT
NATIONAL WEATHER SERVICE CHICAGO IL
1246 AM CST TUE DEC 6 2016


...................................

...THE VALPARAISO CLIMATE SUMMARY FOR DECEMBER 5 2016...

CLIMATE NORMAL PERIOD 1981 TO 2010
CLIMATE RECORD PERIOD 1998 TO 2016


WEATHER ITEM   OBSERVED TIME   RECORD YEAR NORMAL DEPARTURE LAST
                VALUE   (LST)  VALUE       VALUE  FROM      YEAR
                                                  NORMAL
..................................................................
TEMPERATURE (F)
 YESTERDAY
  MAXIMUM         34    224 PM  69    2001  38     -4       36
  MINIMUM         28   1159 PM   7    2008  25      3       28
  AVERAGE         31                        32     -1       32

PRECIPITATION (IN)
  YESTERDAY        0.00          1.26 1999   0.09  -0.09     0.00
  MONTH TO DATE    0.39                      0.44  -0.05     0.04
  SINCE DEC 1      0.39                      0.44  -0.05     0.04
  SINCE JAN 1     31.65                     35.77  -4.12    28.44

DEGREE DAYS
 HEATING
  YESTERDAY       34                        33      1       33
  MONTH TO DATE  148                       163    -15      151
  SINCE DEC 1    148                       163    -15      151
  SINCE JUL 1    961                      1421   -460     1127

 COOLING
  YESTERDAY        0                         0      0        0
  MONTH TO DATE    0                         0      0        0
  SINCE DEC 1      0                         0      0        0
  SINCE JAN 1   1017                       713    304      738
..................................................................


WIND (MPH)
  RESULTANT WIND SPEED   6   RESULTANT WIND DIRECTION  SE (150)
  HIGHEST WIND SPEED    15   HIGHEST WIND DIRECTION     S (200)
  HIGHEST GUST SPEED    19   HIGHEST GUST DIRECTION     S (200)
  AVERAGE WIND SPEED     9.6



WEATHER CONDITIONS
 THE FOLLOWING WEATHER WAS RECORDED YESTERDAY.
  FOG


..........................................................


THE VALPARAISO CLIMATE NORMALS FOR TODAY
                         NORMAL    RECORD    YEAR
 MAXIMUM TEMPERATURE (F)   38        63      1998
 MINIMUM TEMPERATURE (F)   24         5      2007


SUNRISE AND SUNSET
DECEMBER  6 2016......SUNRISE   700 AM CST   SUNSET   418 PM CST
DECEMBER  7 2016......SUNRISE   701 AM CST   SUNSET   418 PM CST


-  INDICATES NEGATIVE NUMBERS.
R  INDICATES RECORD WAS SET OR TIED.
MM INDICATES DATA IS MISSING.
T  INDICATES TRACE AMOUNT.




$$
