000
CDUS43 KLOT 240633
CLIVPZ


CLIMATE REPORT
NATIONAL WEATHER SERVICE CHICAGO IL
1232 AM CST FRI FEB 24 2017


...................................

...THE VALPARAISO CLIMATE SUMMARY FOR FEBRUARY 23 2017...

CLIMATE NORMAL PERIOD 1981 TO 2010
CLIMATE RECORD PERIOD 1998 TO 2017


WEATHER ITEM   OBSERVED TIME   RECORD YEAR NORMAL DEPARTURE LAST
                VALUE   (LST)  VALUE       VALUE  FROM      YEAR
                                                  NORMAL
..................................................................
TEMPERATURE (F)
 YESTERDAY
  MAXIMUM         58   1202 AM  61    2000  38     20       47
  MINIMUM         39    720 PM   0    2015  22     17       24
  AVERAGE         49                        30     19       36

PRECIPITATION (IN)
  YESTERDAY        0.10          0.12 2012   0.06   0.04     0.00
  MONTH TO DATE    0.63                      1.16  -0.53     0.72
  SINCE DEC 1      3.79                      5.09  -1.30     3.31
  SINCE JAN 1      3.04                      2.91   0.13     1.18

DEGREE DAYS
 HEATING
  YESTERDAY       16                        35    -19       29
  MONTH TO DATE  550                       879   -329      809
  SINCE DEC 1   2791                      3306   -515     2714
  SINCE JUL 1   3604                      4564   -960     3690

 COOLING
  YESTERDAY        0                         0      0        0
  MONTH TO DATE    0                         0      0        0
  SINCE DEC 1      0                         0      0        0
  SINCE JAN 1      0                         0      0        0
..................................................................


WIND (MPH)
  RESULTANT WIND SPEED   3   RESULTANT WIND DIRECTION   N (360)
  HIGHEST WIND SPEED    17   HIGHEST WIND DIRECTION    NE (40)
  HIGHEST GUST SPEED    22   HIGHEST GUST DIRECTION    NE (30)
  AVERAGE WIND SPEED     8.1



WEATHER CONDITIONS
 THE FOLLOWING WEATHER WAS RECORDED YESTERDAY.
  LIGHT RAIN
  FOG
  FOG W/VISIBILITY <= 1/4 MILE
  HAZE


..........................................................


THE VALPARAISO CLIMATE NORMALS FOR TODAY
                         NORMAL    RECORD    YEAR
 MAXIMUM TEMPERATURE (F)   38        59      2002
                                             2000
 MINIMUM TEMPERATURE (F)   23         0      2015


SUNRISE AND SUNSET
FEBRUARY 24 2017......SUNRISE   630 AM CST   SUNSET   533 PM CST
FEBRUARY 25 2017......SUNRISE   628 AM CST   SUNSET   534 PM CST


-  INDICATES NEGATIVE NUMBERS.
R  INDICATES RECORD WAS SET OR TIED.
MM INDICATES DATA IS MISSING.
T  INDICATES TRACE AMOUNT.




$$
