000
CDUS43 KLOT 030647
CLIVPZ


CLIMATE REPORT
NATIONAL WEATHER SERVICE CHICAGO IL
147 AM CDT MON AUG 3 2015


...................................

...THE VALPARAISO CLIMATE SUMMARY FOR AUGUST 2 2015...

CLIMATE NORMAL PERIOD 1981 TO 2010
CLIMATE RECORD PERIOD 1998 TO 2015


WEATHER ITEM   OBSERVED TIME   RECORD YEAR NORMAL DEPARTURE LAST
                VALUE   (LST)  VALUE       VALUE  FROM      YEAR
                                                  NORMAL
..................................................................
TEMPERATURE (F)
 YESTERDAY
  MAXIMUM         93R   124 PM  91    2006  81     12       82
  MINIMUM         62   1054 PM  53    2014  62      0       53
  AVERAGE         78                        72      6       68

PRECIPITATION (IN)
  YESTERDAY        1.42          1.68 2013   0.13   1.29     0.00
  MONTH TO DATE    1.42                      0.27   1.15     1.38
  SINCE JUN 1     11.95                      8.52   3.43    11.32
  SINCE JAN 1     20.74                     21.50  -0.76    20.25

DEGREE DAYS
 HEATING
  YESTERDAY        0                         0      0        0
  MONTH TO DATE    0                         0      0        0
  SINCE JUN 1     33                        45    -12       45
  SINCE JUL 1      6                         4      2       25

 COOLING
  YESTERDAY       13                         7      6        3
  MONTH TO DATE   21                        14      7        7
  SINCE JUN 1    355                       418    -63      278
  SINCE JAN 1    431                       465    -34      351
..................................................................


WIND (MPH)
  RESULTANT WIND SPEED  14   RESULTANT WIND DIRECTION  SW (220)
  HIGHEST WIND SPEED    33   HIGHEST WIND DIRECTION    NW (330)
  HIGHEST GUST SPEED    51   HIGHEST GUST DIRECTION    NW (330)
  AVERAGE WIND SPEED    14.3



WEATHER CONDITIONS
 THE FOLLOWING WEATHER WAS RECORDED YESTERDAY.
  HEAVY RAIN
  RAIN
  LIGHT RAIN
  FOG


..........................................................


THE VALPARAISO CLIMATE NORMALS FOR TODAY
                         NORMAL    RECORD    YEAR
 MAXIMUM TEMPERATURE (F)   81        93      2012
 MINIMUM TEMPERATURE (F)   62        54      2014


SUNRISE AND SUNSET
AUGUST  3 2015........SUNRISE   545 AM CDT   SUNSET   803 PM CDT
AUGUST  4 2015........SUNRISE   546 AM CDT   SUNSET   802 PM CDT


-  INDICATES NEGATIVE NUMBERS.
R  INDICATES RECORD WAS SET OR TIED.
MM INDICATES DATA IS MISSING.
T  INDICATES TRACE AMOUNT.




$$
