000
CDUS42 KMLB 302024
CLIVRB


CLIMATE REPORT
NATIONAL WEATHER SERVICE MELBOURNE FL
424 PM EDT TUE AUG 30 2016


...................................

...THE VERO BEACH CLIMATE SUMMARY FOR AUGUST 30 2016...
VALID TODAY AS OF 0400 PM LOCAL TIME.

CLIMATE NORMAL PERIOD 1981 TO 2010
CLIMATE RECORD PERIOD 1942 TO 2016


WEATHER ITEM   OBSERVED TIME   RECORD YEAR NORMAL DEPARTURE LAST
                VALUE   (LST)  VALUE       VALUE  FROM      YEAR
                                                  NORMAL
..................................................................
TEMPERATURE (F)
 TODAY
  MAXIMUM         89   1234 PM  95    2005  89      0       82
  MINIMUM         76    104 PM  68    1992  74      2       76
                                      1984
                                      1969
  AVERAGE         83                        81      2       79

PRECIPITATION (IN)
  TODAY            0.44          2.65 2015   0.23   0.21     2.65
  MONTH TO DATE   11.63                      6.78   4.85     7.89
  SINCE JUN 1     17.09                     19.08  -1.99    18.70
  SINCE JAN 1     52.88                     34.45  18.43    30.42

SNOWFALL (IN)
  TODAY            0.0
  MONTH TO DATE    0.0
  SINCE JUL 1      0.0

DEGREE DAYS
 HEATING
  TODAY            0                         0      0        0
  MONTH TO DATE    0                         0      0        0
  SINCE JUN 1      0                         0      0        0
  SINCE JUL 1      0                         0      0        0

 COOLING
  TODAY           18                        16      2       14
  MONTH TO DATE  551                       502     49      547
  SINCE JUN 1   1644                      1476    168     1627
  SINCE JAN 1   2573                      2282    291     2779
..................................................................


WIND (MPH)
  HIGHEST WIND SPEED    17   HIGHEST WIND DIRECTION    SE (150)
  HIGHEST GUST SPEED    24   HIGHEST GUST DIRECTION    SW (230)
  AVERAGE WIND SPEED     8.2


SKY COVER
  AVERAGE SKY COVER 0.6


WEATHER CONDITIONS
 THE FOLLOWING WEATHER WAS RECORDED TODAY.
  THUNDERSTORM
  HEAVY RAIN
  LIGHT RAIN
  FOG


RELATIVE HUMIDITY (PERCENT)
 HIGHEST    94           500 AM
 LOWEST     65          1200 PM
 AVERAGE    80

..........................................................


THE VERO BEACH CLIMATE NORMALS FOR TOMORROW
                         NORMAL    RECORD    YEAR
 MAXIMUM TEMPERATURE (F)   89        96      1977
 MINIMUM TEMPERATURE (F)   74        68      1967


SUNRISE AND SUNSET
AUGUST 30 2016........SUNRISE   700 AM EDT   SUNSET   744 PM EDT
AUGUST 31 2016........SUNRISE   700 AM EDT   SUNSET   743 PM EDT


-  INDICATES NEGATIVE NUMBERS.
R  INDICATES RECORD WAS SET OR TIED.
MM INDICATES DATA IS MISSING.
T  INDICATES TRACE AMOUNT.




$$
