000
CDUS42 KMLB 260627
CLIVRB


CLIMATE REPORT
NATIONAL WEATHER SERVICE MELBOURNE FL
226 AM EDT TUE MAY 26 2015


...................................

...THE VERO BEACH CLIMATE SUMMARY FOR MAY 25 2015...

CLIMATE NORMAL PERIOD 1981 TO 2010
CLIMATE RECORD PERIOD 1942 TO 2015


WEATHER ITEM   OBSERVED TIME   RECORD YEAR NORMAL DEPARTURE LAST
                VALUE   (LST)  VALUE       VALUE  FROM      YEAR
                                                  NORMAL
..................................................................
TEMPERATURE (F)
 YESTERDAY
  MAXIMUM         89    203 PM  95    1949  86      3       88
  MINIMUM         76   1140 PM  57    1967  70      6       72
  AVERAGE         83                        78      5       80

PRECIPITATION (IN)
  YESTERDAY        0.09          2.30 1973   0.14  -0.05     0.00
  MONTH TO DATE    0.44                      2.44  -2.00     2.56
  SINCE MAR 1      7.54                      9.28  -1.74     6.53
  SINCE JAN 1     11.17                     14.45  -3.28    13.08

SNOWFALL (IN)
  YESTERDAY        0.0
  MONTH TO DATE    0.0
  SINCE JUL 1      0.0

DEGREE DAYS
 HEATING
  YESTERDAY        0                         0      0        0
  MONTH TO DATE    0                         0      0        0
  SINCE MAR 1     12                        70    -58       33
  SINCE JUL 1    384                       455    -71      268

 COOLING
  YESTERDAY       18                        13      5       15
  MONTH TO DATE  327                       267     60      287
  SINCE MAR 1    935                       586    349      637
  SINCE JAN 1   1060                       725    335      845
..................................................................


WIND (MPH)
  HIGHEST WIND SPEED    21   HIGHEST WIND DIRECTION    SE (130)
  HIGHEST GUST SPEED    26   HIGHEST GUST DIRECTION    SE (130)
  AVERAGE WIND SPEED    12.4


SKY COVER
  AVERAGE SKY COVER 0.4


WEATHER CONDITIONS
 THE FOLLOWING WEATHER WAS RECORDED YESTERDAY.
  LIGHT RAIN


RELATIVE HUMIDITY (PERCENT)
 HIGHEST    79           600 AM
 LOWEST     59          1100 AM
 AVERAGE    69

..........................................................


THE VERO BEACH CLIMATE NORMALS FOR TODAY
                         NORMAL    RECORD    YEAR
 MAXIMUM TEMPERATURE (F)   86        97      1975
 MINIMUM TEMPERATURE (F)   70        55      1979


SUNRISE AND SUNSET
MAY 26 2015...........SUNRISE   628 AM EDT   SUNSET   810 PM EDT
MAY 27 2015...........SUNRISE   628 AM EDT   SUNSET   810 PM EDT


-  INDICATES NEGATIVE NUMBERS.
R  INDICATES RECORD WAS SET OR TIED.
MM INDICATES DATA IS MISSING.
T  INDICATES TRACE AMOUNT.




$$
