501
CDUS42 KMLB 240636
CLIVRB


CLIMATE REPORT
NATIONAL WEATHER SERVICE MELBOURNE FL
236 AM EDT TUE MAY 24 2016


...................................

...THE VERO BEACH CLIMATE SUMMARY FOR MAY 23 2016...

CLIMATE NORMAL PERIOD 1981 TO 2010
CLIMATE RECORD PERIOD 1942 TO 2016


WEATHER ITEM   OBSERVED TIME   RECORD YEAR NORMAL DEPARTURE LAST
                VALUE   (LST)  VALUE       VALUE  FROM      YEAR
                                                  NORMAL
..................................................................
TEMPERATURE (F)
 YESTERDAY
  MAXIMUM         86    203 PM  94    1961  86      0       88
  MINIMUM         71    557 AM  57    1994  69      2       71
  AVERAGE         79                        78      1       80

PRECIPITATION (IN)
  YESTERDAY        0.00          1.57 1976   0.13  -0.13     0.00
  MONTH TO DATE   16.37                      2.16  14.21     0.35
  SINCE MAR 1     20.83                      9.00  11.83     7.45
  SINCE JAN 1     34.18                     14.17  20.01    11.08

SNOWFALL (IN)
  YESTERDAY        0.0
  MONTH TO DATE    0.0
  SINCE JUL 1      0.0

DEGREE DAYS
 HEATING
  YESTERDAY        0                         0      0        0
  MONTH TO DATE    0                         0      0        0
  SINCE MAR 1     16                        70    -54       12
  SINCE JUL 1    284                       455   -171      384

 COOLING
  YESTERDAY       14                        13      1       15
  MONTH TO DATE  259                       241     18      291
  SINCE MAR 1    717                       560    157      899
  SINCE JAN 1    815                       699    116     1024
..................................................................


WIND (MPH)
  HIGHEST WIND SPEED    15   HIGHEST WIND DIRECTION    SE (130)
  HIGHEST GUST SPEED    18   HIGHEST GUST DIRECTION    NE (50)
  AVERAGE WIND SPEED     7.7


SKY COVER
  AVERAGE SKY COVER 0.1


WEATHER CONDITIONS
 THE FOLLOWING WEATHER WAS RECORDED YESTERDAY.
  NO SIGNIFICANT WEATHER WAS OBSERVED.


RELATIVE HUMIDITY (PERCENT)
 HIGHEST    79           300 AM
 LOWEST     44           100 PM
 AVERAGE    62

..........................................................


THE VERO BEACH CLIMATE NORMALS FOR TODAY
                         NORMAL    RECORD    YEAR
 MAXIMUM TEMPERATURE (F)   86        94      2005
                                             2000
 MINIMUM TEMPERATURE (F)   70        60      1981


SUNRISE AND SUNSET
MAY 24 2016...........SUNRISE   628 AM EDT   SUNSET   809 PM EDT
MAY 25 2016...........SUNRISE   628 AM EDT   SUNSET   810 PM EDT


-  INDICATES NEGATIVE NUMBERS.
R  INDICATES RECORD WAS SET OR TIED.
MM INDICATES DATA IS MISSING.
T  INDICATES TRACE AMOUNT.




$$
