000
CDUS42 KMLB 220626
CLIVRB


CLIMATE REPORT
NATIONAL WEATHER SERVICE MELBOURNE FL
226 AM EDT WED OCT 22 2014


...................................

...THE VERO BEACH CLIMATE SUMMARY FOR OCTOBER 21 2014...

CLIMATE NORMAL PERIOD 1981 TO 2010
CLIMATE RECORD PERIOD 1942 TO 2014


WEATHER ITEM   OBSERVED TIME   RECORD YEAR NORMAL DEPARTURE LAST
                VALUE   (LST)  VALUE       VALUE  FROM      YEAR
                                                  NORMAL
..................................................................
TEMPERATURE (F)
 YESTERDAY
  MAXIMUM         80   1145 AM  89    2013  83     -3       89
                                      2002
                                      1988
  MINIMUM         65    500 AM  46    1989  68     -3       69
  AVERAGE         73                        76     -3       79

PRECIPITATION (IN)
  YESTERDAY        1.56R         0.97 1947   0.14   1.42     0.01
  MONTH TO DATE    4.03                      3.71   0.32     0.52
  SINCE SEP 1     14.77                     10.50   4.27     7.14
  SINCE JAN 1     48.08                     45.20   2.88    34.82

SNOWFALL (IN)
  YESTERDAY        0.0
  MONTH TO DATE    0.0
  SINCE JUL 1      0.0

DEGREE DAYS
 HEATING
  YESTERDAY        0                         0      0        0
  MONTH TO DATE    0                         0      0        0
  SINCE SEP 1      0                         0      0        0
  SINCE JUL 1      0                         0      0        0

 COOLING
  YESTERDAY        8                        11     -3       14
  MONTH TO DATE  217                       266    -49      260
  SINCE SEP 1    635                       735   -100      712
  SINCE JAN 1   3002                      3033    -31     3118
..................................................................


WIND (MPH)
  HIGHEST WIND SPEED    20   HIGHEST WIND DIRECTION     S (170)
  HIGHEST GUST SPEED    23   HIGHEST GUST DIRECTION     S (180)
  AVERAGE WIND SPEED     3.2


SKY COVER
  AVERAGE SKY COVER 0.3


WEATHER CONDITIONS
 THE FOLLOWING WEATHER WAS RECORDED YESTERDAY.
  THUNDERSTORM
  HEAVY RAIN
  RAIN
  LIGHT RAIN
  FOG


RELATIVE HUMIDITY (PERCENT)
 HIGHEST   100           500 AM
 LOWEST     74          1000 AM
 AVERAGE    87

..........................................................


THE VERO BEACH CLIMATE NORMALS FOR TODAY
                         NORMAL    RECORD    YEAR
 MAXIMUM TEMPERATURE (F)   83        92      2013
 MINIMUM TEMPERATURE (F)   67        50      1976


SUNRISE AND SUNSET
OCTOBER 22 2014.......SUNRISE   726 AM EDT   SUNSET   646 PM EDT
OCTOBER 23 2014.......SUNRISE   727 AM EDT   SUNSET   645 PM EDT


-  INDICATES NEGATIVE NUMBERS.
R  INDICATES RECORD WAS SET OR TIED.
MM INDICATES DATA IS MISSING.
T  INDICATES TRACE AMOUNT.




$$
