000
CDUS42 KMLB 280644
CLIVRB


CLIMATE REPORT
NATIONAL WEATHER SERVICE MELBOURNE FL
233 AM EDT THU JUL 28 2016


...................................

...THE VERO BEACH CLIMATE SUMMARY FOR JULY 27 2016...

CLIMATE NORMAL PERIOD 1981 TO 2010
CLIMATE RECORD PERIOD 1942 TO 2016


WEATHER ITEM   OBSERVED TIME   RECORD YEAR NORMAL DEPARTURE LAST
                VALUE   (LST)  VALUE       VALUE  FROM      YEAR
                                                  NORMAL
..................................................................
TEMPERATURE (F)
 YESTERDAY
  MAXIMUM         92    314 PM  98    1983  90      2       91
  MINIMUM         72    601 AM  68    1976  74     -2       75
  AVERAGE         82                        82      0       83

PRECIPITATION (IN)
  YESTERDAY        0.00          1.66 2007   0.18  -0.18     0.15
  MONTH TO DATE    0.61                      4.92  -4.31     5.53
  SINCE JUN 1      5.46                     11.59  -6.13    10.44
  SINCE JAN 1     41.25                     26.96  14.29    22.16

SNOWFALL (IN)
  YESTERDAY        0.0
  MONTH TO DATE    0.0
  SINCE JUL 1      0.0

DEGREE DAYS
 HEATING
  YESTERDAY        0                         0      0        0
  MONTH TO DATE    0                         0      0        0
  SINCE JUN 1      0                         0      0        0
  SINCE JUL 1      0                         0      0        0

 COOLING
  YESTERDAY       17                        17      0       18
  MONTH TO DATE  499                       450     49      489
  SINCE JUN 1   1016                       906    110     1002
  SINCE JAN 1   1945                      1712    233     2154
..................................................................


WIND (MPH)
  HIGHEST WIND SPEED    16   HIGHEST WIND DIRECTION    SE (120)
  HIGHEST GUST SPEED    20   HIGHEST GUST DIRECTION    SE (120)
  AVERAGE WIND SPEED     6.6


SKY COVER
  AVERAGE SKY COVER 0.0


WEATHER CONDITIONS
 THE FOLLOWING WEATHER WAS RECORDED YESTERDAY.
  FOG


RELATIVE HUMIDITY (PERCENT)
 HIGHEST    93           400 AM
 LOWEST     56           300 PM
 AVERAGE    75

..........................................................


THE VERO BEACH CLIMATE NORMALS FOR TODAY
                         NORMAL    RECORD    YEAR
 MAXIMUM TEMPERATURE (F)   90        96      2015
                                             1950
 MINIMUM TEMPERATURE (F)   74        69      1982
                                             1979
                                             1978


SUNRISE AND SUNSET
JULY 28 2016..........SUNRISE   643 AM EDT   SUNSET   813 PM EDT
JULY 29 2016..........SUNRISE   643 AM EDT   SUNSET   812 PM EDT


-  INDICATES NEGATIVE NUMBERS.
R  INDICATES RECORD WAS SET OR TIED.
MM INDICATES DATA IS MISSING.
T  INDICATES TRACE AMOUNT.




$$
