000
CDUS42 KMLB 220627
CLIVRB


CLIMATE REPORT
NATIONAL WEATHER SERVICE MELBOURNE FL
226 AM EDT MON MAY 22 2017


...................................

...THE VERO BEACH CLIMATE SUMMARY FOR MAY 21 2017...

CLIMATE NORMAL PERIOD 1981 TO 2010
CLIMATE RECORD PERIOD 1942 TO 2017


WEATHER ITEM   OBSERVED TIME   RECORD YEAR NORMAL DEPARTURE LAST
                VALUE   (LST)  VALUE       VALUE  FROM      YEAR
                                                  NORMAL
..................................................................
TEMPERATURE (F)
 YESTERDAY
  MAXIMUM         87    146 PM  95    2015  86      1       92
                                      1962
  MINIMUM         71    623 AM  60    1994  69      2       73
                                      1973
                                      1972
  AVERAGE         79                        77      2       83

PRECIPITATION (IN)
  YESTERDAY        T             1.20 1946   0.12  -0.12     0.00
  MONTH TO DATE    3.28                      1.91   1.37    16.37
  SINCE MAR 1      7.79                      8.75  -0.96    20.83
  SINCE JAN 1      9.75                     13.92  -4.17    34.18

SNOWFALL (IN)
  YESTERDAY        0.0
  MONTH TO DATE    0.0
  SINCE JUL 1      0.0

DEGREE DAYS
 HEATING
  YESTERDAY        0                         0      0        0
  MONTH TO DATE    0                         0      0        0
  SINCE MAR 1     42                        70    -28       16
  SINCE JUL 1    185                       455   -270      284

 COOLING
  YESTERDAY       14                        12      2       18
  MONTH TO DATE  256                       216     40      228
  SINCE MAR 1    713                       535    178      686
  SINCE JAN 1    914                       674    240      784
..................................................................


WIND (MPH)
  HIGHEST WIND SPEED    20   HIGHEST WIND DIRECTION    SE (130)
  HIGHEST GUST SPEED    24   HIGHEST GUST DIRECTION    SE (120)
  AVERAGE WIND SPEED     9.0


SKY COVER
  AVERAGE SKY COVER 0.2


WEATHER CONDITIONS
 THE FOLLOWING WEATHER WAS RECORDED YESTERDAY.
  LIGHT RAIN
  FOG


RELATIVE HUMIDITY (PERCENT)
 HIGHEST    93           400 AM
 LOWEST     61          1100 AM
 AVERAGE    77

..........................................................


THE VERO BEACH CLIMATE NORMALS FOR TODAY
                         NORMAL    RECORD    YEAR
 MAXIMUM TEMPERATURE (F)   86        94      1978
                                             1962
                                             1961
 MINIMUM TEMPERATURE (F)   69        56      1994


SUNRISE AND SUNSET
MAY 22 2017...........SUNRISE   629 AM EDT   SUNSET   808 PM EDT
MAY 23 2017...........SUNRISE   629 AM EDT   SUNSET   808 PM EDT


-  INDICATES NEGATIVE NUMBERS.
R  INDICATES RECORD WAS SET OR TIED.
MM INDICATES DATA IS MISSING.
T  INDICATES TRACE AMOUNT.




$$
