000
CDUS41 KBTV 050539
CLIVSF


CLIMATE REPORT
NATIONAL WEATHER SERVICE BURLINGTON VT
137 AM EDT THU MAY 5 2016


...................................

...THE SPRINGFIELD VT CLIMATE SUMMARY FOR MAY 4 2016...

CLIMATE NORMAL PERIOD 1981 TO 2010
CLIMATE RECORD PERIOD 9999 TO 9999


WEATHER ITEM   OBSERVED TIME   NORMAL DEPARTURE LAST
                VALUE   (LST)  VALUE  FROM      YEAR
                                      NORMAL
......................................................
TEMPERATURE (F)
 YESTERDAY
  MAXIMUM         49   1237 PM  64    -15       84
  MINIMUM         44   1159 PM  39      5       40
  AVERAGE         47            52     -5       62

PRECIPITATION (IN)
  YESTERDAY        0.02          0.10  -0.08     0.00
  MONTH TO DATE    0.48          0.40   0.08      T
  SINCE MAR 1      3.59          7.32  -3.73     3.09
  SINCE JAN 1      8.81         12.93  -4.12     7.24

DEGREE DAYS
 HEATING
  YESTERDAY       18            13      5        3
  MONTH TO DATE   75            55     20       36
  SINCE MAR 1   1574          1716   -142     1895
  SINCE JUL 1   6230          7161   -931     7447

 COOLING
  YESTERDAY        0             0      0        0
  MONTH TO DATE    0             0      0        0
  SINCE MAR 1      0             2     -2        0
  SINCE JAN 1      0             2     -2        0
......................................................


WIND (MPH)
  HIGHEST WIND SPEED     9   HIGHEST WIND DIRECTION    SE (130)
  HIGHEST GUST SPEED    13   HIGHEST GUST DIRECTION    SE (130)
  AVERAGE WIND SPEED     1.8


SKY COVER
  AVERAGE SKY COVER 1.0


WEATHER CONDITIONS
 THE FOLLOWING WEATHER WAS RECORDED YESTERDAY.
  LIGHT RAIN
  FOG


RELATIVE HUMIDITY (PERCENT)
 HIGHEST    92           500 AM
 LOWEST     77           900 AM
 AVERAGE    85

..........................................................


THE SPRINGFIELD VT CLIMATE NORMALS FOR TODAY
                         NORMAL    RECORD    YEAR
 MAXIMUM TEMPERATURE (F)   65        78      2010
 MINIMUM TEMPERATURE (F)   40        28      2005


SUNRISE AND SUNSET
MAY  5 2016...........SUNRISE   537 AM EDT   SUNSET   757 PM EDT
MAY  6 2016...........SUNRISE   536 AM EDT   SUNSET   758 PM EDT


-  INDICATES NEGATIVE NUMBERS.
R  INDICATES RECORD WAS SET OR TIED.
MM INDICATES DATA IS MISSING.
T  INDICATES TRACE AMOUNT.




$$
