000
CDUS41 KBTV 050535
CLIVSF


CLIMATE REPORT
NATIONAL WEATHER SERVICE BURLINGTON VT
134 AM EDT SUN JUL 5 2015


...................................

...THE SPRINGFIELD VT CLIMATE SUMMARY FOR JULY 4 2015...

CLIMATE NORMAL PERIOD 1981 TO 2010
CLIMATE RECORD PERIOD 9999 TO 9999


WEATHER ITEM   OBSERVED TIME   NORMAL DEPARTURE LAST
                VALUE   (LST)  VALUE  FROM      YEAR
                                      NORMAL
......................................................
TEMPERATURE (F)
 YESTERDAY
  MAXIMUM         68    600 PM  81    -13       MM
  MINIMUM         48    430 AM  57     -9       MM
  AVERAGE         58            68    -10       MM

PRECIPITATION (IN)
  YESTERDAY        0.05          0.12  -0.07    MM
  MONTH TO DATE    0.58          0.48   0.10     0.73
  SINCE JUN 1      5.78          4.37   1.41     4.91
  SINCE JAN 1     14.28         20.64  -6.36    18.44

DEGREE DAYS
 HEATING
  YESTERDAY        7             1      6       MM
  MONTH TO DATE   10             4      6        0
  SINCE JUN 1    117           100     17       58
  SINCE JUL 1     10             4      6        0

 COOLING
  YESTERDAY        0             4     -4       MM
  MONTH TO DATE    1            16    -15       25
  SINCE JUN 1     44            80    -36       84
  SINCE JAN 1     93            92      1       89
......................................................


WIND (MPH)
  HIGHEST WIND SPEED     8   HIGHEST WIND DIRECTION     S (160)
  HIGHEST GUST SPEED    10   HIGHEST GUST DIRECTION     S (160)
  AVERAGE WIND SPEED     1.6


SKY COVER
  AVERAGE SKY COVER 0.4


WEATHER CONDITIONS
 THE FOLLOWING WEATHER WAS RECORDED YESTERDAY.
  LIGHT RAIN
  FOG
  FOG W/VISIBILITY <= 1/4 MILE


RELATIVE HUMIDITY (PERCENT)
 HIGHEST   100           400 AM
 LOWEST     67          1000 AM
 AVERAGE    84

..........................................................


THE SPRINGFIELD VT CLIMATE NORMALS FOR TODAY
                         NORMAL    RECORD    YEAR
 MAXIMUM TEMPERATURE (F)   81        96      1999
 MINIMUM TEMPERATURE (F)   57        50      2009


SUNRISE AND SUNSET
JULY  5 2015..........SUNRISE   516 AM EDT   SUNSET   833 PM EDT
JULY  6 2015..........SUNRISE   516 AM EDT   SUNSET   833 PM EDT


-  INDICATES NEGATIVE NUMBERS.
R  INDICATES RECORD WAS SET OR TIED.
MM INDICATES DATA IS MISSING.
T  INDICATES TRACE AMOUNT.




$$
