000
CDUS41 KBTV 020529
CLIVSF


CLIMATE REPORT
NATIONAL WEATHER SERVICE BURLINGTON VT
128 AM EDT SAT AUG 2 2014


...................................

...THE SPRINGFIELD VT CLIMATE SUMMARY FOR AUGUST 1 2014...

CLIMATE NORMAL PERIOD 1981 TO 2010
CLIMATE RECORD PERIOD 9999 TO 9999


WEATHER ITEM   OBSERVED TIME   NORMAL DEPARTURE LAST
                VALUE   (LST)  VALUE  FROM      YEAR
                                      NORMAL
......................................................
TEMPERATURE (F)
 YESTERDAY
  MAXIMUM         82    347 PM  81      1       79
  MINIMUM         57    543 AM  57      0       55
  AVERAGE         70            69      1       67

PRECIPITATION (IN)
  YESTERDAY        0.00          0.15  -0.15     0.32
  MONTH TO DATE    0.00          0.15  -0.15     0.32
  SINCE JUN 1     10.56          8.47   2.09    11.82
  SINCE JAN 1     24.09         24.74  -0.65    23.53

DEGREE DAYS
 HEATING
  YESTERDAY        0             1     -1        0
  MONTH TO DATE    0             1     -1        0
  SINCE JUN 1     65           114    -49      107
  SINCE JUL 1      7            18    -11        6

 COOLING
  YESTERDAY        5             4      1        2
  MONTH TO DATE    5             4      1        2
  SINCE JUN 1    177           207    -30      344
  SINCE JAN 1    182           219    -37      368
......................................................


WIND (MPH)
  HIGHEST WIND SPEED     9   HIGHEST WIND DIRECTION     S (170)
  HIGHEST GUST SPEED    13   HIGHEST GUST DIRECTION     S (160)
  AVERAGE WIND SPEED     2.0


SKY COVER
  AVERAGE SKY COVER 0.6


WEATHER CONDITIONS
 THE FOLLOWING WEATHER WAS RECORDED YESTERDAY.
  FOG
  FOG W/VISIBILITY <= 1/4 MILE


RELATIVE HUMIDITY (PERCENT)
 HIGHEST   100           100 AM
 LOWEST     54           400 PM
 AVERAGE    77

..........................................................


THE SPRINGFIELD VT CLIMATE NORMALS FOR TODAY
                         NORMAL    RECORD    YEAR
 MAXIMUM TEMPERATURE (F)   81        MM        MM
 MINIMUM TEMPERATURE (F)   56        MM        MM


SUNRISE AND SUNSET
AUGUST  2 2014........SUNRISE   541 AM EDT   SUNSET   811 PM EDT
AUGUST  3 2014........SUNRISE   542 AM EDT   SUNSET   810 PM EDT


-  INDICATES NEGATIVE NUMBERS.
R  INDICATES RECORD WAS SET OR TIED.
MM INDICATES DATA IS MISSING.
T  INDICATES TRACE AMOUNT.




$$
