000
CDUS41 KBTV 010533
CLIVSF


CLIMATE REPORT
NATIONAL WEATHER SERVICE BURLINGTON VT
131 AM EDT SAT AUG 1 2015


...................................

...THE SPRINGFIELD VT CLIMATE SUMMARY FOR JULY 31 2015...

CLIMATE NORMAL PERIOD 1981 TO 2010
CLIMATE RECORD PERIOD 9999 TO 9999


WEATHER ITEM   OBSERVED TIME   NORMAL DEPARTURE LAST
                VALUE   (LST)  VALUE  FROM      YEAR
                                      NORMAL
......................................................
TEMPERATURE (F)
 YESTERDAY
  MAXIMUM         84    325 PM  81      3       71
  MINIMUM         59    636 AM  57      2       51
  AVERAGE         72            69      3       61

PRECIPITATION (IN)
  YESTERDAY        0.00          0.15  -0.15     0.29
  MONTH TO DATE    1.28          4.43  -3.15     6.38
  SINCE JUN 1      6.48          8.32  -1.84    10.56
  SINCE JAN 1     14.98         24.59  -9.61    24.09

DEGREE DAYS
 HEATING
  YESTERDAY        0             1     -1        4
  MONTH TO DATE   16            17     -1        7
  SINCE JUN 1    123           113     10       65
  SINCE JUL 1     16            17     -1        7

 COOLING
  YESTERDAY        7             4      3        0
  MONTH TO DATE  142           139      3      113
  SINCE JUN 1    185           203    -18      172
  SINCE JAN 1    234           215     19      177
......................................................


WIND (MPH)
  HIGHEST WIND SPEED    17   HIGHEST WIND DIRECTION     W (260)
  HIGHEST GUST SPEED    27   HIGHEST GUST DIRECTION     W (270)
  AVERAGE WIND SPEED     4.5


SKY COVER
  AVERAGE SKY COVER 0.4


WEATHER CONDITIONS
 THE FOLLOWING WEATHER WAS RECORDED YESTERDAY.
  FOG
  FOG W/VISIBILITY <= 1/4 MILE


RELATIVE HUMIDITY (PERCENT)
 HIGHEST   100          1200 AM
 LOWEST     31           300 PM
 AVERAGE    66

..........................................................


THE SPRINGFIELD VT CLIMATE NORMALS FOR TODAY
                         NORMAL    RECORD    YEAR
 MAXIMUM TEMPERATURE (F)   81        93      2006
 MINIMUM TEMPERATURE (F)   57        45      1998


SUNRISE AND SUNSET
AUGUST  1 2015........SUNRISE   540 AM EDT   SUNSET   812 PM EDT
AUGUST  2 2015........SUNRISE   541 AM EDT   SUNSET   811 PM EDT


-  INDICATES NEGATIVE NUMBERS.
R  INDICATES RECORD WAS SET OR TIED.
MM INDICATES DATA IS MISSING.
T  INDICATES TRACE AMOUNT.




$$
