000
CDUS41 KBTV 130552
CLIVSF


CLIMATE REPORT
NATIONAL WEATHER SERVICE BURLINGTON VT
1249 AM EST SAT FEB 13 2016


...................................

...THE SPRINGFIELD VT CLIMATE SUMMARY FOR FEBRUARY 12 2016...

CLIMATE NORMAL PERIOD 1981 TO 2010
CLIMATE RECORD PERIOD 9999 TO 9999


WEATHER ITEM   OBSERVED TIME   NORMAL DEPARTURE LAST
                VALUE   (LST)  VALUE  FROM      YEAR
                                      NORMAL
......................................................
TEMPERATURE (F)
 YESTERDAY
  MAXIMUM         21    457 PM  32    -11       29
  MINIMUM         -4    731 AM  12    -16        6
  AVERAGE          9            22    -13       18

PRECIPITATION (IN)
  YESTERDAY        T             0.11  -0.11      T
  MONTH TO DATE    1.11          1.16  -0.05     1.21
  SINCE DEC 1      5.92          7.35  -1.43     8.27
  SINCE JAN 1      2.60          4.08  -1.48     3.74

DEGREE DAYS
 HEATING
  YESTERDAY       56            43     13       47
  MONTH TO DATE  449           527    -78      633
  SINCE DEC 1   2584          3156   -572     3233
  SINCE JUL 1   3997          4799   -802     4636

 COOLING
  YESTERDAY        0             0      0        0
  MONTH TO DATE    0             0      0        0
  SINCE DEC 1      0             0      0        0
  SINCE JAN 1      0             0      0        0
......................................................


WIND (MPH)
  HIGHEST WIND SPEED    15   HIGHEST WIND DIRECTION     W (250)
  HIGHEST GUST SPEED    22   HIGHEST GUST DIRECTION     W (260)
  AVERAGE WIND SPEED     3.6


SKY COVER
  AVERAGE SKY COVER 0.1


WEATHER CONDITIONS
 THE FOLLOWING WEATHER WAS RECORDED YESTERDAY.
  HAZE


RELATIVE HUMIDITY (PERCENT)
 HIGHEST    86          1100 PM
 LOWEST     39           200 PM
 AVERAGE    63

..........................................................


THE SPRINGFIELD VT CLIMATE NORMALS FOR TODAY
                         NORMAL    RECORD    YEAR
 MAXIMUM TEMPERATURE (F)   33        39      1998
 MINIMUM TEMPERATURE (F)   13        -8      2003


SUNRISE AND SUNSET
FEBRUARY 13 2016......SUNRISE   652 AM EST   SUNSET   517 PM EST
FEBRUARY 14 2016......SUNRISE   650 AM EST   SUNSET   519 PM EST


-  INDICATES NEGATIVE NUMBERS.
R  INDICATES RECORD WAS SET OR TIED.
MM INDICATES DATA IS MISSING.
T  INDICATES TRACE AMOUNT.




$$
