000
CDUS41 KBTV 220526
CLIVSF


CLIMATE REPORT
NATIONAL WEATHER SERVICE BURLINGTON VT
124 AM EDT MON MAY 22 2017


...................................

...THE SPRINGFIELD VT CLIMATE SUMMARY FOR MAY 21 2017...

CLIMATE NORMAL PERIOD 1981 TO 2010
CLIMATE RECORD PERIOD 9999 TO 9999


WEATHER ITEM   OBSERVED TIME   NORMAL DEPARTURE LAST
                VALUE   (LST)  VALUE  FROM      YEAR
                                      NORMAL
......................................................
TEMPERATURE (F)
 YESTERDAY
  MAXIMUM         70    406 PM  69      1       73
  MINIMUM         35    427 AM  44     -9       39
  AVERAGE         53            56     -3       56

PRECIPITATION (IN)
  YESTERDAY        0.04          0.13  -0.09     0.00
  MONTH TO DATE    3.72          2.26   1.46     1.77
  SINCE MAR 1     10.83          9.18   1.65     4.88
  SINCE JAN 1     14.38         14.79  -0.41    10.10

DEGREE DAYS
 HEATING
  YESTERDAY       12             9      3        9
  MONTH TO DATE  261           241     20      282
  SINCE MAR 1   1874          1902    -28     1781
  SINCE JUL 1   6751          7347   -596     6437

 COOLING
  YESTERDAY        0             0      0        0
  MONTH TO DATE   14             0     14        0
  SINCE MAR 1     14             2     12        0
  SINCE JAN 1     14             2     12        0
......................................................


WIND (MPH)
  HIGHEST WIND SPEED    10   HIGHEST WIND DIRECTION    SW (230)
  HIGHEST GUST SPEED    16   HIGHEST GUST DIRECTION    SE (150)
  AVERAGE WIND SPEED     2.1


SKY COVER
  AVERAGE SKY COVER 0.2


WEATHER CONDITIONS
 THE FOLLOWING WEATHER WAS RECORDED YESTERDAY.
  LIGHT RAIN
  FOG


RELATIVE HUMIDITY (PERCENT)
 HIGHEST    92           200 AM
 LOWEST     22           300 PM
 AVERAGE    57

..........................................................


THE SPRINGFIELD VT CLIMATE NORMALS FOR TODAY
                         NORMAL    RECORD    YEAR
 MAXIMUM TEMPERATURE (F)   69        83      2009
 MINIMUM TEMPERATURE (F)   44        32      2007


SUNRISE AND SUNSET
MAY 22 2017...........SUNRISE   519 AM EDT   SUNSET   815 PM EDT
MAY 23 2017...........SUNRISE   518 AM EDT   SUNSET   816 PM EDT


-  INDICATES NEGATIVE NUMBERS.
R  INDICATES RECORD WAS SET OR TIED.
MM INDICATES DATA IS MISSING.
T  INDICATES TRACE AMOUNT.




$$
