000
CDUS41 KBTV 220557
CLIVSF


CLIMATE REPORT
NATIONAL WEATHER SERVICE BURLINGTON VT
156 AM EDT FRI AUG 22 2014


...................................

...THE SPRINGFIELD VT CLIMATE SUMMARY FOR AUGUST 21 2014...

CLIMATE NORMAL PERIOD 1981 TO 2010
CLIMATE RECORD PERIOD 9999 TO 9999


WEATHER ITEM   OBSERVED TIME   NORMAL DEPARTURE LAST
                VALUE   (LST)  VALUE  FROM      YEAR
                                      NORMAL
......................................................
TEMPERATURE (F)
 YESTERDAY
  MAXIMUM         67    135 PM  79    -12       86
  MINIMUM         58   1159 PM  55      3       57
  AVERAGE         63            67     -4       72

PRECIPITATION (IN)
  YESTERDAY        0.29          0.13   0.16     0.00
  MONTH TO DATE    2.67          2.62   0.05     1.48
  SINCE JUN 1     13.23         10.94   2.29    12.98
  SINCE JAN 1     26.76         27.21  -0.45    24.69

DEGREE DAYS
 HEATING
  YESTERDAY        2             1      1        0
  MONTH TO DATE   32            21     11       32
  SINCE JUN 1     97           134    -37      139
  SINCE JUL 1     39            38      1       38

 COOLING
  YESTERDAY        0             3     -3        7
  MONTH TO DATE   37            79    -42       40
  SINCE JUN 1    209           282    -73      382
  SINCE JAN 1    214           294    -80      406
......................................................


WIND (MPH)
  HIGHEST WIND SPEED     8   HIGHEST WIND DIRECTION     E (100)
  HIGHEST GUST SPEED    11   HIGHEST GUST DIRECTION     E (90)
  AVERAGE WIND SPEED     0.8


SKY COVER
  AVERAGE SKY COVER 1.0


WEATHER CONDITIONS
 THE FOLLOWING WEATHER WAS RECORDED YESTERDAY.
  HEAVY RAIN
  RAIN
  LIGHT RAIN
  FOG


RELATIVE HUMIDITY (PERCENT)
 HIGHEST   100           400 AM
 LOWEST     78           300 PM
 AVERAGE    89

..........................................................


THE SPRINGFIELD VT CLIMATE NORMALS FOR TODAY
                         NORMAL    RECORD    YEAR
 MAXIMUM TEMPERATURE (F)   79        MM        MM
 MINIMUM TEMPERATURE (F)   55        MM        MM


SUNRISE AND SUNSET
AUGUST 22 2014........SUNRISE   603 AM EDT   SUNSET   742 PM EDT
AUGUST 23 2014........SUNRISE   604 AM EDT   SUNSET   740 PM EDT


-  INDICATES NEGATIVE NUMBERS.
R  INDICATES RECORD WAS SET OR TIED.
MM INDICATES DATA IS MISSING.
T  INDICATES TRACE AMOUNT.




$$
