000
CDUS41 KBTV 301245
CLIVSF


CLIMATE REPORT
NATIONAL WEATHER SERVICE BURLINGTON VT
845 AM EDT SAT JUL 30 2016


...................................

...THE SPRINGFIELD VT CLIMATE SUMMARY FOR JULY 29 2016...

CLIMATE NORMAL PERIOD 1981 TO 2010
CLIMATE RECORD PERIOD 9999 TO 9999


WEATHER ITEM   OBSERVED TIME   NORMAL DEPARTURE LAST
                VALUE   (LST)  VALUE  FROM      YEAR
                                      NORMAL
......................................................
TEMPERATURE (F)
 YESTERDAY
  MAXIMUM         85    307 PM  81      4       94
  MINIMUM         62   1152 PM  57      5       60
  AVERAGE         74            69      5       77

PRECIPITATION (IN)
  YESTERDAY        0.00          0.15  -0.15     0.00
  MONTH TO DATE    3.17          4.14  -0.97     1.05
  SINCE JUN 1      5.45          8.03  -2.58     6.25
  SINCE JAN 1     15.87         24.30  -8.43    14.75

DEGREE DAYS
 HEATING
  YESTERDAY        0             1     -1        0
  MONTH TO DATE   14            15     -1       16
  SINCE JUN 1     86           111    -25      123
  SINCE JUL 1     14            15     -1       16

 COOLING
  YESTERDAY        9             4      5       12
  MONTH TO DATE  161           135     26      125
  SINCE JUN 1    218           199     19      168
  SINCE JAN 1    259           211     48      217
......................................................


WIND (MPH)
  HIGHEST WIND SPEED    10   HIGHEST WIND DIRECTION     N (350)
  HIGHEST GUST SPEED    16   HIGHEST GUST DIRECTION    NE (30)
  AVERAGE WIND SPEED     3.3


SKY COVER
  AVERAGE SKY COVER 0.4


WEATHER CONDITIONS
 THE FOLLOWING WEATHER WAS RECORDED YESTERDAY.
  NO SIGNIFICANT WEATHER WAS OBSERVED.


RELATIVE HUMIDITY (PERCENT)
 HIGHEST    93          1200 AM
 LOWEST     40           500 PM
 AVERAGE    67

..........................................................


THE SPRINGFIELD VT CLIMATE NORMALS FOR TODAY
                         NORMAL    RECORD    YEAR
 MAXIMUM TEMPERATURE (F)   81        90      1999
 MINIMUM TEMPERATURE (F)   57        44      1997


SUNRISE AND SUNSET
JULY 30 2016..........SUNRISE   538 AM EDT   SUNSET   814 PM EDT
JULY 31 2016..........SUNRISE   539 AM EDT   SUNSET   813 PM EDT


-  INDICATES NEGATIVE NUMBERS.
R  INDICATES RECORD WAS SET OR TIED.
MM INDICATES DATA IS MISSING.
T  INDICATES TRACE AMOUNT.




$$
