000
CDUS41 KBTV 270521
CLIVSF


CLIMATE REPORT
NATIONAL WEATHER SERVICE BURLINGTON VT
119 AM EDT SAT AUG 27 2016


...................................

...THE SPRINGFIELD VT CLIMATE SUMMARY FOR AUGUST 26 2016...

CLIMATE NORMAL PERIOD 1981 TO 2010
CLIMATE RECORD PERIOD 9999 TO 9999


WEATHER ITEM   OBSERVED TIME   NORMAL DEPARTURE LAST
                VALUE   (LST)  VALUE  FROM      YEAR
                                      NORMAL
......................................................
TEMPERATURE (F)
 YESTERDAY
  MAXIMUM         86    301 PM  78      8       78
  MINIMUM         61   1159 PM  54      7       60
  AVERAGE         74            66      8       69

PRECIPITATION (IN)
  YESTERDAY        0.10          0.13  -0.03     0.00
  MONTH TO DATE    2.60          3.25  -0.65     3.52
  SINCE JUN 1      8.46         11.57  -3.11    10.00
  SINCE JAN 1     18.88         27.84  -8.96    18.50

DEGREE DAYS
 HEATING
  YESTERDAY        0             2     -2        0
  MONTH TO DATE    8            28    -20        5
  SINCE JUN 1     94           141    -47      128
  SINCE JUL 1     22            45    -23       21

 COOLING
  YESTERDAY        9             3      6        4
  MONTH TO DATE  155            94     61      145
  SINCE JUN 1    378           297     81      330
  SINCE JAN 1    419           309    110      379
......................................................


WIND (MPH)
  HIGHEST WIND SPEED    14   HIGHEST WIND DIRECTION     W (270)
  HIGHEST GUST SPEED    19   HIGHEST GUST DIRECTION     W (250)
  AVERAGE WIND SPEED     2.0


SKY COVER
  AVERAGE SKY COVER 0.6


WEATHER CONDITIONS
 THE FOLLOWING WEATHER WAS RECORDED YESTERDAY.
  RAIN
  LIGHT RAIN
  FOG
  FOG W/VISIBILITY <= 1/4 MILE


RELATIVE HUMIDITY (PERCENT)
 HIGHEST    97           100 AM
 LOWEST     48           400 PM
 AVERAGE    73

..........................................................


THE SPRINGFIELD VT CLIMATE NORMALS FOR TODAY
                         NORMAL    RECORD    YEAR
 MAXIMUM TEMPERATURE (F)   78        86      2014
 MINIMUM TEMPERATURE (F)   54        43      2008


SUNRISE AND SUNSET
AUGUST 27 2016........SUNRISE   609 AM EDT   SUNSET   733 PM EDT
AUGUST 28 2016........SUNRISE   610 AM EDT   SUNSET   731 PM EDT


-  INDICATES NEGATIVE NUMBERS.
R  INDICATES RECORD WAS SET OR TIED.
MM INDICATES DATA IS MISSING.
T  INDICATES TRACE AMOUNT.




$$
