000
CDUS43 KLBF 290933
CLIVTN


CLIMATE REPORT
NATIONAL WEATHER SERVICE NORTH PLATTE
432 AM CDT SUN MAY 29 2016


...................................

...THE VALENTINE NE CLIMATE SUMMARY FOR MAY 28 2016...

CLIMATE NORMAL PERIOD 1981 TO 2010
CLIMATE RECORD PERIOD 1885 TO 2016


WEATHER ITEM   OBSERVED TIME   RECORD YEAR NORMAL DEPARTURE LAST
                VALUE   (LST)  VALUE       VALUE  FROM      YEAR
                                                  NORMAL
..................................................................
TEMPERATURE (F)
 YESTERDAY
  MAXIMUM         75    450 PM  99    1934  74      1       77
  MINIMUM         52    527 AM  29    1947  48      4       55
  AVERAGE         64                        61      3       66

PRECIPITATION (IN)
  YESTERDAY        0.08          2.19 1978   0.11  -0.03     0.01
  MONTH TO DATE    6.46                      2.77   3.69     7.08
  SINCE MAR 1     12.01                      6.06   5.95     8.73
  SINCE JAN 1     12.69                      6.80   5.89     9.35

SNOWFALL (IN)
  YESTERDAY        0.0           4.0  1947   0.0    0.0      0.0
  MONTH TO DATE    0.0                       0.1   -0.1      0.0
  SINCE MAR 1      7.0                      11.2   -4.2      0.8
  SINCE JUL 1     38.2                      33.3    4.9     22.5
  SNOW DEPTH       0

DEGREE DAYS
 HEATING
  YESTERDAY        1                         5     -4        0
  MONTH TO DATE  246                       247     -1      277
  SINCE MAR 1   1458                      1694   -236     1412
  SINCE JUL 1   6144                      6930   -786     6538

 COOLING
  YESTERDAY        0                         1     -1        1
  MONTH TO DATE   11                        25    -14        4
  SINCE MAR 1     14                        29    -15        6
  SINCE JAN 1     14                        29    -15        6
..................................................................


WIND (MPH)
  HIGHEST WIND SPEED    31   HIGHEST WIND DIRECTION     W (290)
  HIGHEST GUST SPEED    38   HIGHEST GUST DIRECTION     W (290)
  AVERAGE WIND SPEED     9.6


SKY COVER
  POSSIBLE SUNSHINE  MM
  AVERAGE SKY COVER 0.5


WEATHER CONDITIONS
 THE FOLLOWING WEATHER WAS RECORDED YESTERDAY.
  THUNDERSTORM
  LIGHT RAIN


RELATIVE HUMIDITY (PERCENT)
 HIGHEST    89          1200 AM
 LOWEST     36           400 PM
 AVERAGE    63

..........................................................


THE VALENTINE NE CLIMATE NORMALS FOR TODAY
                         NORMAL    RECORD    YEAR
 MAXIMUM TEMPERATURE (F)   75       102      1934
 MINIMUM TEMPERATURE (F)   49        26      1947


SUNRISE AND SUNSET
MAY 29 2016...........SUNRISE   608 AM CDT   SUNSET   912 PM CDT
MAY 30 2016...........SUNRISE   607 AM CDT   SUNSET   913 PM CDT


-  INDICATES NEGATIVE NUMBERS.
R  INDICATES RECORD WAS SET OR TIED.
MM INDICATES DATA IS MISSING.
T  INDICATES TRACE AMOUNT.




$$
