000
CDUS43 KLBF 280931
CLIVTN


CLIMATE REPORT
NATIONAL WEATHER SERVICE NORTH PLATTE
430 AM CDT THU JUL 28 2016


...................................

...THE VALENTINE NE CLIMATE SUMMARY FOR JULY 27 2016...

CLIMATE NORMAL PERIOD 1981 TO 2010
CLIMATE RECORD PERIOD 1885 TO 2016


WEATHER ITEM   OBSERVED TIME   RECORD YEAR NORMAL DEPARTURE LAST
                VALUE   (LST)  VALUE       VALUE  FROM      YEAR
                                                  NORMAL
..................................................................
TEMPERATURE (F)
 YESTERDAY
  MAXIMUM         85   1241 PM 106    1935  89     -4       93
                                      1931
  MINIMUM         60   1159 PM  43    2005  61     -1       60
  AVERAGE         73                        75     -2       77

PRECIPITATION (IN)
  YESTERDAY        0.03          1.41 1972   0.10  -0.07      T
  MONTH TO DATE    2.76                      2.83  -0.07     3.25
  SINCE JUN 1      6.92                      6.39   0.53     6.67
  SINCE JAN 1     20.24                     13.55   6.69    16.06

SNOWFALL (IN)
  YESTERDAY        0.0           0.0    MM   0.0    0.0      0.0
  MONTH TO DATE    0.0                       0.0    0.0      0.0
  SINCE JUN 1      0.0                       0.0    0.0      0.0
  SINCE JUL 1      0.0                       0.0    0.0      0.0
  SNOW DEPTH       0

DEGREE DAYS
 HEATING
  YESTERDAY        0                         0      0        0
  MONTH TO DATE    5                         2      3        2
  SINCE JUN 1     16                        63    -47       10
  SINCE JUL 1      5                         2      3        2

 COOLING
  YESTERDAY        8                        10     -2       12
  MONTH TO DATE  266                       262      4      245
  SINCE JUN 1    503                       399    104      385
  SINCE JAN 1    521                       433     88      391
..................................................................


WIND (MPH)
  HIGHEST WIND SPEED    MM   HIGHEST WIND DIRECTION    MM
  HIGHEST GUST SPEED    MM   HIGHEST GUST DIRECTION    MM
  AVERAGE WIND SPEED    MM


SKY COVER
  POSSIBLE SUNSHINE  MM
  AVERAGE SKY COVER 0.1


WEATHER CONDITIONS
 THE FOLLOWING WEATHER WAS RECORDED YESTERDAY.
  THUNDERSTORM
  LIGHT RAIN


RELATIVE HUMIDITY (PERCENT)
 HIGHEST    90           300 AM
 LOWEST     40           100 PM
 AVERAGE    65

..........................................................


THE VALENTINE NE CLIMATE NORMALS FOR TODAY
                         NORMAL    RECORD    YEAR
 MAXIMUM TEMPERATURE (F)   89       108      1933
 MINIMUM TEMPERATURE (F)   61        44      1971


SUNRISE AND SUNSET
JULY 28 2016..........SUNRISE   630 AM CDT   SUNSET   907 PM CDT
JULY 29 2016..........SUNRISE   631 AM CDT   SUNSET   906 PM CDT


-  INDICATES NEGATIVE NUMBERS.
R  INDICATES RECORD WAS SET OR TIED.
MM INDICATES DATA IS MISSING.
T  INDICATES TRACE AMOUNT.




$$
