000
CDUS43 KLBF 290932
CLIVTN


CLIMATE REPORT
NATIONAL WEATHER SERVICE NORTH PLATTE
431 AM CDT WED MAR 29 2017


...................................

...THE VALENTINE NE CLIMATE SUMMARY FOR MARCH 28 2017...

CLIMATE NORMAL PERIOD 1981 TO 2010
CLIMATE RECORD PERIOD 1885 TO 2017


WEATHER ITEM   OBSERVED TIME   RECORD YEAR NORMAL DEPARTURE LAST
                VALUE   (LST)  VALUE       VALUE  FROM      YEAR
                                                  NORMAL
..................................................................
TEMPERATURE (F)
 YESTERDAY
  MAXIMUM         49    238 PM  84    1895  53     -4       71
  MINIMUM         42   1159 PM   4    1944  27     15       22
  AVERAGE         46                        40      6       47

PRECIPITATION (IN)
  YESTERDAY        0.24          1.03 1980   0.05   0.19     0.00
  MONTH TO DATE    0.92                      0.93  -0.01     0.52
  SINCE MAR 1      0.92                      0.93  -0.01     0.52
  SINCE JAN 1      2.99                      1.67   1.32     1.20

SNOWFALL (IN)
  YESTERDAY        0.0          13.8  1980   0.1   -0.1      0.0
  MONTH TO DATE    3.5                       5.9   -2.4      5.5
  SINCE MAR 1      3.5                       5.9   -2.4      5.5
  SINCE JUL 1     45.3                      28.0   17.3     36.7
  SNOW DEPTH       0

DEGREE DAYS
 HEATING
  YESTERDAY       19                        25     -6       18
  MONTH TO DATE  695                       819   -124      649
  SINCE MAR 1    695                       819   -124      649
  SINCE JUL 1   5454                      6055   -601     5335

 COOLING
  YESTERDAY        0                         0      0        0
  MONTH TO DATE    0                         0      0        0
  SINCE MAR 1      0                         0      0        0
  SINCE JAN 1      0                         0      0        0
..................................................................


WIND (MPH)
  HIGHEST WIND SPEED    14   HIGHEST WIND DIRECTION     E (70)
  HIGHEST GUST SPEED    17   HIGHEST GUST DIRECTION     E (70)
  AVERAGE WIND SPEED     6.9


SKY COVER
  POSSIBLE SUNSHINE  MM
  AVERAGE SKY COVER 1.0


WEATHER CONDITIONS
 THE FOLLOWING WEATHER WAS RECORDED YESTERDAY.
  LIGHT RAIN
  FOG


RELATIVE HUMIDITY (PERCENT)
 HIGHEST    92           800 AM
 LOWEST     71          1200 AM
 AVERAGE    82

..........................................................


THE VALENTINE NE CLIMATE NORMALS FOR TODAY
                         NORMAL    RECORD    YEAR
 MAXIMUM TEMPERATURE (F)   54        87      1943
 MINIMUM TEMPERATURE (F)   27         5      1969


SUNRISE AND SUNSET
MARCH 29 2017.........SUNRISE   729 AM CDT   SUNSET   805 PM CDT
MARCH 30 2017.........SUNRISE   727 AM CDT   SUNSET   806 PM CDT


-  INDICATES NEGATIVE NUMBERS.
R  INDICATES RECORD WAS SET OR TIED.
MM INDICATES DATA IS MISSING.
T  INDICATES TRACE AMOUNT.




$$
