000
CDUS43 KLBF 240854
CLIVTN


CLIMATE REPORT
NATIONAL WEATHER SERVICE NORTH PLATTE
353 AM CDT MON JUL 24 2017


...................................

...THE VALENTINE NE CLIMATE SUMMARY FOR JULY 23 2017...

CLIMATE NORMAL PERIOD 1981 TO 2010
CLIMATE RECORD PERIOD 1885 TO 2017


WEATHER ITEM   OBSERVED TIME   RECORD YEAR NORMAL DEPARTURE LAST
                VALUE   (LST)  VALUE       VALUE  FROM      YEAR
                                                  NORMAL
..................................................................
TEMPERATURE (F)
 YESTERDAY
  MAXIMUM         95    509 PM 109    2012  89      6       96
                                      1964
  MINIMUM         57    554 AM  45    1990  61     -4       69
  AVERAGE         76                        75      1       83

PRECIPITATION (IN)
  YESTERDAY        0.00          1.40 1896   0.11  -0.11     0.18
  MONTH TO DATE    0.11                      2.42  -2.31     1.54
  SINCE JUN 1      0.64                      5.98  -5.34     5.70
  SINCE JAN 1     10.24                     13.14  -2.90    19.02

SNOWFALL (IN)
  YESTERDAY        0.0           0.0    MM   0.0    0.0      0.0
  MONTH TO DATE    0.0                       0.0    0.0      0.0
  SINCE JUN 1      0.0                       0.0    0.0      0.0
  SINCE JUL 1      0.0                       0.0    0.0      0.0
  SNOW DEPTH       0

DEGREE DAYS
 HEATING
  YESTERDAY        0                         0      0        0
  MONTH TO DATE    0                         2     -2        5
  SINCE JUN 1     16                        63    -47       16
  SINCE JUL 1      0                         2     -2        5

 COOLING
  YESTERDAY       11                        11      0       18
  MONTH TO DATE  394                       219    175      227
  SINCE JUN 1    590                       356    234      464
  SINCE JAN 1    613                       390    223      482
..................................................................


WIND (MPH)
  HIGHEST WIND SPEED    17   HIGHEST WIND DIRECTION     E (70)
  HIGHEST GUST SPEED    20   HIGHEST GUST DIRECTION     E (70)
  AVERAGE WIND SPEED     7.4


SKY COVER
  POSSIBLE SUNSHINE  MM
  AVERAGE SKY COVER 0.0


WEATHER CONDITIONS
 THE FOLLOWING WEATHER WAS RECORDED YESTERDAY.
  NO SIGNIFICANT WEATHER WAS OBSERVED.


RELATIVE HUMIDITY (PERCENT)
 HIGHEST    67           600 AM
 LOWEST     17           200 PM
 AVERAGE    42

..........................................................


THE VALENTINE NE CLIMATE NORMALS FOR TODAY
                         NORMAL    RECORD    YEAR
 MAXIMUM TEMPERATURE (F)   89       108      1940
 MINIMUM TEMPERATURE (F)   61        44      1911


SUNRISE AND SUNSET
JULY 24 2017..........SUNRISE   626 AM CDT   SUNSET   911 PM CDT
JULY 25 2017..........SUNRISE   627 AM CDT   SUNSET   910 PM CDT


-  INDICATES NEGATIVE NUMBERS.
R  INDICATES RECORD WAS SET OR TIED.
MM INDICATES DATA IS MISSING.
T  INDICATES TRACE AMOUNT.




$$
