000
CDUS43 KLBF 271001
CLIVTN


CLIMATE REPORT
NATIONAL WEATHER SERVICE NORTH PLATTE
448 AM CDT SAT MAY 27 2017


...................................

...THE VALENTINE NE CLIMATE SUMMARY FOR MAY 26 2017...

CLIMATE NORMAL PERIOD 1981 TO 2010
CLIMATE RECORD PERIOD 1885 TO 2017


WEATHER ITEM   OBSERVED TIME   RECORD YEAR NORMAL DEPARTURE LAST
                VALUE   (LST)  VALUE       VALUE  FROM      YEAR
                                                  NORMAL
..................................................................
TEMPERATURE (F)
 YESTERDAY
  MAXIMUM         73    556 PM  98    1969  74     -1       80
  MINIMUM         44    556 AM  28    1992  48     -4       46
  AVERAGE         59                        61     -2       63

PRECIPITATION (IN)
  YESTERDAY        0.15          1.41 1955   0.10   0.05     0.31
  MONTH TO DATE    5.13                      2.55   2.58     6.12
  SINCE MAR 1      7.25                      5.84   1.41    11.67
  SINCE JAN 1      9.32                      6.58   2.74    12.35

SNOWFALL (IN)
  YESTERDAY       MM             0.0    MM   0.0   MM        0.0
  MONTH TO DATE    0.0                       0.1   -0.1      0.0
  SINCE MAR 1      2.7                      11.2   -8.5      7.0
  SINCE JUL 1     44.5                      33.3   11.2     38.2
  SNOW DEPTH       0

DEGREE DAYS
 HEATING
  YESTERDAY        6                         6      0        2
  MONTH TO DATE  223                       237    -14      242
  SINCE MAR 1   1443                      1684   -241     1454
  SINCE JUL 1   6202                      6920   -718     6140

 COOLING
  YESTERDAY        0                         1     -1        0
  MONTH TO DATE   21                        23     -2       11
  SINCE MAR 1     23                        27     -4       14
  SINCE JAN 1     23                        27     -4       14
..................................................................


WIND (MPH)
  HIGHEST WIND SPEED    20   HIGHEST WIND DIRECTION    NW (330)
  HIGHEST GUST SPEED    25   HIGHEST GUST DIRECTION    NW (330)
  AVERAGE WIND SPEED     8.4


SKY COVER
  POSSIBLE SUNSHINE  MM
  AVERAGE SKY COVER 0.2


WEATHER CONDITIONS
 THE FOLLOWING WEATHER WAS RECORDED YESTERDAY.
  RAIN
  LIGHT RAIN


RELATIVE HUMIDITY (PERCENT)
 HIGHEST    77          1100 PM
 LOWEST     27           400 PM
 AVERAGE    52

..........................................................


THE VALENTINE NE CLIMATE NORMALS FOR TODAY
                         NORMAL    RECORD    YEAR
 MAXIMUM TEMPERATURE (F)   74        98      1969
 MINIMUM TEMPERATURE (F)   48        30      1907


SUNRISE AND SUNSET
MAY 27 2017...........SUNRISE   609 AM CDT   SUNSET   910 PM CDT
MAY 28 2017...........SUNRISE   608 AM CDT   SUNSET   911 PM CDT


-  INDICATES NEGATIVE NUMBERS.
R  INDICATES RECORD WAS SET OR TIED.
MM INDICATES DATA IS MISSING.
T  INDICATES TRACE AMOUNT.




$$
