000
CDUS46 KPQR 241150
CLIVUO


CLIMATE REPORT
NATIONAL WEATHER SERVICE PORTLAND OREGON
449 AM PDT TUE MAY 24 2016


...................................

...THE VANCOUVER WA CLIMATE SUMMARY FOR MAY 23 2016...

CLIMATE NORMAL PERIOD 1981 TO 2010
CLIMATE RECORD PERIOD 1891 TO 2016


WEATHER ITEM   OBSERVED TIME   RECORD YEAR NORMAL DEPARTURE LAST
                VALUE   (LST)  VALUE       VALUE  FROM      YEAR
                                                  NORMAL
..................................................................
TEMPERATURE (F)
 YESTERDAY
  MAXIMUM         67    452 PM  92    1947  70     -3       62
  MINIMUM         53    543 AM  36    1978  50      3       54
  AVERAGE         60                        60      0       58

PRECIPITATION (IN)
  YESTERDAY        0.01                      0.07  -0.06     0.00
  MONTH TO DATE    1.57                      1.94  -0.37     0.68
  SINCE OCT 1     43.29                     33.80   9.49    29.56
  SINCE JAN 1     19.44                     18.05   1.39    14.67

DEGREE DAYS
 HEATING
  YESTERDAY        5                                         7
  MONTH TO DATE  107                                       146
  SINCE JUL 1   3698                                      3636

 COOLING
  YESTERDAY        0                                         0
  MONTH TO DATE   15                                         1
  SINCE JAN 1     21                                         1
..................................................................


WIND (MPH)
  HIGHEST WIND SPEED    10   HIGHEST WIND DIRECTION    SE (120)
  HIGHEST GUST SPEED    13   HIGHEST GUST DIRECTION    SE (120)
  AVERAGE WIND SPEED     3.5


SKY COVER
  POSSIBLE SUNSHINE  MM
  AVERAGE SKY COVER 0.8


WEATHER CONDITIONS
 THE FOLLOWING WEATHER WAS RECORDED YESTERDAY.
  LIGHT RAIN


RELATIVE HUMIDITY (PERCENT)
 HIGHEST    83          1200 AM
 LOWEST     52           400 PM
 AVERAGE    68

..........................................................




SUNRISE AND SUNSET
MAY 24 2016...........SUNRISE   530 AM PDT   SUNSET   846 PM PDT
MAY 25 2016...........SUNRISE   529 AM PDT   SUNSET   847 PM PDT


-  INDICATES NEGATIVE NUMBERS.
R  INDICATES RECORD WAS SET OR TIED.
MM INDICATES DATA IS MISSING.
T  INDICATES TRACE AMOUNT.




$$
