000
CDUS46 KPQR 301149
CLIVUO


CLIMATE REPORT
NATIONAL WEATHER SERVICE PORTLAND OREGON
448 AM PDT TUE JUN 30 2015


...................................

...THE VANCOUVER WA CLIMATE SUMMARY FOR JUNE 29 2015...

CLIMATE NORMAL PERIOD 1981 TO 2010
CLIMATE RECORD PERIOD 1891 TO 2015


WEATHER ITEM   OBSERVED TIME   RECORD YEAR NORMAL DEPARTURE LAST
                VALUE   (LST)  VALUE       VALUE  FROM      YEAR
                                                  NORMAL
..................................................................
TEMPERATURE (F)
 YESTERDAY
  MAXIMUM         90    457 PM  99    1924  76     14       72
  MINIMUM         61    456 AM  38    1971  55      6       57
  AVERAGE         76                        66     10       65

PRECIPITATION (IN)
  YESTERDAY        0.00                      0.04  -0.04     0.24
  MONTH TO DATE    0.39                      1.75  -1.36     2.20
  SINCE OCT 1     29.95                     36.08  -6.13    26.90
  SINCE JAN 1     15.06                     20.33  -5.27    21.43

DEGREE DAYS
 HEATING
  YESTERDAY        0                                         0
  MONTH TO DATE   24                                        78
  SINCE JUL 1   3671                                      4584

 COOLING
  YESTERDAY       11                                         0
  MONTH TO DATE  151                                        14
  SINCE JAN 1    167                                        29
..................................................................


WIND (MPH)
  HIGHEST WIND SPEED    13   HIGHEST WIND DIRECTION    NW (320)
  HIGHEST GUST SPEED    19   HIGHEST GUST DIRECTION    NW (320)
  AVERAGE WIND SPEED     5.0


SKY COVER
  POSSIBLE SUNSHINE  MM
  AVERAGE SKY COVER 0.0


WEATHER CONDITIONS
 THE FOLLOWING WEATHER WAS RECORDED YESTERDAY.
  NO SIGNIFICANT WEATHER WAS OBSERVED.


RELATIVE HUMIDITY (PERCENT)
 HIGHEST    84           500 AM
 LOWEST     34           500 PM
 AVERAGE    59

..........................................................




SUNRISE AND SUNSET
JUNE 30 2015..........SUNRISE   525 AM PDT   SUNSET   904 PM PDT
JULY  1 2015..........SUNRISE   525 AM PDT   SUNSET   903 PM PDT


-  INDICATES NEGATIVE NUMBERS.
R  INDICATES RECORD WAS SET OR TIED.
MM INDICATES DATA IS MISSING.
T  INDICATES TRACE AMOUNT.




$$
