000
CDUS46 KPQR 231149
CLIVUO


CLIMATE REPORT
NATIONAL WEATHER SERVICE PORTLAND OREGON
448 AM PDT SUN JUL 23 2017


...................................

...THE VANCOUVER WA CLIMATE SUMMARY FOR JULY 22 2017...

CLIMATE NORMAL PERIOD 1981 TO 2010
CLIMATE RECORD PERIOD 1891 TO 2017


WEATHER ITEM   OBSERVED TIME   RECORD YEAR NORMAL DEPARTURE LAST
                VALUE   (LST)  VALUE       VALUE  FROM      YEAR
                                                  NORMAL
..................................................................
TEMPERATURE (F)
 YESTERDAY
  MAXIMUM         91    329 PM  98    1928  81     10       70
  MINIMUM         60    509 AM  45    1968  58      2       57
  AVERAGE         76                        70      6       64

PRECIPITATION (IN)
  YESTERDAY        0.00                      0.02  -0.02     0.14
  MONTH TO DATE    T                         0.58  -0.58     0.43
  SINCE OCT 1     48.88                     36.70  12.18    45.23
  SINCE JAN 1     29.02                     20.95   8.07    21.38

DEGREE DAYS
 HEATING
  YESTERDAY        0                                         1
  MONTH TO DATE    1                                        11
  SINCE JUL 1      1                                        11

 COOLING
  YESTERDAY       11                                         0
  MONTH TO DATE   82                                        44
  SINCE JAN 1    200                                       149
..................................................................


WIND (MPH)
  HIGHEST WIND SPEED    15   HIGHEST WIND DIRECTION    NW (310)
  HIGHEST GUST SPEED    20   HIGHEST GUST DIRECTION    NW (300)
  AVERAGE WIND SPEED     6.3


SKY COVER
  POSSIBLE SUNSHINE  MM
  AVERAGE SKY COVER 0.0


WEATHER CONDITIONS
 THE FOLLOWING WEATHER WAS RECORDED YESTERDAY.
  NO SIGNIFICANT WEATHER WAS OBSERVED.


RELATIVE HUMIDITY (PERCENT)
 HIGHEST    84           300 AM
 LOWEST     41           400 PM
 AVERAGE    63

..........................................................




SUNRISE AND SUNSET
JULY 23 2017..........SUNRISE   544 AM PDT   SUNSET   849 PM PDT
JULY 24 2017..........SUNRISE   546 AM PDT   SUNSET   848 PM PDT


-  INDICATES NEGATIVE NUMBERS.
R  INDICATES RECORD WAS SET OR TIED.
MM INDICATES DATA IS MISSING.
T  INDICATES TRACE AMOUNT.




$$
