000
CDUS46 KPQR 241142
CLIVUO


CLIMATE REPORT
NATIONAL WEATHER SERVICE PORTLAND OREGON
441 AM PDT SUN MAY 24 2015


...................................

...THE VANCOUVER WA CLIMATE SUMMARY FOR MAY 23 2015...

CLIMATE NORMAL PERIOD 1981 TO 2010
CLIMATE RECORD PERIOD 1891 TO 2015


WEATHER ITEM   OBSERVED TIME   RECORD YEAR NORMAL DEPARTURE LAST
                VALUE   (LST)  VALUE       VALUE  FROM      YEAR
                                                  NORMAL
..................................................................
TEMPERATURE (F)
 YESTERDAY
  MAXIMUM         62    542 PM  92    1947  70     -8       70
  MINIMUM         54    746 AM  36    1978  50      4       58
  AVERAGE         58                        60     -2       64

PRECIPITATION (IN)
  YESTERDAY        0.00                      0.07  -0.07     0.01
  MONTH TO DATE    0.68                      1.94  -1.26     2.26
  SINCE OCT 1     29.56                     33.80  -4.24    24.28
  SINCE JAN 1     14.67                     18.05  -3.38    18.81

DEGREE DAYS
 HEATING
  YESTERDAY        7                                         1
  MONTH TO DATE  146                                       123
  SINCE JUL 1   3636                                      4469

 COOLING
  YESTERDAY        0                                         0
  MONTH TO DATE    1                                        15
  SINCE JAN 1      1                                        15
..................................................................


WIND (MPH)
  HIGHEST WIND SPEED     8   HIGHEST WIND DIRECTION    NW (330)
  HIGHEST GUST SPEED    12   HIGHEST GUST DIRECTION    NW (330)
  AVERAGE WIND SPEED     2.5


SKY COVER
  POSSIBLE SUNSHINE  MM
  AVERAGE SKY COVER 1.0


WEATHER CONDITIONS
 THE FOLLOWING WEATHER WAS RECORDED YESTERDAY.
  NO SIGNIFICANT WEATHER WAS OBSERVED.


RELATIVE HUMIDITY (PERCENT)
 HIGHEST    89           500 AM
 LOWEST     60           400 PM
 AVERAGE    75

..........................................................




SUNRISE AND SUNSET
MAY 24 2015...........SUNRISE   531 AM PDT   SUNSET   845 PM PDT
MAY 25 2015...........SUNRISE   530 AM PDT   SUNSET   846 PM PDT


-  INDICATES NEGATIVE NUMBERS.
R  INDICATES RECORD WAS SET OR TIED.
MM INDICATES DATA IS MISSING.
T  INDICATES TRACE AMOUNT.




$$
