000
CDUS46 KPQR 161145
CLIVUO


CLIMATE REPORT
NATIONAL WEATHER SERVICE PORTLAND OREGON
444 AM PDT TUE SEP 16 2014


...................................

...THE VANCOUVER WA CLIMATE SUMMARY FOR SEPTEMBER 15 2014...

CLIMATE NORMAL PERIOD 1981 TO 2010
CLIMATE RECORD PERIOD 1891 TO 2014


WEATHER ITEM   OBSERVED TIME   RECORD YEAR NORMAL DEPARTURE LAST
                VALUE   (LST)  VALUE       VALUE  FROM      YEAR
                                                  NORMAL
..................................................................
TEMPERATURE (F)
 YESTERDAY
  MAXIMUM         90    252 PM  95    1943  76     14       67
  MINIMUM         49    553 AM  38    1897  52     -3       61
  AVERAGE         70                        64      6       64

PRECIPITATION (IN)
  YESTERDAY        0.00                      0.03  -0.03     0.03
  MONTH TO DATE    0.00                      0.48  -0.48     1.52
  SINCE OCT 1     27.76                     38.06 -10.30    36.61
  SINCE JAN 1     22.29                     22.31  -0.02    17.35

DEGREE DAYS
 HEATING
  YESTERDAY        0                                         1
  MONTH TO DATE    2                                         2
  SINCE JUL 1      5                                        15

 COOLING
  YESTERDAY        5                                         0
  MONTH TO DATE   39                                        74
  SINCE JAN 1    491                                       450
..................................................................


WIND (MPH)
  HIGHEST WIND SPEED     9   HIGHEST WIND DIRECTION     W (250)
  HIGHEST GUST SPEED    12   HIGHEST GUST DIRECTION    NW (320)
  AVERAGE WIND SPEED     2.4


SKY COVER
  POSSIBLE SUNSHINE  MM
  AVERAGE SKY COVER 0.0


WEATHER CONDITIONS
 THE FOLLOWING WEATHER WAS RECORDED YESTERDAY.
  NO SIGNIFICANT WEATHER WAS OBSERVED.


RELATIVE HUMIDITY (PERCENT)
 HIGHEST    86           600 AM
 LOWEST     18           200 PM
 AVERAGE    52

..........................................................




SUNRISE AND SUNSET
SEPTEMBER 16 2014.....SUNRISE   650 AM PDT   SUNSET   720 PM PDT
SEPTEMBER 17 2014.....SUNRISE   652 AM PDT   SUNSET   718 PM PDT


-  INDICATES NEGATIVE NUMBERS.
R  INDICATES RECORD WAS SET OR TIED.
MM INDICATES DATA IS MISSING.
T  INDICATES TRACE AMOUNT.




$$
