000
CDUS46 KPQR 241141
CLIVUO


CLIMATE REPORT
NATIONAL WEATHER SERVICE PORTLAND OREGON
441 AM PDT FRI MAR 24 2017


...................................

...THE VANCOUVER WA CLIMATE SUMMARY FOR MARCH 23 2017...

CLIMATE NORMAL PERIOD 1981 TO 2010
CLIMATE RECORD PERIOD 1891 TO 2017


WEATHER ITEM   OBSERVED TIME   RECORD YEAR NORMAL DEPARTURE LAST
                VALUE   (LST)  VALUE       VALUE  FROM      YEAR
                                                  NORMAL
..................................................................
TEMPERATURE (F)
 YESTERDAY
  MAXIMUM         58    422 PM  75    1903  58      0       54
  MINIMUM         44    723 AM  26    1899  41      3       45
  AVERAGE         51                        49      2       50

PRECIPITATION (IN)
  YESTERDAY        0.39                      0.11   0.28     0.06
  MONTH TO DATE    5.51                      2.74   2.77     5.05
  SINCE OCT 1     40.06                     28.02  12.04    39.81
  SINCE JAN 1     20.20                     12.27   7.93    15.96

DEGREE DAYS
 HEATING
  YESTERDAY       14                                        15
  MONTH TO DATE  405                                       369
  SINCE JUL 1   3705                                      3199

 COOLING
  YESTERDAY        0                                         0
  MONTH TO DATE    0                                         0
  SINCE JAN 1      0                                         0
..................................................................


WIND (MPH)
  HIGHEST WIND SPEED    12   HIGHEST WIND DIRECTION     E (100)
  HIGHEST GUST SPEED    16   HIGHEST GUST DIRECTION     E (110)
  AVERAGE WIND SPEED     6.1


SKY COVER
  POSSIBLE SUNSHINE  MM
  AVERAGE SKY COVER 0.9


WEATHER CONDITIONS
 THE FOLLOWING WEATHER WAS RECORDED YESTERDAY.
  LIGHT RAIN


RELATIVE HUMIDITY (PERCENT)
 HIGHEST   100          1000 PM
 LOWEST     43           400 PM
 AVERAGE    72

..........................................................




SUNRISE AND SUNSET
MARCH 24 2017.........SUNRISE   705 AM PDT   SUNSET   729 PM PDT
MARCH 25 2017.........SUNRISE   703 AM PDT   SUNSET   730 PM PDT


-  INDICATES NEGATIVE NUMBERS.
R  INDICATES RECORD WAS SET OR TIED.
MM INDICATES DATA IS MISSING.
T  INDICATES TRACE AMOUNT.




$$
