686
CDUS46 KPQR 231148
CLIVUO


CLIMATE REPORT
NATIONAL WEATHER SERVICE PORTLAND OREGON
347 AM PST THU FEB 23 2017


...................................

...THE VANCOUVER WA CLIMATE SUMMARY FOR FEBRUARY 22 2017...

CLIMATE NORMAL PERIOD 1981 TO 2010
CLIMATE RECORD PERIOD 1891 TO 2017


WEATHER ITEM   OBSERVED TIME   RECORD YEAR NORMAL DEPARTURE LAST
                VALUE   (LST)  VALUE       VALUE  FROM      YEAR
                                                  NORMAL
..................................................................
TEMPERATURE (F)
 YESTERDAY
  MAXIMUM         45    241 PM  64    2005  53     -8       52
                                      1958
  MINIMUM         30    411 AM  24    1920  35     -5       32
  AVERAGE         38                        44     -6       42

PRECIPITATION (IN)
  YESTERDAY        0.01                      0.12  -0.11     0.03
  MONTH TO DATE    9.94                      3.17   6.77     3.02
  SINCE OCT 1     34.11                     24.42   9.69    33.97
  SINCE JAN 1     14.25                      8.67   5.58    10.12

DEGREE DAYS
 HEATING
  YESTERDAY       27                                        23
  MONTH TO DATE  517                                       385
  SINCE JUL 1   3150                                      2718

 COOLING
  YESTERDAY        0                                         0
  MONTH TO DATE    0                                         0
  SINCE JAN 1      0                                         0
..................................................................


WIND (MPH)
  HIGHEST WIND SPEED    13   HIGHEST WIND DIRECTION     W (280)
  HIGHEST GUST SPEED    15   HIGHEST GUST DIRECTION     W (270)
  AVERAGE WIND SPEED     1.5


SKY COVER
  POSSIBLE SUNSHINE  MM
  AVERAGE SKY COVER 0.7


WEATHER CONDITIONS
 THE FOLLOWING WEATHER WAS RECORDED YESTERDAY.
  FOG
  FOG W/VISIBILITY <= 1/4 MILE


RELATIVE HUMIDITY (PERCENT)
 HIGHEST   100           100 AM
 LOWEST     76           200 PM
 AVERAGE    88

..........................................................




SUNRISE AND SUNSET
FEBRUARY 23 2017......SUNRISE   659 AM PST   SUNSET   550 PM PST
FEBRUARY 24 2017......SUNRISE   657 AM PST   SUNSET   551 PM PST


-  INDICATES NEGATIVE NUMBERS.
R  INDICATES RECORD WAS SET OR TIED.
MM INDICATES DATA IS MISSING.
T  INDICATES TRACE AMOUNT.




$$
