000
CDUS41 KAKQ 260637
CLIWAL


CLIMATE REPORT
NATIONAL WEATHER SERVICE WAKEFIELD, VA
136 AM EST SUN FEB 26 2017


...................................

...THE WALLOPS ISLAND VA CLIMATE SUMMARY FOR FEBRUARY 25 2017...

CLIMATE NORMAL PERIOD 1981 TO 2010
CLIMATE RECORD PERIOD 1963 TO 2017


WEATHER ITEM   OBSERVED TIME   RECORD YEAR NORMAL DEPARTURE
                VALUE   (LST)  VALUE       VALUE  FROM
                                                  NORMAL
...............................................................
TEMPERATURE (F)
 YESTERDAY
  MAXIMUM         65    135 PM  73    2000  49     16
  MINIMUM         47    635 AM  16    1989  32     15
                                      1967
  AVERAGE         56                        40     16

PRECIPITATION (IN)
  YESTERDAY        0.20          1.15        0.10   0.10
  MONTH TO DATE    1.41                      2.44  -1.03
  SINCE DEC 1     10.17                      8.91   1.26
  SINCE JAN 1      6.20                      5.48   0.72

SNOWFALL (IN)
  YESTERDAY        0.0           T    2010   0.1   -0.1
                                      2005
  MONTH TO DATE    T                         3.1   -3.1
  SINCE NOV 1     10.1                       7.1    3.0
  SINCE JUL 1     10.1                       7.1    3.0

DEGREE DAYS
 HEATING
  YESTERDAY        9                              -16
  MONTH TO DATE  493                             -172
  SINCE DEC 1   1936                             -369
  SINCE JUL 1   2522                             -487

 COOLING
  YESTERDAY        0                                0
  MONTH TO DATE    0                                0
  SINCE DEC 1      0                                0
  SINCE JAN 1      0                                0
...............................................................


WIND (MPH)
  HIGHEST WIND SPEED    24   HIGHEST WIND DIRECTION    NW (330)
  HIGHEST GUST SPEED    37   HIGHEST GUST DIRECTION     N (340)
  AVERAGE WIND SPEED    11.3




RELATIVE HUMIDITY (PERCENT)
 HIGHEST   100
 LOWEST     77
 AVERAGE    89

..........................................................


THE WALLOPS ISLAND VA CLIMATE NORMALS FOR TODAY
                         NORMAL    RECORD    YEAR
 MAXIMUM TEMPERATURE (F)   49        63      1996
 MINIMUM TEMPERATURE (F)   32        15      1990
                                             1970


SUNRISE AND SUNSET
FEBRUARY 26 2017......SUNRISE   637 AM EST   SUNSET   553 PM EST
FEBRUARY 27 2017......SUNRISE   636 AM EST   SUNSET   554 PM EST


-  INDICATES NEGATIVE NUMBERS.
R  INDICATES RECORD WAS SET OR TIED.
MM INDICATES DATA IS MISSING.
T  INDICATES TRACE AMOUNT.




$$
