000
CDUS41 KAKQ 310838
CLIWAL


CLIMATE REPORT
NATIONAL WEATHER SERVICE WAKEFIELD, VA
338 AM EST SAT JAN 31 2015


...................................

...THE WALLOPS ISLAND VA CLIMATE SUMMARY FOR JANUARY 30 2015...

CLIMATE NORMAL PERIOD 1981 TO 2010
CLIMATE RECORD PERIOD 1963 TO 2015


WEATHER ITEM   OBSERVED TIME   RECORD YEAR NORMAL DEPARTURE
                VALUE   (LST)  VALUE       VALUE  FROM
                                                  NORMAL
...............................................................
TEMPERATURE (F)
 YESTERDAY
  MAXIMUM         45   1246 PM  79    2002  45      0
  MINIMUM         24   1159 PM   3    2014  29     -5
  AVERAGE         35                        37     -2

PRECIPITATION (IN)
  YESTERDAY        0.02          1.17        0.10  -0.08
  MONTH TO DATE    4.73                      2.94   1.79
  SINCE DEC 1      7.95                      6.37   1.58
  SINCE JAN 1      4.73                      2.94   1.79

SNOWFALL (IN)
  YESTERDAY       MM            10.0  2010   0.1   MM
  MONTH TO DATE    T                         1.9   -1.9
  SINCE NOV 1      T                         3.9   -3.9
  SINCE JUL 1      T                         3.9   -3.9

DEGREE DAYS
 HEATING
  YESTERDAY       30                                2
  MONTH TO DATE  875                               19
  SINCE DEC 1   1553                              -61
  SINCE JUL 1   2247                              -71

 COOLING
  YESTERDAY        0                                0
  MONTH TO DATE    0                                0
  SINCE DEC 1      0                                0
  SINCE JAN 1      0                                0
...............................................................


WIND (MPH)
  HIGHEST WIND SPEED    29   HIGHEST WIND DIRECTION    NW (330)
  HIGHEST GUST SPEED    40   HIGHEST GUST DIRECTION    NW (320)
  AVERAGE WIND SPEED    16.2




RELATIVE HUMIDITY (PERCENT)
 HIGHEST    92
 LOWEST     38
 AVERAGE    65

..........................................................


THE WALLOPS ISLAND VA CLIMATE NORMALS FOR TODAY
                         NORMAL    RECORD    YEAR
 MAXIMUM TEMPERATURE (F)   45        65      1988
 MINIMUM TEMPERATURE (F)   29         9      2010


SUNRISE AND SUNSET
JANUARY 31 2015.......SUNRISE   707 AM EST   SUNSET   524 PM EST
FEBRUARY  1 2015......SUNRISE   706 AM EST   SUNSET   525 PM EST


-  INDICATES NEGATIVE NUMBERS.
R  INDICATES RECORD WAS SET OR TIED.
MM INDICATES DATA IS MISSING.
T  INDICATES TRACE AMOUNT.




$$
