000
CDUS41 KAKQ 210627
CLIWAL


CLIMATE REPORT
NATIONAL WEATHER SERVICE WAKEFIELD, VA
127 AM EST TUE NOV 21 2017


...................................

...THE WALLOPS ISLAND VA CLIMATE SUMMARY FOR NOVEMBER 20 2017...

CLIMATE NORMAL PERIOD 1981 TO 2010
CLIMATE RECORD PERIOD 1963 TO 2017


WEATHER ITEM   OBSERVED TIME   RECORD YEAR NORMAL DEPARTURE
                VALUE   (LST)  VALUE       VALUE  FROM
                                                  NORMAL
...............................................................
TEMPERATURE (F)
 YESTERDAY
  MAXIMUM         49    351 PM  77    1985  57     -8
  MINIMUM         37    650 PM  27    1984  40     -3
  AVERAGE         43                        48     -5

PRECIPITATION (IN)
  YESTERDAY        0.00          0.85        0.10  -0.10
  MONTH TO DATE    1.16                      1.89  -0.73
  SINCE SEP 1     11.04                      9.04   2.00
  SINCE JAN 1     46.56                     36.43  10.13

SNOWFALL (IN)
  YESTERDAY        0.0           T    2001   0.0    0.0
  MONTH TO DATE    0.0                       0.0    0.0
  SINCE NOV 1      0.0                       0.0    0.0
  SINCE JUL 1      0.0                       0.0    0.0

DEGREE DAYS
 HEATING
  YESTERDAY       22                                5
  MONTH TO DATE  274                               -2
  SINCE SEP 1    413                             -105
  SINCE JUL 1    413                             -106

 COOLING
  YESTERDAY        0                                0
  MONTH TO DATE    6                                6
  SINCE SEP 1    278                               83
  SINCE JAN 1   1429                              234
...............................................................


WIND (MPH)
  HIGHEST WIND SPEED    20   HIGHEST WIND DIRECTION    NW (310)
  HIGHEST GUST SPEED    26   HIGHEST GUST DIRECTION    NW (320)
  AVERAGE WIND SPEED     8.4




RELATIVE HUMIDITY (PERCENT)
 HIGHEST    76
 LOWEST     39
 AVERAGE    58

..........................................................


THE WALLOPS ISLAND VA CLIMATE NORMALS FOR TODAY
                         NORMAL    RECORD    YEAR
 MAXIMUM TEMPERATURE (F)   57        75      1991
 MINIMUM TEMPERATURE (F)   39        21      2014


SUNRISE AND SUNSET
NOVEMBER 21 2017......SUNRISE   649 AM EST   SUNSET   446 PM EST
NOVEMBER 22 2017......SUNRISE   650 AM EST   SUNSET   446 PM EST


-  INDICATES NEGATIVE NUMBERS.
R  INDICATES RECORD WAS SET OR TIED.
MM INDICATES DATA IS MISSING.
T  INDICATES TRACE AMOUNT.




$$
