000
CDUS46 KLOX 260915
CLIWJF


CLIMATE REPORT
NATIONAL WEATHER SERVICE LOS ANGELES/OXNARD CA
215 AM PDT THU MAY 26 2016


...................................

...THE LANCASTER FOX FIELD CA CLIMATE SUMMARY FOR MAY 25 2016...

CLIMATE NORMAL PERIOD 1981 TO 2010
CLIMATE RECORD PERIOD 1948 TO 2016


WEATHER ITEM   OBSERVED TIME   RECORD YEAR NORMAL DEPARTURE
                VALUE   (LST)  VALUE       VALUE  FROM
                                                  NORMAL
...............................................................
TEMPERATURE (F)
 YESTERDAY
  MAXIMUM         71    350 PM 105    1951  85    -14
  MINIMUM         51    514 AM  41    2010  56     -5
                                      1953
  AVERAGE         61                        71    -10

PRECIPITATION (IN)
  YESTERDAY        0.00          0.05 1987   0.00   0.00
  MONTH TO DATE    0.00                      0.08  -0.08
  SINCE OCT 1      3.82                      6.98  -3.16
  SINCE JAN 1      2.53                      4.85  -2.32

SNOWFALL (IN)
  YESTERDAY        0.0           0.0    MM
  MONTH TO DATE    0.0
  SINCE MAR 1      0.0
  SINCE JUL 1      0.0
  SNOW DEPTH       0

DEGREE DAYS
 HEATING
  YESTERDAY        4                                3
  MONTH TO DATE   51                               -3
  SINCE MAR 1    421                             -208
  SINCE JUL 1   2672                             -250

 COOLING
  YESTERDAY        0                               -7
  MONTH TO DATE   73                              -41
  SINCE MAR 1     94                              -50
  SINCE JAN 1     97                              -47
...............................................................


WIND (MPH)
  HIGHEST WIND SPEED    32   HIGHEST WIND DIRECTION     W (260)
  HIGHEST GUST SPEED    42   HIGHEST GUST DIRECTION     W (270)
  AVERAGE WIND SPEED    19.1




RELATIVE HUMIDITY (PERCENT)
 HIGHEST    71
 LOWEST     31
 AVERAGE    51

..........................................................


THE LANCASTER FOX FIELD CA CLIMATE NORMALS FOR TODAY
                         NORMAL    RECORD    YEAR
 MAXIMUM TEMPERATURE (F)   85       104      1974
 MINIMUM TEMPERATURE (F)   57        37      1953


SUNRISE AND SUNSET
MAY 26 2016...........SUNRISE   543 AM PDT   SUNSET   757 PM PDT
MAY 27 2016...........SUNRISE   542 AM PDT   SUNSET   758 PM PDT


-  INDICATES NEGATIVE NUMBERS.
R  INDICATES RECORD WAS SET OR TIED.
MM INDICATES DATA IS MISSING.
T  INDICATES TRACE AMOUNT.




$$
