000
CDUS46 KLOX 160910
CLIWJF


CLIMATE REPORT
NATIONAL WEATHER SERVICE LOS ANGELES/OXNARD CA
210 AM PDT TUE SEP 16 2014


...................................

...THE LANCASTER FOX FIELD CA CLIMATE SUMMARY FOR SEPTEMBER 15 2014...

CLIMATE NORMAL PERIOD 1981 TO 2010
CLIMATE RECORD PERIOD 1948 TO 2014


WEATHER ITEM   OBSERVED TIME   RECORD YEAR NORMAL DEPARTURE
                VALUE   (LST)  VALUE       VALUE  FROM
                                                  NORMAL
...............................................................
TEMPERATURE (F)
 YESTERDAY
  MAXIMUM        102    225 PM 106    1951  91     11
  MINIMUM         65    320 AM  43    1970  57      8
  AVERAGE         84                        74     10

PRECIPITATION (IN)
  YESTERDAY        0.00          0.04 1984   0.01  -0.01
  MONTH TO DATE    T                         0.06  -0.06
  SINCE JUL 1      0.03                      0.25  -0.22
  SINCE JAN 1      2.35                      5.16  -2.81

SNOWFALL (IN)
  YESTERDAY        0.0           0.0    MM
  MONTH TO DATE    0.0
  SINCE SEP 1      0.0
  SINCE JUL 1      0.0
  SNOW DEPTH       0

DEGREE DAYS
 HEATING
  YESTERDAY        0                                0
  MONTH TO DATE    0                                0
  SINCE SEP 1      0                                0
  SINCE JUL 1      0                                0

 COOLING
  YESTERDAY       19                               10
  MONTH TO DATE  211                               42
  SINCE SEP 1    211                               42
  SINCE JAN 1   1862                              134
...............................................................


WIND (MPH)
  HIGHEST WIND SPEED    21   HIGHEST WIND DIRECTION    SW (240)
  HIGHEST GUST SPEED    26   HIGHEST GUST DIRECTION     W (260)
  AVERAGE WIND SPEED     6.5




RELATIVE HUMIDITY (PERCENT)
 HIGHEST    42
 LOWEST     16
 AVERAGE    29

..........................................................


THE LANCASTER FOX FIELD CA CLIMATE NORMALS FOR TODAY
                         NORMAL    RECORD    YEAR
 MAXIMUM TEMPERATURE (F)   91       104      1951
 MINIMUM TEMPERATURE (F)   57        43      1970


SUNRISE AND SUNSET
SEPTEMBER 16 2014.....SUNRISE   637 AM PDT   SUNSET   658 PM PDT
SEPTEMBER 17 2014.....SUNRISE   637 AM PDT   SUNSET   657 PM PDT


-  INDICATES NEGATIVE NUMBERS.
R  INDICATES RECORD WAS SET OR TIED.
MM INDICATES DATA IS MISSING.
T  INDICATES TRACE AMOUNT.




$$
