000
CDUS46 KLOX 210902
CLIWJF


CLIMATE REPORT
NATIONAL WEATHER SERVICE LOS ANGELES/OXNARD CA
201 AM PDT MON AUG 21 2017


...................................

...THE LANCASTER FOX FIELD CA CLIMATE SUMMARY FOR AUGUST 20 2017...

CLIMATE NORMAL PERIOD 1981 TO 2010
CLIMATE RECORD PERIOD 1948 TO 2017


WEATHER ITEM   OBSERVED TIME   RECORD YEAR NORMAL DEPARTURE
                VALUE   (LST)  VALUE       VALUE  FROM
                                                  NORMAL
...............................................................
TEMPERATURE (F)
 YESTERDAY
  MAXIMUM         94    231 PM 110    1950  97     -3
  MINIMUM         67   1159 PM  47    1959  64      3
  AVERAGE         81                        80      1

PRECIPITATION (IN)
  YESTERDAY        0.00          0.00   MM   0.00   0.00
  MONTH TO DATE    0.03                      0.06  -0.03
  SINCE OCT 1      6.54                      7.19  -0.65
  SINCE JAN 1      4.55                      5.06  -0.51

SNOWFALL (IN)
  YESTERDAY        0.0           0.0    MM
  MONTH TO DATE    0.0
  SINCE JUN 1      0.0
  SINCE JUL 1      0.0
  SNOW DEPTH       0

DEGREE DAYS
 HEATING
  YESTERDAY        0                                0
  MONTH TO DATE    0                                0
  SINCE JUN 1      9                                1
  SINCE JUL 1      0                                0

 COOLING
  YESTERDAY       16                                1
  MONTH TO DATE  365                               31
  SINCE JUN 1   1530                              319
  SINCE JAN 1   1691                              291
...............................................................


WIND (MPH)
  HIGHEST WIND SPEED    23   HIGHEST WIND DIRECTION    SW (220)
  HIGHEST GUST SPEED    28   HIGHEST GUST DIRECTION    SW (210)
  AVERAGE WIND SPEED    12.3




RELATIVE HUMIDITY (PERCENT)
 HIGHEST    44
 LOWEST     17
 AVERAGE    31

..........................................................


THE LANCASTER FOX FIELD CA CLIMATE NORMALS FOR TODAY
                         NORMAL    RECORD    YEAR
 MAXIMUM TEMPERATURE (F)   97       107      1950
 MINIMUM TEMPERATURE (F)   64        44      1959


SUNRISE AND SUNSET
AUGUST 21 2017........SUNRISE   618 AM PDT   SUNSET   733 PM PDT
AUGUST 22 2017........SUNRISE   619 AM PDT   SUNSET   732 PM PDT


-  INDICATES NEGATIVE NUMBERS.
R  INDICATES RECORD WAS SET OR TIED.
MM INDICATES DATA IS MISSING.
T  INDICATES TRACE AMOUNT.




$$
