000
CDUS46 KLOX 230943
CLIWJF


CLIMATE REPORT
NATIONAL WEATHER SERVICE LOS ANGELES/OXNARD CA
243 AM PDT FRI JUN 23 2017


...................................

...THE LANCASTER FOX FIELD CA CLIMATE SUMMARY FOR JUNE 22 2017...

CLIMATE NORMAL PERIOD 1981 TO 2010
CLIMATE RECORD PERIOD 1948 TO 2017


WEATHER ITEM   OBSERVED TIME   RECORD YEAR NORMAL DEPARTURE
                VALUE   (LST)  VALUE       VALUE  FROM
                                                  NORMAL
...............................................................
TEMPERATURE (F)
 YESTERDAY
  MAXIMUM        105    204 PM 111    1954  93     12
  MINIMUM         69    516 AM  46    1949  63      6
  AVERAGE         87                        78      9

PRECIPITATION (IN)
  YESTERDAY        0.00          0.00   MM   0.00   0.00
  MONTH TO DATE    0.00                      0.04  -0.04
  SINCE OCT 1      6.51                      7.03  -0.52
  SINCE JAN 1      4.52                      4.90  -0.38

SNOWFALL (IN)
  YESTERDAY        0.0           0.0    MM
  MONTH TO DATE    0.0
  SINCE JUN 1      0.0
  SINCE JUL 1      0.0
  SNOW DEPTH       0

DEGREE DAYS
 HEATING
  YESTERDAY        0                                0
  MONTH TO DATE    9                                3
  SINCE JUN 1      9                                3
  SINCE JUL 1   2492                             -443

 COOLING
  YESTERDAY       22                                9
  MONTH TO DATE  298                               70
  SINCE JUN 1    298                               70
  SINCE JAN 1    459                               42
...............................................................


WIND (MPH)
  HIGHEST WIND SPEED    25   HIGHEST WIND DIRECTION    SW (230)
  HIGHEST GUST SPEED    33   HIGHEST GUST DIRECTION    SW (230)
  AVERAGE WIND SPEED    10.9




RELATIVE HUMIDITY (PERCENT)
 HIGHEST    37
 LOWEST      7
 AVERAGE    22

..........................................................


THE LANCASTER FOX FIELD CA CLIMATE NORMALS FOR TODAY
                         NORMAL    RECORD    YEAR
 MAXIMUM TEMPERATURE (F)   93       110      1954
 MINIMUM TEMPERATURE (F)   63        47      1955


SUNRISE AND SUNSET
JUNE 23 2017..........SUNRISE   541 AM PDT   SUNSET   810 PM PDT
JUNE 24 2017..........SUNRISE   541 AM PDT   SUNSET   810 PM PDT


-  INDICATES NEGATIVE NUMBERS.
R  INDICATES RECORD WAS SET OR TIED.
MM INDICATES DATA IS MISSING.
T  INDICATES TRACE AMOUNT.




$$
