645
CDUS46 KLOX 280908
CLIWJF


CLIMATE REPORT
NATIONAL WEATHER SERVICE LOS ANGELES/OXNARD CA
208 AM PDT THU JUL 28 2016


...................................

...THE LANCASTER FOX FIELD CA CLIMATE SUMMARY FOR JULY 27 2016...

CLIMATE NORMAL PERIOD 1981 TO 2010
CLIMATE RECORD PERIOD 1948 TO 2016


WEATHER ITEM   OBSERVED TIME   RECORD YEAR NORMAL DEPARTURE
                VALUE   (LST)  VALUE       VALUE  FROM
                                                  NORMAL
...............................................................
TEMPERATURE (F)
 YESTERDAY
  MAXIMUM        107R  1239 PM 107    1980  99      8
  MINIMUM         76    524 AM  49    1957  67      9
  AVERAGE         92                        83      9

PRECIPITATION (IN)
  YESTERDAY        0.00          0.04 1969   0.00   0.00
  MONTH TO DATE    0.00                      0.08  -0.08
  SINCE OCT 1      3.82                      7.12  -3.30
  SINCE JAN 1      2.53                      4.99  -2.46

SNOWFALL (IN)
  YESTERDAY        0.0           0.0    MM
  MONTH TO DATE    0.0
  SINCE JUN 1      0.0
  SINCE JUL 1      0.0
  SNOW DEPTH       0

DEGREE DAYS
 HEATING
  YESTERDAY        0                                0
  MONTH TO DATE    0                                0
  SINCE JUN 1      0                               -8
  SINCE JUL 1      0                                0

 COOLING
  YESTERDAY       27                                9
  MONTH TO DATE  510                               44
  SINCE JUN 1   1044                              237
  SINCE JAN 1   1212                              216
...............................................................


WIND (MPH)
  HIGHEST WIND SPEED    29   HIGHEST WIND DIRECTION     W (250)
  HIGHEST GUST SPEED    36   HIGHEST GUST DIRECTION    SW (240)
  AVERAGE WIND SPEED    13.7




RELATIVE HUMIDITY (PERCENT)
 HIGHEST    25
 LOWEST     11
 AVERAGE    18

..........................................................


THE LANCASTER FOX FIELD CA CLIMATE NORMALS FOR TODAY
                         NORMAL    RECORD    YEAR
 MAXIMUM TEMPERATURE (F)   99       107      2009
                                             1995
 MINIMUM TEMPERATURE (F)   67        49      1965


SUNRISE AND SUNSET
JULY 28 2016..........SUNRISE   600 AM PDT   SUNSET   758 PM PDT
JULY 29 2016..........SUNRISE   601 AM PDT   SUNSET   757 PM PDT


-  INDICATES NEGATIVE NUMBERS.
R  INDICATES RECORD WAS SET OR TIED.
MM INDICATES DATA IS MISSING.
T  INDICATES TRACE AMOUNT.




$$
