000
CDUS46 KLOX 020902
CLIWJF


CLIMATE REPORT
NATIONAL WEATHER SERVICE LOS ANGELES/OXNARD CA
202 AM PDT SUN AUG 2 2015


...................................

...THE LANCASTER FOX FIELD CA CLIMATE SUMMARY FOR AUGUST 1 2015...

CLIMATE NORMAL PERIOD 1981 TO 2010
CLIMATE RECORD PERIOD 1948 TO 2015


WEATHER ITEM   OBSERVED TIME   RECORD YEAR NORMAL DEPARTURE
                VALUE   (LST)  VALUE       VALUE  FROM
                                                  NORMAL
...............................................................
TEMPERATURE (F)
 YESTERDAY
  MAXIMUM        100    250 PM 107    1969  99      1
  MINIMUM         67    519 AM  53    1975  67      0
  AVERAGE         84                        83      1

PRECIPITATION (IN)
  YESTERDAY        0.00          T    2007   0.00   0.00
  MONTH TO DATE    0.00                      0.00   0.00
  SINCE OCT 1      6.99                      7.13  -0.14
  SINCE JAN 1      4.07                      5.00  -0.93

SNOWFALL (IN)
  YESTERDAY        0.0           0.0    MM
  MONTH TO DATE    0.0
  SINCE JUN 1      0.0
  SINCE JUL 1      0.0
  SNOW DEPTH       0

DEGREE DAYS
 HEATING
  YESTERDAY        0                                0
  MONTH TO DATE    0                                0
  SINCE JUN 1      2                               -6
  SINCE JUL 1      0                                0

 COOLING
  YESTERDAY       19                                1
  MONTH TO DATE   19                                1
  SINCE JUN 1    945                               50
  SINCE JAN 1   1043                              -41
...............................................................


WIND (MPH)
  HIGHEST WIND SPEED    24   HIGHEST WIND DIRECTION    SW (240)
  HIGHEST GUST SPEED    31   HIGHEST GUST DIRECTION     W (260)
  AVERAGE WIND SPEED     9.3




RELATIVE HUMIDITY (PERCENT)
 HIGHEST    56
 LOWEST     10
 AVERAGE    33

..........................................................


THE LANCASTER FOX FIELD CA CLIMATE NORMALS FOR TODAY
                         NORMAL    RECORD    YEAR
 MAXIMUM TEMPERATURE (F)   99       106      1955
 MINIMUM TEMPERATURE (F)   67        56      1997


SUNRISE AND SUNSET
AUGUST  2 2015........SUNRISE   603 AM PDT   SUNSET   754 PM PDT
AUGUST  3 2015........SUNRISE   604 AM PDT   SUNSET   753 PM PDT


-  INDICATES NEGATIVE NUMBERS.
R  INDICATES RECORD WAS SET OR TIED.
MM INDICATES DATA IS MISSING.
T  INDICATES TRACE AMOUNT.




$$
