000
CDUS46 KLOX 020111
CLIWJF


CLIMATE REPORT
NATIONAL WEATHER SERVICE LOS ANGELES/OXNARD CA
511 PM PST SUN MAR 1 2015


...................................

...THE LANCASTER CLIMATE SUMMARY FOR MARCH 1 2015...
VALID TODAY AS OF 0500 PM LOCAL TIME.

CLIMATE NORMAL PERIOD 1981 TO 2010
CLIMATE RECORD PERIOD 1948 TO 2015


WEATHER ITEM   OBSERVED TIME   RECORD YEAR NORMAL DEPARTURE LAST
                VALUE   (LST)  VALUE       VALUE  FROM      YEAR
                                                  NORMAL
..................................................................
TEMPERATURE (F)
 TODAY
  MAXIMUM         55    149 PM  80    1967  64     -9       55
  MINIMUM         39    327 AM  22    1997  37      2       44
  AVERAGE         47                        51     -4       50

PRECIPITATION (IN)
  TODAY            0.04          2.93 1983   0.05  -0.01     0.22
  MONTH TO DATE    0.04                      0.05  -0.01     0.22
  SINCE OCT 1      4.32                      5.46  -1.14     3.68
  SINCE JAN 1      1.40                      3.33  -1.93     2.09

SNOWFALL (IN)
  TODAY           MM             0.0    MM   0.0            MM
  MONTH TO DATE   MM                         0.0            MM
  SINCE MAR 1     MM                         0.0            MM
  SINCE JUL 1      0.0                       2.3             0.0
  SNOW DEPTH       0

DEGREE DAYS
 HEATING
  TODAY           18                        14      4       15
  MONTH TO DATE   18                        14      4       15
  SINCE MAR 1     18                        14      4       15
  SINCE JUL 1   1887                      2307   -420     2252

 COOLING
  TODAY            0                         0      0        0
  MONTH TO DATE    0                         0      0        0
  SINCE MAR 1      0                         0      0        0
  SINCE JAN 1      0                         0      0        6
..................................................................


WIND (MPH)
  HIGHEST WIND SPEED    17   HIGHEST WIND DIRECTION    SE (150)
  HIGHEST GUST SPEED    20   HIGHEST GUST DIRECTION     S (160)
  AVERAGE WIND SPEED     5.8


SKY COVER
  POSSIBLE SUNSHINE  MM
  AVERAGE SKY COVER 0.8


WEATHER CONDITIONS
 THE FOLLOWING WEATHER WAS RECORDED TODAY.
  LIGHT RAIN
  FOG


RELATIVE HUMIDITY (PERCENT)
 HIGHEST   100           700 AM
 LOWEST     46           300 PM
 AVERAGE    73

..........................................................


THE LANCASTER CLIMATE NORMALS FOR TOMORROW
                         NORMAL    RECORD    YEAR
 MAXIMUM TEMPERATURE (F)   65        79      1999
 MINIMUM TEMPERATURE (F)   38        18      1971


SUNRISE AND SUNSET
MARCH  1 2015.........SUNRISE   622 AM PST   SUNSET   549 PM PST
MARCH  2 2015.........SUNRISE   621 AM PST   SUNSET   549 PM PST


-  INDICATES NEGATIVE NUMBERS.
R  INDICATES RECORD WAS SET OR TIED.
MM INDICATES DATA IS MISSING.
T  INDICATES TRACE AMOUNT.




$$
