000
CDUS46 KLOX 200125
CLIWJF


CLIMATE REPORT
NATIONAL WEATHER SERVICE LOS ANGELES/OXNARD CA
525 PM PST FRI DEC 19 2014


...................................

...THE LANCASTER CLIMATE SUMMARY FOR DECEMBER 19 2014...
VALID TODAY AS OF 0500 PM LOCAL TIME.

CLIMATE NORMAL PERIOD 1981 TO 2010
CLIMATE RECORD PERIOD 1948 TO 2014


WEATHER ITEM   OBSERVED TIME   RECORD YEAR NORMAL DEPARTURE LAST
                VALUE   (LST)  VALUE       VALUE  FROM      YEAR
                                                  NORMAL
..................................................................
TEMPERATURE (F)
 TODAY
  MAXIMUM         55    420 PM  76    1950  57     -2       50
  MINIMUM         31    622 AM  16    2006  29      2       35
  AVERAGE         43                        43      0       43

PRECIPITATION (IN)
  TODAY            0.00          1.36 1984   0.04  -0.04     0.01
  MONTH TO DATE    2.62                      0.61   2.01     0.09
  SINCE JUL 1      2.95                      1.93   1.02     1.61
  SINCE JAN 1      5.27                      6.84  -1.57     2.71

SNOWFALL (IN)
  TODAY            0.0           5.3  1984   0.0            MM
  MONTH TO DATE    0.0                       0.7             0.0
  SINCE DEC 1      0.0                       0.7             0.0
  SINCE JUL 1      0.0                       0.7             0.0
  SNOW DEPTH       0

DEGREE DAYS
 HEATING
  TODAY           22                        22      0       22
  MONTH TO DATE  317                       397    -80      448
  SINCE DEC 1    317                       397    -80      448
  SINCE JUL 1    714                       942   -228     1099

 COOLING
  TODAY            0                         0      0        0
  MONTH TO DATE    0                         0      0        0
  SINCE DEC 1      0                         0      0        0
  SINCE JAN 1   2055                      1882    173     2204
..................................................................


WIND (MPH)
  HIGHEST WIND SPEED     7   HIGHEST WIND DIRECTION     W (250)
  HIGHEST GUST SPEED     9   HIGHEST GUST DIRECTION    SW (230)
  AVERAGE WIND SPEED     2.0


SKY COVER
  POSSIBLE SUNSHINE  MM
  AVERAGE SKY COVER 0.0


WEATHER CONDITIONS
 THE FOLLOWING WEATHER WAS RECORDED TODAY.
  NO SIGNIFICANT WEATHER WAS OBSERVED.


RELATIVE HUMIDITY (PERCENT)
 HIGHEST    92           200 AM
 LOWEST     59           100 PM
 AVERAGE    76

..........................................................


THE LANCASTER CLIMATE NORMALS FOR TOMORROW
                         NORMAL    RECORD    YEAR
 MAXIMUM TEMPERATURE (F)   57        73      1969
 MINIMUM TEMPERATURE (F)   29        13      2012


SUNRISE AND SUNSET
DECEMBER 19 2014......SUNRISE   655 AM PST   SUNSET   445 PM PST
DECEMBER 20 2014......SUNRISE   656 AM PST   SUNSET   445 PM PST


-  INDICATES NEGATIVE NUMBERS.
R  INDICATES RECORD WAS SET OR TIED.
MM INDICATES DATA IS MISSING.
T  INDICATES TRACE AMOUNT.




$$
