587
CDUS46 KLOX 280111
CLIWJF


CLIMATE REPORT
NATIONAL WEATHER SERVICE LOS ANGELES/OXNARD CA
611 PM PDT TUE SEP 27 2016


...................................

...THE LANCASTER CLIMATE SUMMARY FOR SEPTEMBER 27 2016...
VALID TODAY AS OF 0600 PM LOCAL TIME.

CLIMATE NORMAL PERIOD 1981 TO 2010
CLIMATE RECORD PERIOD 1948 TO 2016


WEATHER ITEM   OBSERVED TIME   RECORD YEAR NORMAL DEPARTURE LAST
                VALUE   (LST)  VALUE       VALUE  FROM      YEAR
                                                  NORMAL
..................................................................
TEMPERATURE (F)
 TODAY
  MAXIMUM         92    329 PM 103    2010  87      5       94
                                      2003
  MINIMUM         51    518 AM  30    1948  53     -2       58
  AVERAGE         72                        70      2       76

PRECIPITATION (IN)
  TODAY            0.00          0.00   MM   0.01  -0.01     0.00
  MONTH TO DATE    0.00                      0.13  -0.13     0.64
  SINCE OCT 1      3.82                      7.36  -3.54     7.63
  SINCE JAN 1      2.53                      5.23  -2.70     4.71

SNOWFALL (IN)
  TODAY            0.0           0.0    MM   0.0             0.0
  MONTH TO DATE    0.0                       0.0             0.0
  SINCE SEP 1      0.0                       0.0             0.0
  SINCE JUL 1      0.0                       0.0             0.0
  SNOW DEPTH       0

DEGREE DAYS
 HEATING
  TODAY            0                         1     -1        0
  MONTH TO DATE    2                         6     -4        0
  SINCE SEP 1      2                         6     -4        0
  SINCE JUL 1      2                         6     -4        0

 COOLING
  TODAY            7                         6      1       11
  MONTH TO DATE  210                       256    -46      333
  SINCE SEP 1    210                       256    -46      333
  SINCE JAN 1   2072                      1815    257     1926
..................................................................


WIND (MPH)
  HIGHEST WIND SPEED    17   HIGHEST WIND DIRECTION    NE (50)
  HIGHEST GUST SPEED    28   HIGHEST GUST DIRECTION    NE (50)
  AVERAGE WIND SPEED     5.2


SKY COVER
  POSSIBLE SUNSHINE  MM
  AVERAGE SKY COVER 0.0


WEATHER CONDITIONS
 THE FOLLOWING WEATHER WAS RECORDED TODAY.
  NO SIGNIFICANT WEATHER WAS OBSERVED.


RELATIVE HUMIDITY (PERCENT)
 HIGHEST    35           500 AM
 LOWEST     14          1000 AM
 AVERAGE    25

..........................................................


THE LANCASTER CLIMATE NORMALS FOR TOMORROW
                         NORMAL    RECORD    YEAR
 MAXIMUM TEMPERATURE (F)   86       102      2010
 MINIMUM TEMPERATURE (F)   52        37      2013
                                             1971


SUNRISE AND SUNSET
SEPTEMBER 27 2016.....SUNRISE   645 AM PDT   SUNSET   642 PM PDT
SEPTEMBER 28 2016.....SUNRISE   646 AM PDT   SUNSET   640 PM PDT


-  INDICATES NEGATIVE NUMBERS.
R  INDICATES RECORD WAS SET OR TIED.
MM INDICATES DATA IS MISSING.
T  INDICATES TRACE AMOUNT.




$$
