382
CDUS46 KLOX 220124
CLIWJF


CLIMATE REPORT
NATIONAL WEATHER SERVICE LOS ANGELES/OXNARD CA
524 PM PST SAT JAN 21 2017


...................................

...THE LANCASTER CLIMATE SUMMARY FOR JANUARY 21 2017...
VALID TODAY AS OF 0500 PM LOCAL TIME.

CLIMATE NORMAL PERIOD 1981 TO 2010
CLIMATE RECORD PERIOD 1948 TO 2017


WEATHER ITEM   OBSERVED TIME   RECORD YEAR NORMAL DEPARTURE LAST
                VALUE   (LST)  VALUE       VALUE  FROM      YEAR
                                                  NORMAL
..................................................................
TEMPERATURE (F)
 TODAY
  MAXIMUM         52    302 PM  75    1950  59     -7       60
  MINIMUM         37    726 AM  14    1987  32      5       32
  AVERAGE         45                        45      0       46

PRECIPITATION (IN)
  TODAY            0.01          1.19 2010   0.05  -0.04     0.00
  MONTH TO DATE    1.79                      1.02   0.77     1.39
  SINCE OCT 1      3.78                      3.15   0.63     2.68
  SINCE JAN 1      1.79                      1.02   0.77     1.39

SNOWFALL (IN)
  TODAY           MM             0.0    MM   0.0             0.0
  MONTH TO DATE    0.0                       0.2             0.0
  SINCE DEC 1      0.0                       1.5             0.0
  SINCE JUL 1      0.0                       1.5             0.0
  SNOW DEPTH       0

DEGREE DAYS
 HEATING
  TODAY           20                        20      0       19
  MONTH TO DATE  392                       431    -39      429
  SINCE DEC 1    970                      1088   -118     1124
  SINCE JUL 1   1396                      1633   -237     1704

 COOLING
  TODAY            0                         0      0        0
  MONTH TO DATE    0                         0      0        0
  SINCE DEC 1      0                         0      0        0
  SINCE JAN 1      0                         0      0        0
..................................................................


WIND (MPH)
  HIGHEST WIND SPEED    35   HIGHEST WIND DIRECTION     W (270)
  HIGHEST GUST SPEED    39   HIGHEST GUST DIRECTION     W (270)
  AVERAGE WIND SPEED    20.6


SKY COVER
  POSSIBLE SUNSHINE  MM
  AVERAGE SKY COVER 0.1


WEATHER CONDITIONS
 THE FOLLOWING WEATHER WAS RECORDED TODAY.
  NO SIGNIFICANT WEATHER WAS OBSERVED.


RELATIVE HUMIDITY (PERCENT)
 HIGHEST    92           200 AM
 LOWEST     50           300 PM
 AVERAGE    71

..........................................................


THE LANCASTER CLIMATE NORMALS FOR TOMORROW
                         NORMAL    RECORD    YEAR
 MAXIMUM TEMPERATURE (F)   59        72      1970
 MINIMUM TEMPERATURE (F)   32        16      2013


SUNRISE AND SUNSET
JANUARY 21 2017.......SUNRISE   658 AM PST   SUNSET   511 PM PST
JANUARY 22 2017.......SUNRISE   657 AM PST   SUNSET   512 PM PST


-  INDICATES NEGATIVE NUMBERS.
R  INDICATES RECORD WAS SET OR TIED.
MM INDICATES DATA IS MISSING.
T  INDICATES TRACE AMOUNT.




$$
