000
CDUS45 KLKN 070937
CLIWMC


CLIMATE REPORT
NATIONAL WEATHER SERVICE ELKO NV
132 AM PST WED DEC 7 2016


...................................

...THE WINNEMUCCA AIRPORT NV CLIMATE SUMMARY FOR DECEMBER 6 2016...

CLIMATE NORMAL PERIOD 1981 TO 2010
CLIMATE RECORD PERIOD 1877 TO 2016


WEATHER ITEM   OBSERVED TIME   RECORD YEAR NORMAL DEPARTURE LAST
                VALUE   (LST)  VALUE       VALUE  FROM      YEAR
                                                  NORMAL
..................................................................
TEMPERATURE (F)
 YESTERDAY
  MAXIMUM         32   1123 AM  65    1977  43    -11       54
  MINIMUM          5    532 AM  -6    1891  18    -13       28
  AVERAGE         19                        30    -11       41

PRECIPITATION (IN)
  YESTERDAY        0.01          0.37 1996   0.03  -0.02      T
  MONTH TO DATE    0.06                      0.18  -0.12      T
  SINCE OCT 1      2.40                      1.73   0.67     2.51
  SINCE JAN 1      7.22                      7.53  -0.31     9.13

SNOWFALL (IN)
  YESTERDAY        0.6           5.1  1972   0.1    0.5      0.0
  MONTH TO DATE    0.6                       0.9   -0.3      0.0
  SINCE DEC 1      0.6                       0.9   -0.3      0.0
  SINCE JUL 1      1.2                       4.4   -3.2      0.3
  SNOW DEPTH       0

DEGREE DAYS
 HEATING
  YESTERDAY       46                        35     11       24
  MONTH TO DATE  227                       204     23      186
  SINCE DEC 1    227                       204     23      186
  SINCE JUL 1   1562                      1772   -210     1535

 COOLING
  YESTERDAY        0                         0      0        0
  MONTH TO DATE    0                         0      0        0
  SINCE DEC 1      0                         0      0        0
  SINCE JAN 1    577                       541     36      617
..................................................................


WIND (MPH)
  HIGHEST WIND SPEED    17   HIGHEST WIND DIRECTION     W (250)
  HIGHEST GUST SPEED    22   HIGHEST GUST DIRECTION     W (250)
  AVERAGE WIND SPEED     5.0



WEATHER CONDITIONS
 THE FOLLOWING WEATHER WAS RECORDED YESTERDAY.
  SNOW
  LIGHT SNOW
  FOG


RELATIVE HUMIDITY (PERCENT)
 HIGHEST   100          1000 PM
 LOWEST     75          1000 AM
 AVERAGE    88

..........................................................


THE WINNEMUCCA AIRPORT NV CLIMATE NORMALS FOR TODAY
                         NORMAL    RECORD    YEAR
 MAXIMUM TEMPERATURE (F)   42        63      1973
 MINIMUM TEMPERATURE (F)   18        -6      1956


SUNRISE AND SUNSET
DECEMBER  7 2016......SUNRISE   703 AM PST   SUNSET   423 PM PST
DECEMBER  8 2016......SUNRISE   704 AM PST   SUNSET   423 PM PST


-  INDICATES NEGATIVE NUMBERS.
R  INDICATES RECORD WAS SET OR TIED.
MM INDICATES DATA IS MISSING.
T  INDICATES TRACE AMOUNT.




$$
