000
CDUS45 KLKN 170944
CLIWMC


CLIMATE REPORT
NATIONAL WEATHER SERVICE ELKO NV
144 AM PST TUE JAN 17 2017


...................................

...THE WINNEMUCCA AIRPORT NV CLIMATE SUMMARY FOR JANUARY 16 2017...

CLIMATE NORMAL PERIOD 1981 TO 2010
CLIMATE RECORD PERIOD 1877 TO 2017


WEATHER ITEM   OBSERVED TIME   RECORD YEAR NORMAL DEPARTURE LAST
                VALUE   (LST)  VALUE       VALUE  FROM      YEAR
                                                  NORMAL
..................................................................
TEMPERATURE (F)
 YESTERDAY
  MAXIMUM         29    309 PM  64    1974  41    -12       45
  MINIMUM         17   1137 PM -27    1888  19     -2       31
  AVERAGE         23                        30     -7       38

PRECIPITATION (IN)
  YESTERDAY        0.00          0.41 1893   0.03  -0.03     0.11
  MONTH TO DATE    1.19                      0.49   0.70     1.04
  SINCE OCT 1      5.73                      2.97   2.76     5.32
  SINCE JAN 1      1.19                      0.49   0.70     1.04

SNOWFALL (IN)
  YESTERDAY        0.0           4.6  1950   0.1   -0.1      0.8
  MONTH TO DATE    4.2                       2.0    2.2      5.5
  SINCE DEC 1     10.4                       7.3    3.1     14.5
  SINCE JUL 1     11.0                      10.8    0.2     14.8
  SNOW DEPTH       0

DEGREE DAYS
 HEATING
  YESTERDAY       42                        35      7       27
  MONTH TO DATE  615                       571     44      608
  SINCE DEC 1   1815                      1676    139     1664
  SINCE JUL 1   3150                      3244    -94     3013

 COOLING
  YESTERDAY        0                         0      0        0
  MONTH TO DATE    0                         0      0        0
  SINCE DEC 1      0                         0      0        0
  SINCE JAN 1      0                         0      0        0
..................................................................


WIND (MPH)
  HIGHEST WIND SPEED    10   HIGHEST WIND DIRECTION     S (180)
  HIGHEST GUST SPEED    13   HIGHEST GUST DIRECTION     S (180)
  AVERAGE WIND SPEED     2.1



WEATHER CONDITIONS
 THE FOLLOWING WEATHER WAS RECORDED YESTERDAY.
  NO SIGNIFICANT WEATHER WAS OBSERVED.


RELATIVE HUMIDITY (PERCENT)
 HIGHEST    92           900 PM
 LOWEST     69           100 PM
 AVERAGE    81

..........................................................


THE WINNEMUCCA AIRPORT NV CLIMATE NORMALS FOR TODAY
                         NORMAL    RECORD    YEAR
 MAXIMUM TEMPERATURE (F)   42        64      1971
 MINIMUM TEMPERATURE (F)   19       -22      1917
                                             1888


SUNRISE AND SUNSET
JANUARY 17 2017.......SUNRISE   712 AM PST   SUNSET   451 PM PST
JANUARY 18 2017.......SUNRISE   712 AM PST   SUNSET   452 PM PST


-  INDICATES NEGATIVE NUMBERS.
R  INDICATES RECORD WAS SET OR TIED.
MM INDICATES DATA IS MISSING.
T  INDICATES TRACE AMOUNT.




$$
