000
CDUS45 KLKN 230028
CLIWMC


CLIMATE REPORT
NATIONAL WEATHER SERVICE ELKO NV
526 PM PDT MON SEP 22 2014


...................................

...THE WINNEMUCCA AIRPORT NV CLIMATE SUMMARY FOR SEPTEMBER 22 2014...
VALID TODAY AS OF 0500 PM LOCAL TIME.

CLIMATE NORMAL PERIOD 1981 TO 2010
CLIMATE RECORD PERIOD 1877 TO 2014


WEATHER ITEM   OBSERVED TIME   RECORD YEAR NORMAL DEPARTURE LAST
                VALUE   (LST)  VALUE       VALUE  FROM      YEAR
                                                  NORMAL
..................................................................
TEMPERATURE (F)
 TODAY
  MAXIMUM         82    300 PM  94    1966  78      4       65
  MINIMUM         53   1200 AM  16    1895  37     16       42
  AVERAGE         68                        58     10       54

PRECIPITATION (IN)
  TODAY            0.00          0.49 1930   0.01  -0.01     0.00
  MONTH TO DATE    0.01                      0.29  -0.28     0.59
  SINCE OCT 1      7.25                      8.13  -0.88     5.41
  SINCE JAN 1      4.59                      5.65  -1.06     3.00

SNOWFALL (IN)
  TODAY            0.0           0.0  1877   0.0    0.0      0.0
  MONTH TO DATE    0.0                       0.0    0.0      0.0
  SINCE SEP 1      0.0                       0.0    0.0      0.0
  SINCE JUL 1      0.0                       0.0    0.0       T
  SNOW DEPTH       0

DEGREE DAYS
 HEATING
  TODAY            0                         8     -8       11
  MONTH TO DATE   19                       100    -81       50
  SINCE SEP 1     19                       100    -81       50
  SINCE JUL 1     38                       130    -92       50

 COOLING
  TODAY            3                         0      3        0
  MONTH TO DATE   49                        29     20       79
  SINCE SEP 1     49                        29     20       79
  SINCE JAN 1    674                       539    135      760
..................................................................


WIND (MPH)
  HIGHEST WIND SPEED    14   HIGHEST WIND DIRECTION     S (170)
  HIGHEST GUST SPEED    17   HIGHEST GUST DIRECTION    SW (240)



WEATHER CONDITIONS
 THE FOLLOWING WEATHER WAS RECORDED TODAY.
  NO SIGNIFICANT WEATHER WAS OBSERVED.


RELATIVE HUMIDITY (PERCENT)
 HIGHEST    83          1200 AM
 LOWEST     24           200 PM
 AVERAGE    54

..........................................................


THE WINNEMUCCA AIRPORT NV CLIMATE NORMALS FOR TOMORROW
                         NORMAL    RECORD    YEAR
 MAXIMUM TEMPERATURE (F)   78        93      2011
                                             1987
 MINIMUM TEMPERATURE (F)   37        21      1977


SUNRISE AND SUNSET
SEPTEMBER 22 2014.....SUNRISE   639 AM PDT   SUNSET   648 PM PDT
SEPTEMBER 23 2014.....SUNRISE   640 AM PDT   SUNSET   647 PM PDT


-  INDICATES NEGATIVE NUMBERS.
R  INDICATES RECORD WAS SET OR TIED.
MM INDICATES DATA IS MISSING.
T  INDICATES TRACE AMOUNT.




$$
