000
CDUS45 KLKN 280949
CLIWMC


CLIMATE REPORT
NATIONAL WEATHER SERVICE ELKO NV
149 AM PST TUE FEB 28 2017


...................................

...THE WINNEMUCCA AIRPORT NV CLIMATE SUMMARY FOR FEBRUARY 27 2017...

CLIMATE NORMAL PERIOD 1981 TO 2010
CLIMATE RECORD PERIOD 1877 TO 2017


WEATHER ITEM   OBSERVED TIME   RECORD YEAR NORMAL DEPARTURE LAST
                VALUE   (LST)  VALUE       VALUE  FROM      YEAR
                                                  NORMAL
..................................................................
TEMPERATURE (F)
 YESTERDAY
  MAXIMUM         36    334 PM  71    1986  51    -15       56
  MINIMUM         24    714 PM -22    1890  25     -1       38
  AVERAGE         30                        38     -8       47

PRECIPITATION (IN)
  YESTERDAY        0.02          0.52 1902   0.03  -0.01     0.00
  MONTH TO DATE    0.77                      0.64   0.13     0.21
  SINCE OCT 1      7.12                      3.99   3.13     6.39
  SINCE JAN 1      2.58                      1.51   1.07     2.11

SNOWFALL (IN)
  YESTERDAY       MM             5.2  1922   0.1   MM        0.0
  MONTH TO DATE    0.7                       3.3   -2.6      1.2
  SINCE DEC 1     15.2                      12.4    2.8     19.1
  SINCE JUL 1     15.8                      15.9   -0.1     19.4
  SNOW DEPTH      MM

DEGREE DAYS
 HEATING
  YESTERDAY       35                        27      8       18
  MONTH TO DATE  696                       809   -113      701
  SINCE DEC 1   3071                      2994     77     2788
  SINCE JUL 1   4406                      4562   -156     4137

 COOLING
  YESTERDAY        0                         0      0        0
  MONTH TO DATE    0                         0      0        0
  SINCE DEC 1      0                         0      0        0
  SINCE JAN 1      0                         0      0        0
..................................................................


WIND (MPH)
  HIGHEST WIND SPEED    29   HIGHEST WIND DIRECTION     W (250)
  HIGHEST GUST SPEED    37   HIGHEST GUST DIRECTION     W (250)
  AVERAGE WIND SPEED    10.2



WEATHER CONDITIONS
 THE FOLLOWING WEATHER WAS RECORDED YESTERDAY.
  LIGHT SNOW


RELATIVE HUMIDITY (PERCENT)
 HIGHEST    MM
 LOWEST     MM
 AVERAGE    MM

..........................................................


THE WINNEMUCCA AIRPORT NV CLIMATE NORMALS FOR TODAY
                         NORMAL    RECORD    YEAR
 MAXIMUM TEMPERATURE (F)   52        74      1986
 MINIMUM TEMPERATURE (F)   25        -6      1890


SUNRISE AND SUNSET
FEBRUARY 28 2017......SUNRISE   626 AM PST   SUNSET   542 PM PST
MARCH  1 2017.........SUNRISE   625 AM PST   SUNSET   543 PM PST


-  INDICATES NEGATIVE NUMBERS.
R  INDICATES RECORD WAS SET OR TIED.
MM INDICATES DATA IS MISSING.
T  INDICATES TRACE AMOUNT.




$$
