000
CDUS45 KLKN 190928
CLIWMC


CLIMATE REPORT
NATIONAL WEATHER SERVICE ELKO NV
127 AM PST FRI JAN 19 2018


...................................

...THE WINNEMUCCA AIRPORT NV CLIMATE SUMMARY FOR JANUARY 18 2018...

CLIMATE NORMAL PERIOD 1981 TO 2010
CLIMATE RECORD PERIOD 1877 TO 2018


WEATHER ITEM   OBSERVED TIME   RECORD YEAR NORMAL DEPARTURE LAST
                VALUE   (LST)  VALUE       VALUE  FROM      YEAR
                                                  NORMAL
..................................................................
TEMPERATURE (F)
 YESTERDAY
  MAXIMUM         65    233 PM  68    1971  42     23       37
  MINIMUM         33    731 AM -21    1917  19     14       26
  AVERAGE         49                        30     19       32

PRECIPITATION (IN)
  YESTERDAY        0.00          0.51 1951   0.03  -0.03     0.20
                                      1895
  MONTH TO DATE    0.37                      0.55  -0.18     1.39
  SINCE OCT 1      1.71                      3.03  -1.32     5.93
  SINCE JAN 1      0.37                      0.55  -0.18     1.39

SNOWFALL (IN)
  YESTERDAY        0.0           5.5  1895   0.1   -0.1       T
  MONTH TO DATE    0.0                       2.2   -2.2      4.4
  SINCE DEC 1      3.1                       7.5   -4.4     10.6
  SINCE JUL 1      3.1                      11.0   -7.9     11.2
  SNOW DEPTH       0

DEGREE DAYS
 HEATING
  YESTERDAY       16                        35    -19       33
  MONTH TO DATE  441                       641   -200      688
  SINCE DEC 1   1523                      1746   -223     1888
  SINCE JUL 1   2959                      3314   -355     3223

 COOLING
  YESTERDAY        0                         0      0        0
  MONTH TO DATE    0                         0      0        0
  SINCE DEC 1      0                         0      0        0
  SINCE JAN 1      0                         0      0        0
..................................................................


WIND (MPH)
  HIGHEST WIND SPEED    31   HIGHEST WIND DIRECTION     W (280)
  HIGHEST GUST SPEED    40   HIGHEST GUST DIRECTION     W (280)
  AVERAGE WIND SPEED    14.1



WEATHER CONDITIONS
 THE FOLLOWING WEATHER WAS RECORDED YESTERDAY.
  NO SIGNIFICANT WEATHER WAS OBSERVED.


RELATIVE HUMIDITY (PERCENT)
 HIGHEST    82           600 AM
 LOWEST     31           200 PM
 AVERAGE    57

..........................................................


THE WINNEMUCCA AIRPORT NV CLIMATE NORMALS FOR TODAY
                         NORMAL    RECORD    YEAR
 MAXIMUM TEMPERATURE (F)   42        67      1971
 MINIMUM TEMPERATURE (F)   19       -22      1883


SUNRISE AND SUNSET
JANUARY 19 2018.......SUNRISE   712 AM PST   SUNSET   453 PM PST
JANUARY 20 2018.......SUNRISE   711 AM PST   SUNSET   454 PM PST


-  INDICATES NEGATIVE NUMBERS.
R  INDICATES RECORD WAS SET OR TIED.
MM INDICATES DATA IS MISSING.
T  INDICATES TRACE AMOUNT.




$$
