000
CDUS45 KLKN 290932
CLIWMC


CLIMATE REPORT
NATIONAL WEATHER SERVICE ELKO NV
231 AM PDT SUN MAR 29 2015


...................................

...THE WINNEMUCCA AIRPORT NV CLIMATE SUMMARY FOR MARCH 28 2015...

CLIMATE NORMAL PERIOD 1981 TO 2010
CLIMATE RECORD PERIOD 1877 TO 2015


WEATHER ITEM   OBSERVED TIME   RECORD YEAR NORMAL DEPARTURE LAST
                VALUE   (LST)  VALUE       VALUE  FROM      YEAR
                                                  NORMAL
..................................................................
TEMPERATURE (F)
 YESTERDAY
  MAXIMUM         68    405 PM  76    1986  58     10       60
                                      1978
  MINIMUM         43    728 PM   8    1999  28     15       29
  AVERAGE         56                        43     13       45

PRECIPITATION (IN)
  YESTERDAY        0.00          0.36 1984   0.03  -0.03     0.00
  MONTH TO DATE    0.17                      0.75  -0.58     0.52
  SINCE OCT 1      3.91                      4.76  -0.85     4.79
  SINCE JAN 1      1.34                      2.28  -0.94     2.13

SNOWFALL (IN)
  YESTERDAY        0.0           2.0  1984   0.1   -0.1      0.0
  MONTH TO DATE    T                         2.9   -2.9       T
  SINCE MAR 1      T                         2.9   -2.9       T
  SINCE JUL 1      2.9                      18.9  -16.0     21.5
  SNOW DEPTH       0

DEGREE DAYS
 HEATING
  YESTERDAY        9                        22    -13       20
  MONTH TO DATE  551                       674   -123      632
  SINCE MAR 1    551                       674   -123      632
  SINCE JUL 1   4333                      5263   -930     5291

 COOLING
  YESTERDAY        0                         0      0        0
  MONTH TO DATE    0                         0      0        0
  SINCE MAR 1      0                         0      0        0
  SINCE JAN 1      0                         0      0        0
..................................................................


WIND (MPH)
  HIGHEST WIND SPEED    18   HIGHEST WIND DIRECTION    NE (30)
  HIGHEST GUST SPEED    32   HIGHEST GUST DIRECTION     N (350)
  AVERAGE WIND SPEED     7.6



WEATHER CONDITIONS
 THE FOLLOWING WEATHER WAS RECORDED YESTERDAY.
  NO SIGNIFICANT WEATHER WAS OBSERVED.


RELATIVE HUMIDITY (PERCENT)
 HIGHEST    38           300 AM
 LOWEST     11           200 PM
 AVERAGE    25

..........................................................


THE WINNEMUCCA AIRPORT NV CLIMATE NORMALS FOR TODAY
                         NORMAL    RECORD    YEAR
 MAXIMUM TEMPERATURE (F)   58        82      1879
 MINIMUM TEMPERATURE (F)   28        11      1996


SUNRISE AND SUNSET
MARCH 29 2015.........SUNRISE   640 AM PDT   SUNSET   713 PM PDT
MARCH 30 2015.........SUNRISE   638 AM PDT   SUNSET   714 PM PDT


-  INDICATES NEGATIVE NUMBERS.
R  INDICATES RECORD WAS SET OR TIED.
MM INDICATES DATA IS MISSING.
T  INDICATES TRACE AMOUNT.




$$
