000
CDUS45 KLKN 220927
CLIWMC


CLIMATE REPORT
NATIONAL WEATHER SERVICE ELKO NV
226 AM PDT FRI AUG 22 2014


...................................

...THE WINNEMUCCA AIRPORT NV CLIMATE SUMMARY FOR AUGUST 21 2014...

CLIMATE NORMAL PERIOD 1981 TO 2010
CLIMATE RECORD PERIOD 1877 TO 2014


WEATHER ITEM   OBSERVED TIME   RECORD YEAR NORMAL DEPARTURE LAST
                VALUE   (LST)  VALUE       VALUE  FROM      YEAR
                                                  NORMAL
..................................................................
TEMPERATURE (F)
 YESTERDAY
  MAXIMUM         87    257 PM 101    2009  90     -3       93
                                      1969
  MINIMUM         59    453 AM  33    1974  48     11       61
                                      1918
  AVERAGE         73                        69      4       77

PRECIPITATION (IN)
  YESTERDAY        T             0.34 1983   0.01  -0.01     0.10
  MONTH TO DATE    0.49                      0.12   0.37     0.13
  SINCE OCT 1      7.24                      7.78  -0.54     4.80
  SINCE JAN 1      4.58                      5.30  -0.72     2.39

SNOWFALL (IN)
  YESTERDAY        0.0           0.0  1877   0.0    0.0      0.0
  MONTH TO DATE    0.0                       0.0    0.0      0.0
  SINCE JUN 1      0.0                       T      0.0       T
  SINCE JUL 1      0.0                       0.0    0.0       T
  SNOW DEPTH       0

DEGREE DAYS
 HEATING
  YESTERDAY        0                         1     -1        0
  MONTH TO DATE    4                         5     -1        0
  SINCE JUN 1     78                       120    -42       70
  SINCE JUL 1      4                        15    -11        0

 COOLING
  YESTERDAY        8                         5      3       12
  MONTH TO DATE  129                       141    -12      136
  SINCE JUN 1    597                       463    134      637
  SINCE JAN 1    606                       474    132      638
..................................................................


WIND (MPH)
  HIGHEST WIND SPEED    18   HIGHEST WIND DIRECTION     W (270)
  HIGHEST GUST SPEED    25   HIGHEST GUST DIRECTION     W (270)
  AVERAGE WIND SPEED     8.0



WEATHER CONDITIONS
 THE FOLLOWING WEATHER WAS RECORDED YESTERDAY.
  LIGHT RAIN


RELATIVE HUMIDITY (PERCENT)
 HIGHEST    42           500 AM
 LOWEST     18           600 PM
 AVERAGE    30

..........................................................


THE WINNEMUCCA AIRPORT NV CLIMATE NORMALS FOR TODAY
                         NORMAL    RECORD    YEAR
 MAXIMUM TEMPERATURE (F)   90       102      1969
 MINIMUM TEMPERATURE (F)   48        30      1899


SUNRISE AND SUNSET
AUGUST 22 2014........SUNRISE   608 AM PDT   SUNSET   739 PM PDT
AUGUST 23 2014........SUNRISE   609 AM PDT   SUNSET   738 PM PDT


-  INDICATES NEGATIVE NUMBERS.
R  INDICATES RECORD WAS SET OR TIED.
MM INDICATES DATA IS MISSING.
T  INDICATES TRACE AMOUNT.




$$
