000
CDUS45 KLKN 230928
CLIWMC


CLIMATE REPORT
NATIONAL WEATHER SERVICE ELKO NV
227 AM PDT SAT JUL 23 2016


...................................

...THE WINNEMUCCA AIRPORT NV CLIMATE SUMMARY FOR JULY 22 2016...

CLIMATE NORMAL PERIOD 1981 TO 2010
CLIMATE RECORD PERIOD 1877 TO 2016


WEATHER ITEM   OBSERVED TIME   RECORD YEAR NORMAL DEPARTURE LAST
                VALUE   (LST)  VALUE       VALUE  FROM      YEAR
                                                  NORMAL
..................................................................
TEMPERATURE (F)
 YESTERDAY
  MAXIMUM         94    241 PM 107    2003  95     -1       85
  MINIMUM         47    458 AM  37    1999  53     -6       54
  AVERAGE         71                        74     -3       70

PRECIPITATION (IN)
  YESTERDAY        0.00          0.86 1984   0.01  -0.01     0.04
  MONTH TO DATE    T                         0.17  -0.17     0.66
  SINCE OCT 1      8.86                      7.58   1.28     8.90
  SINCE JAN 1      4.58                      5.10  -0.52     6.33

SNOWFALL (IN)
  YESTERDAY        0.0           0.0  1877   0.0    0.0      0.0
  MONTH TO DATE    0.0                       0.0    0.0      0.0
  SINCE JUN 1      0.0                       T      0.0      0.0
  SINCE JUL 1      0.0                       0.0    0.0      0.0
  SNOW DEPTH       0

DEGREE DAYS
 HEATING
  YESTERDAY        0                         0      0        0
  MONTH TO DATE   17                         6     11        2
  SINCE JUN 1     71                       111    -40       24
  SINCE JUL 1     17                         6     11        2

 COOLING
  YESTERDAY        6                         9     -3        5
  MONTH TO DATE  125                       166    -41      172
  SINCE JUN 1    258                       245     13      377
  SINCE JAN 1    258                       256      2      381
..................................................................


WIND (MPH)
  HIGHEST WIND SPEED    24   HIGHEST WIND DIRECTION     W (270)
  HIGHEST GUST SPEED    30   HIGHEST GUST DIRECTION     W (270)
  AVERAGE WIND SPEED     6.6



WEATHER CONDITIONS
 THE FOLLOWING WEATHER WAS RECORDED YESTERDAY.
  NO SIGNIFICANT WEATHER WAS OBSERVED.


RELATIVE HUMIDITY (PERCENT)
 HIGHEST    38           500 AM
 LOWEST      4           400 PM
 AVERAGE    21

..........................................................


THE WINNEMUCCA AIRPORT NV CLIMATE NORMALS FOR TODAY
                         NORMAL    RECORD    YEAR
 MAXIMUM TEMPERATURE (F)   95       107      2003
 MINIMUM TEMPERATURE (F)   53        38      1973


SUNRISE AND SUNSET
JULY 23 2016..........SUNRISE   540 AM PDT   SUNSET   815 PM PDT
JULY 24 2016..........SUNRISE   540 AM PDT   SUNSET   814 PM PDT


-  INDICATES NEGATIVE NUMBERS.
R  INDICATES RECORD WAS SET OR TIED.
MM INDICATES DATA IS MISSING.
T  INDICATES TRACE AMOUNT.




$$
