000
CDUS45 KLKN 220930
CLIWMC


CLIMATE REPORT
NATIONAL WEATHER SERVICE ELKO NV
230 AM PDT WED OCT 22 2014


...................................

...THE WINNEMUCCA AIRPORT NV CLIMATE SUMMARY FOR OCTOBER 21 2014...

CLIMATE NORMAL PERIOD 1981 TO 2010
CLIMATE RECORD PERIOD 1877 TO 2014


WEATHER ITEM   OBSERVED TIME   RECORD YEAR NORMAL DEPARTURE LAST
                VALUE   (LST)  VALUE       VALUE  FROM      YEAR
                                                  NORMAL
..................................................................
TEMPERATURE (F)
 YESTERDAY
  MAXIMUM         57    324 PM  85    2003  65     -8       72
  MINIMUM         29   1119 PM   5    1996  28      1       24
  AVERAGE         43                        46     -3       48

PRECIPITATION (IN)
  YESTERDAY        0.05          0.26 1961   0.02   0.03     0.00
  MONTH TO DATE    0.05                      0.44  -0.39     0.16
  SINCE OCT 1      0.05                      0.44  -0.39     0.16
  SINCE JAN 1      6.03                      6.24  -0.21     3.22

SNOWFALL (IN)
  YESTERDAY        0.0           0.0  1877   0.1   -0.1      0.0
  MONTH TO DATE    0.0                       0.3   -0.3      0.0
  SINCE SEP 1      T                         0.3   -0.3      0.0
  SINCE JUL 1      T                         0.3   -0.3       T
  SNOW DEPTH       0

DEGREE DAYS
 HEATING
  YESTERDAY       22                        19      3       17
  MONTH TO DATE  247                       313    -66      417
  SINCE SEP 1    332                       487   -155      565
  SINCE JUL 1    351                       517   -166      565

 COOLING
  YESTERDAY        0                         0      0        0
  MONTH TO DATE    0                         0      0        0
  SINCE SEP 1     49                        31     18       81
  SINCE JAN 1    674                       541    133      762
..................................................................


WIND (MPH)
  HIGHEST WIND SPEED    20   HIGHEST WIND DIRECTION     W (250)
  HIGHEST GUST SPEED    25   HIGHEST GUST DIRECTION     W (280)
  AVERAGE WIND SPEED     6.7



WEATHER CONDITIONS
 THE FOLLOWING WEATHER WAS RECORDED YESTERDAY.
  FOG


RELATIVE HUMIDITY (PERCENT)
 HIGHEST    82           300 AM
 LOWEST     28           200 PM
 AVERAGE    55

..........................................................


THE WINNEMUCCA AIRPORT NV CLIMATE NORMALS FOR TODAY
                         NORMAL    RECORD    YEAR
 MAXIMUM TEMPERATURE (F)   64        83      2003
 MINIMUM TEMPERATURE (F)   28        11      1996


SUNRISE AND SUNSET
OCTOBER 22 2014.......SUNRISE   710 AM PDT   SUNSET   600 PM PDT
OCTOBER 23 2014.......SUNRISE   712 AM PDT   SUNSET   559 PM PDT


-  INDICATES NEGATIVE NUMBERS.
R  INDICATES RECORD WAS SET OR TIED.
MM INDICATES DATA IS MISSING.
T  INDICATES TRACE AMOUNT.




$$
