000
CDUS45 KLKN 220933
CLIWMC


CLIMATE REPORT
NATIONAL WEATHER SERVICE ELKO NV
230 AM PDT TUE AUG 22 2017


...................................

...THE WINNEMUCCA AIRPORT NV CLIMATE SUMMARY FOR AUGUST 21 2017...

CLIMATE NORMAL PERIOD 1981 TO 2010
CLIMATE RECORD PERIOD 1877 TO 2017


WEATHER ITEM   OBSERVED TIME   RECORD YEAR NORMAL DEPARTURE LAST
                VALUE   (LST)  VALUE       VALUE  FROM      YEAR
                                                  NORMAL
..................................................................
TEMPERATURE (F)
 YESTERDAY
  MAXIMUM         95    426 PM 101    2009  90      5       97
                                      1969
  MINIMUM         53    546 AM  33    1974  48      5       47
                                      1918
  AVERAGE         74                        69      5       72

PRECIPITATION (IN)
  YESTERDAY        0.00          0.34 1983   0.01  -0.01     0.00
  MONTH TO DATE    0.31                      0.12   0.19      T
  SINCE OCT 1     11.37                      7.78   3.59     8.86
  SINCE JAN 1      6.83                      5.30   1.53     4.58

SNOWFALL (IN)
  YESTERDAY        0.0           0.0  1877   0.0    0.0      0.0
  MONTH TO DATE    0.0                       0.0    0.0      0.0
  SINCE JUN 1      0.0                       T      0.0      0.0
  SINCE JUL 1      0.0                       0.0    0.0      0.0
  SNOW DEPTH       0

DEGREE DAYS
 HEATING
  YESTERDAY        0                         1     -1        0
  MONTH TO DATE    0                         5     -5        0
  SINCE JUN 1     73                       120    -47       71
  SINCE JUL 1      0                        15    -15       17

 COOLING
  YESTERDAY        9                         5      4        7
  MONTH TO DATE  202                       141     61      163
  SINCE JUN 1    704                       463    241      527
  SINCE JAN 1    711                       474    237      527
..................................................................


WIND (MPH)
  HIGHEST WIND SPEED    18   HIGHEST WIND DIRECTION    NE (50)
  HIGHEST GUST SPEED    25   HIGHEST GUST DIRECTION     N (350)
  AVERAGE WIND SPEED     7.4



WEATHER CONDITIONS
 THE FOLLOWING WEATHER WAS RECORDED YESTERDAY.
  NO SIGNIFICANT WEATHER WAS OBSERVED.


RELATIVE HUMIDITY (PERCENT)
 HIGHEST    41           600 AM
 LOWEST     10           100 PM
 AVERAGE    26

..........................................................


THE WINNEMUCCA AIRPORT NV CLIMATE NORMALS FOR TODAY
                         NORMAL    RECORD    YEAR
 MAXIMUM TEMPERATURE (F)   90       102      1969
 MINIMUM TEMPERATURE (F)   48        30      1899


SUNRISE AND SUNSET
AUGUST 22 2017........SUNRISE   608 AM PDT   SUNSET   739 PM PDT
AUGUST 23 2017........SUNRISE   609 AM PDT   SUNSET   737 PM PDT


-  INDICATES NEGATIVE NUMBERS.
R  INDICATES RECORD WAS SET OR TIED.
MM INDICATES DATA IS MISSING.
T  INDICATES TRACE AMOUNT.




$$
