000
CDUS45 KRIW 070045
CLIWRL


CLIMATE REPORT
NATIONAL WEATHER SERVICE RIVERTON WY
645 PM MDT FRI MAY 6 2016


...................................

...THE WORLAND WY CLIMATE SUMMARY FOR MAY 6 2016...
VALID TODAY AS OF 0500 PM LOCAL TIME.

CLIMATE NORMAL PERIOD 1981 TO 2010
CLIMATE RECORD PERIOD 1947 TO 2016


WEATHER ITEM   OBSERVED TIME   RECORD YEAR NORMAL DEPARTURE LAST
                VALUE   (LST)  VALUE       VALUE  FROM      YEAR
                                                  NORMAL
..................................................................
TEMPERATURE (F)
 TODAY
  MAXIMUM         73        MM  95    1966  67      6       59
  MINIMUM         49        MM  26    1982  38     11       48
  AVERAGE         61                        52      9       54

PRECIPITATION (IN)
  TODAY            0.00          1.44 1975   0.04  -0.04     0.10
  MONTH TO DATE    0.00                      0.25  -0.25     0.10
  SINCE MAR 1      2.31                      1.57   0.74     0.45
  SINCE JAN 1      2.34                      1.99   0.35     1.22

DEGREE DAYS
 HEATING
  TODAY            4                        13     -9       11
  MONTH TO DATE   50                        83    -33       44
  SINCE MAR 1   1343                      1549   -206     1309
  SINCE JUL 1   6728                      7550   -822     7218

 COOLING
  TODAY            0                         0      0        0
  MONTH TO DATE    0                         0      0        0
  SINCE MAR 1      0                         1     -1        0
  SINCE JAN 1      0                         1     -1        0
..................................................................


WIND (MPH)
  HIGHEST WIND SPEED    25   HIGHEST WIND DIRECTION    NW (310)
  HIGHEST GUST SPEED    38   HIGHEST GUST DIRECTION    NW (320)
  AVERAGE WIND SPEED    13.3


SKY COVER
  POSSIBLE SUNSHINE  MM
  AVERAGE SKY COVER 0.2


WEATHER CONDITIONS
 THE FOLLOWING WEATHER WAS RECORDED TODAY.
  HAZE


RELATIVE HUMIDITY (PERCENT)
 HIGHEST    80           300 AM
 LOWEST     33           200 PM
 AVERAGE    57

..........................................................


THE WORLAND WY CLIMATE NORMALS FOR TOMORROW
                         NORMAL    RECORD    YEAR
 MAXIMUM TEMPERATURE (F)   67        88      1992
 MINIMUM TEMPERATURE (F)   38        26      1968


SUNRISE AND SUNSET
MAY  6 2016...........SUNRISE   556 AM MDT   SUNSET   822 PM MDT
MAY  7 2016...........SUNRISE   555 AM MDT   SUNSET   823 PM MDT


-  INDICATES NEGATIVE NUMBERS.
R  INDICATES RECORD WAS SET OR TIED.
MM INDICATES DATA IS MISSING.
T  INDICATES TRACE AMOUNT.




$$
