000
CDUS45 KRIW 160735
CLIWRL


CLIMATE REPORT
NATIONAL WEATHER SERVICE RIVERTON WY
133 AM MDT WED APR 16 2014


...................................

...THE WORLAND WY CLIMATE SUMMARY FOR APRIL 15 2014...

CLIMATE NORMAL PERIOD 1981 TO 2010
CLIMATE RECORD PERIOD 1947 TO 2014


WEATHER ITEM   OBSERVED TIME   RECORD YEAR NORMAL DEPARTURE LAST
                VALUE   (LST)  VALUE       VALUE  FROM      YEAR
                                                  NORMAL
..................................................................
TEMPERATURE (F)
 YESTERDAY
  MAXIMUM         58    136 PM  85    1962  60     -2       38
  MINIMUM         27    224 AM  16    1973  31     -4       24
  AVERAGE         43                        45     -2       31

PRECIPITATION (IN)
  YESTERDAY        0.03          0.30 2002   0.02   0.01     0.00
  MONTH TO DATE    0.27                      0.31  -0.04     0.28
  SINCE MAR 1      0.67                      0.77  -0.10     0.48
  SINCE JAN 1      1.05                      1.19  -0.14     0.87

DEGREE DAYS
 HEATING
  YESTERDAY       22                        20      2       34
  MONTH TO DATE  339                       323     16      360
  SINCE MAR 1   1279                      1208     71     1233
  SINCE JUL 1   7659                      7209    450     6815

 COOLING
  YESTERDAY        0                         0      0        0
  MONTH TO DATE    0                         0      0        0
  SINCE MAR 1      0                         0      0        0
  SINCE JAN 1      0                         0      0        0
..................................................................


WIND (MPH)
  HIGHEST WIND SPEED    45   HIGHEST WIND DIRECTION    NW (330)
  HIGHEST GUST SPEED    56   HIGHEST GUST DIRECTION    NW (330)
  AVERAGE WIND SPEED     7.7


SKY COVER
  POSSIBLE SUNSHINE  MM
  AVERAGE SKY COVER 0.4


WEATHER CONDITIONS
 THE FOLLOWING WEATHER WAS RECORDED YESTERDAY.
  LIGHT RAIN


RELATIVE HUMIDITY (PERCENT)
 HIGHEST    85           200 AM
 LOWEST     30           200 PM
 AVERAGE    58

..........................................................


THE WORLAND WY CLIMATE NORMALS FOR TODAY
                         NORMAL    RECORD    YEAR
 MAXIMUM TEMPERATURE (F)   60        85      1994
 MINIMUM TEMPERATURE (F)   31        16      1982


SUNRISE AND SUNSET
APRIL 16 2014.........SUNRISE   627 AM MDT   SUNSET   757 PM MDT
APRIL 17 2014.........SUNRISE   625 AM MDT   SUNSET   758 PM MDT


-  INDICATES NEGATIVE NUMBERS.
R  INDICATES RECORD WAS SET OR TIED.
MM INDICATES DATA IS MISSING.
T  INDICATES TRACE AMOUNT.




$$
