000
CDUS45 KRIW 200738
CLIWRL


CLIMATE REPORT
NATIONAL WEATHER SERVICE RIVERTON WY
1229 AM MST SAT DEC 20 2014


...................................

...THE WORLAND WY CLIMATE SUMMARY FOR DECEMBER 19 2014...

CLIMATE NORMAL PERIOD 1981 TO 2010
CLIMATE RECORD PERIOD 1947 TO 2014


WEATHER ITEM   OBSERVED TIME   RECORD YEAR NORMAL DEPARTURE LAST
                VALUE   (LST)  VALUE       VALUE  FROM      YEAR
                                                  NORMAL
..................................................................
TEMPERATURE (F)
 YESTERDAY
  MAXIMUM         20    256 PM  50    2003  30    -10       27
                                      1994
  MINIMUM         -3    609 AM -22    1992   3     -6       -7
  AVERAGE          9                        16     -7       10

PRECIPITATION (IN)
  YESTERDAY        T             0.05 1967   0.00   0.00     0.02
  MONTH TO DATE    0.32                      0.14   0.18     0.02
  SINCE DEC 1      0.32                      0.14   0.18     0.02
  SINCE JAN 1      7.88                      7.48   0.40     7.76

DEGREE DAYS
 HEATING
  YESTERDAY       56                        49      7       55
  MONTH TO DATE  776                       882   -106      974
  SINCE DEC 1    776                       882   -106      974
  SINCE JUL 1   2692                      2774    -82     2830

 COOLING
  YESTERDAY        0                         0      0        0
  MONTH TO DATE    0                         0      0        0
  SINCE DEC 1      0                         0      0        0
  SINCE JAN 1    543                       535      8      852
..................................................................


WIND (MPH)
  HIGHEST WIND SPEED    10   HIGHEST WIND DIRECTION    SW (220)
  HIGHEST GUST SPEED    11   HIGHEST GUST DIRECTION    SW (220)
  AVERAGE WIND SPEED     3.0


SKY COVER
  POSSIBLE SUNSHINE  MM
  AVERAGE SKY COVER 0.0


WEATHER CONDITIONS
 THE FOLLOWING WEATHER WAS RECORDED YESTERDAY.
  NO SIGNIFICANT WEATHER WAS OBSERVED.


RELATIVE HUMIDITY (PERCENT)
 HIGHEST    92          1000 PM
 LOWEST     73           300 PM
 AVERAGE    83

..........................................................


THE WORLAND WY CLIMATE NORMALS FOR TODAY
                         NORMAL    RECORD    YEAR
 MAXIMUM TEMPERATURE (F)   29        50      2003
 MINIMUM TEMPERATURE (F)    3       -34      1990


SUNRISE AND SUNSET
DECEMBER 20 2014......SUNRISE   743 AM MST   SUNSET   436 PM MST
DECEMBER 21 2014......SUNRISE   743 AM MST   SUNSET   437 PM MST


-  INDICATES NEGATIVE NUMBERS.
R  INDICATES RECORD WAS SET OR TIED.
MM INDICATES DATA IS MISSING.
T  INDICATES TRACE AMOUNT.




$$
