000
CDUS45 KRIW 030045
CLIWRL


CLIMATE REPORT
NATIONAL WEATHER SERVICE RIVERTON WY
645 PM MDT TUE SEP 2 2014


...................................

...THE WORLAND WY CLIMATE SUMMARY FOR SEPTEMBER 2 2014...
VALID TODAY AS OF 0500 PM LOCAL TIME.

CLIMATE NORMAL PERIOD 1981 TO 2010
CLIMATE RECORD PERIOD 1947 TO 2014


WEATHER ITEM   OBSERVED TIME   RECORD YEAR NORMAL DEPARTURE LAST
                VALUE   (LST)  VALUE       VALUE  FROM      YEAR
                                                  NORMAL
..................................................................
TEMPERATURE (F)
 TODAY
  MAXIMUM         84        MM  98    1976  82      2       94
  MINIMUM         41        MM  32    1974  48     -7       55
  AVERAGE         63                        65     -2       75

PRECIPITATION (IN)
  TODAY            0.00          0.27 1973   0.02  -0.02     0.02
  MONTH TO DATE    0.03                      0.04  -0.01     0.02
  SINCE SEP 1      0.03                      0.04  -0.01     0.02
  SINCE JAN 1      5.62                      5.49   0.13     3.23

DEGREE DAYS
 HEATING
  TODAY            2                         3     -1        0
  MONTH TO DATE    6                         5      1        0
  SINCE SEP 1      6                         5      1        0
  SINCE JUL 1     40                        41     -1        0

 COOLING
  TODAY            0                         3     -3       10
  MONTH TO DATE    0                         6     -6       17
  SINCE SEP 1      0                         6     -6       17
  SINCE JAN 1    509                       512     -3      778
..................................................................


WIND (MPH)
  HIGHEST WIND SPEED     9   HIGHEST WIND DIRECTION     S (160)
  HIGHEST GUST SPEED    MM   HIGHEST GUST DIRECTION    MM
  AVERAGE WIND SPEED     3.6


SKY COVER
  POSSIBLE SUNSHINE  MM
  AVERAGE SKY COVER 0.0


WEATHER CONDITIONS
 THE FOLLOWING WEATHER WAS RECORDED TODAY.
  NO SIGNIFICANT WEATHER WAS OBSERVED.


RELATIVE HUMIDITY (PERCENT)
 HIGHEST    86           100 AM
 LOWEST     15           300 PM
 AVERAGE    51

..........................................................


THE WORLAND WY CLIMATE NORMALS FOR TOMORROW
                         NORMAL    RECORD    YEAR
 MAXIMUM TEMPERATURE (F)   81        99      1978
 MINIMUM TEMPERATURE (F)   48        34      2010


SUNRISE AND SUNSET
SEPTEMBER  2 2014.....SUNRISE   636 AM MDT   SUNSET   746 PM MDT
SEPTEMBER  3 2014.....SUNRISE   637 AM MDT   SUNSET   744 PM MDT


-  INDICATES NEGATIVE NUMBERS.
R  INDICATES RECORD WAS SET OR TIED.
MM INDICATES DATA IS MISSING.
T  INDICATES TRACE AMOUNT.




$$
