000
CDUS45 KRIW 280736
CLIWRL


CLIMATE REPORT
NATIONAL WEATHER SERVICE RIVERTON WY
1235 AM MST TUE FEB 28 2017


...................................

...THE WORLAND WY CLIMATE SUMMARY FOR FEBRUARY 27 2017...

CLIMATE NORMAL PERIOD 1981 TO 2010
CLIMATE RECORD PERIOD 1947 TO 2017


WEATHER ITEM   OBSERVED TIME   RECORD YEAR NORMAL DEPARTURE LAST
                VALUE   (LST)  VALUE       VALUE  FROM      YEAR
                                                  NORMAL
..................................................................
TEMPERATURE (F)
 YESTERDAY
  MAXIMUM         37    413 PM  67    1972  43     -6       58
  MINIMUM         17    615 AM -20    1962  15      2       21
  AVERAGE         27                        29     -2       40

PRECIPITATION (IN)
  YESTERDAY        0.00          0.24 1995   0.01  -0.01      T
  MONTH TO DATE    0.20                      0.18   0.02      T
  SINCE DEC 1      0.59                      0.64  -0.05     0.31
  SINCE JAN 1      0.40                      0.41  -0.01     0.03

DEGREE DAYS
 HEATING
  YESTERDAY       38                        36      2       25
  MONTH TO DATE 1065                      1119    -54      858
  SINCE DEC 1   4299                      4075    224     3753
  SINCE JUL 1   5838                      5967   -129     5337

 COOLING
  YESTERDAY        0                         0      0        0
  MONTH TO DATE    0                         0      0        0
  SINCE DEC 1      0                         0      0        0
  SINCE JAN 1      0                         0      0        0
..................................................................


WIND (MPH)
  HIGHEST WIND SPEED    17   HIGHEST WIND DIRECTION     W (250)
  HIGHEST GUST SPEED    24   HIGHEST GUST DIRECTION    NW (310)
  AVERAGE WIND SPEED     6.1


SKY COVER
  POSSIBLE SUNSHINE  MM
  AVERAGE SKY COVER 0.2


WEATHER CONDITIONS
 THE FOLLOWING WEATHER WAS RECORDED YESTERDAY.
  NO SIGNIFICANT WEATHER WAS OBSERVED.


RELATIVE HUMIDITY (PERCENT)
 HIGHEST    84           800 AM
 LOWEST     38           200 PM
 AVERAGE    61

..........................................................


THE WORLAND WY CLIMATE NORMALS FOR TODAY
                         NORMAL    RECORD    YEAR
 MAXIMUM TEMPERATURE (F)   44        67      1972
 MINIMUM TEMPERATURE (F)   16       -20      1996


SUNRISE AND SUNSET
FEBRUARY 28 2017......SUNRISE   650 AM MST   SUNSET   559 PM MST
MARCH  1 2017.........SUNRISE   648 AM MST   SUNSET   601 PM MST


-  INDICATES NEGATIVE NUMBERS.
R  INDICATES RECORD WAS SET OR TIED.
MM INDICATES DATA IS MISSING.
T  INDICATES TRACE AMOUNT.




$$
