000
CDUS45 KRIW 240041
CLIWRL


CLIMATE REPORT
NATIONAL WEATHER SERVICE RIVERTON WY
639 PM MDT MON MAY 23 2016


...................................

...THE WORLAND WY CLIMATE SUMMARY FOR MAY 23 2016...
VALID TODAY AS OF 0500 PM LOCAL TIME.

CLIMATE NORMAL PERIOD 1981 TO 2010
CLIMATE RECORD PERIOD 1947 TO 2016


WEATHER ITEM   OBSERVED TIME   RECORD YEAR NORMAL DEPARTURE LAST
                VALUE   (LST)  VALUE       VALUE  FROM      YEAR
                                                  NORMAL
..................................................................
TEMPERATURE (F)
 TODAY
  MAXIMUM         69        MM  91    1967  72     -3       62
  MINIMUM         32        MM  30    1966  43    -11       49
  AVERAGE         51                        58     -7       56

PRECIPITATION (IN)
  TODAY            0.00          0.90 1996   0.04  -0.04     0.25
  MONTH TO DATE    1.00                      1.03  -0.03     2.55
  SINCE MAR 1      3.31                      2.35   0.96     2.90
  SINCE JAN 1      3.34                      2.77   0.57     3.67

DEGREE DAYS
 HEATING
  TODAY           14                         8      6        9
  MONTH TO DATE  251                       255     -4      295
  SINCE MAR 1   1544                      1721   -177     1560
  SINCE JUL 1   6929                      7722   -793     7469

 COOLING
  TODAY            0                         0      0        0
  MONTH TO DATE    2                         0      2        0
  SINCE MAR 1      2                         1      1        0
  SINCE JAN 1      2                         1      1        0
..................................................................


WIND (MPH)
  HIGHEST WIND SPEED    12   HIGHEST WIND DIRECTION     E (70)
  HIGHEST GUST SPEED    MM   HIGHEST GUST DIRECTION    MM
  AVERAGE WIND SPEED     4.9


SKY COVER
  POSSIBLE SUNSHINE  MM
  AVERAGE SKY COVER 0.1


WEATHER CONDITIONS
 THE FOLLOWING WEATHER WAS RECORDED TODAY.
  NO SIGNIFICANT WEATHER WAS OBSERVED.


RELATIVE HUMIDITY (PERCENT)
 HIGHEST    82           500 AM
 LOWEST     15           100 PM
 AVERAGE    49

..........................................................


THE WORLAND WY CLIMATE NORMALS FOR TOMORROW
                         NORMAL    RECORD    YEAR
 MAXIMUM TEMPERATURE (F)   72        91      1969
 MINIMUM TEMPERATURE (F)   43        30      2002


SUNRISE AND SUNSET
MAY 23 2016...........SUNRISE   538 AM MDT   SUNSET   840 PM MDT
MAY 24 2016...........SUNRISE   537 AM MDT   SUNSET   841 PM MDT


-  INDICATES NEGATIVE NUMBERS.
R  INDICATES RECORD WAS SET OR TIED.
MM INDICATES DATA IS MISSING.
T  INDICATES TRACE AMOUNT.




$$
