000
CDUS45 KRIW 190942
CLIWRL


CLIMATE REPORT
NATIONAL WEATHER SERVICE RIVERTON WY
241 AM MST THU JAN 19 2017


...................................

...THE WORLAND WY CLIMATE SUMMARY FOR JANUARY 18 2017...

CLIMATE NORMAL PERIOD 1981 TO 2010
CLIMATE RECORD PERIOD 1947 TO 2017


WEATHER ITEM   OBSERVED TIME   RECORD YEAR NORMAL DEPARTURE LAST
                VALUE   (LST)  VALUE       VALUE  FROM      YEAR
                                                  NORMAL
..................................................................
TEMPERATURE (F)
 YESTERDAY
  MAXIMUM         33    255 PM  52    1981  31      2       31
  MINIMUM         -2    532 AM -38    1984   4     -6        8
  AVERAGE         16                        17     -1       20

PRECIPITATION (IN)
  YESTERDAY        0.00          0.10 1998   0.01  -0.01      T
  MONTH TO DATE    0.04                      0.14  -0.10     0.03
  SINCE DEC 1      0.23                      0.37  -0.14     0.31
  SINCE JAN 1      0.04                      0.14  -0.10     0.03

DEGREE DAYS
 HEATING
  YESTERDAY       49                        48      1       45
  MONTH TO DATE  925                       874     51      919
  SINCE DEC 1   2582                      2345    237     2381
  SINCE JUL 1   4121                      4237   -116     3965

 COOLING
  YESTERDAY        0                         0      0        0
  MONTH TO DATE    0                         0      0        0
  SINCE DEC 1      0                         0      0        0
  SINCE JAN 1      0                         0      0        0
..................................................................


WIND (MPH)
  HIGHEST WIND SPEED    20   HIGHEST WIND DIRECTION    SE (130)
  HIGHEST GUST SPEED    21   HIGHEST GUST DIRECTION    SE (130)
  AVERAGE WIND SPEED     5.8


SKY COVER
  POSSIBLE SUNSHINE  MM
  AVERAGE SKY COVER 0.0


WEATHER CONDITIONS
 THE FOLLOWING WEATHER WAS RECORDED YESTERDAY.
  NO SIGNIFICANT WEATHER WAS OBSERVED.


RELATIVE HUMIDITY (PERCENT)
 HIGHEST    95           100 AM
 LOWEST     61           300 PM
 AVERAGE    78

..........................................................


THE WORLAND WY CLIMATE NORMALS FOR TODAY
                         NORMAL    RECORD    YEAR
 MAXIMUM TEMPERATURE (F)   31        53      2005
 MINIMUM TEMPERATURE (F)    4       -33      1984


SUNRISE AND SUNSET
JANUARY 19 2017.......SUNRISE   741 AM MST   SUNSET   505 PM MST
JANUARY 20 2017.......SUNRISE   740 AM MST   SUNSET   507 PM MST


-  INDICATES NEGATIVE NUMBERS.
R  INDICATES RECORD WAS SET OR TIED.
MM INDICATES DATA IS MISSING.
T  INDICATES TRACE AMOUNT.




$$
