590
CDUS45 KRIW 240740
CLIWRL


CLIMATE REPORT
NATIONAL WEATHER SERVICE RIVERTON WY
130 AM MDT SUN JUL 24 2016


...................................

...THE WORLAND WY CLIMATE SUMMARY FOR JULY 23 2016...

CLIMATE NORMAL PERIOD 1981 TO 2010
CLIMATE RECORD PERIOD 1947 TO 2016


WEATHER ITEM   OBSERVED TIME   RECORD YEAR NORMAL DEPARTURE LAST
                VALUE   (LST)  VALUE       VALUE  FROM      YEAR
                                                  NORMAL
..................................................................
TEMPERATURE (F)
 YESTERDAY
  MAXIMUM         90    402 PM 104    2014  90      0       92
                                      2007
  MINIMUM         60    436 AM  44    1972  56      4       59
  AVERAGE         75                        73      2       76

PRECIPITATION (IN)
  YESTERDAY        0.00          0.73 2004   0.03  -0.03     0.00
  MONTH TO DATE    0.06                      0.53  -0.47     0.38
  SINCE JUN 1      0.35                      1.68  -1.33     1.44
  SINCE JAN 1      4.11                      4.84  -0.73     5.62

DEGREE DAYS
 HEATING
  YESTERDAY        0                         0      0        0
  MONTH TO DATE    4                        10     -6        0
  SINCE JUN 1     10                       103    -93        4
  SINCE JUL 1      4                        10     -6        0

 COOLING
  YESTERDAY       10                         8      2       11
  MONTH TO DATE  181                       164     17      152
  SINCE JUN 1    376                       248    128      331
  SINCE JAN 1    378                       260    118      333
..................................................................


WIND (MPH)
  HIGHEST WIND SPEED    13   HIGHEST WIND DIRECTION    NW (300)
  HIGHEST GUST SPEED    16   HIGHEST GUST DIRECTION     N (340)
  AVERAGE WIND SPEED     5.8


SKY COVER
  POSSIBLE SUNSHINE  MM
  AVERAGE SKY COVER 0.0


WEATHER CONDITIONS
 THE FOLLOWING WEATHER WAS RECORDED YESTERDAY.
  HAZE


RELATIVE HUMIDITY (PERCENT)
 HIGHEST    52           500 AM
 LOWEST     10           400 PM
 AVERAGE    31

..........................................................


THE WORLAND WY CLIMATE NORMALS FOR TODAY
                         NORMAL    RECORD    YEAR
 MAXIMUM TEMPERATURE (F)   90       104      1976
 MINIMUM TEMPERATURE (F)   56        48      2004
                                             1972


SUNRISE AND SUNSET
JULY 24 2016..........SUNRISE   552 AM MDT   SUNSET   844 PM MDT
JULY 25 2016..........SUNRISE   553 AM MDT   SUNSET   843 PM MDT


-  INDICATES NEGATIVE NUMBERS.
R  INDICATES RECORD WAS SET OR TIED.
MM INDICATES DATA IS MISSING.
T  INDICATES TRACE AMOUNT.




$$
