000
CDUS45 KRIW 310029
CLIWRL


CLIMATE REPORT
NATIONAL WEATHER SERVICE RIVERTON WY
529 PM MST FRI JAN 30 2015


...................................

...THE WORLAND WY CLIMATE SUMMARY FOR JANUARY 30 2015...
VALID TODAY AS OF 0500 PM LOCAL TIME.

CLIMATE NORMAL PERIOD 1981 TO 2010
CLIMATE RECORD PERIOD 1947 TO 2015


WEATHER ITEM   OBSERVED TIME   RECORD YEAR NORMAL DEPARTURE LAST
                VALUE   (LST)  VALUE       VALUE  FROM      YEAR
                                                  NORMAL
..................................................................
TEMPERATURE (F)
 TODAY
  MAXIMUM         33        MM  54    1974  32      1       29
  MINIMUM         13        MM -29    1979   5      8        3
  AVERAGE         23                        19      4       16

PRECIPITATION (IN)
  TODAY            0.00          0.49 1981   0.00   0.00      T
  MONTH TO DATE    0.23                      0.22   0.01     0.25
  SINCE DEC 1      0.93                      0.45   0.48     0.37
  SINCE JAN 1      0.23                      0.22   0.01     0.25

DEGREE DAYS
 HEATING
  TODAY           42                        46     -4       49
  MONTH TO DATE 1505                      1439     66     1434
  SINCE DEC 1   2959                      2910     49     2996
  SINCE JUL 1   4875                      4802     73     4852

 COOLING
  TODAY            0                         0      0        0
  MONTH TO DATE    0                         0      0        0
  SINCE DEC 1      0                         0      0        0
  SINCE JAN 1      0                         0      0        0
..................................................................


WIND (MPH)
  HIGHEST WIND SPEED     9   HIGHEST WIND DIRECTION     S (180)
  HIGHEST GUST SPEED    MM   HIGHEST GUST DIRECTION    MM
  AVERAGE WIND SPEED     2.6


SKY COVER
  POSSIBLE SUNSHINE  MM
  AVERAGE SKY COVER 0.0


WEATHER CONDITIONS
 THE FOLLOWING WEATHER WAS RECORDED TODAY.
  FOG


RELATIVE HUMIDITY (PERCENT)
 HIGHEST    96          1100 AM
 LOWEST     78           100 PM
 AVERAGE    87

..........................................................


THE WORLAND WY CLIMATE NORMALS FOR TOMORROW
                         NORMAL    RECORD    YEAR
 MAXIMUM TEMPERATURE (F)   32        54      1999
 MINIMUM TEMPERATURE (F)    6       -34      1996


SUNRISE AND SUNSET
JANUARY 30 2015.......SUNRISE   731 AM MST   SUNSET   519 PM MST
JANUARY 31 2015.......SUNRISE   730 AM MST   SUNSET   521 PM MST


-  INDICATES NEGATIVE NUMBERS.
R  INDICATES RECORD WAS SET OR TIED.
MM INDICATES DATA IS MISSING.
T  INDICATES TRACE AMOUNT.




$$
