000
CDUS45 KRIW 010027
CLIWRL


CLIMATE REPORT
NATIONAL WEATHER SERVICE RIVERTON WY
626 PM MDT THU JUL 31 2014


...................................

...THE WORLAND WY CLIMATE SUMMARY FOR JULY 31 2014...
VALID TODAY AS OF 0500 PM LOCAL TIME.

CLIMATE NORMAL PERIOD 1981 TO 2010
CLIMATE RECORD PERIOD 1947 TO 2014


WEATHER ITEM   OBSERVED TIME   RECORD YEAR NORMAL DEPARTURE LAST
                VALUE   (LST)  VALUE       VALUE  FROM      YEAR
                                                  NORMAL
..................................................................
TEMPERATURE (F)
 TODAY
  MAXIMUM         90        MM 103    1989  90      0       88
  MINIMUM         50        MM  45    1968  56     -6       51
  AVERAGE         70                        73     -3       70

PRECIPITATION (IN)
  TODAY            0.00          0.63 1984   0.02  -0.02      T
  MONTH TO DATE    0.25                      0.71  -0.46     0.30
  SINCE JUN 1      1.87                      1.86   0.01     0.39
  SINCE JAN 1      4.08                      5.02  -0.94     3.08

DEGREE DAYS
 HEATING
  TODAY            0                         0      0        0
  MONTH TO DATE    1                        10     -9        0
  SINCE JUN 1     91                       106    -15       45
  SINCE JUL 1      1                        13    -12        0

 COOLING
  TODAY            5                         8     -3        5
  MONTH TO DATE  278                       229     49      333
  SINCE JUN 1    307                       313     -6      466
  SINCE JAN 1    337                       325     12      483
..................................................................


WIND (MPH)
  HIGHEST WIND SPEED    10   HIGHEST WIND DIRECTION     S (160)
  HIGHEST GUST SPEED    MM   HIGHEST GUST DIRECTION    MM
  AVERAGE WIND SPEED     6.0


SKY COVER
  POSSIBLE SUNSHINE  MM
  AVERAGE SKY COVER 0.0


WEATHER CONDITIONS
 THE FOLLOWING WEATHER WAS RECORDED TODAY.
  NO SIGNIFICANT WEATHER WAS OBSERVED.


RELATIVE HUMIDITY (PERCENT)
 HIGHEST    77           600 AM
 LOWEST     15           100 PM
 AVERAGE    46

..........................................................


THE WORLAND WY CLIMATE NORMALS FOR TOMORROW
                         NORMAL    RECORD    YEAR
 MAXIMUM TEMPERATURE (F)   90       102      2000
 MINIMUM TEMPERATURE (F)   56        43      1968


SUNRISE AND SUNSET
JULY 31 2014..........SUNRISE   559 AM MDT   SUNSET   837 PM MDT
AUGUST  1 2014........SUNRISE   600 AM MDT   SUNSET   835 PM MDT


-  INDICATES NEGATIVE NUMBERS.
R  INDICATES RECORD WAS SET OR TIED.
MM INDICATES DATA IS MISSING.
T  INDICATES TRACE AMOUNT.




$$
