000
CDUS45 KRIW 280744
CLIWRL


CLIMATE REPORT
NATIONAL WEATHER SERVICE RIVERTON WY
1238 AM MST FRI NOV 28 2014


...................................

...THE WORLAND WY CLIMATE SUMMARY FOR NOVEMBER 27 2014...

CLIMATE NORMAL PERIOD 1981 TO 2010
CLIMATE RECORD PERIOD 1947 TO 2014


WEATHER ITEM   OBSERVED TIME   RECORD YEAR NORMAL DEPARTURE LAST
                VALUE   (LST)  VALUE       VALUE  FROM      YEAR
                                                  NORMAL
..................................................................
TEMPERATURE (F)
 YESTERDAY
  MAXIMUM         37    251 PM  68    1998  37      0       38
  MINIMUM         18    824 AM -14    1985  11      7       14
  AVERAGE         28                        24      4       26

PRECIPITATION (IN)
  YESTERDAY        0.00          0.18 1974   0.01  -0.01     0.00
  MONTH TO DATE    0.57                      0.32   0.25     0.12
  SINCE SEP 1      1.97                      1.86   0.11     4.53
  SINCE JAN 1      7.56                      7.31   0.25     7.74

DEGREE DAYS
 HEATING
  YESTERDAY       37                        41     -4       39
  MONTH TO DATE 1142                       904    238      925
  SINCE SEP 1   1754                      1730     24     1758
  SINCE JUL 1   1788                      1766     22     1758

 COOLING
  YESTERDAY        0                         0      0        0
  MONTH TO DATE    0                         0      0        0
  SINCE SEP 1     34                        29      5       91
  SINCE JAN 1    543                       535      8      852
..................................................................


WIND (MPH)
  HIGHEST WIND SPEED    13   HIGHEST WIND DIRECTION    SE (150)
  HIGHEST GUST SPEED    15   HIGHEST GUST DIRECTION    SE (150)
  AVERAGE WIND SPEED     5.3


SKY COVER
  POSSIBLE SUNSHINE  MM
  AVERAGE SKY COVER 0.2


WEATHER CONDITIONS
 THE FOLLOWING WEATHER WAS RECORDED YESTERDAY.
  FOG
  FOG W/VISIBILITY <= 1/4 MILE


RELATIVE HUMIDITY (PERCENT)
 HIGHEST    96          1000 PM
 LOWEST     75           300 PM
 AVERAGE    86

..........................................................


THE WORLAND WY CLIMATE NORMALS FOR TODAY
                         NORMAL    RECORD    YEAR
 MAXIMUM TEMPERATURE (F)   36        63      1998
 MINIMUM TEMPERATURE (F)   10       -17      1960


SUNRISE AND SUNSET
NOVEMBER 28 2014......SUNRISE   723 AM MST   SUNSET   436 PM MST
NOVEMBER 29 2014......SUNRISE   724 AM MST   SUNSET   436 PM MST


-  INDICATES NEGATIVE NUMBERS.
R  INDICATES RECORD WAS SET OR TIED.
MM INDICATES DATA IS MISSING.
T  INDICATES TRACE AMOUNT.




$$
