000
CDAK47 PAYA 200923
CLIYAK

CLIMATE REPORT
NATIONAL WEATHER SERVICE YAKUTAT, AK
123 AM AKDT SAT SEP 20 2014

...................................
...THE YAKUTAT AP CLIMATE SUMMARY FOR SEPTEMBER 19 2014...

CLIMATE NORMAL PERIOD  1981 TO  2010
CLIMATE RECORD PERIOD  1948 TO  2014

WEATHER ITEM   OBSERVED TIME    RECORD YEAR NORMAL DEPARTURE LAST
               VALUE    (LST)   VALUE       VALUE  FROM      YEAR
                                                   NORMAL
...................................................................
TEMPERATURE
YESTERDAY
 MAXIMUM            59  0235 PM    71  2010     55       4     58
 MINIMUM            50  1159 PM    29  2004     41       9     38
 AVERAGE            55                          48       7     48

PRECIPITATION
(INCHES)
 YESTERDAY        1.08           4.37  1976   0.76    0.32   0.32
 MONTH TO DATE   13.68                       12.47    1.21  14.37
 SINCE SEP 1     13.68                       12.47    1.21  14.37
 SINCE JAN 1     92.48                       93.77   -1.29  92.00

SNOWFALL
(INCHES)
 YESTERDAY         0.0              T  1996    0.0     0.0    0.0
 MONTH TO DATE     0.0                         0.0     0.0    0.0
 SINCE SEP 1       0.0                         0.0     0.0    0.0
 SINCE JUL 1       0.0                         0.0     0.0    0.0
 SNOW DEPTH (IN)     0                                          0

DEGREE DAYS
 HEATING
  YESTERDAY         10                          17      -7     17
  MONTH TO DATE    212                         296     -84    229
  SINCE SEP 1      212                         296     -84    229
  SINCE JUL 1      839                         974    -135    793

 COOLING
  YESTERDAY          0                           0       0      0
  MONTH TO DATE      0                           0       0      0
  SINCE SEP 1        0                           0       0      0
  SINCE JAN 1        0                           0       0      0
...................................................................

WIND (MPH)
 HIGHEST WIND SPEED    20     HIGHEST WIND DIRECTION    170
 HIGHEST GUST SPEED    32     HIGHEST GUST DIRECTION    100
 AVERAGE WIND SPEED   9.1

SKY COVER
  POSSIBLE SUNSHINE    MM          AVERAGE SKY COVER     MM

WEATHER CONDITIONS
 THE FOLLOWING WEATHER WAS RECORDED YESTERDAY.
  FOG
RAIN


RELATIVE HUMIDITY
 HIGHEST RH     MM PERCENT       MM
 LOWEST  RH     MM PERCENT       MM
 AVERAGE RH     MM PERCENT       MM
...................................................................

THE YAKUTAT CLIMATE NORMALS FOR TODAY
                           NORMAL    RECORD   YEAR
 MAXIMUM TEMPERATURE (F)     55        67     1976
 MINIMUM TEMPERATURE (F)     41        29     1996

SUNRISE AND SUNSET
 SEP 20 2014..........SUNRISE  6:59 AM      SUNSET  7:24 PM
 SEP 21 2014..........SUNRISE  7:02 AM      SUNSET  7:21 PM

-  INDICATES NEGATIVE NUMBERS.
R  INDICATES RECORD HAS BEEN SET OR TIED.
MM INDICATES DATA IS MISSING.
T  INDICATES TRACE OF PRECIPITATION.

&&
-------------------------------------------------------------------

AMOUNT OF DAYLIGHT TODAY  (HOUR:MIN)........12 HOURS 25 MINUTES
GAIN/LOSS SINCE YESTERDAY (HOUR:MIN:SEC)....-0:05:17

$$
*** SEP 14
