305
CDAK47 PAJK 221329
CLIYAK
CLIMATE REPORT
NATIONAL WEATHER SERVICE JUNEAU, AK
426 AM AKST THU FEB 22 2018


...................................

...THE YAKUTAT CLIMATE SUMMARY FOR FEBRUARY 21 2018...

CLIMATE NORMAL PERIOD 1981 TO 2010
CLIMATE RECORD PERIOD 1917 TO 2018


WEATHER ITEM   OBSERVED RECORD YEAR NORMAL DEPARTURE LAST
                VALUE   VALUE       VALUE  FROM      YEAR
                                           NORMAL
...........................................................
TEMPERATURE (F)
 YESTERDAY
  MAXIMUM         38     50    1998  37      1       35
  MINIMUM         17    -12    1949  23     -6       14
  AVERAGE         28                 30     -2       25

PRECIPITATION (IN)
  YESTERDAY        0.00   3.62 1964   0.36  -0.36     0.00
  MONTH TO DATE    1.60               8.08  -6.48     7.55
  SINCE JAN 1     12.21              21.74  -9.53    20.94

DEGREE DAYS
 HEATING
  YESTERDAY       37                 35      2       40
  MONTH TO DATE  816                746     70      727
...........................................................


WIND (MPH)
  HIGHEST WIND SPEED     6   HIGHEST WIND DIRECTION    NE (60)
  HIGHEST GUST SPEED     7   HIGHEST GUST DIRECTION    NE (60)
  AVERAGE WIND SPEED     1.7


SKY COVER
  AVERAGE SKY COVER 0.2


WEATHER CONDITIONS
 THE FOLLOWING WEATHER WAS RECORDED YESTERDAY.
  FOG


..........................................................


THE YAKUTAT CLIMATE NORMALS FOR TODAY
                         NORMAL    RECORD    YEAR
 MAXIMUM TEMPERATURE (F)   37        46      2010
                                             1947
 MINIMUM TEMPERATURE (F)   23        -8      1949


SUNRISE AND SUNSET
FEBRUARY 22 2018......SUNRISE   735 AM AKST  SUNSET   530 PM AKST
FEBRUARY 23 2018......SUNRISE   732 AM AKST  SUNSET   533 PM AKST


-  INDICATES NEGATIVE NUMBERS.
R  INDICATES RECORD WAS SET OR TIED.
MM INDICATES DATA IS MISSING.
T  INDICATES TRACE AMOUNT.




$$
--------------------------------------------------------------

AMOUNT OF DAYLIGHT TODAY (HOUR:MIN)......... 9 HOURS 55 MINUTES
GAIN/LOSS SINCE YESTERDAY (HOUR:MIN:SEC).... +0:05:17

$$
