000
CDAK47 PAYA 310909
CLIYAK

CLIMATE REPORT
NATIONAL WEATHER SERVICE YAKUTAT, AK
1209 AM AKST SAT JAN 31 2015

...................................
...THE YAKUTAT AP CLIMATE SUMMARY FOR JANUARY 30 2015...

CLIMATE NORMAL PERIOD  1981 TO  2010
CLIMATE RECORD PERIOD  1948 TO  2015

WEATHER ITEM   OBSERVED TIME    RECORD YEAR NORMAL DEPARTURE LAST
               VALUE    (LST)   VALUE       VALUE  FROM      YEAR
                                                   NORMAL
...................................................................
TEMPERATURE
YESTERDAY
 MAXIMUM            35  0223 PM    45  1960     35       0     39
 MINIMUM            28  1159 PM   -11  1974     22       6     23
 AVERAGE            32                          28       4     31

PRECIPITATION
(INCHES)
 YESTERDAY        0.10           1.43  1992   0.39   -0.29   0.00
 MONTH TO DATE   14.02                       13.27    0.75  24.98
 SINCE DEC 1     26.07                       29.55   -3.48  34.66
 SINCE JAN 1     14.02                       13.27    0.75  24.98

SNOWFALL
(INCHES)
 YESTERDAY           T           13.9  1956    1.1    -1.1    0.0
 MONTH TO DATE     1.7                        30.0   -28.3   21.4
 SINCE DEC 1       3.5                        53.2   -49.7   58.1
 SINCE JUL 1       8.8                        73.9   -65.1   67.3
 SNOW DEPTH (IN)     1                                          0

DEGREE DAYS
 HEATING
  YESTERDAY         33                          37      -4     34
  MONTH TO DATE    875                        1109    -234    855
  SINCE DEC 1     1840                        2205    -365   2015
  SINCE JUL 1     4520                        5103    -583   4625

 COOLING
  YESTERDAY          0                           0       0      0
  MONTH TO DATE      0                           0       0      0
  SINCE DEC 1        0                           0       0      0
  SINCE JAN 1        0                           0       0      0
...................................................................

WIND (MPH)
 HIGHEST WIND SPEED     7     HIGHEST WIND DIRECTION     80
 HIGHEST GUST SPEED    10     HIGHEST GUST DIRECTION     70
 AVERAGE WIND SPEED   3.5

SKY COVER
  POSSIBLE SUNSHINE    MM          AVERAGE SKY COVER     MM

WEATHER CONDITIONS
 THE FOLLOWING WEATHER WAS RECORDED YESTERDAY.
  FOG
RAIN
SNOW


RELATIVE HUMIDITY
 HIGHEST RH     MM PERCENT       MM
 LOWEST  RH     MM PERCENT       MM
 AVERAGE RH     MM PERCENT       MM
...................................................................

THE YAKUTAT CLIMATE NORMALS FOR TODAY
                           NORMAL    RECORD   YEAR
 MAXIMUM TEMPERATURE (F)     35        46     1998
 MINIMUM TEMPERATURE (F)     23       -13     1989

SUNRISE AND SUNSET
 JAN 31 2015..........SUNRISE  8:33 AM      SUNSET  4:33 PM
 FEB 1 2015..........SUNRISE  8:30 AM      SUNSET  4:36 PM

-  INDICATES NEGATIVE NUMBERS.
R  INDICATES RECORD HAS BEEN SET OR TIED.
MM INDICATES DATA IS MISSING.
T  INDICATES TRACE OF PRECIPITATION.

&&
-------------------------------------------------------------------

AMOUNT OF DAYLIGHT TODAY  (HOUR:MIN)........8 HOURS 0 MINUTES
GAIN/LOSS SINCE YESTERDAY (HOUR:MIN:SEC)....+0:04:47

$$
*** JAN 15
