000
CDAK47 PAYA 040903
CLIYAK

CLIMATE REPORT
NATIONAL WEATHER SERVICE YAKUTAT, AK
103 AM AKDT FRI SEP 4 2015

...................................
...THE YAKUTAT AP CLIMATE SUMMARY FOR SEPTEMBER 3 2015...

CLIMATE NORMAL PERIOD  1981 TO  2010
CLIMATE RECORD PERIOD  1948 TO  2015

WEATHER ITEM   OBSERVED TIME    RECORD YEAR NORMAL DEPARTURE LAST
               VALUE    (LST)   VALUE       VALUE  FROM      YEAR
                                                   NORMAL
...................................................................
TEMPERATURE
YESTERDAY
 MAXIMUM            63  1211 PM    72  2002     58       5     58
 MINIMUM            33  0522 AM    31  1922     43     -10     51
 AVERAGE            48                          51      -3     55

PRECIPITATION
(INCHES)
 YESTERDAY        0.00           4.58  1990   0.60   -0.60   0.17
 MONTH TO DATE    0.00                        1.75   -1.75   0.20
 SINCE SEP 1      0.00                        1.75   -1.75   0.20
 SINCE JAN 1     84.95                       83.05    1.90  79.00

SNOWFALL
(INCHES)
 YESTERDAY         0.0            0.0  2015    0.0     0.0    0.0
 MONTH TO DATE     0.0                         0.0     0.0    0.0
 SINCE SEP 1       0.0                         0.0     0.0    0.0
 SINCE JUL 1       0.0                         0.0     0.0    0.0
 SNOW DEPTH (IN)     0                                          0

DEGREE DAYS
 HEATING
  YESTERDAY         17                          14       3     10
  MONTH TO DATE     50                          42       8     41
  SINCE SEP 1       50                          42       8     41
  SINCE JUL 1      618                         720    -102    668

 COOLING
  YESTERDAY          0                           0       0      0
  MONTH TO DATE      0                           0       0      0
  SINCE SEP 1        0                           0       0      0
  SINCE JAN 1        0                           0       0      0
...................................................................

WIND (MPH)
 HIGHEST WIND SPEED     8     HIGHEST WIND DIRECTION    250
 HIGHEST GUST SPEED    13     HIGHEST GUST DIRECTION    220
 AVERAGE WIND SPEED   2.0

SKY COVER
  POSSIBLE SUNSHINE    MM          AVERAGE SKY COVER     MM

WEATHER CONDITIONS
 THE FOLLOWING WEATHER WAS RECORDED YESTERDAY.
  NO SIGNIFICANT WEATHER WAS OBSERVED.

RELATIVE HUMIDITY
 HIGHEST RH     MM PERCENT       MM
 LOWEST  RH     MM PERCENT       MM
 AVERAGE RH     MM PERCENT       MM
...................................................................

THE YAKUTAT CLIMATE NORMALS FOR TODAY
                           NORMAL    RECORD   YEAR
 MAXIMUM TEMPERATURE (F)     58        77     1957
 MINIMUM TEMPERATURE (F)     43        31     1992

SUNRISE AND SUNSET
 SEP 4 2015..........SUNRISE  6:22 AM      SUNSET  8:13 PM
 SEP 5 2015..........SUNRISE  6:24 AM      SUNSET  8:10 PM

-  INDICATES NEGATIVE NUMBERS.
R  INDICATES RECORD HAS BEEN SET OR TIED.
MM INDICATES DATA IS MISSING.
T  INDICATES TRACE OF PRECIPITATION.

&&
-------------------------------------------------------------------

AMOUNT OF DAYLIGHT TODAY  (HOUR:MIN)........13 HOURS 51 MINUTES
GAIN/LOSS SINCE YESTERDAY (HOUR:MIN:SEC)....-0:05:15

$$
DC SEP 15
