103
CDAK47 PAYA 292359
CLIYAK

CLIMATE REPORT
NATIONAL WEATHER SERVICE YAKUTAT, AK
359 PM AKDT FRI JUL 29 2016

...................................
...THE YAKUTAT AP CLIMATE SUMMARY FOR JULY 29 2016...
VALID TODAY AS OF 2:00 PM LOCAL TIME

CLIMATE NORMAL PERIOD  1981 TO  2010
CLIMATE RECORD PERIOD  1948 TO  2016

WEATHER ITEM   OBSERVED TIME    RECORD YEAR NORMAL DEPARTURE LAST
               VALUE    (LST)   VALUE       VALUE  FROM      YEAR
                                                   NORMAL
...................................................................
TEMPERATURE
TODAY
 MAXIMUM            62  0258 PM    79  1957     61       1     60
 MINIMUM            53  0618 AM    38  2002     50       3     51
 AVERAGE            58                          55       3     56

PRECIPITATION
(INCHES)
 TODAY            0.04           3.43  1959   0.34   -0.30   0.04
 MONTH TO DATE    8.52                        7.18    1.34  11.70
 SINCE JUN 1     14.06                       13.57    0.49  20.35
 SINCE JAN 1     65.62                       66.53   -0.91  70.93

SNOWFALL
(INCHES)
 TODAY             0.0            0.0  2016    0.0     0.0    0.0
 MONTH TO DATE     0.0                         0.0     0.0    0.0
 SINCE JUN 1       0.0                         0.0     0.0    0.0
 SINCE JUL 1       0.0                         0.0     0.0    0.0
 SNOW DEPTH (IN)     0                                          0

DEGREE DAYS
 HEATING
  TODAY              7                          10      -3      9
  MONTH TO DATE    209                         312    -103    246
  SINCE JUN 1      536                         738    -202    580
  SINCE JUL 1      209                         312    -103    246

 COOLING
  TODAY              0                           0       0      0
  MONTH TO DATE      0                           0       0      0
  SINCE JUN 1        0                           0       0      0
  SINCE JAN 1        0                           0       0      0
...................................................................

WIND (MPH)
 HIGHEST WIND SPEED     9     HIGHEST WIND DIRECTION    100
 HIGHEST GUST SPEED    12     HIGHEST GUST DIRECTION     90
 AVERAGE WIND SPEED    MM

SKY COVER
  POSSIBLE SUNSHINE  MM            AVERAGE SKY COVER MM

WEATHER CONDITIONS
 THE FOLLOWING WEATHER WAS RECORDED TODAY.
FOG
RAIN


RELATIVE HUMIDITY
 HIGHEST RH     MM PERCENT       MM
 LOWEST  RH     MM PERCENT       MM
 AVERAGE RH     MM PERCENT       MM
...................................................................

THE YAKUTAT CLIMATE NORMALS FOR TOMORROW
                        NORMAL    RECORD   YEAR
 MAXIMUM TEMPERATURE      61        71     1978
 MINIMUM TEMPERATURE      50        39     1998

SUNRISE AND SUNSET
 JUL 29 2016..........SUNRISE  4:58 AM      SUNSET  9:52 PM
 JUL 30 2016..........SUNRISE  5:00 AM      SUNSET  9:49 PM

-  INDICATES NEGATIVE NUMBERS.
R  INDICATES RECORD HAS BEEN SET OR TIED.
MM INDICATES DATA IS MISSING.
T  INDICATES TRACE OF PRECIPITATION.

&&
-------------------------------------------------------------------

AMOUNT OF DAYLIGHT TODAY  (HOUR:MIN)........16 HOURS 54 MINUTES
GAIN/LOSS SINCE YESTERDAY (HOUR:MIN:SEC)....-0:04:34

$$
BK JUL 16
