000
CDUS46 KPDT 061048
CLIYKM

CLIMATE REPORT
NATIONAL WEATHER SERVICE PENDLETON OR
348 AM PDT FRI MAY 6 2016

...................................

...THE YAKIMA WA CLIMATE SUMMARY FOR MAY 5 2016...

CLIMATE NORMAL PERIOD 1981 TO 2010
CLIMATE RECORD PERIOD 1946 TO 2016


WEATHER ITEM   OBSERVED TIME   RECORD YEAR NORMAL DEPARTURE LAST
                VALUE   (LST)  VALUE       VALUE  FROM      YEAR
                                                  NORMAL
..................................................................
TEMPERATURE (F)
 YESTERDAY
  MAXIMUM         78    227 PM  94    1966  69      9       68
  MINIMUM         56    418 AM  27    1965  39     17       36
                                      1959
  AVERAGE         67                        54     13       52

PRECIPITATION (IN)
  YESTERDAY        0.00          0.30 1948   0.02  -0.02     0.00
  MONTH TO DATE    0.03                      0.09  -0.06     0.00
  SINCE OCT 1      9.49                      6.30   3.19     4.52
  SINCE JAN 1      4.84                      3.18   1.66     2.42

SNOWFALL (IN)
  YESTERDAY        0.0           0.0  2002   0.0    0.0      0.0
                                      2001
                                      2000
  MONTH TO DATE    0.0                       0.0    0.0      0.0
  SINCE JAN 1     12.5                       8.6    3.9      1.6
  SINCE JUL 1     31.4                      21.6    9.8      1.6
  SNOW DEPTH       0

DEGREE DAYS
 HEATING
  YESTERDAY        0                        11    -11       13
  MONTH TO DATE    2                        59    -57       26
  SINCE MAR 1    757                      1214   -457      865
  SINCE JUL 1   4507                      5741  -1234     4447

COOLING
  YESTERDAY        2                         0      2        0
  MONTH TO DATE    7                         0      7        2
  SINCE MAR 1     13                         1     12        2
  SINCE JAN 1     13                         1     12        2
..................................................................


WIND (MPH)
  HIGHEST WIND SPEED    16   HIGHEST WIND DIRECTION     N (20)
  HIGHEST GUST SPEED    22   HIGHEST GUST DIRECTION    NE (50)
  AVERAGE WIND SPEED     7.0


SKY COVER
  POSSIBLE SUNSHINE  MM
  AVERAGE SKY COVER 0.6


WEATHER CONDITIONS
 THE FOLLOWING WEATHER WAS RECORDED YESTERDAY.
  NO SIGNIFICANT WEATHER WAS OBSERVED.


RELATIVE HUMIDITY (PERCENT)
 HIGHEST    72           400 AM
 LOWEST     38           200 PM
 AVERAGE    55

..........................................................


THE YAKIMA WA CLIMATE NORMALS FOR TODAY
                         NORMAL    RECORD    YEAR
 MAXIMUM TEMPERATURE (F)   70        93      1992
 MINIMUM TEMPERATURE (F)   39        27      2000


SUNRISE AND SUNSET
MAY  6 2016...........SUNRISE   539 AM PDT   SUNSET   819 PM PDT
MAY  7 2016...........SUNRISE   538 AM PDT   SUNSET   820 PM PDT


-  INDICATES NEGATIVE NUMBERS.
R  INDICATES RECORD WAS SET OR TIED.
MM INDICATES DATA IS MISSING.
T  INDICATES TRACE AMOUNT.

$$
