000
CDUS46 KPDT 230849
CLIYKM

CLIMATE REPORT
NATIONAL WEATHER SERVICE PENDLETON OR
150 AM PDT THU OCT 23 2014


...................................

...THE YAKIMA WA CLIMATE SUMMARY FOR OCTOBER 22 2014...

CLIMATE NORMAL PERIOD 1981 TO 2010
CLIMATE RECORD PERIOD 1946 TO 2014


WEATHER ITEM   OBSERVED TIME   RECORD YEAR NORMAL DEPARTURE LAST
                VALUE   (LST)  VALUE       VALUE  FROM      YEAR
                                                  NORMAL
..................................................................
TEMPERATURE (F)
 YESTERDAY
  MAXIMUM         61    858 PM  76    1952  61      0       74
  MINIMUM         44    129 AM  20    1984  32     12       34
  AVERAGE         53                        46      7       54

PRECIPITATION (IN)
  YESTERDAY        0.01          0.38 1957   0.02  -0.01     0.00
  MONTH TO DATE    0.13                      0.33  -0.20     0.01
  SINCE OCT 1      0.13                      0.33  -0.20     0.01
  SINCE JAN 1      4.55                      5.46  -0.91     4.67

SNOWFALL (IN)
  YESTERDAY        0.0           0.4  1957   0.0    0.0      0.0
  MONTH TO DATE    0.0                       0.0    0.0      0.0
  SINCE JAN 1     19.9                       8.6   11.3      1.1
  SINCE JUL 1      0.0                       0.0    0.0      0.0
  SNOW DEPTH       0

DEGREE DAYS
 HEATING
  YESTERDAY       12                        18     -6       11
  MONTH TO DATE  159                       313   -154      327
  SINCE SEP 1    229                       473   -244      452
  SINCE JUL 1    235                       521   -286      452

 COOLING
  YESTERDAY        0                         0      0        0
  MONTH TO DATE    8                         0      8        0
  SINCE SEP 1     44                        32     12      135
  SINCE JAN 1    871                       472    399      970
..................................................................


WIND (MPH)
  HIGHEST WIND SPEED    23   HIGHEST WIND DIRECTION     S (190)
  HIGHEST GUST SPEED    29   HIGHEST GUST DIRECTION     S (200)
  AVERAGE WIND SPEED     5.8


SKY COVER
  POSSIBLE SUNSHINE  MM
  AVERAGE SKY COVER 0.8


WEATHER CONDITIONS
 THE FOLLOWING WEATHER WAS RECORDED YESTERDAY.
  LIGHT RAIN


RELATIVE HUMIDITY (PERCENT)
 HIGHEST    86           200 AM
 LOWEST     55          1200 PM
 AVERAGE    71

..........................................................


THE YAKIMA WA CLIMATE NORMALS FOR TODAY
                         NORMAL    RECORD    YEAR
 MAXIMUM TEMPERATURE (F)   60        73      2013
 MINIMUM TEMPERATURE (F)   32        24      2002
                                             1984


SUNRISE AND SUNSET
OCTOBER 23 2014.......SUNRISE   731 AM PDT   SUNSET   601 PM PDT
OCTOBER 24 2014.......SUNRISE   732 AM PDT   SUNSET   559 PM PDT


-  INDICATES NEGATIVE NUMBERS.
R  INDICATES RECORD WAS SET OR TIED.
MM INDICATES DATA IS MISSING.
T  INDICATES TRACE AMOUNT.




$$
