000
CDUS46 KPDT 270844 RRA
CLIYKM

CLIMATE REPORT
NATIONAL WEATHER SERVICE PENDLETON OR
126 AM PDT TUE JUN 27 2017


...................................

...THE YAKIMA WA CLIMATE SUMMARY FOR JUNE 26 2017...

CLIMATE NORMAL PERIOD 1981 TO 2010
CLIMATE RECORD PERIOD 1946 TO 2017


WEATHER ITEM   OBSERVED TIME   RECORD YEAR NORMAL DEPARTURE LAST
                VALUE   (LST)  VALUE       VALUE  FROM      YEAR
                                                  NORMAL
..................................................................
TEMPERATURE (F)
 YESTERDAY
  MAXIMUM         99    318 PM 104    2015  82     17       90
  MINIMUM         67    313 AM  33    1976  50     17       53
  AVERAGE         83                        66     17       72

PRECIPITATION (IN)
  YESTERDAY        T             0.24 1983   0.01  -0.01     0.00
  MONTH TO DATE    0.19                      0.56  -0.37     0.22
  SINCE OCT 1     11.49                      7.35   4.14    10.32
  SINCE JAN 1      7.57                      4.23   3.34     5.67

SNOWFALL (IN)
  YESTERDAY        0.0           0.0  2002   0.0    0.0      0.0
                                      2001
                                      2000
  MONTH TO DATE    0.0                       0.0    0.0      0.0
  SINCE JAN 1     29.1                       8.6   20.5     12.5
  SINCE JUL 1     36.5                      21.6   14.9     31.4
  SNOW DEPTH       0

DEGREE DAYS
 HEATING
  YESTERDAY        0                         2     -2        0
  MONTH TO DATE   51                        90    -39       68
  SINCE JUN 1     51                        90    -39       68
  SINCE JUL 1   5671                      6034   -363     4656

 COOLING
  YESTERDAY       18                         3     15        7
  MONTH TO DATE  107                        48     59      116
  SINCE JUN 1    107                        48     59      116
  SINCE JAN 1    164                        68     96      155
..................................................................


WIND (MPH)
  HIGHEST WIND SPEED    21   HIGHEST WIND DIRECTION    NW (320)
  HIGHEST GUST SPEED    25   HIGHEST GUST DIRECTION    NW (320)
  AVERAGE WIND SPEED     9.0


SKY COVER
  POSSIBLE SUNSHINE  MM
  AVERAGE SKY COVER 0.0


WEATHER CONDITIONS
 THE FOLLOWING WEATHER WAS RECORDED YESTERDAY.
  NO SIGNIFICANT WEATHER WAS OBSERVED.


RELATIVE HUMIDITY (PERCENT)
 HIGHEST    66           600 AM
 LOWEST     18           100 PM
 AVERAGE    42

..........................................................


THE YAKIMA WA CLIMATE NORMALS FOR TODAY
                         NORMAL    RECORD    YEAR
 MAXIMUM TEMPERATURE (F)   83       108      2015
 MINIMUM TEMPERATURE (F)   50        38      2012
                                             1964
                                             1949


SUNRISE AND SUNSET
JUNE 27 2017..........SUNRISE   511 AM PDT   SUNSET   859 PM PDT
JUNE 28 2017..........SUNRISE   512 AM PDT   SUNSET   859 PM PDT


-  INDICATES NEGATIVE NUMBERS.
R  INDICATES RECORD WAS SET OR TIED.
MM INDICATES DATA IS MISSING.
T  INDICATES TRACE AMOUNT.




$$
CDUS46 KPDT 270116
CLIYKM

CLIMATE REPORT
NATIONAL WEATHER SERVICE PENDLETON OR
551 PM PDT MON JUN 26 2017


...................................

...THE YAKIMA WA CLIMATE SUMMARY FOR JUNE 26 2017...
VALID TODAY AS OF 0500 PM LOCAL TIME.

CLIMATE NORMAL PERIOD 1981 TO 2010
CLIMATE RECORD PERIOD 1946 TO 2017


WEATHER ITEM   OBSERVED TIME   RECORD YEAR NORMAL DEPARTURE LAST
                VALUE   (LST)  VALUE       VALUE  FROM      YEAR
                                                  NORMAL
..................................................................
TEMPERATURE (F)
 TODAY
  MAXIMUM         99    318 PM 104    2015  82     17       90
  MINIMUM         67    313 AM  33    1976  50     17       53
  AVERAGE         83                        66     17       72

PRECIPITATION (IN)
  TODAY            0.00          0.24 1983   0.01  -0.01     0.00
  MONTH TO DATE    0.19                      0.56  -0.37     0.22
  SINCE OCT 1     11.49                      7.35   4.14    10.32
  SINCE JAN 1      7.57                      4.23   3.34     5.67

SNOWFALL (IN)
  TODAY            0.0           0.0  2002   0.0    0.0      0.0
                                      2001
                                      2000
  MONTH TO DATE    0.0                       0.0    0.0      0.0
  SINCE JAN 1     29.1                       8.6   20.5     12.5
  SINCE JUL 1     36.5                      21.6   14.9     31.4
  SNOW DEPTH       0

DEGREE DAYS
 HEATING
  TODAY            0                         2     -2        0
  MONTH TO DATE   51                        90    -39       68
  SINCE JUN 1     51                        90    -39       68
  SINCE JUL 1   5671                      6034   -363     4656

 COOLING
  TODAY           18                         3     15        7
  MONTH TO DATE  107                        48     59      116
  SINCE JUN 1    107                        48     59      116
  SINCE JAN 1    164                        68     96      155
..................................................................


WIND (MPH)
  HIGHEST WIND SPEED    21   HIGHEST WIND DIRECTION    NW (320)
  HIGHEST GUST SPEED    25   HIGHEST GUST DIRECTION     W (290)
  AVERAGE WIND SPEED     6.8


SKY COVER
  POSSIBLE SUNSHINE  MM
  AVERAGE SKY COVER 0.0


WEATHER CONDITIONS
THE FOLLOWING WEATHER WAS RECORDED TODAY.
  NO SIGNIFICANT WEATHER WAS OBSERVED.


RELATIVE HUMIDITY (PERCENT)
 HIGHEST    66           600 AM
 LOWEST     18           100 PM
 AVERAGE    42

..........................................................


THE YAKIMA WA CLIMATE NORMALS FOR TOMORROW
                         NORMAL    RECORD    YEAR
 MAXIMUM TEMPERATURE (F)   83       108      2015
 MINIMUM TEMPERATURE (F)   50        38      2012
                                             1964
                                             1949


SUNRISE AND SUNSET
JUNE 26 2017..........SUNRISE   511 AM PDT   SUNSET   859 PM PDT
JUNE 27 2017..........SUNRISE   511 AM PDT   SUNSET   859 PM PDT


-  INDICATES NEGATIVE NUMBERS.
R  INDICATES RECORD WAS SET OR TIED.
MM INDICATES DATA IS MISSING.
T  INDICATES TRACE AMOUNT.




$$
