000
CDUS46 KPDT 240106 RRA
CLIYKM

CLIMATE REPORT
NATIONAL WEATHER SERVICE PENDLETON OR
541 PM PDT WED AUG 23 2017


...................................

...THE YAKIMA WA CLIMATE SUMMARY FOR AUGUST 23 2017...
VALID TODAY AS OF 0500 PM LOCAL TIME.

CLIMATE NORMAL PERIOD 1981 TO 2010
CLIMATE RECORD PERIOD 1946 TO 2017


WEATHER ITEM   OBSERVED TIME   RECORD YEAR NORMAL DEPARTURE LAST
                VALUE   (LST)  VALUE       VALUE  FROM      YEAR
                                                  NORMAL
..................................................................
TEMPERATURE (F)
 TODAY
  MAXIMUM         91    154 PM  98    1970  85      6       85
                                      1961
                                      1958
  MINIMUM         61    556 AM  38    1992  50     11       46
  AVERAGE         76                        68      8       66

PRECIPITATION (IN)
  TODAY            T             0.38 1989   0.01  -0.01     0.00
  MONTH TO DATE    0.12                      0.18  -0.06      T
  SINCE OCT 1     11.61                      7.81   3.80    10.54
  SINCE JAN 1      7.69                      4.69   3.00     5.89

SNOWFALL (IN)
  TODAY            0.0           0.0  2002   0.0    0.0      0.0
                                      2001
                                      1999
  MONTH TO DATE    0.0                       0.0    0.0      0.0
  SINCE JAN 1     29.1                       8.6   20.5     12.5
  SINCE JUL 1      0.0                       0.0    0.0      0.0
  SNOW DEPTH       0

DEGREE DAYS
 HEATING
  TODAY            0                         1     -1        0
  MONTH TO DATE    0                        16    -16        3
  SINCE JUN 1     51                       135    -84       71
  SINCE JUL 1      0                        37    -37        3

 COOLING
  TODAY           11                         4      7        1
  MONTH TO DATE  286                       134    152      201
  SINCE JUN 1    810                       394    416      660
  SINCE JAN 1    867                       414    453      699
..................................................................


WIND (MPH)
  HIGHEST WIND SPEED    12   HIGHEST WIND DIRECTION    SE (140)
  HIGHEST GUST SPEED    15   HIGHEST GUST DIRECTION     N (350)
  AVERAGE WIND SPEED     3.6


SKY COVER
  POSSIBLE SUNSHINE  MM
  AVERAGE SKY COVER 0.0


WEATHER CONDITIONS
THE FOLLOWING WEATHER WAS RECORDED TODAY.
  LIGHT RAIN
  HAZE


RELATIVE HUMIDITY (PERCENT)
 HIGHEST    78           600 AM
 LOWEST     24           200 PM
 AVERAGE    51

..........................................................


THE YAKIMA WA CLIMATE NORMALS FOR TOMORROW
                         NORMAL    RECORD    YEAR
 MAXIMUM TEMPERATURE (F)   85       100      1958
 MINIMUM TEMPERATURE (F)   50        37      1993


SUNRISE AND SUNSET
AUGUST 23 2017........SUNRISE   611 AM PDT   SUNSET   757 PM PDT
AUGUST 24 2017........SUNRISE   612 AM PDT   SUNSET   755 PM PDT


-  INDICATES NEGATIVE NUMBERS.
R  INDICATES RECORD WAS SET OR TIED.
MM INDICATES DATA IS MISSING.
T  INDICATES TRACE AMOUNT.




$$
