000
CDUS41 KCLE 280537
CLIYNG


CLIMATE REPORT
NATIONAL WEATHER SERVICE CLEVELAND OH
126 AM EDT WED JUN 28 2017


...................................

...THE YOUNGSTOWN OH CLIMATE SUMMARY FOR JUNE 27 2017...

CLIMATE NORMAL PERIOD 1981 TO 2010
CLIMATE RECORD PERIOD 1897 TO 2017


WEATHER ITEM   OBSERVED TIME   RECORD YEAR NORMAL DEPARTURE LAST
                VALUE   (LST)  VALUE       VALUE  FROM      YEAR
                                                  NORMAL
..................................................................
TEMPERATURE (F)
 YESTERDAY
  MAXIMUM         68    507 PM  96    1944  80    -12       89
  MINIMUM         50   1051 PM  42    1897  58     -8       70
  AVERAGE         59                        69    -10       80

PRECIPITATION (IN)
  YESTERDAY        0.03                      0.13  -0.10     0.10
  MONTH TO DATE    4.07                      3.49   0.58     2.94
  SINCE JUN 1      4.07                      3.49   0.58     2.94
  SINCE JAN 1     25.37                     18.28   7.09    18.04

SNOWFALL (IN)
  YESTERDAY        0.0                       0.0    0.0      0.0
  MONTH TO DATE    0.0                       0.0    0.0      0.0
  SINCE JUN 1      0.0                       0.0    0.0      0.0
  SINCE JUL 1     69.5                      62.7    6.8     44.9
  SNOW DEPTH       0

DEGREE DAYS
 HEATING
  YESTERDAY        6                         1      5        0
  MONTH TO DATE   42                        66    -24       30
  SINCE JUN 1     42                        66    -24       30
  SINCE JUL 1   5258                      6346  -1088     5283

 COOLING
  YESTERDAY        0                         5     -5       15
  MONTH TO DATE  135                        93     42      141
  SINCE JUN 1    135                        93     42      141
  SINCE JAN 1    184                       132     52      196
..................................................................


WIND (MPH)
  HIGHEST WIND SPEED    18   HIGHEST WIND DIRECTION    NW (300)
  HIGHEST GUST SPEED    25   HIGHEST GUST DIRECTION     W (280)
  AVERAGE WIND SPEED     7.8


SKY COVER
  POSSIBLE SUNSHINE  MM
  AVERAGE SKY COVER 0.5


WEATHER CONDITIONS
 THE FOLLOWING WEATHER WAS RECORDED YESTERDAY.
  THUNDERSTORM
  RAIN
  LIGHT RAIN
  FOG


RELATIVE HUMIDITY (PERCENT)
 HIGHEST    89           300 AM
 LOWEST     42           600 PM
 AVERAGE    66

..........................................................


THE YOUNGSTOWN OH CLIMATE NORMALS FOR TODAY
                         NORMAL    RECORD    YEAR
 MAXIMUM TEMPERATURE (F)   81        97      1934
                                             1933
 MINIMUM TEMPERATURE (F)   58        44      1988
                                             1897


SUNRISE AND SUNSET
JUNE 28 2017..........SUNRISE   552 AM EDT   SUNSET   900 PM EDT
JUNE 29 2017..........SUNRISE   553 AM EDT   SUNSET   900 PM EDT


-  INDICATES NEGATIVE NUMBERS.
R  INDICATES RECORD WAS SET OR TIED.
MM INDICATES DATA IS MISSING.
T  INDICATES TRACE AMOUNT.




$$
