000
CDUS41 KCLE 210529
CLIYNG


CLIMATE REPORT
NATIONAL WEATHER SERVICE CLEVELAND OH
1229 AM EST SUN DEC 21 2014


...................................

...THE YOUNGSTOWN OH CLIMATE SUMMARY FOR DECEMBER 20 2014...

CLIMATE NORMAL PERIOD 1981 TO 2010
CLIMATE RECORD PERIOD 1897 TO 2014


WEATHER ITEM   OBSERVED TIME   RECORD YEAR NORMAL DEPARTURE LAST
                VALUE   (LST)  VALUE       VALUE  FROM      YEAR
                                                  NORMAL
..................................................................
TEMPERATURE (F)
 YESTERDAY
  MAXIMUM         30    323 PM  61    1939  35     -5       55
  MINIMUM         26    542 AM  -5    1963  23      3       43
  AVERAGE         28                        29     -1       49

PRECIPITATION (IN)
  YESTERDAY        0.00                      0.10  -0.10     0.12
  MONTH TO DATE    1.69                      1.97  -0.28     1.45
  SINCE DEC 1      1.69                      1.97  -0.28     1.45
  SINCE JAN 1     38.64                     37.89   0.75    37.06

SNOWFALL (IN)
  YESTERDAY        0.0                       0.5   -0.5      0.0
  MONTH TO DATE    0.7                       9.4   -8.7     14.4
  SINCE DEC 1      0.7                       9.4   -8.7     14.4
  SINCE JUL 1     12.3                      13.8   -1.5     28.5
  SNOW DEPTH       0

DEGREE DAYS
 HEATING
  YESTERDAY       37                        36      1       16
  MONTH TO DATE  605                       663    -58      708
  SINCE DEC 1    605                       663    -58      708
  SINCE JUL 1   2015                      1992     23     2090

 COOLING
  YESTERDAY        0                         0      0        0
  MONTH TO DATE    0                         0      0        0
  SINCE DEC 1      0                         0      0        0
  SINCE JAN 1    533                       544    -11      630
..................................................................


WIND (MPH)
  HIGHEST WIND SPEED     8   HIGHEST WIND DIRECTION     N (350)
  HIGHEST GUST SPEED    11   HIGHEST GUST DIRECTION     N (360)
  AVERAGE WIND SPEED     2.1


SKY COVER
  POSSIBLE SUNSHINE  MM
  AVERAGE SKY COVER 1.0


WEATHER CONDITIONS
 THE FOLLOWING WEATHER WAS RECORDED YESTERDAY.
  NO SIGNIFICANT WEATHER WAS OBSERVED.


RELATIVE HUMIDITY (PERCENT)
 HIGHEST    78          1100 PM
 LOWEST     63           200 PM
 AVERAGE    71

..........................................................


THE YOUNGSTOWN OH CLIMATE NORMALS FOR TODAY
                         NORMAL    RECORD    YEAR
 MAXIMUM TEMPERATURE (F)   35        64      1967
 MINIMUM TEMPERATURE (F)   22       -10      1941


SUNRISE AND SUNSET
DECEMBER 21 2014......SUNRISE   745 AM EST   SUNSET   457 PM EST
DECEMBER 22 2014......SUNRISE   745 AM EST   SUNSET   457 PM EST


-  INDICATES NEGATIVE NUMBERS.
R  INDICATES RECORD WAS SET OR TIED.
MM INDICATES DATA IS MISSING.
T  INDICATES TRACE AMOUNT.




$$
