000
CDUS41 KCLE 170527
CLIYNG


CLIMATE REPORT
NATIONAL WEATHER SERVICE CLEVELAND OH
1227 AM EST SUN DEC 17 2017


...................................

...THE YOUNGSTOWN OH CLIMATE SUMMARY FOR DECEMBER 16 2017...

CLIMATE NORMAL PERIOD 1981 TO 2010
CLIMATE RECORD PERIOD 1897 TO 2017


WEATHER ITEM   OBSERVED TIME   RECORD YEAR NORMAL DEPARTURE LAST
                VALUE   (LST)  VALUE       VALUE  FROM      YEAR
                                                  NORMAL
..................................................................
TEMPERATURE (F)
 YESTERDAY
  MAXIMUM         38    510 PM  61    1984  36      2       19
  MINIMUM         24   1141 PM  -9    1951  24      0        2
  AVERAGE         31                        30      1       11

PRECIPITATION (IN)
  YESTERDAY        0.03                      0.09  -0.06      T
  MONTH TO DATE    0.89                      1.60  -0.71     1.61
  SINCE DEC 1      0.89                      1.60  -0.71     1.61
  SINCE JAN 1     42.75                     37.52   5.23    42.38

SNOWFALL (IN)
  YESTERDAY        0.5                       0.6   -0.1       T
  MONTH TO DATE   11.3                       7.4    3.9     16.7
  SINCE DEC 1     11.3                       7.4    3.9     16.7
  SINCE JUL 1     12.3                      11.8    0.5     21.1
  SNOW DEPTH       5

DEGREE DAYS
 HEATING
  YESTERDAY       34                        35     -1       54
  MONTH TO DATE  560                       520     40      588
  SINCE DEC 1    560                       520     40      588
  SINCE JUL 1   1658                      1849   -191     1560

 COOLING
  YESTERDAY        0                         0      0        0
  MONTH TO DATE    0                         0      0        0
  SINCE DEC 1      0                         0      0        0
  SINCE JAN 1    658                       544    114      879
..................................................................


WIND (MPH)
  HIGHEST WIND SPEED    21   HIGHEST WIND DIRECTION    SW (240)
  HIGHEST GUST SPEED    25   HIGHEST GUST DIRECTION    SW (220)
  AVERAGE WIND SPEED     9.3


SKY COVER
  POSSIBLE SUNSHINE  MM
  AVERAGE SKY COVER 0.8


WEATHER CONDITIONS
 THE FOLLOWING WEATHER WAS RECORDED YESTERDAY.
  LIGHT SNOW
  FOG


RELATIVE HUMIDITY (PERCENT)
 HIGHEST    92           600 AM
 LOWEST     64          1200 PM
 AVERAGE    78

..........................................................


THE YOUNGSTOWN OH CLIMATE NORMALS FOR TODAY
                         NORMAL    RECORD    YEAR
 MAXIMUM TEMPERATURE (F)   36        60      1984
 MINIMUM TEMPERATURE (F)   23       -10      1989


SUNRISE AND SUNSET
DECEMBER 17 2017......SUNRISE   743 AM EST   SUNSET   455 PM EST
DECEMBER 18 2017......SUNRISE   743 AM EST   SUNSET   455 PM EST


-  INDICATES NEGATIVE NUMBERS.
R  INDICATES RECORD WAS SET OR TIED.
MM INDICATES DATA IS MISSING.
T  INDICATES TRACE AMOUNT.




$$
