000
CDUS41 KCLE 242111
CLIYNG


CLIMATE REPORT
NATIONAL WEATHER SERVICE CLEVELAND OH
510 PM EDT MON APR 24 2017


...................................

...THE YOUNGSTOWN OH CLIMATE SUMMARY FOR APRIL 24 2017...
VALID TODAY AS OF 0500 PM LOCAL TIME.

CLIMATE NORMAL PERIOD 1981 TO 2010
CLIMATE RECORD PERIOD 1897 TO 2017


WEATHER ITEM   OBSERVED TIME   RECORD YEAR NORMAL DEPARTURE LAST
                VALUE   (LST)  VALUE       VALUE  FROM      YEAR
                                                  NORMAL
..................................................................
TEMPERATURE (F)
 TODAY
  MAXIMUM         73    147 PM  88    1897  63     10       67
  MINIMUM         38    341 AM  26    2003  41     -3       32
  AVERAGE         56                        52      4       50

PRECIPITATION (IN)
  TODAY            0.00                      0.10  -0.10     0.00
  MONTH TO DATE    2.15                      2.72  -0.57     3.05
  SINCE MAR 1      7.19                      5.66   1.53     6.86
  SINCE JAN 1     15.07                     10.36   4.71    12.05

SNOWFALL (IN)
  TODAY            0.0                       0.0    0.0      0.0
  MONTH TO DATE    2.0                       2.9   -0.9      8.8
  SINCE MAR 1     22.1                      13.8    8.3     13.1
  SINCE JUL 1     69.5                      62.6    6.9     44.7
  SNOW DEPTH       0

DEGREE DAYS
 HEATING
  TODAY            9                        14     -5       15
  MONTH TO DATE  284                       426   -142      460
  SINCE MAR 1   1154                      1302   -148     1074
  SINCE JUL 1   4938                      5950  -1012     4922

 COOLING
  TODAY            0                         0      0        0
  MONTH TO DATE   14                         0     14        0
  SINCE MAR 1     14                         1     13        0
  SINCE JAN 1     14                         1     13        0
..................................................................


WIND (MPH)
  HIGHEST WIND SPEED    22   HIGHEST WIND DIRECTION    SE (120)
  HIGHEST GUST SPEED    30   HIGHEST GUST DIRECTION    SE (120)


SKY COVER
  POSSIBLE SUNSHINE  MM
  AVERAGE SKY COVER 0.3


WEATHER CONDITIONS
 THE FOLLOWING WEATHER WAS RECORDED TODAY.
  NO SIGNIFICANT WEATHER WAS OBSERVED.


RELATIVE HUMIDITY (PERCENT)
 HIGHEST    67           200 AM
 LOWEST     21          1100 AM
 AVERAGE    44

..........................................................


THE YOUNGSTOWN OH CLIMATE NORMALS FOR TOMORROW
                         NORMAL    RECORD    YEAR
 MAXIMUM TEMPERATURE (F)   63        86      2009
                                             1990
 MINIMUM TEMPERATURE (F)   41        25      1956


SUNRISE AND SUNSET
APRIL 24 2017.........SUNRISE   629 AM EDT   SUNSET   813 PM EDT
APRIL 25 2017.........SUNRISE   628 AM EDT   SUNSET   814 PM EDT


-  INDICATES NEGATIVE NUMBERS.
R  INDICATES RECORD WAS SET OR TIED.
MM INDICATES DATA IS MISSING.
T  INDICATES TRACE AMOUNT.




$$
