382
CDUS41 KPBZ 170804
CLIZZV


CLIMATE REPORT
NATIONAL WEATHER SERVICE PITTSBURGH PA
303 AM EST SUN DEC 17 2017


...................................

...THE ZANESVILLE OH CLIMATE SUMMARY FOR DECEMBER 16 2017...

CLIMATE NORMAL PERIOD 1981 TO 2010
CLIMATE RECORD PERIOD 1895 TO 2017


WEATHER ITEM   OBSERVED TIME   RECORD YEAR NORMAL DEPARTURE LAST
                VALUE   (LST)  VALUE       VALUE  FROM      YEAR
                                                  NORMAL
..................................................................
TEMPERATURE (F)
 YESTERDAY
  MAXIMUM         48    325 PM  65    1924  40      8       25
  MINIMUM         26   1124 PM -10    1951  24      2        2
                                      1901
  AVERAGE         37                        32      5       14

PRECIPITATION (IN)
  YESTERDAY        0.00          1.69 2000   0.08  -0.08     0.00
  MONTH TO DATE    0.31                      1.37  -1.06     1.64
  SINCE JUN 1     21.83                     21.19   0.64    16.00
  SINCE JAN 1     39.95                     36.65   3.30    30.98

DEGREE DAYS
 HEATING
  YESTERDAY       28                        33     -5       51
  MONTH TO DATE  511                       488     23      559
  SINCE DEC 1    511                       488     23      559
  SINCE JUL 1   1495                      1629   -134     1416

 COOLING
  YESTERDAY        0                         0      0        0
  MONTH TO DATE    0                         0      0        0
  SINCE DEC 1      0                         0      0        0
  SINCE JAN 1    877                       768    109     1355
..................................................................


WIND (MPH)
  HIGHEST WIND SPEED    18   HIGHEST WIND DIRECTION    SW (240)
  HIGHEST GUST SPEED    24   HIGHEST GUST DIRECTION     W (250)
  AVERAGE WIND SPEED     7.6


SKY COVER
  POSSIBLE SUNSHINE  MM
  AVERAGE SKY COVER 0.5


WEATHER CONDITIONS
 THE FOLLOWING WEATHER WAS RECORDED YESTERDAY.
  NO SIGNIFICANT WEATHER WAS OBSERVED.


RELATIVE HUMIDITY (PERCENT)
 HIGHEST    75           900 PM
 LOWEST     42           300 PM
 AVERAGE    59

..........................................................


THE ZANESVILLE OH CLIMATE NORMALS FOR TODAY
                         NORMAL    RECORD    YEAR
 MAXIMUM TEMPERATURE (F)   40        69      1984
 MINIMUM TEMPERATURE (F)   24       -15      1989


SUNRISE AND SUNSET
DECEMBER 17 2017......SUNRISE   744 AM EST   SUNSET   504 PM EST
DECEMBER 18 2017......SUNRISE   744 AM EST   SUNSET   505 PM EST


-  INDICATES NEGATIVE NUMBERS.
R  INDICATES RECORD WAS SET OR TIED.
MM INDICATES DATA IS MISSING.
T  INDICATES TRACE AMOUNT.




$$
