000
CDUS41 KPBZ 180702
CLIZZV


CLIMATE REPORT
NATIONAL WEATHER SERVICE PITTSBURGH PA
302 AM EDT FRI AUG 18 2017


...................................

...THE ZANESVILLE OH CLIMATE SUMMARY FOR AUGUST 17 2017...

CLIMATE NORMAL PERIOD 1981 TO 2010
CLIMATE RECORD PERIOD 1895 TO 2017


WEATHER ITEM   OBSERVED TIME   RECORD YEAR NORMAL DEPARTURE LAST
                VALUE   (LST)  VALUE       VALUE  FROM      YEAR
                                                  NORMAL
..................................................................
TEMPERATURE (F)
 YESTERDAY
  MAXIMUM         91    206 PM  98    1988  83      8       78
  MINIMUM         68    530 AM  46    1964  61      7       70
                                      1902
  AVERAGE         80                        72      8       74

PRECIPITATION (IN)
  YESTERDAY        0.15          2.14 1926   0.11   0.04     0.20
  MONTH TO DATE    0.56                      1.77  -1.21     2.51
  SINCE JUN 1     11.01                      9.60   1.41     7.72
  SINCE JAN 1     29.13                     25.06   4.07    22.70

DEGREE DAYS
 HEATING
  YESTERDAY        0                         0      0        0
  MONTH TO DATE    0                         0      0        0
  SINCE JUN 1     23                        35    -12        4
  SINCE JUL 1      0                         3     -3        0

 COOLING
  YESTERDAY       15                         7      8        9
  MONTH TO DATE  106                       129    -23      228
  SINCE JUN 1    563                       536     27      911
  SINCE JAN 1    650                       590     60     1005
..................................................................


WIND (MPH)
  HIGHEST WIND SPEED    26   HIGHEST WIND DIRECTION    SW (210)
  HIGHEST GUST SPEED    34   HIGHEST GUST DIRECTION     S (200)
  AVERAGE WIND SPEED     6.6


SKY COVER
  POSSIBLE SUNSHINE  MM
  AVERAGE SKY COVER 0.3


WEATHER CONDITIONS
 THE FOLLOWING WEATHER WAS RECORDED YESTERDAY.
  THUNDERSTORM
  RAIN
  LIGHT RAIN
  FOG


RELATIVE HUMIDITY (PERCENT)
 HIGHEST    93           800 PM
 LOWEST     63           300 PM
 AVERAGE    78

..........................................................


THE ZANESVILLE OH CLIMATE NORMALS FOR TODAY
                         NORMAL    RECORD    YEAR
 MAXIMUM TEMPERATURE (F)   83        97      1940
 MINIMUM TEMPERATURE (F)   61        43      1962
                                             1953


SUNRISE AND SUNSET
AUGUST 18 2017........SUNRISE   642 AM EDT   SUNSET   820 PM EDT
AUGUST 19 2017........SUNRISE   643 AM EDT   SUNSET   818 PM EDT


-  INDICATES NEGATIVE NUMBERS.
R  INDICATES RECORD WAS SET OR TIED.
MM INDICATES DATA IS MISSING.
T  INDICATES TRACE AMOUNT.




$$
