000
CDUS41 KPBZ 020701
CLIZZV


CLIMATE REPORT
NATIONAL WEATHER SERVICE PITTSBURGH PA
301 AM EDT TUE SEP 2 2014


...................................

...THE ZANESVILLE OH CLIMATE SUMMARY FOR SEPTEMBER 1 2014...

CLIMATE NORMAL PERIOD 1981 TO 2010
CLIMATE RECORD PERIOD 1946 TO 2014


WEATHER ITEM   OBSERVED TIME   RECORD YEAR NORMAL DEPARTURE LAST
                VALUE   (LST)  VALUE       VALUE  FROM      YEAR
                                                  NORMAL
..................................................................
TEMPERATURE (F)
 YESTERDAY
  MAXIMUM         83    422 PM 100    1953  81      2       83
  MINIMUM         70   1235 AM  42    1967  58     12       71
  AVERAGE         77                        70      7       77

PRECIPITATION (IN)
  YESTERDAY        0.06         MM      MM   0.10  -0.04     0.00
  MONTH TO DATE    0.06                      0.10  -0.04     0.00
  SINCE JUN 1     13.91                     11.16   2.75    17.42
  SINCE JAN 1     28.24                     26.62   1.62    28.01

DEGREE DAYS
 HEATING
  YESTERDAY        0                         1     -1        0
  MONTH TO DATE    0                         1     -1        0
  SINCE SEP 1      0                         1     -1        0
  SINCE JUL 1     21                        12      9        9

 COOLING
  YESTERDAY       12                         5      7       12
  MONTH TO DATE   12                         5      7       12
  SINCE SEP 1     12                         5      7       12
  SINCE JAN 1    653                       682    -29      745
..................................................................


WIND (MPH)
  HIGHEST WIND SPEED    16   HIGHEST WIND DIRECTION     S (200)
  HIGHEST GUST SPEED    25   HIGHEST GUST DIRECTION     S (200)
  AVERAGE WIND SPEED     5.8


SKY COVER
  POSSIBLE SUNSHINE  MM
  AVERAGE SKY COVER 0.6


WEATHER CONDITIONS
 THE FOLLOWING WEATHER WAS RECORDED YESTERDAY.
  THUNDERSTORM
  LIGHT RAIN


RELATIVE HUMIDITY (PERCENT)
 HIGHEST    93           500 AM
 LOWEST     65           300 PM
 AVERAGE    79

..........................................................


THE ZANESVILLE OH CLIMATE NORMALS FOR TODAY
                         NORMAL    RECORD    YEAR
 MAXIMUM TEMPERATURE (F)   81       101      1953
 MINIMUM TEMPERATURE (F)   58        40      1949


SUNRISE AND SUNSET
SEPTEMBER  2 2014.....SUNRISE   656 AM EDT   SUNSET   757 PM EDT
SEPTEMBER  3 2014.....SUNRISE   657 AM EDT   SUNSET   756 PM EDT


-  INDICATES NEGATIVE NUMBERS.
R  INDICATES RECORD WAS SET OR TIED.
MM INDICATES DATA IS MISSING.
T  INDICATES TRACE AMOUNT.




$$
