000
CDUS41 KPBZ 160705
CLIZZV


CLIMATE REPORT
NATIONAL WEATHER SERVICE PITTSBURGH PA
305 AM EDT TUE SEP 16 2014


...................................

...THE ZANESVILLE OH CLIMATE SUMMARY FOR SEPTEMBER 15 2014...

CLIMATE NORMAL PERIOD 1981 TO 2010
CLIMATE RECORD PERIOD 1946 TO 2014


WEATHER ITEM   OBSERVED TIME   RECORD YEAR NORMAL DEPARTURE LAST
                VALUE   (LST)  VALUE       VALUE  FROM      YEAR
                                                  NORMAL
..................................................................
TEMPERATURE (F)
 YESTERDAY
  MAXIMUM         70    158 PM  92    1991  76     -6       71
  MINIMUM         41    618 AM  39    1985  53    -12       42
  AVERAGE         56                        65     -9       57

PRECIPITATION (IN)
  YESTERDAY        0.00         MM      MM   0.11  -0.11     0.02
  MONTH TO DATE    0.72                      1.50  -0.78     0.20
  SINCE JUN 1     14.57                     12.56   2.01    17.62
  SINCE JAN 1     28.90                     28.02   0.88    28.21

DEGREE DAYS
 HEATING
  YESTERDAY        9                         3      6        8
  MONTH TO DATE   37                        23     14       29
  SINCE SEP 1     37                        23     14       29
  SINCE JUL 1     58                        34     24       38

 COOLING
  YESTERDAY        0                         2     -2        0
  MONTH TO DATE   70                        57     13       78
  SINCE SEP 1     70                        57     13       78
  SINCE JAN 1    711                       734    -23      811
..................................................................


WIND (MPH)
  HIGHEST WIND SPEED    13   HIGHEST WIND DIRECTION     S (200)
  HIGHEST GUST SPEED    16   HIGHEST GUST DIRECTION     S (170)
  AVERAGE WIND SPEED     3.1


SKY COVER
  POSSIBLE SUNSHINE  MM
  AVERAGE SKY COVER 0.2


WEATHER CONDITIONS
 THE FOLLOWING WEATHER WAS RECORDED YESTERDAY.
  FOG


RELATIVE HUMIDITY (PERCENT)
 HIGHEST    96           300 AM
 LOWEST     45          1200 PM
 AVERAGE    71

..........................................................


THE ZANESVILLE OH CLIMATE NORMALS FOR TODAY
                         NORMAL    RECORD    YEAR
 MAXIMUM TEMPERATURE (F)   76        93      1991
 MINIMUM TEMPERATURE (F)   53        33      1966


SUNRISE AND SUNSET
SEPTEMBER 16 2014.....SUNRISE   709 AM EDT   SUNSET   735 PM EDT
SEPTEMBER 17 2014.....SUNRISE   710 AM EDT   SUNSET   733 PM EDT


-  INDICATES NEGATIVE NUMBERS.
R  INDICATES RECORD WAS SET OR TIED.
MM INDICATES DATA IS MISSING.
T  INDICATES TRACE AMOUNT.




$$
