000
CDUS41 KPBZ 282134
CLIZZV


CLIMATE REPORT
NATIONAL WEATHER SERVICE PITTSBURGH PA
534 PM EDT THU MAY 28 2015


...................................

...THE ZANESVILLE OH CLIMATE SUMMARY FOR MAY 28 2015...
VALID TODAY AS OF 0500 PM LOCAL TIME.

CLIMATE NORMAL PERIOD 1981 TO 2010
CLIMATE RECORD PERIOD 1946 TO 2015


WEATHER ITEM   OBSERVED TIME   RECORD YEAR NORMAL DEPARTURE LAST
                VALUE   (LST)  VALUE       VALUE  FROM      YEAR
                                                  NORMAL
..................................................................
TEMPERATURE (F)
 TODAY
  MAXIMUM         82    356 PM  89    2012  75      7       87
                                      1991
  MINIMUM         60    514 AM  35    1971  53      7       62
  AVERAGE         71                        64      7       75

PRECIPITATION (IN)
  TODAY            0.00         MM      MM   0.14  -0.14     0.02
  MONTH TO DATE    2.36                      3.75  -1.39     3.53
  SINCE JUN 1     38.16                     37.42   0.74    42.64
  SINCE JAN 1     15.75                     15.02   0.73    14.33

DEGREE DAYS
 HEATING
  TODAY            0                         3     -3        0
  MONTH TO DATE  109                       172    -63      152
  SINCE MAR 1   1359                      1338     21     1419
  SINCE JUL 1   6016                      5529    487     5976

 COOLING
  TODAY            6                         2      4       10
  MONTH TO DATE   97                        36     61       69
  SINCE MAR 1     98                        45     53       74
  SINCE JAN 1     98                        45     53       74
..................................................................


WIND (MPH)
  HIGHEST WIND SPEED     9   HIGHEST WIND DIRECTION     E (100)
  HIGHEST GUST SPEED    12   HIGHEST GUST DIRECTION    NE (50)
  AVERAGE WIND SPEED     3.1


SKY COVER
  POSSIBLE SUNSHINE  MM
  AVERAGE SKY COVER 0.2


WEATHER CONDITIONS
 THE FOLLOWING WEATHER WAS RECORDED TODAY.
  NO SIGNIFICANT WEATHER WAS OBSERVED.


RELATIVE HUMIDITY (PERCENT)
 HIGHEST    90           600 AM
 LOWEST     45           300 PM
 AVERAGE    68

..........................................................


THE ZANESVILLE OH CLIMATE NORMALS FOR TOMORROW
                         NORMAL    RECORD    YEAR
 MAXIMUM TEMPERATURE (F)   76        90      1991
 MINIMUM TEMPERATURE (F)   53        32      1949


SUNRISE AND SUNSET
MAY 28 2015...........SUNRISE   603 AM EDT   SUNSET   847 PM EDT
MAY 29 2015...........SUNRISE   603 AM EDT   SUNSET   848 PM EDT


-  INDICATES NEGATIVE NUMBERS.
R  INDICATES RECORD WAS SET OR TIED.
MM INDICATES DATA IS MISSING.
T  INDICATES TRACE AMOUNT.




$$
