000
CDUS41 KPBZ 060802
CLIZZV


CLIMATE REPORT
NATIONAL WEATHER SERVICE PITTSBURGH PA
301 AM EST TUE DEC 6 2016


...................................

...THE ZANESVILLE OH CLIMATE SUMMARY FOR DECEMBER 5 2016...

CLIMATE NORMAL PERIOD 1981 TO 2010
CLIMATE RECORD PERIOD 1946 TO 2016


WEATHER ITEM   OBSERVED TIME   RECORD YEAR NORMAL DEPARTURE LAST
                VALUE   (LST)  VALUE       VALUE  FROM      YEAR
                                                  NORMAL
..................................................................
TEMPERATURE (F)
 YESTERDAY
  MAXIMUM         44    230 PM  72    2001  44      0       36
  MINIMUM         31   1104 PM   3    1957  28      3       27
  AVERAGE         38                        36      2       32

PRECIPITATION (IN)
  YESTERDAY        0.00         MM      MM   0.09  -0.09     0.00
  MONTH TO DATE    0.19                      0.44  -0.25     0.41
  SINCE JUN 1     14.55                     20.26  -5.71    19.41
  SINCE JAN 1     29.53                     35.72  -6.19    35.31

DEGREE DAYS
 HEATING
  YESTERDAY       27                        29     -2       33
  MONTH TO DATE  138                       143     -5      122
  SINCE DEC 1    138                       143     -5      122
  SINCE JUL 1    995                      1284   -289      964

 COOLING
  YESTERDAY        0                         0      0        0
  MONTH TO DATE    0                         0      0        0
  SINCE DEC 1      0                         0      0        0
  SINCE JAN 1   1355                       768    587      874
..................................................................


WIND (MPH)
  HIGHEST WIND SPEED    20   HIGHEST WIND DIRECTION     W (260)
  HIGHEST GUST SPEED    28   HIGHEST GUST DIRECTION     W (270)
  AVERAGE WIND SPEED     5.6


SKY COVER
  POSSIBLE SUNSHINE  MM
  AVERAGE SKY COVER 0.6


WEATHER CONDITIONS
 THE FOLLOWING WEATHER WAS RECORDED YESTERDAY.
  FOG


RELATIVE HUMIDITY (PERCENT)
 HIGHEST    93           100 AM
 LOWEST     57           400 PM
 AVERAGE    75

..........................................................


THE ZANESVILLE OH CLIMATE NORMALS FOR TODAY
                         NORMAL    RECORD    YEAR
 MAXIMUM TEMPERATURE (F)   44        71      1998
 MINIMUM TEMPERATURE (F)   27         1      2007


SUNRISE AND SUNSET
DECEMBER  6 2016......SUNRISE   735 AM EST   SUNSET   502 PM EST
DECEMBER  7 2016......SUNRISE   736 AM EST   SUNSET   502 PM EST


-  INDICATES NEGATIVE NUMBERS.
R  INDICATES RECORD WAS SET OR TIED.
MM INDICATES DATA IS MISSING.
T  INDICATES TRACE AMOUNT.




$$
