000
CDUS41 KPBZ 221342
CLIZZV


CLIMATE REPORT
NATIONAL WEATHER SERVICE PITTSBURGH PA
842 AM EST SUN JAN 22 2017


...................................

...THE ZANESVILLE OH CLIMATE SUMMARY FOR JANUARY 22 2017...
VALID AS OF 0800 AM LOCAL TIME.

CLIMATE NORMAL PERIOD 1981 TO 2010
CLIMATE RECORD PERIOD 1946 TO 2017


WEATHER ITEM   OBSERVED TIME   RECORD YEAR NORMAL DEPARTURE LAST
                VALUE   (LST)  VALUE       VALUE  FROM      YEAR
                                                  NORMAL
..................................................................
TEMPERATURE (F)
 TODAY
  MAXIMUM         54    115 AM  70    1999
  MINIMUM         48    639 AM -11    2011  20     28       17

PRECIPITATION (IN)
  TODAY            0.00         MM      MM   0.08  -0.08     0.01
  MONTH TO DATE    2.32                      1.94   0.38     0.87
  SINCE JUN 1     20.94                     24.34  -3.40    23.20
  SINCE JAN 1      2.32                      1.94   0.38     0.87

DEGREE DAYS
 HEATING
  TODAY           14

 COOLING
  TODAY            0
..................................................................







THE ZANESVILLE OH CLIMATE NORMALS FOR TOMORROW
                         NORMAL    RECORD    YEAR
 MAXIMUM TEMPERATURE (F)   37        67      1967
 MINIMUM TEMPERATURE (F)   20       -16      1963


SUNRISE AND SUNSET
JANUARY 22 2017.......SUNRISE   744 AM EST   SUNSET   535 PM EST
JANUARY 23 2017.......SUNRISE   743 AM EST   SUNSET   536 PM EST


-  INDICATES NEGATIVE NUMBERS.
R  INDICATES RECORD WAS SET OR TIED.
MM INDICATES DATA IS MISSING.
T  INDICATES TRACE AMOUNT.




$$
