986
CXUS51 KBTV 011457
CLM1V4


CLIMATE REPORT
NATIONAL WEATHER SERVICE BURLINGTON VT
957 AM EST MON FEB 1 2016

...................................

...THE ST. JOHNSBURY VT CLIMATE SUMMARY FOR THE MONTH OF JANUARY 2016...

CLIMATE NORMAL PERIOD 1981 TO 2010
CLIMATE RECORD PERIOD 1894 TO 2016

WEATHER         OBSERVED          NORMAL  DEPART  LAST YEAR`S
                 VALUE   DATE(S)  VALUE   FROM    VALUE  DATE(S)
                                          NORMAL
................................................................
TEMPERATURE (F)
RECORD
 HIGH              63   01/16/1995
                        01/05/1950
 LOW              -38   01/14/1914
HIGHEST            46   01/10        MM      MM       42  01/04
LOWEST             -5   01/06        MM      MM      -21  01/08
AVG. MAXIMUM     31.1              27.1     4.0     23.8
AVG. MINIMUM     12.3               6.4     5.9      0.6
MEAN             21.7              16.7     5.0     12.2
DAYS MAX >= 90      0               0.0     0.0        0
DAYS MAX <= 32     15              20.3    -5.3       27
DAYS MIN <= 32     30              30.2    -0.2       31
DAYS MIN <= 0       4              10.6    -6.6       15

PRECIPITATION (INCHES)
RECORD
 MAXIMUM         6.80   1979
 MINIMUM         0.41   1981
TOTALS           1.19              2.51   -1.32     2.83
DAILY AVG.       0.04              0.08   -0.04     0.09
DAYS >= .01         8              15.4    -7.4       16
DAYS >= .10         3               6.3    -3.3        7
DAYS >= .50         1               1.4    -0.4        1
DAYS >= 1.00        0               0.2    -0.2        0
GREATEST
 24 HR. TOTAL    0.77   01/10 TO 01/11           01/18 TO 01/19
                                                          01/29 TO 01/29
                                                          01/29 TO 01/29
 STORM TOTAL       MM                                 MM
 (MM/DD(HH))            MM                    01/19(00) TO 01/19(00)
                                                 01/29(00) TO 01/29(00)9
                                                 01/29(00) TO 01/29(00)9

DEGREE_DAYS
HEATING TOTAL    1335              1496    -161     1629
 SINCE 7/1       3725              4449    -724     4429
COOLING TOTAL       0                 0       0        0
 SINCE 1/1          0                 0       0        0
..........................................................

WIND (MPH)
AVERAGE WIND SPEED              MM
HIGHEST WIND SPEED/DIRECTION    MM        DATE   MM
HIGHEST GUST SPEED/DIRECTION    MM        DATE   MM

SKY COVER
POSSIBLE SUNSHINE (PERCENT)   MM
AVERAGE SKY COVER           0.00
NUMBER OF DAYS FAIR           31
NUMBER OF DAYS PC              0
NUMBER OF DAYS CLOUDY          0

AVERAGE RH (PERCENT)     66

WEATHER CONDITIONS. NUMBER OF DAYS WITH
THUNDERSTORM              0     MIXED PRECIP               0
HEAVY RAIN                0     RAIN                       0
LIGHT RAIN                0     FREEZING RAIN              0
LT FREEZING RAIN          0     HAIL                       0
HEAVY SNOW                0     SNOW                       0
LIGHT SNOW                0     SLEET                      0
FOG                       0     FOG W/VIS <= 1/4 MILE      0
HAZE                      0

-  INDICATES NEGATIVE NUMBERS.
R  INDICATES RECORD WAS SET OR TIED.
MM INDICATES DATA IS MISSING.
T  INDICATES TRACE AMOUNT.

$$
