000
CXUS51 KBTV 011355
CLM1V4


CLIMATE REPORT
NATIONAL WEATHER SERVICE BURLINGTON VT
948 AM EDT MON SEP 1 2014

...................................

...THE ST. JOHNSBURY VT CLIMATE SUMMARY FOR THE MONTH OF AUGUST 2014...

CLIMATE NORMAL PERIOD 1981 TO 2010
CLIMATE RECORD PERIOD 1894 TO 2014

WEATHER         OBSERVED          NORMAL  DEPART  LAST YEAR`S
                 VALUE   DATE(S)  VALUE   FROM    VALUE  DATE(S)
                                          NORMAL
................................................................
TEMPERATURE (F)
RECORD
 HIGH             100   08/22/2006
                        08/08/1909
                        -1/-1/1512
 LOW               33   08/31/1965
HIGHEST            85   08/26        MM      MM       86  08/28
                        08/25
LOWEST             48   08/19        MM      MM       44  08/24
AVG. MAXIMUM     76.1              78.8    -2.7     76.4
AVG. MINIMUM     54.6              56.8    -2.2     54.8
MEAN             65.4              67.8    -2.4     65.6
DAYS MAX >= 90      0               0.4    -0.4        0
DAYS MAX <= 32      0               0.0     0.0        0
DAYS MIN <= 32      0               0.0     0.0        0
DAYS MIN <= 0       0               0.0     0.0        0

PRECIPITATION (INCHES)
RECORD
 MAXIMUM         8.86   2011
 MINIMUM         0.92   2002
TOTALS           1.78              4.22   -2.44     2.53
DAILY AVG.       0.06              0.14   -0.08     0.08
DAYS >= .01        11              12.5    -1.5       11
DAYS >= .10         4               7.1    -3.1        6
DAYS >= .50         1               2.8    -1.8        2
DAYS >= 1.00        0               1.0    -1.0        0
GREATEST
 24 HR. TOTAL    0.97   08/13 TO 08/13           08/28 TO 08/28

DEGREE_DAYS
HEATING TOTAL      39                35       4       51
 SINCE 7/1         57                50       7       60
COOLING TOTAL      57               121     -64       79
 SINCE 1/1        219               398    -179      367
.........................................................

WIND (MPH)
AVERAGE WIND SPEED              MM
HIGHEST WIND SPEED/DIRECTION    MM        DATE   MM
HIGHEST GUST SPEED/DIRECTION    MM        DATE   MM

SKY COVER
POSSIBLE SUNSHINE (PERCENT)   MM
AVERAGE SKY COVER           0.00
NUMBER OF DAYS FAIR           31
NUMBER OF DAYS PC              0
NUMBER OF DAYS CLOUDY          0

AVERAGE RH (PERCENT)     74

WEATHER CONDITIONS. NUMBER OF DAYS WITH
THUNDERSTORM              0     MIXED PRECIP               0
HEAVY RAIN                0     RAIN                       0
LIGHT RAIN                1     FREEZING RAIN              0
LT FREEZING RAIN          0     HAIL                       0
HEAVY SNOW                0     SNOW                       0
LIGHT SNOW                0     SLEET                      0
FOG                       0     FOG W/VIS <= 1/4 MILE      0
HAZE                      0

-  INDICATES NEGATIVE NUMBERS.
R  INDICATES RECORD WAS SET OR TIED.
MM INDICATES DATA IS MISSING.
T  INDICATES TRACE AMOUNT.

$$
