000
CXUS53 KABR 011624
CLM8D3


CLIMATE REPORT
NATIONAL WEATHER SERVICE ABERDEEN SD
1020 AM CST WED FEB 1 2017

...................................

...THE SISSETON SD CLIMATE SUMMARY FOR THE MONTH OF JANUARY 2017...

CLIMATE NORMAL PERIOD 1981 TO 2010
CLIMATE RECORD PERIOD 1900 TO 2017

WEATHER         OBSERVED          NORMAL  DEPART  LAST YEAR`S
                 VALUE   DATE(S)  VALUE   FROM    VALUE  DATE(S)
                                          NORMAL
................................................................
TEMPERATURE (F)
RECORD
 HIGH              65   01/24/1981
 LOW              -37   01/24/1936
HIGHEST            47   01/18        MM      MM       45  01/30
LOWEST            -18   01/13        MM      MM      -14  01/17
AVG. MAXIMUM     24.4              23.0     1.4     24.1
AVG. MINIMUM      9.1               3.3     5.8      9.0
MEAN             16.7              13.1     3.6     16.6
DAYS MAX >= 90      0               0.0     0.0        0
DAYS MAX <= 32     22              22.7    -0.7       26
DAYS MIN <= 32     29              30.8    -1.8       31
DAYS MIN <= 0      12              13.2    -1.2        9

PRECIPITATION (INCHES)
RECORD
 MAXIMUM         2.01   1952
 MINIMUM            T   1974
TOTALS           0.79              0.43    0.36     0.28
DAYS >= .01         6                MM      MM        8
DAYS >= .10         3                MM      MM        1
DAYS >= .50         0                MM      MM        0
DAYS >= 1.00        0                MM      MM        0

SNOWFALL (INCHES)
RECORDS
 TOTAL           29.4   5
 SNOW DEPTH        35   01/26/2011
                        01/25/2011
                        01/24/2011
TOTALS           10.5                MM      MM      3.1
SINCE 7/1        23.3                MM      MM     18.9
SNOWDEPTH AVG.      3                MM      MM        3
DAYS >= TRACE       8                MM      MM        8
DAYS >= 1.0         5                MM      MM        1
GREATEST
 SNOW DEPTH         9   01/12                          5  01/01
                        01/11

DEGREE_DAYS
HEATING TOTAL    1491              1607    -116     1493
 SINCE 7/1       4244              4946    -702     4133
COOLING TOTAL       0                 0       0        0
 SINCE 1/1          0                 0       0        0

FREEZE DATES
RECORD
 EARLIEST     MM
 LATEST       MM
EARLIEST                        MM
LATEST                          MM
.................................................................

WIND (MPH)
AVERAGE WIND SPEED              11.0
RESULTANT WIND SPEED/DIRECTION   5/323
HIGHEST WIND SPEED/DIRECTION    41/320    DATE  01/30
HIGHEST GUST SPEED/DIRECTION    51/320    DATE  01/30

SKY COVER
POSSIBLE SUNSHINE (PERCENT)   MM
AVERAGE SKY COVER           0.00
NUMBER OF DAYS FAIR           31
NUMBER OF DAYS PC              0
NUMBER OF DAYS CLOUDY          0

AVERAGE RH (PERCENT)     82

WEATHER CONDITIONS. NUMBER OF DAYS WITH
THUNDERSTORM              0     MIXED PRECIP               0
HEAVY RAIN                0     RAIN                       0
LIGHT RAIN                1     FREEZING RAIN              0
LT FREEZING RAIN          0     HAIL                       0
HEAVY SNOW                0     SNOW                       1
LIGHT SNOW                5     SLEET                      0
FOG                       1     FOG W/VIS <= 1/4 MILE      0
HAZE                      0

-  INDICATES NEGATIVE NUMBERS.
R  INDICATES RECORD WAS SET OR TIED.
MM INDICATES DATA IS MISSING.
T  INDICATES TRACE AMOUNT.

$$
