000
CXUS53 KABR 011617
CLM8D3


CLIMATE REPORT
NATIONAL WEATHER SERVICE ABERDEEN SD
1003 AM CST THU DEC 1 2016

...................................

...THE SISSETON SD CLIMATE SUMMARY FOR THE MONTH OF NOVEMBER 2016...

CLIMATE NORMAL PERIOD 1981 TO 2010
CLIMATE RECORD PERIOD 1900 TO 2016

WEATHER         OBSERVED          NORMAL  DEPART  LAST YEAR`S
                 VALUE   DATE(S)  VALUE   FROM    VALUE  DATE(S)
                                          NORMAL
................................................................
TEMPERATURE (F)
RECORD
 HIGH              79   11/02/1965
 LOW              -18   11/30/1964
HIGHEST            76   11/04        MM      MM       70  11/03
LOWEST             14   11/21        MM      MM        5  11/27
                        11/19
AVG. MAXIMUM     51.5              40.2    11.3     48.7
AVG. MINIMUM     33.4              21.5    11.9     28.0
MEAN             42.4              30.8    11.6     38.3
DAYS MAX >= 90      0               0.0     0.0        0
DAYS MAX <= 32      2               7.6    -5.6        5
DAYS MIN <= 32     12              25.8   -13.8       20
DAYS MIN <= 0       0               1.0    -1.0        0

PRECIPITATION (INCHES)
RECORD
 MAXIMUM         4.77   1977
 MINIMUM         0.00   1999
TOTALS           1.82              0.58    1.24     1.26
DAYS >= .01         8                MM      MM        5
DAYS >= .10         7                MM      MM        3
DAYS >= .50         1                MM      MM        1
DAYS >= 1.00        0                MM      MM        0

SNOWFALL (INCHES)
RECORDS
 TOTAL           27.7   5

 SNOW DEPTH        13   11/30/2005
TOTALS            2.5                MM      MM      4.5
SINCE 7/1         2.5                MM      MM      4.5
SNOWDEPTH AVG.      0                MM      MM        0
DAYS >= TRACE       5                MM      MM        1
DAYS >= 1.0         1                MM      MM        1
GREATEST
 SNOW DEPTH         2   11/21
                        11/20
                        11/19

DEGREE_DAYS
HEATING TOTAL     669              1024    -355      794
 SINCE 7/1       1281              1851    -570     1396
COOLING TOTAL       0                 0       0        0
 SINCE 1/1        625               527      98      635

FREEZE DATES
RECORD
 EARLIEST     MM
 LATEST       MM
EARLIEST                        MM
LATEST                          MM
.................................................................

WIND (MPH)
AVERAGE WIND SPEED              11.6
RESULTANT WIND SPEED/DIRECTION   3/288
HIGHEST WIND SPEED/DIRECTION    39/360    DATE  11/18
HIGHEST GUST SPEED/DIRECTION    50/010    DATE  11/18

SKY COVER
POSSIBLE SUNSHINE (PERCENT)   MM
AVERAGE SKY COVER           0.00
NUMBER OF DAYS FAIR           30
NUMBER OF DAYS PC              0
NUMBER OF DAYS CLOUDY          0

AVERAGE RH (PERCENT)     73

-  INDICATES NEGATIVE NUMBERS.
R  INDICATES RECORD WAS SET OR TIED.
MM INDICATES DATA IS MISSING.
T  INDICATES TRACE AMOUNT.

$$
