000
CXUS53 KABR 011600
CLM8D3


CLIMATE REPORT
NATIONAL WEATHER SERVICE ABERDEEN SD
956 AM CST SUN MAR 1 2015

...................................

...THE SISSETON SD CLIMATE SUMMARY FOR THE MONTH OF FEBRUARY 2015...

CLIMATE NORMAL PERIOD 1981 TO 2010
CLIMATE RECORD PERIOD 1900 TO 2015

WEATHER         OBSERVED          NORMAL  DEPART  LAST YEAR`S
                 VALUE   DATE(S)  VALUE   FROM    VALUE  DATE(S)
                                          NORMAL
................................................................
TEMPERATURE (F)
RECORD
 HIGH              68   02/25/1958
 LOW              -33   02/09/1994
HIGHEST            36   02/10        MM      MM       45  02/19
LOWEST            -15   02/22        MM      MM      -14  02/27
                                                          02/10
AVG. MAXIMUM     20.1              27.5    -7.4     19.2
AVG. MINIMUM      0.1               8.7    -8.6     -0.2
MEAN             10.1              18.1    -8.0      9.5
DAYS MAX >= 90      0               0.0     0.0        0
DAYS MAX <= 32     23              17.6     5.4       23
DAYS MIN <= 32     28              26.7     1.3       28
DAYS MIN <= 0      18               7.9    10.1       18

PRECIPITATION (INCHES)
RECORD
 MAXIMUM         2.03   1998
 MINIMUM            T   1934
TOTALS           0.41              0.43   -0.02     0.12
DAYS >= .01         7                MM      MM        3
DAYS >= .10         2                MM      MM        0
DAYS >= .50         0                MM      MM        0
DAYS >= 1.00        0                MM      MM        0

SNOWFALL (INCHES)
RECORDS
 TOTAL           23.7   5
 SNOW DEPTH        MM   MM
TOTALS            5.6                MM      MM      1.7
SINCE 7/1        23.1                MM      MM     21.9
SNOWDEPTH AVG.      1                MM      MM        1
DAYS >= TRACE      12                MM      MM        4
DAYS >= 1.0         2                MM      MM        0
GREATEST
 SNOW DEPTH         2   02/28                          3  02/17
                        02/27                             02/01
                        02/26

DEGREE_DAYS
HEATING TOTAL    1531              1313     218     1549
 SINCE 7/1       6269              6259      10     6817
COOLING TOTAL       0                 0       0        0
 SINCE 1/1          0                 0       0        0

FREEZE DATES
RECORD
 EARLIEST     MM
 LATEST       MM
EARLIEST                        MM
LATEST                          MM
.................................................................

WIND (MPH)
AVERAGE WIND SPEED              12.4
RESULTANT WIND SPEED/DIRECTION   5/344
HIGHEST WIND SPEED/DIRECTION    37/340    DATE  02/10
HIGHEST GUST SPEED/DIRECTION    47/350    DATE  02/24

SKY COVER
POSSIBLE SUNSHINE (PERCENT)   MM
AVERAGE SKY COVER           0.00
NUMBER OF DAYS FAIR           28
NUMBER OF DAYS PC              0
NUMBER OF DAYS CLOUDY          0

AVERAGE RH (PERCENT)     76

WEATHER CONDITIONS. NUMBER OF DAYS WITH
THUNDERSTORM              0     MIXED PRECIP               0
HEAVY RAIN                0     RAIN                       0
LIGHT RAIN                0     FREEZING RAIN              0
LT FREEZING RAIN          0     HAIL                       0
HEAVY SNOW                0     SNOW                       1
LIGHT SNOW                9     SLEET                      0
FOG                       0     FOG W/VIS <= 1/4 MILE      0
HAZE                      0

-  INDICATES NEGATIVE NUMBERS.
R  INDICATES RECORD WAS SET OR TIED.
MM INDICATES DATA IS MISSING.
T  INDICATES TRACE AMOUNT.

$$
