001
CXUS53 KABR 011351
CLM8D3


CLIMATE REPORT
NATIONAL WEATHER SERVICE ABERDEEN SD
846 AM CDT TUE AUG 1 2017

...................................

...THE SISSETON SD CLIMATE SUMMARY FOR THE MONTH OF JULY 2017...

CLIMATE NORMAL PERIOD 1981 TO 2010
CLIMATE RECORD PERIOD 1900 TO 2017

WEATHER         OBSERVED          NORMAL  DEPART  LAST YEAR`S
                 VALUE   DATE(S)  VALUE   FROM    VALUE  DATE(S)
                                          NORMAL
................................................................
TEMPERATURE (F)
RECORD
 HIGH             113   07/06/1936
 LOW               40   07/29/1952
                        07/13/1950
HIGHEST           101   07/17        MM      MM       94  07/04
LOWEST             47   07/14        MM      MM       41  07/01
AVG. MAXIMUM     86.5              82.9     3.6     82.6
AVG. MINIMUM     59.3              59.5    -0.2     58.9
MEAN             72.9              71.2     1.7     70.8
DAYS MAX >= 90      7               4.2     2.8        3
DAYS MAX <= 32      0               0.0     0.0        0
DAYS MIN <= 32      0               0.0     0.0        0
DAYS MIN <= 0       0               0.0     0.0        0

PRECIPITATION (INCHES)
RECORD
 MAXIMUM         8.13   1962
 MINIMUM         0.32   1975
TOTALS           0.69              3.58   -2.89     5.00
DAYS >= .01         7                MM      MM       11
DAYS >= .10         3                MM      MM        7
DAYS >= .50         0                MM      MM        2
DAYS >= 1.00        0                MM      MM        1

SNOWFALL (INCHES)
RECORDS
 TOTAL             MM   MM
 SNOW DEPTH        MM   MM
TOTALS            0.0                MM      MM      0.0
SINCE 7/1         0.0                MM      MM      0.0
SNOWDEPTH AVG.      0                MM      MM        0
DAYS >= TRACE       0                MM      MM        0
DAYS >= 1.0         0                MM      MM        0
GREATEST
 SNOW DEPTH         0   MM                             0  MM

DEGREE_DAYS
HEATING TOTAL       0                13     -13       13
 SINCE 7/1          0                13     -13       13
COOLING TOTAL     252               205      47      203
 SINCE 1/1        414               322      92      407

FREEZE DATES
RECORD
 EARLIEST     MM
 LATEST       MM
EARLIEST                        MM
LATEST                          MM
.................................................................

WIND (MPH)
AVERAGE WIND SPEED              8.3
RESULTANT WIND SPEED/DIRECTION   1/173
HIGHEST WIND SPEED/DIRECTION    39/030    DATE  07/21
HIGHEST GUST SPEED/DIRECTION    52/330    DATE  07/18

SKY COVER
POSSIBLE SUNSHINE (PERCENT)   MM
AVERAGE SKY COVER           0.00
NUMBER OF DAYS FAIR           31
NUMBER OF DAYS PC              0
NUMBER OF DAYS CLOUDY          0

AVERAGE RH (PERCENT)     70

-  INDICATES NEGATIVE NUMBERS.
R  INDICATES RECORD WAS SET OR TIED.
MM INDICATES DATA IS MISSING.
T  INDICATES TRACE AMOUNT.

$$
