000
CXUS53 KABR 011415
CLM8D3


CLIMATE REPORT
NATIONAL WEATHER SERVICE ABERDEEN SD
911 AM CDT MON JUN 1 2015

...................................

...THE SISSETON SD CLIMATE SUMMARY FOR THE MONTH OF MAY 2015...

CLIMATE NORMAL PERIOD 1981 TO 2010
CLIMATE RECORD PERIOD 1900 TO 2015

WEATHER         OBSERVED          NORMAL  DEPART  LAST YEAR`S
                 VALUE   DATE(S)  VALUE   FROM    VALUE  DATE(S)
                                          NORMAL
................................................................
TEMPERATURE (F)
RECORD
 HIGH             113   05/30/1934
 LOW               19   05/03/2005
                        05/12/1946
HIGHEST            87   05/02        MM      MM       93  05/30
LOWEST             32   05/20        MM      MM       28  05/16
                        05/19
                        05/18
AVG. MAXIMUM     66.3              69.4    -3.1     68.6
AVG. MINIMUM     43.4              45.1    -1.7     44.8
MEAN             54.8              57.3    -2.5     56.7
DAYS MAX >= 90      0               0.9    -0.9        1
DAYS MAX <= 32      0               0.0     0.0        0
DAYS MIN <= 32      4               1.3     2.7        5
DAYS MIN <= 0       0               0.0     0.0        0

PRECIPITATION (INCHES)
RECORD
 MAXIMUM         9.76   1965
 MINIMUM         0.36   1934
TOTALS           5.19              2.72    2.47     3.73
DAYS >= .01        14                MM      MM       10
DAYS >= .10        10                MM      MM        4
DAYS >= .50         3                MM      MM        2
DAYS >= 1.00        1                MM      MM        1

SNOWFALL (INCHES)
RECORDS
 TOTAL            9.0   5
 SNOW DEPTH        MM   MM
TOTALS              T                MM      MM      0.0
SINCE 7/1        28.9                MM      MM     37.8
SNOWDEPTH AVG.      0                MM      MM        0
DAYS >= TRACE       1                MM      MM        0
DAYS >= 1.0         0                MM      MM        0
GREATEST
 SNOW DEPTH         0   MM                             0  MM

DEGREE_DAYS
HEATING TOTAL     326               262      64      311
 SINCE 7/1       8031              8221    -190     9055
COOLING TOTAL      17                22      -5       61
 SINCE 1/1         17                23      -6       61

FREEZE DATES
RECORD
 EARLIEST     MM
 LATEST       MM
EARLIEST                        MM
LATEST                          MM
.................................................................

WIND (MPH)
AVERAGE WIND SPEED              12.5
RESULTANT WIND SPEED/DIRECTION   2/025
HIGHEST WIND SPEED/DIRECTION    40/310    DATE  05/17
HIGHEST GUST SPEED/DIRECTION    50/320    DATE  05/17

SKY COVER
POSSIBLE SUNSHINE (PERCENT)   MM
AVERAGE SKY COVER           0.00
NUMBER OF DAYS FAIR           31
NUMBER OF DAYS PC              0
NUMBER OF DAYS CLOUDY          0

AVERAGE RH (PERCENT)     70

WEATHER CONDITIONS. NUMBER OF DAYS WITH
THUNDERSTORM              0     MIXED PRECIP               0
HEAVY RAIN                3     RAIN                       8
LIGHT RAIN               12     FREEZING RAIN              0
LT FREEZING RAIN          0     HAIL                       0
HEAVY SNOW                0     SNOW                       0
LIGHT SNOW                1     SLEET                      0
FOG                       1     FOG W/VIS <= 1/4 MILE      0
HAZE                      0

-  INDICATES NEGATIVE NUMBERS.
R  INDICATES RECORD WAS SET OR TIED.
MM INDICATES DATA IS MISSING.
T  INDICATES TRACE AMOUNT.

$$
