000
CXUS53 KABR 011744
CLM8D3


CLIMATE REPORT
NATIONAL WEATHER SERVICE ABERDEEN SD
1227 PM CDT SAT APR 1 2017

...................................

...THE SISSETON SD CLIMATE SUMMARY FOR THE MONTH OF MARCH 2017...

CLIMATE NORMAL PERIOD 1981 TO 2010
CLIMATE RECORD PERIOD 1900 TO 2017

WEATHER         OBSERVED          NORMAL  DEPART  LAST YEAR`S
                 VALUE   DATE(S)  VALUE   FROM    VALUE  DATE(S)
                                          NORMAL
................................................................
TEMPERATURE (F)
RECORD
 HIGH              82   03/18/2012
                        03/31/1963
                        03/28/1946
 LOW              -22   03/10/1948
HIGHEST            67   03/05        MM      MM       71  03/12
LOWEST             -7   03/14        MM      MM        9  03/01
AVG. MAXIMUM     40.5              39.3     1.2     50.2
AVG. MINIMUM     19.3              20.8    -1.5     27.2
MEAN             29.9              30.0    -0.1     38.7
DAYS MAX >= 90      0               0.0     0.0        0
DAYS MAX <= 32     11               8.7     2.3        3
DAYS MIN <= 32     27              26.5     0.5       23
DAYS MIN <= 0       4               1.5     2.5        0

PRECIPITATION (INCHES)
RECORD
 MAXIMUM         5.19   1977
 MINIMUM         0.03   1959
TOTALS           0.26              1.12   -0.86     0.54
DAYS >= .01         2                MM      MM       10
DAYS >= .10         1                MM      MM        2
DAYS >= .50         0                MM      MM        0
DAYS >= 1.00        0                MM      MM        0

SNOWFALL (INCHES)
RECORDS
 TOTAL           22.5   MM
 SNOW DEPTH        MM   MM
TOTALS            3.4                MM      MM      1.9
SINCE 7/1        30.4                MM      MM     28.9
SNOWDEPTH AVG.      1                MM      MM        0
DAYS >= TRACE       3                MM      MM        4
DAYS >= 1.0         1                MM      MM        1
GREATEST
 SNOW DEPTH         3   03/16                          0  MM
                        03/15
                        03/14

DEGREE_DAYS
HEATING TOTAL    1080              1083      -3      806
 SINCE 7/1       6344              7342    -998     6107
COOLING TOTAL       0                 0       0        0
 SINCE 1/1          0                 0       0        0

FREEZE DATES
RECORD
 EARLIEST          MM
 LATEST            MM
EARLIEST                MM
LATEST                  MM
.................................................................

WIND (MPH)
AVERAGE WIND SPEED              11.6
RESULTANT WIND SPEED/DIRECTION   1/349
HIGHEST WIND SPEED/DIRECTION    49/310    DATE  03/07
HIGHEST GUST SPEED/DIRECTION    64/300    DATE  03/07

SKY COVER
POSSIBLE SUNSHINE (PERCENT)   MM
AVERAGE SKY COVER           0.00
NUMBER OF DAYS FAIR           31
NUMBER OF DAYS PC              0
NUMBER OF DAYS CLOUDY          0

AVERAGE RH (PERCENT)     74

WEATHER CONDITIONS. NUMBER OF DAYS WITH
THUNDERSTORM              0     MIXED PRECIP               0
HEAVY RAIN                0     RAIN                       0
LIGHT RAIN                1     FREEZING RAIN              0
LT FREEZING RAIN          0     HAIL                       0
HEAVY SNOW                0     SNOW                       1
LIGHT SNOW                3     SLEET                      0
FOG                       0     FOG W/VIS <= 1/4 MILE      0
HAZE                      0

-  INDICATES NEGATIVE NUMBERS.
R  INDICATES RECORD WAS SET OR TIED.
MM INDICATES DATA IS MISSING.
T  INDICATES TRACE AMOUNT.

$$
