000
CXUS53 KABR 011231
CLM8D3


CLIMATE REPORT
NATIONAL WEATHER SERVICE ABERDEEN SD
724 AM CDT FRI JUL 1 2016

...................................

...THE SISSETON SD CLIMATE SUMMARY FOR THE MONTH OF JUNE 2016...

CLIMATE NORMAL PERIOD 1981 TO 2010
CLIMATE RECORD PERIOD 1900 TO 2016

WEATHER         OBSERVED          NORMAL  DEPART  LAST YEAR`S
                 VALUE   DATE(S)  VALUE   FROM    VALUE  DATE(S)
                                          NORMAL
................................................................
TEMPERATURE (F)
RECORD
 HIGH             105   06/02/1934
 LOW               31   06/07/1901
HIGHEST            97   06/12        MM      MM       97  06/09
LOWEST             45   06/28        MM      MM       49  06/12
AVG. MAXIMUM     82.7              77.3     5.4     80.0
AVG. MINIMUM     56.1              54.8     1.3     56.7
MEAN             69.4              66.1     3.3     68.3
DAYS MAX >= 90      6               1.4     4.6        1
DAYS MAX <= 32      0               0.0     0.0        0
DAYS MIN <= 32      0               0.0     0.0        0
DAYS MIN <= 0       0               0.0     0.0        0

PRECIPITATION (INCHES)
RECORD
 MAXIMUM         9.08   1939
 MINIMUM         0.55   1974
TOTALS           1.12              3.74   -2.62     1.38
DAYS >= .01         4                MM      MM        8
DAYS >= .10         1                MM      MM        5
DAYS >= .50         1                MM      MM        0
DAYS >= 1.00        0                MM      MM        0

SNOWFALL (INCHES)
RECORDS
 TOTAL             MM   MM
 SNOW DEPTH        MM   MM
TOTALS            0.0                MM      MM      0.0
SINCE 7/1        28.9                MM      MM     28.9
SNOWDEPTH AVG.      0                MM      MM        0
DAYS >= TRACE       0                MM      MM        0
DAYS >= 1.0         0                MM      MM        0
GREATEST
 SNOW DEPTH         0   MM                             0  MM

DEGREE_DAYS
HEATING TOTAL      27                62     -35       14
 SINCE 7/1       6937              8283   -1346     8045
COOLING TOTAL     167                94      73      124
 SINCE 1/1        204               117      87      141

FREEZE DATES
RECORD
 EARLIEST     MM
 LATEST       MM
EARLIEST      10/03             MM
LATEST        05/14             MM
.................................................................

WIND (MPH)
AVERAGE WIND SPEED              11.3
RESULTANT WIND SPEED/DIRECTION   3/328
HIGHEST WIND SPEED/DIRECTION    35/240    DATE  06/19
HIGHEST GUST SPEED/DIRECTION    44/250    DATE  06/19

SKY COVER
POSSIBLE SUNSHINE (PERCENT)   MM
AVERAGE SKY COVER           0.00
NUMBER OF DAYS FAIR           30
NUMBER OF DAYS PC              0
NUMBER OF DAYS CLOUDY          0

AVERAGE RH (PERCENT)     63

-  INDICATES NEGATIVE NUMBERS.
R  INDICATES RECORD WAS SET OR TIED.
MM INDICATES DATA IS MISSING.
T  INDICATES TRACE AMOUNT.

$$
