000
CXUS53 KABR 011730
CLM8D3


CLIMATE REPORT
NATIONAL WEATHER SERVICE ABERDEEN SD
1126 AM CST WED MAR 1 2017

...................................

...THE SISSETON SD CLIMATE SUMMARY FOR THE MONTH OF FEBRUARY 2017...

CLIMATE NORMAL PERIOD 1981 TO 2010
CLIMATE RECORD PERIOD 1900 TO 2017

WEATHER         OBSERVED          NORMAL  DEPART  LAST YEAR`S
                 VALUE   DATE(S)  VALUE   FROM    VALUE  DATE(S)
                                          NORMAL
................................................................
TEMPERATURE (F)
RECORD
 HIGH              68   02/25/1958
 LOW              -33   02/09/1994
HIGHEST            60   02/21        MM      MM       63  02/27
                        02/19
LOWEST             -4   02/08        MM      MM      -12  02/13
AVG. MAXIMUM     37.8              27.5    10.3     32.5
AVG. MINIMUM     19.0               8.7    10.3     16.5
MEAN             28.4              18.1    10.3     24.5
DAYS MAX >= 90      0               0.0     0.0        0
DAYS MAX <= 32     12              17.6    -5.6       14
DAYS MIN <= 32     24              26.7    -2.7       27
DAYS MIN <= 0       3               7.9    -4.9        3

PRECIPITATION (INCHES)
RECORD
 MAXIMUM         2.03   1998
 MINIMUM            T   1934
TOTALS           0.41              0.43   -0.02     0.89
DAYS >= .01         7                MM      MM       10
DAYS >= .10         1                MM      MM        3
DAYS >= .50         0                MM      MM        0
DAYS >= 1.00        0                MM      MM        0

SNOWFALL (INCHES)
RECORDS
 TOTAL           23.7   5
 SNOW DEPTH        MM   MM
TOTALS            3.7                MM      MM      8.1
SINCE 7/1        27.0                MM      MM     27.0
SNOWDEPTH AVG.      0                MM      MM        2
DAYS >= TRACE       7                MM      MM       11
DAYS >= 1.0         1                MM      MM        2
GREATEST
 SNOW DEPTH         3   02/28                          8  02/15

DEGREE_DAYS
HEATING TOTAL    1020              1313    -293     1168
 SINCE 7/1       5264              6259    -995     5301
COOLING TOTAL       0                 0       0        0
 SINCE 1/1          0                 0       0        0

FREEZE DATES
RECORD
 EARLIEST     MM
 LATEST       MM
EARLIEST                        MM
LATEST                          MM
.................................................................

WIND (MPH)
AVERAGE WIND SPEED              12.5
RESULTANT WIND SPEED/DIRECTION   6/325
HIGHEST WIND SPEED/DIRECTION    35/340    DATE  02/12
HIGHEST GUST SPEED/DIRECTION    42/330    DATE  02/12

SKY COVER
POSSIBLE SUNSHINE (PERCENT)   MM
AVERAGE SKY COVER           0.00
NUMBER OF DAYS FAIR           28
NUMBER OF DAYS PC              0
NUMBER OF DAYS CLOUDY          0

AVERAGE RH (PERCENT)     77

WEATHER CONDITIONS. NUMBER OF DAYS WITH
THUNDERSTORM              0     MIXED PRECIP               0
HEAVY RAIN                0     RAIN                       0
LIGHT RAIN                1     FREEZING RAIN              0
LT FREEZING RAIN          0     HAIL                       0
HEAVY SNOW                0     SNOW                       0
LIGHT SNOW                5     SLEET                      0
FOG                       0     FOG W/VIS <= 1/4 MILE      0
HAZE                      0

-  INDICATES NEGATIVE NUMBERS.
R  INDICATES RECORD WAS SET OR TIED.
MM INDICATES DATA IS MISSING.
T  INDICATES TRACE AMOUNT.

$$
