000
CXUS53 KABR 011410
CLM8D3


CLIMATE REPORT
NATIONAL WEATHER SERVICE ABERDEEN SD
905 AM CDT SAT NOV 1 2014

...................................

...THE SISSETON SD CLIMATE SUMMARY FOR THE MONTH OF OCTOBER 2014...

CLIMATE NORMAL PERIOD 1981 TO 2010
CLIMATE RECORD PERIOD 1900 TO 2014

WEATHER         OBSERVED          NORMAL  DEPART  LAST YEAR`S
                 VALUE   DATE(S)  VALUE   FROM    VALUE  DATE(S)
                                          NORMAL
................................................................
TEMPERATURE (F)
RECORD
 HIGH              95   10/10/1955
 LOW                4   10/26/1936
HIGHEST            77   10/24        MM      MM       78  10/10
LOWEST             16   10/31        MM      MM       21  10/21
AVG. MAXIMUM     60.9              57.2     3.7     53.4
AVG. MINIMUM     36.0              35.5     0.5     35.1
MEAN             48.5              46.3     2.2     44.2
DAYS MAX >= 90      0               0.0     0.0        0
DAYS MAX <= 32      0               0.4    -0.4        0
DAYS MIN <= 32      9              11.1    -2.1       15
DAYS MIN <= 0       0               0.0     0.0        0

PRECIPITATION (INCHES)
RECORD
 MAXIMUM         7.95   1998
 MINIMUM            T   1933
TOTALS           0.35              2.08   -1.73     6.05
DAYS >= .01         6                MM      MM       14
DAYS >= .10         1                MM      MM       10
DAYS >= .50         0                MM      MM        4
DAYS >= 1.00        0                MM      MM        2

SNOWFALL (INCHES)
RECORDS
 TOTAL            6.0   5
 SNOW DEPTH        MM   MM
TOTALS            0.0                MM      MM      1.0
SINCE 7/1         0.0                MM      MM      1.0
SNOWDEPTH AVG.      0                MM      MM        0
DAYS >= TRACE       0                MM      MM        2
DAYS >= 1.0         0                MM      MM        1
GREATEST
 SNOW DEPTH         0   MM                             1  10/29

DEGREE_DAYS
HEATING TOTAL     505               582     -77      632
 SINCE 7/1        708               827    -119      778
COOLING TOTAL       0                 4      -4        0
 SINCE 1/1        442               527     -85      625

FREEZE DATES
RECORD
 EARLIEST     MM
 LATEST       MM
EARLIEST                        MM
LATEST                          MM
.................................................................

WIND (MPH)
AVERAGE WIND SPEED              11.6
RESULTANT WIND SPEED/DIRECTION   6/310
HIGHEST WIND SPEED/DIRECTION    39/350    DATE  10/03
HIGHEST GUST SPEED/DIRECTION    51/360    DATE  10/03

SKY COVER
POSSIBLE SUNSHINE (PERCENT)   MM
AVERAGE SKY COVER           0.00
NUMBER OF DAYS FAIR           31
NUMBER OF DAYS PC              0
NUMBER OF DAYS CLOUDY          0

AVERAGE RH (PERCENT)     65

WEATHER CONDITIONS. NUMBER OF DAYS WITH
THUNDERSTORM              0     MIXED PRECIP               0
HEAVY RAIN                0     RAIN                       1
LIGHT RAIN                6     FREEZING RAIN              0
LT FREEZING RAIN          0     HAIL                       0
HEAVY SNOW                0     SNOW                       0
LIGHT SNOW                0     SLEET                      0
FOG                       0     FOG W/VIS <= 1/4 MILE      0
HAZE                      0

-  INDICATES NEGATIVE NUMBERS.
R  INDICATES RECORD WAS SET OR TIED.
MM INDICATES DATA IS MISSING.
T  INDICATES TRACE AMOUNT.

$$
