000
CXUS52 KTAE 102042
CLMAAF

CLIMATE REPORT
NATIONAL WEATHER SERVICE TALLAHASSEE FL
734 AM EST WED MAR 1 2017

...................................

...THE APALACHICOLA CLIMATE SUMMARY FOR THE MONTH OF FEBRUARY 2017...

CLIMATE NORMAL PERIOD 1981 TO 2010
CLIMATE RECORD PERIOD 1931 TO 2017

WEATHER         OBSERVED                   LAST YEAR`S
                 VALUE   DATE(S)           VALUE  DATE(S)

.........................................................
TEMPERATURE (F)
HIGHEST            82R  02/25                  74  02/12
                        02/23
LOWEST             38   02/17                  32  02/10
AVG. MAXIMUM     73.0                        64.9
AVG. MINIMUM     52.0                        44.9
MEAN             62.5                        54.9
DAYS MAX >= 90      0                           0
DAYS MAX <= 32      0                           0
DAYS MIN <= 32      0                           1
DAYS MIN <= 0       0                           0

PRECIPITATION (INCHES)
TOTALS           4.37                        2.97
DAILY AVG.       0.16                        0.10
DAYS >= .01         6                           5
DAYS >= .10         4                           4
DAYS >= .50         3                           3
DAYS >= 1.00        3                           1
GREATEST
 24 HR. TOTAL    2.26   02/21 TO 02/22       1.40

DEGREE_DAYS
HEATING TOTAL      96                         290
 SINCE 7/1        542                         820
COOLING TOTAL      32                           5
 SINCE 1/1         69                           5
..........................................................

WIND (MPH)
AVERAGE WIND SPEED              7.2
HIGHEST WIND SPEED/DIRECTION    31/220    DATE  02/15
HIGHEST GUST SPEED/DIRECTION    39/230    DATE  02/15

SKY COVER
AVERAGE SKY COVER           0.30

AVERAGE RH (PERCENT)     78

WEATHER CONDITIONS. NUMBER OF DAYS WITH
THUNDERSTORM              0     MIXED PRECIP               0
HEAVY RAIN                4     RAIN                       4
LIGHT RAIN                6     FREEZING RAIN              0
LT FREEZING RAIN          0     HAIL                       0
HEAVY SNOW                0     SNOW                       0
LIGHT SNOW                0     SLEET                      0
FOG                      13     FOG W/VIS <= 1/4 MILE      4
HAZE                      2

-  INDICATES NEGATIVE NUMBERS.
R  INDICATES RECORD WAS SET OR TIED.
MM INDICATES DATA IS MISSING.
T  INDICATES TRACE AMOUNT.

$$
