000
CXUS52 KTAE 011450
CLMAAF

CLIMATE REPORT
NATIONAL WEATHER SERVICE TALLAHASSEE FL
947 AM EST MON FEB 1 2016

...................................

...THE APALACHICOLA CLIMATE SUMMARY FOR THE MONTH OF JANUARY 2016...

CLIMATE NORMAL PERIOD 1981 TO 2010
CLIMATE RECORD PERIOD 1931 TO 2016

WEATHER         OBSERVED                   LAST YEAR`S
                 VALUE   DATE(S)           VALUE  DATE(S)

.........................................................
TEMPERATURE (F)
HIGHEST            73   01/16                  73  01/18
                                                   01/04
                                                   01/03
LOWEST             28   01/24                  27  01/08
AVG. MAXIMUM     61.7                        65.8
AVG. MINIMUM     43.1                        46.0
MEAN             52.4                        55.9
DAYS MAX >= 90      0                           0
DAYS MAX <= 32      0                           0
DAYS MIN <= 32      4                           2
DAYS MIN <= 0       0                           0

PRECIPITATION (INCHES)
TOTALS           3.99                        4.93
DAILY AVG.       0.13                        0.16
DAYS >= .01        10                           4
DAYS >= .10         8                           3
DAYS >= .50         3                           2
DAYS >= 1.00        1                           2
GREATEST
 24 HR. TOTAL    1.19   01/22 TO 01/22       3.14
                        01/21 TO 01/22
                        01/22 TO 01/22

DEGREE_DAYS
HEATING TOTAL     383                         274
 SINCE 7/1        530                         689
COOLING TOTAL       0                          10
 SINCE 1/1          0                          10
..........................................................

WIND (MPH)
AVERAGE WIND SPEED              8.5
HIGHEST WIND SPEED/DIRECTION    38/250    DATE  01/15
HIGHEST GUST SPEED/DIRECTION    55/250    DATE  01/15

SKY COVER
AVERAGE SKY COVER           0.30

AVERAGE RH (PERCENT)     75

WEATHER CONDITIONS. NUMBER OF DAYS WITH
THUNDERSTORM              4     MIXED PRECIP               0
HEAVY RAIN                5     RAIN                       6
LIGHT RAIN               11     FREEZING RAIN              0
LT FREEZING RAIN          0     HAIL                       0
HEAVY SNOW                0     SNOW                       0
LIGHT SNOW                0     SLEET                      0
FOG                      12     FOG W/VIS <= 1/4 MILE      3
HAZE                      7

-  INDICATES NEGATIVE NUMBERS.
R  INDICATES RECORD WAS SET OR TIED.
MM INDICATES DATA IS MISSING.
T  INDICATES TRACE AMOUNT.

$$
