000
CXUS52 KTAE 011242
CLMAAF

MIACLMAAF 000
TTAA00 KTAE 011240


CLIMATE REPORT
NATIONAL WEATHER SERVICE TALLAHASSEE FL
738 AM EST MON DEC 1 2014

...................................

...THE APALACHICOLA CLIMATE SUMMARY FOR THE MONTH OF NOVEMBER 2014...

CLIMATE NORMAL PERIOD 1981 TO 2010
CLIMATE RECORD PERIOD 1931 TO 2014

WEATHER         OBSERVED                   LAST YEAR`S
                 VALUE   DATE(S)           VALUE  DATE(S)

.........................................................
TEMPERATURE (F)
HIGHEST            81   11/06                  82  11/01
LOWEST             30   11/20                  34  11/28
AVG. MAXIMUM     69.3                        72.3
AVG. MINIMUM     45.5                        53.4
MEAN             57.4                        62.8
DAYS MAX >= 90      0                           0
DAYS MAX <= 32      0                           0
DAYS MIN <= 32      2                           0
DAYS MIN <= 0       0                           0

PRECIPITATION (INCHES)
TOTALS           5.16                        5.14
DAILY AVG.       0.17                        0.17
DAYS >= .01         6                           7
DAYS >= .10         6                           6
DAYS >= .50         5                           2
DAYS >= 1.00        4                           1
GREATEST
 24 HR. TOTAL    1.85   11/22 TO 11/23       3.66

DEGREE_DAYS
HEATING TOTAL     239                         119
 SINCE 7/1        242                         133
COOLING TOTAL      19                          60
 SINCE 1/1       2676                        2720
..........................................................

WIND (MPH)
AVERAGE WIND SPEED              7.2
HIGHEST WIND SPEED/DIRECTION    29/350    DATE  11/01
HIGHEST GUST SPEED/DIRECTION    38/350    DATE  11/01

SKY COVER
AVERAGE SKY COVER           0.20

AVERAGE RH (PERCENT)     66

WEATHER CONDITIONS. NUMBER OF DAYS WITH
THUNDERSTORM              0     MIXED PRECIP               0
HEAVY RAIN                5     RAIN                       6
LIGHT RAIN                6     FREEZING RAIN              0
LT FREEZING RAIN          0     HAIL                       0
HEAVY SNOW                0     SNOW                       0
LIGHT SNOW                0     SLEET                      0
FOG                      10     FOG W/VIS <= 1/4 MILE      1
HAZE                      8

-  INDICATES NEGATIVE NUMBERS.
R  INDICATES RECORD WAS SET OR TIED.
MM INDICATES DATA IS MISSING.
T  INDICATES TRACE AMOUNT.

$$
