000
CXUS52 KTAE 011929
CLMAAF

CLIMATE REPORT
NATIONAL WEATHER SERVICE TALLAHASSEE FL
329 PM EDT SAT AUG 1 2015

...................................

...THE APALACHICOLA CLIMATE SUMMARY FOR THE MONTH OF JULY 2015...

CLIMATE NORMAL PERIOD 1981 TO 2010
CLIMATE RECORD PERIOD 1931 TO 2015

WEATHER         OBSERVED                   LAST YEAR`S
                 VALUE   DATE(S)           VALUE  DATE(S)

.........................................................
TEMPERATURE (F)
HIGHEST           100   07/29                  94  07/02
                                                   07/01
LOWEST             73   07/09                  63  07/31
AVG. MAXIMUM     93.6                        89.5
AVG. MINIMUM     77.3                        73.6
MEAN             85.4                        81.5
DAYS MAX >= 90     30                          15
DAYS MAX <= 32      0                           0
DAYS MIN <= 32      0                           0
DAYS MIN <= 0       0                           0

PRECIPITATION (INCHES)
TOTALS           5.33                        4.61
DAILY AVG.       0.17                        0.15
DAYS >= .01        12                          11
DAYS >= .10         9                           7
DAYS >= .50         4                           4
DAYS >= 1.00        1                           1
GREATEST
 24 HR. TOTAL    2.44   07/16 TO 07/16       2.37

DEGREE_DAYS
HEATING TOTAL       0                           0
 SINCE 7/1          0                           0
COOLING TOTAL     641                         522
 SINCE 1/1       2093                        1409
..........................................................

WIND (MPH)
AVERAGE WIND SPEED              6.5
HIGHEST WIND SPEED/DIRECTION    40/260    DATE  07/02
HIGHEST GUST SPEED/DIRECTION    51/300    DATE  07/05

SKY COVER
AVERAGE SKY COVER           0.10

AVERAGE RH (PERCENT)     73

WEATHER CONDITIONS. NUMBER OF DAYS WITH
THUNDERSTORM              0     MIXED PRECIP               0
HEAVY RAIN                7     RAIN                       8
LIGHT RAIN               16     FREEZING RAIN              0
LT FREEZING RAIN          0     HAIL                       0
HEAVY SNOW                0     SNOW                       0
LIGHT SNOW                0     SLEET                      0
FOG                      13     FOG W/VIS <= 1/4 MILE      0
HAZE                      3

-  INDICATES NEGATIVE NUMBERS.
R  INDICATES RECORD WAS SET OR TIED.
MM INDICATES DATA IS MISSING.
T  INDICATES TRACE AMOUNT.

$$
