000
CXUS51 KPHI 010833
CLMABE


CLIMATE REPORT
NATIONAL WEATHER SERVICE MOUNT HOLLY NJ
432 AM EDT WED NOV 1 2017

...................................

...THE ALLENTOWN CLIMATE SUMMARY FOR THE MONTH OF OCTOBER 2017...

CLIMATE NORMAL PERIOD 1981 TO 2010
CLIMATE RECORD PERIOD 1922 TO 2017

WEATHER         OBSERVED          NORMAL  DEPART  LAST YEAR`S
                 VALUE   DATE(S)  VALUE   FROM    VALUE  DATE(S)
                                          NORMAL
................................................................
TEMPERATURE (F)
RECORD
 HIGH              93   10/05/1914
 LOW               19   10/27/1921
HIGHEST            83                80       3       85
LOWEST             34                28       6       27
AVG. MAXIMUM     71.2              63.6     7.6     67.4
AVG. MINIMUM     48.9              41.3     7.6     44.1
MEAN             60.1              52.5     7.6     55.8
DAYS MAX >= 90      0               0.0     0.0        0
DAYS MAX <= 32      0               0.0     0.0        0
DAYS MIN <= 32      0               4.2    -4.2        2
DAYS MIN <= 0       0               0.0     0.0        0

PRECIPITATION (INCHES)
RECORD
 MAXIMUM        13.16   2005
 MINIMUM         0.15   1963
TOTALS           3.81              3.88   -0.07     1.23
DAILY AVG.       0.12              0.13   -0.01     0.04
DAYS >= .01        12               9.1     2.9       11
DAYS >= .10         8               5.9     2.1        3
DAYS >= .50         2               2.4    -0.4        1
DAYS >= 1.00        1               1.1    -0.1        0
GREATEST
 24 HR. TOTAL    1.87   10/29 TO 10/30              1.61

SNOWFALL (INCHES)
RECORDS
 TOTAL             MM   5
 24 HR TOTAL       MM
TOTALS            0.0               0.0     0.0      0.0
SINCE 7/1         0.0               0.0     0.0      0.0
SNOWDEPTH AVG.      0                MM      MM        0
DAYS >= 1.0         0               0.0     0.0        0
GREATEST
 SNOW DEPTH         0   MM                             0  MM
 24 HR TOTAL      0.0   10/31 TO 10/31               0.0

DEGREE_DAYS
HEATING TOTAL     196               396    -200      296
 SINCE 7/1        256               511    -255      338
COOLING TOTAL      52                 7      45       15
 SINCE 1/1       1004               757     247     1223
.................................................................

WIND (MPH)
AVERAGE WIND SPEED              6.5
HIGHEST WIND SPEED/DIRECTION    29/270    DATE  10/30
HIGHEST GUST SPEED/DIRECTION    41/280    DATE  10/30

SKY COVER
POSSIBLE SUNSHINE (PERCENT)   MM
AVERAGE SKY COVER           0.40
NUMBER OF DAYS FAIR           18
NUMBER OF DAYS PC              6
NUMBER OF DAYS CLOUDY          7

AVERAGE RH (PERCENT)     68

WEATHER CONDITIONS. NUMBER OF DAYS WITH
THUNDERSTORM              0     MIXED PRECIP               0
HEAVY RAIN                4     RAIN                       6
LIGHT RAIN               14     FREEZING RAIN              0
LT FREEZING RAIN          0     HEAVY SNOW                 0
SNOW                      0     LIGHT SNOW                 0
SLEET                     0     FOG                       17
FOG W/VIS <= 1/4 MILE     1     HAZE                       2

-  INDICATES NEGATIVE NUMBERS.
R  INDICATES RECORD WAS SET OR TIED.
MM INDICATES DATA IS MISSING.
T  INDICATES TRACE AMOUNT.

$$
