000
CXUS51 KPHI 031235 CCA
CLMABE

CLIMATE REPORT
NATIONAL WEATHER SERVICE MOUNT HOLLY NJ
723 AM EST TUE MAR 3 2015

...................................

...THE ALLENTOWN CLIMATE SUMMARY FOR THE MONTH OF FEBRUARY 2015...

CLIMATE NORMAL PERIOD 1981 TO 2010
CLIMATE RECORD PERIOD 1922 TO 2015

WEATHER         OBSERVED          NORMAL  DEPART  LAST YEAR`S
                 VALUE   DATE(S)  VALUE   FROM    VALUE  DATE(S)
                                          NORMAL
................................................................
TEMPERATURE (F)
RECORD
 HIGH              76   02/24/1985
 LOW              -12   02/09/1934
HIGHEST            43                58     -15       49
LOWEST             -8                 4     -12       -4
AVG. MAXIMUM     29.2              39.8   -10.6     34.5
AVG. MINIMUM      8.6              21.7   -13.1     15.8
MEAN             18.9              30.7   -11.8     25.1
DAYS MAX >= 90      0               0.0     0.0        0
DAYS MAX <= 32     16               5.6    10.4       13
DAYS MIN <= 32     28              24.4     3.6       27
DAYS MIN <= 0       5               0.2     4.8        2

PRECIPITATION (INCHES)
RECORD
 MAXIMUM         7.62   2008
 MINIMUM         0.55   2002
TOTALS           1.83              2.70   -0.87     4.45
DAILY AVG.       0.07              0.10   -0.03     0.16
DAYS >= .01         9               9.8    -0.8       10
DAYS >= .10         6               5.4     0.6        8
DAYS >= .50         1               1.7    -0.7        3
DAYS >= 1.00        0               0.4    -0.4        2
GREATEST
 24 HR. TOTAL    0.91   02/01 TO 02/02              1.30

SNOWFALL (INCHES)
RECORDS
 TOTAL             MM   5
 24 HR TOTAL       MM
TOTALS           13.2              11.1     2.1     36.5
SINCE 7/1        32.3              27.0     5.3     66.7
SNOWDEPTH AVG.      5                 4       1       11
DAYS >= 1.0         6               2.4     3.6        7
GREATEST
 SNOW DEPTH         8   02/22                         24  02/14
 24 HR TOTAL      2.8   MM                          17.8

DEGREE_DAYS
HEATING TOTAL    1284               959     325     1109
 SINCE 7/1       4481              4309     172     4598
COOLING TOTAL       0                 0       0        0
 SINCE 1/1          0                 0       0        0
.................................................................

WIND (MPH)
AVERAGE WIND SPEED              7.4
HIGHEST WIND SPEED/DIRECTION    35/330    DATE  02/02
HIGHEST GUST SPEED/DIRECTION    46/300    DATE  02/15

SKY COVER
POSSIBLE SUNSHINE (PERCENT)   MM
AVERAGE SKY COVER           0.40
NUMBER OF DAYS FAIR           10
NUMBER OF DAYS PC             14
NUMBER OF DAYS CLOUDY          4

AVERAGE RH (PERCENT)     60

WEATHER CONDITIONS. NUMBER OF DAYS WITH
THUNDERSTORM              0     MIXED PRECIP               0
HEAVY RAIN                0     RAIN                       1
LIGHT RAIN                2     FREEZING RAIN              2
LT FREEZING RAIN          2     HEAVY SNOW                 2
SNOW                      4     LIGHT SNOW                15
SLEET                     0     FOG                       10
FOG W/VIS <= 1/4 MILE     1     HAZE                      10

-  INDICATES NEGATIVE NUMBERS.
R  INDICATES RECORD WAS SET OR TIED.
MM INDICATES DATA IS MISSING.
T  INDICATES TRACE AMOUNT.

$$
