000
CXUS54 KSJT 011456
CLMABI


CLIMATE REPORT
NATIONAL WEATHER SERVICE SAN ANGELO TX
947 AM CDT SUN MAY 1 2016

...................................

...THE ABILENE CLIMATE SUMMARY FOR THE MONTH OF APRIL 2016...

CLIMATE NORMAL PERIOD 1981 TO 2010
CLIMATE RECORD PERIOD 1886 TO 2016

WEATHER         OBSERVED          NORMAL  DEPART  LAST YEAR`S
                 VALUE   DATE(S)  VALUE   FROM    VALUE  DATE(S)
                                          NORMAL
................................................................
TEMPERATURE (F)
RECORD
 HIGH             104   04/25/2012
 LOW               25   04/09/1973
                        04/05/1886
HIGHEST            88   04/25        MM      MM       93  04/02
LOWEST             36   04/02        MM      MM       40  04/29
AVG. MAXIMUM     75.4              77.3    -1.9     78.0
AVG. MINIMUM     52.9              51.9     1.0     55.3
MEAN             64.2              64.6    -0.4     66.7
DAYS MAX >= 90      0               2.1    -2.1        2
DAYS MAX <= 32      0               0.0     0.0        0
DAYS MIN <= 32      0               0.3    -0.3        0
DAYS MIN <= 0       0               0.0     0.0        0

PRECIPITATION (INCHES)
RECORD
 MAXIMUM         9.80   1890
 MINIMUM         0.00   2012
TOTALS           6.24              1.64    4.60     2.18
DAILY AVG.       0.21              0.05    0.16     0.07
DAYS >= .01        11               5.0     6.0        8
DAYS >= .10        10               3.1     6.9        5
DAYS >= .50         4               1.1     2.9        2
DAYS >= 1.00        1               0.5     0.5        0
GREATEST
 24 HR. TOTAL    2.82   04/16 TO 04/17

SNOWFALL (INCHES)
RECORDS
 TOTAL            9.3   1996
                        0
                        0
TOTALS              T               0.3    -0.3      0.0
SINCE 7/1         5.1               4.7     0.4      3.7
SNOWDEPTH AVG.      0                MM      MM        0
DAYS >= 1.0         0               0.0     0.0        0
GREATEST
 SNOW DEPTH         0                                  0
 24 HR TOTAL        T   04/26

DEGREE_DAYS
HEATING TOTAL      80               111     -31       63
 SINCE 7/1       2021              2542    -521     2466
COOLING TOTAL      63                99     -36      120
 SINCE 1/1         95               133     -38      171
.................................................................

WIND (MPH)
AVERAGE WIND SPEED              11.5
HIGHEST WIND SPEED/DIRECTION    45/260    DATE  04/26
HIGHEST GUST SPEED/DIRECTION    63/260    DATE  04/26

SKY COVER
AVERAGE SKY COVER           0.30

AVERAGE RH (PERCENT)     64

WEATHER CONDITIONS. NUMBER OF DAYS WITH
THUNDERSTORM              5     MIXED PRECIP               0
HEAVY RAIN                6     RAIN                       8
LIGHT RAIN               14     FREEZING RAIN              0
LT FREEZING RAIN          0     HAIL                       1
HEAVY SNOW                0     SNOW                       0
LIGHT SNOW                0     SLEET                      0
FOG                      14     FOG W/VIS <= 1/4 MILE      1
HAZE                      2

-  INDICATES NEGATIVE NUMBERS.
R  INDICATES RECORD WAS SET OR TIED.
MM INDICATES DATA IS MISSING.
T  INDICATES TRACE AMOUNT.

$$
