926
CXUS54 KSJT 111607
CLMABI


CLIMATE REPORT
NATIONAL WEATHER SERVICE SAN ANGELO TX
1102 AM CDT FRI AUG 11 2017

...................................

...THE ABILENE CLIMATE SUMMARY FOR THE MONTH OF JULY 2017...

CLIMATE NORMAL PERIOD 1981 TO 2010
CLIMATE RECORD PERIOD 1886 TO 2017

WEATHER         OBSERVED          NORMAL  DEPART  LAST YEAR`S
                 VALUE   DATE(S)  VALUE   FROM    VALUE  DATE(S)
                                          NORMAL
................................................................
TEMPERATURE (F)
RECORD
 HIGH             110   07/17/1978
                        07/18/1886
 LOW               54   07/31/1911
HIGHEST           103   07/29        MM      MM      102  07/13
                                                          07/04
LOWEST             63   07/01        MM      MM       68  07/16
AVG. MAXIMUM     95.9              94.2     1.7     98.1
AVG. MINIMUM     71.6              72.0    -0.4     75.1
MEAN             83.8              83.1     0.7     86.6
DAYS MAX >= 90     31              25.1     5.9       31
DAYS MAX <= 32      0               0.0     0.0        0
DAYS MIN <= 32      0               0.0     0.0        0
DAYS MIN <= 0       0               0.0     0.0        0

PRECIPITATION (INCHES)
RECORD
 MAXIMUM         8.30   2015
 MINIMUM            T   2011
                        1970
                        1946
TOTALS           1.05              1.87   -0.82     0.64
DAILY AVG.       0.03              0.06   -0.03     0.02
DAYS >= .01         5               5.1    -0.1        7
DAYS >= .10         1               3.3    -2.3        3
DAYS >= .50         1               1.0     0.0        0
DAYS >= 1.00        0               0.4    -0.4        0
GREATEST
 24 HR. TOTAL    0.99   07/01 TO 07/01

SNOWFALL (INCHES)
RECORDS
 TOTAL            0.0
TOTALS            0.0               0.0     0.0      0.0
SINCE 7/1         0.0               0.0     0.0      0.0
SNOWDEPTH AVG.      0                MM      MM        0
DAYS >= 1.0         0               0.0     0.0        0
GREATEST
 SNOW DEPTH         0   MM                             0  MM
 24 HR TOTAL      0.0

DEGREE_DAYS
HEATING TOTAL       0                 0       0        0
 SINCE 7/1          0                 0       0        0
COOLING TOTAL     589               561      28      678
 SINCE 1/1       1454              1393      61     1440
.................................................................

WIND (MPH)
AVERAGE WIND SPEED              9.2
HIGHEST WIND SPEED/DIRECTION    46/320    DATE  07/01
HIGHEST GUST SPEED/DIRECTION    60/320    DATE  07/01

SKY COVER
AVERAGE SKY COVER           0.10

AVERAGE RH (PERCENT)     59

WEATHER CONDITIONS. NUMBER OF DAYS WITH
THUNDERSTORM              9     MIXED PRECIP               0
HEAVY RAIN                1     RAIN                       0
LIGHT RAIN               10     FREEZING RAIN              0
LT FREEZING RAIN          0     HAIL                       0
HEAVY SNOW                0     SNOW                       0
LIGHT SNOW                0     SLEET                      0
FOG                       1     FOG W/VIS <= 1/4 MILE      0
HAZE                      2

-  INDICATES NEGATIVE NUMBERS.
R  INDICATES RECORD WAS SET OR TIED.
MM INDICATES DATA IS MISSING.
T  INDICATES TRACE AMOUNT.

$$
