000
CXUS54 KSJT 021152 CCA
CLMABI

CLIMATE REPORT
NATIONAL WEATHER SERVICE SAN ANGELO TX
552 AM CST MON MAR 2 2015

...................................

...THE ABILENE CLIMATE SUMMARY FOR THE MONTH OF FEBRUARY 2015...

CLIMATE NORMAL PERIOD 1981 TO 2010
CLIMATE RECORD PERIOD 1886 TO 2015

WEATHER         OBSERVED          NORMAL  DEPART  LAST YEAR`S
                 VALUE   DATE(S)  VALUE   FROM    VALUE  DATE(S)
                                          NORMAL
................................................................
TEMPERATURE (F)
RECORD
 HIGH              94   02/25/1904
 LOW               -7   02/02/1985
HIGHEST            83   02/10        MM      MM       86  02/19
LOWEST             19   02/27        MM      MM       11  02/06
AVG. MAXIMUM     58.1              60.5    -2.4     57.5
AVG. MINIMUM     33.5              36.7    -3.2     31.9
MEAN             45.8              48.6    -2.8     44.7
DAYS MAX >= 90      0               0.1    -0.1        0
DAYS MAX <= 32      3               0.7     2.3        2
DAYS MIN <= 32     13               8.3     4.7       14
DAYS MIN <= 0       0               0.0     0.0        0

PRECIPITATION (INCHES)
RECORD
 MAXIMUM         4.07   1903
 MINIMUM         0.00   1999
                        1909
                        1907
TOTALS           1.74              1.36    0.38     0.49
DAILY AVG.       0.06              0.05    0.01     0.02
DAYS >= .01         6               5.4     0.6        5
DAYS >= .10         4               2.9     1.1        1
DAYS >= .50         1               0.9     0.1        0
DAYS >= 1.00        1               0.2     0.8        0
GREATEST
 24 HR. TOTAL    1.24   02/22 TO 02/23

SNOWFALL (INCHES)
RECORDS
 TOTAL           10.8   1904
TOTALS            3.0               0.8     2.2      1.8
SINCE 7/1         3.1               4.1    -1.0      3.1
SNOWDEPTH AVG.      0                MM      MM        0
DAYS >= 1.0         2               0.3     1.7        1
GREATEST
 SNOW DEPTH         1   02/27                          2  02/07
 24 HR TOTAL      1.7   02/27

DEGREE_DAYS
HEATING TOTAL     531               464      67      565
 SINCE 7/1       2077              2133     -56     2362
COOLING TOTAL       4                 4       0        5
 SINCE 1/1          4                 5      -1        5
.................................................................

WIND (MPH)
AVERAGE WIND SPEED              11.1
HIGHEST WIND SPEED/DIRECTION    35/010    DATE  02/04
HIGHEST GUST SPEED/DIRECTION    42/350    DATE  02/04

SKY COVER
AVERAGE SKY COVER           0.40

AVERAGE RH (PERCENT)     63

WEATHER CONDITIONS. NUMBER OF DAYS WITH
THUNDERSTORM              0     MIXED PRECIP               0
HEAVY RAIN                1     RAIN                       2
LIGHT RAIN                3     FREEZING RAIN              0
LT FREEZING RAIN          4     HAIL                       0
HEAVY SNOW                0     SNOW                       1
LIGHT SNOW                7     SLEET                      2
FOG                      11     FOG W/VIS <= 1/4 MILE      0
HAZE                      1

$$
