000
CXUS54 KSJT 011635
CLMABI


CLIMATE REPORT
NATIONAL WEATHER SERVICE SAN ANGELO TX
1130 AM CDT THU SEP 1 2016

...................................

...THE ABILENE CLIMATE SUMMARY FOR THE MONTH OF AUGUST 2016...

CLIMATE NORMAL PERIOD 1981 TO 2010
CLIMATE RECORD PERIOD 1886 TO 2016

WEATHER         OBSERVED          NORMAL  DEPART  LAST YEAR`S
                 VALUE   DATE(S)  VALUE   FROM    VALUE  DATE(S)
                                          NORMAL
................................................................
TEMPERATURE (F)
RECORD
 HIGH             111   08/03/1943
 LOW               50   08/28/1992
HIGHEST           103   08/11        MM      MM      104  08/09
LOWEST             63   08/16        MM      MM       60  08/19
AVG. MAXIMUM     93.3              94.0    -0.7     97.6
AVG. MINIMUM     72.3              71.6     0.7     72.2
MEAN             82.8              82.8     0.0     84.9
DAYS MAX >= 90     21              24.3    -3.3       29
DAYS MAX <= 32      0               0.0     0.0        0
DAYS MIN <= 32      0               0.0     0.0        0
DAYS MIN <= 0       0               0.0     0.0        0

PRECIPITATION (INCHES)
RECORD
 MAXIMUM        15.70   1914
 MINIMUM         0.00   2000
TOTALS           5.54              2.59    2.95     0.62
DAILY AVG.       0.18              0.08    0.10     0.02
DAYS >= .01        10               5.9     4.1        4
DAYS >= .10         8               3.8     4.2        2
DAYS >= .50         3               1.7     1.3        0
DAYS >= 1.00        1               0.6     0.4        0
GREATEST
 24 HR. TOTAL    2.54   08/20 TO 08/20
                        08/19 TO 08/20
                        08/20 TO 08/20

SNOWFALL (INCHES)
RECORDS
 TOTAL
TOTALS            0.0               0.0     0.0      0.0
SINCE 7/1         0.0               0.0     0.0      0.0
SNOWDEPTH AVG.      0                MM      MM        0
DAYS >= 1.0         0               0.0     0.0        0
GREATEST
 SNOW DEPTH         0   MM                             0  MM
 24 HR TOTAL      0.0   08/31 TO 08/31

DEGREE_DAYS
HEATING TOTAL       0                 0       0        0
 SINCE 7/1          0                 0       0        0
COOLING TOTAL     559               552       7      624
 SINCE 1/1       1999              1945      54     2085
.................................................................

WIND (MPH)
AVERAGE WIND SPEED              9.2
HIGHEST WIND SPEED/DIRECTION    31/080    DATE  08/28
HIGHEST GUST SPEED/DIRECTION    41/240    DATE  08/22

SKY COVER
AVERAGE SKY COVER           0.20

AVERAGE RH (PERCENT)     61

WEATHER CONDITIONS. NUMBER OF DAYS WITH
THUNDERSTORM              6     MIXED PRECIP               0
HEAVY RAIN                5     RAIN                       6
LIGHT RAIN               12     FREEZING RAIN              0
LT FREEZING RAIN          0     HAIL                       0
HEAVY SNOW                0     SNOW                       0
LIGHT SNOW                0     SLEET                      0
FOG                       9     FOG W/VIS <= 1/4 MILE      0
HAZE                      2

-  INDICATES NEGATIVE NUMBERS.
R  INDICATES RECORD WAS SET OR TIED.
MM INDICATES DATA IS MISSING.
T  INDICATES TRACE AMOUNT.

$$
