621
CXUS54 KSJT 011701
CLMABI


CLIMATE REPORT
NATIONAL WEATHER SERVICE SAN ANGELO TX
1053 AM CST SUN JAN 1 2017

...................................

...THE ABILENE CLIMATE SUMMARY FOR THE MONTH OF DECEMBER 2016...

CLIMATE NORMAL PERIOD 1981 TO 2010
CLIMATE RECORD PERIOD 1886 TO 2016

WEATHER         OBSERVED          NORMAL  DEPART  LAST YEAR`S
                 VALUE   DATE(S)  VALUE   FROM    VALUE  DATE(S)
                                          NORMAL
................................................................
TEMPERATURE (F)
RECORD
 HIGH              89   12/24/1955
                        12/04/1954
 LOW               -7   12/23/1989
HIGHEST            78   12/28        MM      MM       83  12/11
LOWEST             10   12/18        MM      MM       22  12/18
AVG. MAXIMUM     57.4              56.9     0.5     62.0
AVG. MINIMUM     35.7              33.7     2.0     36.9
MEAN             46.5              45.3     1.2     49.5
DAYS MAX >= 90      0               0.0     0.0        0
DAYS MAX <= 32      1               1.0     0.0        0
DAYS MIN <= 32     10              13.6    -3.6        8
DAYS MIN <= 0       0               0.0     0.0        0

PRECIPITATION (INCHES)
RECORD
 MAXIMUM         6.69   1926
 MINIMUM         0.00   1908
TOTALS           1.39              1.23    0.16     2.20
DAILY AVG.       0.04              0.04    0.00     0.07
DAYS >= .01         6               5.1     0.9        5
DAYS >= .10         3               2.5     0.5        4
DAYS >= .50         1               0.8     0.2        1
DAYS >= 1.00        0               0.2    -0.2        1
GREATEST
 24 HR. TOTAL    1.16   12/02 TO 12/03

SNOWFALL (INCHES)
RECORDS
 TOTAL            8.0   1898
TOTALS              T               1.1    -1.1      5.1
SINCE 7/1           T               1.8    -1.8      5.1
SNOWDEPTH AVG.      0                MM      MM        0
DAYS >= 1.0         0               0.4    -0.4        2
GREATEST
 SNOW DEPTH         0   MM                             5  12/28
 24 HR TOTAL        T   12/09 TO 12/09

DEGREE_DAYS
HEATING TOTAL     566               612     -46      476
 SINCE 7/1        757              1045    -288      819
COOLING TOTAL       0                 1      -1        0
 SINCE 1/1       2601              2409     192     2739
.................................................................

WIND (MPH)
AVERAGE WIND SPEED              10.1
HIGHEST WIND SPEED/DIRECTION    35/360    DATE  12/17
HIGHEST GUST SPEED/DIRECTION    46/160    DATE  12/25

SKY COVER
AVERAGE SKY COVER           0.40

AVERAGE RH (PERCENT)     65

WEATHER CONDITIONS. NUMBER OF DAYS WITH
THUNDERSTORM              0     MIXED PRECIP               0
HEAVY RAIN                1     RAIN                       1
LIGHT RAIN                7     FREEZING RAIN              0
LT FREEZING RAIN          0     HAIL                       0
HEAVY SNOW                0     SNOW                       0
LIGHT SNOW                2     SLEET                      0
FOG                      10     FOG W/VIS <= 1/4 MILE      1
HAZE                      7

-  INDICATES NEGATIVE NUMBERS.
R  INDICATES RECORD WAS SET OR TIED.
MM INDICATES DATA IS MISSING.
T  INDICATES TRACE AMOUNT.

$$
