504
CXUS54 KSJT 011530
CLMABI


CLIMATE REPORT
NATIONAL WEATHER SERVICE SAN ANGELO TX
922 AM CST WED FEB 1 2017

...................................

...THE ABILENE CLIMATE SUMMARY FOR THE MONTH OF JANUARY 2017...

CLIMATE NORMAL PERIOD 1981 TO 2010
CLIMATE RECORD PERIOD 1886 TO 2017

WEATHER         OBSERVED          NORMAL  DEPART  LAST YEAR`S
                 VALUE   DATE(S)  VALUE   FROM    VALUE  DATE(S)
                                          NORMAL
................................................................
TEMPERATURE (F)
RECORD
 HIGH              90   01/31/1911
 LOW               -9   01/04/1947
HIGHEST            81   01/11        MM      MM       80  01/30
LOWEST              9   01/07        MM      MM       22  01/10
AVG. MAXIMUM     59.1              56.8     2.3     57.7
AVG. MINIMUM     35.4              33.0     2.4     33.8
MEAN             47.2              44.9     2.3     45.8
DAYS MAX >= 90      0               0.0     0.0        0
DAYS MAX <= 32      1               1.1    -0.1        0
DAYS MIN <= 32     12              14.9    -2.9       15
DAYS MIN <= 0       0               0.0     0.0        0

PRECIPITATION (INCHES)
RECORD
 MAXIMUM         4.35   1968
 MINIMUM            T   2014
                        1967
TOTALS           1.93              1.02    0.91     0.04
DAILY AVG.       0.06              0.03    0.03     0.00
DAYS >= .01         5               4.7     0.3        1
DAYS >= .10         4               2.2     1.8        0
DAYS >= .50         1               0.6     0.4        0
DAYS >= 1.00        1               0.1     0.9        0
GREATEST
 24 HR. TOTAL    1.00   01/15 TO 01/15

SNOWFALL (INCHES)
RECORDS
 TOTAL           13.5   1973
TOTALS              TR              1.5    -1.5        T
SINCE 7/1           T               3.3    -3.3      5.1
SNOWDEPTH AVG.      0                MM      MM        0
DAYS >= 1.0         0               0.4    -0.4        0
GREATEST
 SNOW DEPTH         0   MM                             0  MM
 24 HR TOTAL        T   01/06

DEGREE_DAYS
HEATING TOTAL     548               624     -76      588
 SINCE 7/1       1305              1669    -364     1407
COOLING TOTAL       3                 1       2        0
 SINCE 1/1          3                 0       3        0
.................................................................

WIND (MPH)
AVERAGE WIND SPEED              10.5
HIGHEST WIND SPEED/DIRECTION    39/310    DATE  01/15
HIGHEST GUST SPEED/DIRECTION    49/290    DATE  01/22

SKY COVER
AVERAGE SKY COVER           0.20

AVERAGE RH (PERCENT)     59

WEATHER CONDITIONS. NUMBER OF DAYS WITH
THUNDERSTORM              1     MIXED PRECIP               0
HEAVY RAIN                1     RAIN                       3
LIGHT RAIN                5     FREEZING RAIN              0
LT FREEZING RAIN          0     HAIL                       0
HEAVY SNOW                0     SNOW                       0
LIGHT SNOW                1     SLEET                      0
FOG                       7     FOG W/VIS <= 1/4 MILE      3
HAZE                      5

-  INDICATES NEGATIVE NUMBERS.
R  INDICATES RECORD WAS SET OR TIED.
MM INDICATES DATA IS MISSING.
T  INDICATES TRACE AMOUNT.

$$
