000
CXUS54 KSJT 012056
CLMABI


CLIMATE REPORT
NATIONAL WEATHER SERVICE SAN ANGELO TX
355 PM CDT SAT AUG 1 2015

...................................

...THE ABILENE CLIMATE SUMMARY FOR THE MONTH OF JULY 2015...

CLIMATE NORMAL PERIOD 1981 TO 2010
CLIMATE RECORD PERIOD 1886 TO 2015

WEATHER         OBSERVED          NORMAL  DEPART  LAST YEAR`S
                 VALUE   DATE(S)  VALUE   FROM    VALUE  DATE(S)
                                          NORMAL
................................................................
TEMPERATURE (F)
RECORD
 HIGH             110   07/17/1978
                        07/18/1886
 LOW               54   07/31/1911
HIGHEST           102   07/31        MM      MM      101  07/27
                                                          07/14
LOWEST             67   07/08        MM      MM       65  07/19
AVG. MAXIMUM     94.9              94.2     0.7     94.4
AVG. MINIMUM     73.6              72.0     1.6     72.5
MEAN             84.3              83.1     1.2     83.5
DAYS MAX >= 90     28              25.1     2.9       27
DAYS MAX <= 32      0               0.0     0.0        0
DAYS MIN <= 32      0               0.0     0.0        0
DAYS MIN <= 0       0               0.0     0.0        0

PRECIPITATION (INCHES)
RECORD
 MAXIMUM         8.30   2015
 MINIMUM            T   2011
                        1970
                        1946
TOTALS           8.30              1.87    6.43     2.46
DAILY AVG.       0.27              0.06    0.21     0.08
DAYS >= .01         2               5.1    -3.1        5
DAYS >= .10         1               3.3    -2.3        3
DAYS >= .50         1               1.0     0.0        1
DAYS >= 1.00        1               0.4     0.6        1
GREATEST
 24 HR. TOTAL    8.26   07/07 TO 07/07

SNOWFALL (INCHES)
RECORDS
 TOTAL             MM   5
TOTALS            0.0               0.0     0.0      0.0
SINCE 7/1         0.0               0.0     0.0      0.0
SNOWDEPTH AVG.      0                MM      MM        0
DAYS >= 1.0         0               0.0     0.0        0
GREATEST
 SNOW DEPTH         0   MM                             0  MM
 24 HR TOTAL      0.0   07/31 TO 07/31

DEGREE_DAYS
HEATING TOTAL       0                 0       0        0
 SINCE 7/1          0                 0       0        0
COOLING TOTAL     606               561      45      581
 SINCE 1/1       1461              1393      68     1562
.................................................................

WIND (MPH)
AVERAGE WIND SPEED              10.6
HIGHEST WIND SPEED/DIRECTION    29/080    DATE  07/31
HIGHEST GUST SPEED/DIRECTION    40/080    DATE  07/31

SKY COVER
AVERAGE SKY COVER           0.10

AVERAGE RH (PERCENT)     59

WEATHER CONDITIONS. NUMBER OF DAYS WITH
THUNDERSTORM              0     MIXED PRECIP               0
HEAVY RAIN                1     RAIN                       2
LIGHT RAIN                1     FREEZING RAIN              0
LT FREEZING RAIN          0     HAIL                       0
HEAVY SNOW                0     SNOW                       0
LIGHT SNOW                0     SLEET                      0
FOG                       2     FOG W/VIS <= 1/4 MILE      0
HAZE                      1

-  INDICATES NEGATIVE NUMBERS.
R  INDICATES RECORD WAS SET OR TIED.
MM INDICATES DATA IS MISSING.
T  INDICATES TRACE AMOUNT.

$$
