743
CXUS54 KSJT 011434
CLMABI


CLIMATE REPORT
NATIONAL WEATHER SERVICE SAN ANGELO TX
931 AM CDT MON AUG 1 2016

...................................

...THE ABILENE CLIMATE SUMMARY FOR THE MONTH OF JULY 2016...

CLIMATE NORMAL PERIOD 1981 TO 2010
CLIMATE RECORD PERIOD 1886 TO 2016

WEATHER         OBSERVED          NORMAL  DEPART  LAST YEAR`S
                 VALUE   DATE(S)  VALUE   FROM    VALUE  DATE(S)
                                          NORMAL
................................................................
TEMPERATURE (F)
RECORD
 HIGH             110   07/17/1978
                        07/18/1886
 LOW               54   07/31/1911
HIGHEST           102   07/13        MM      MM      102  07/31
                        07/04
LOWEST             68   07/16        MM      MM       67  07/08
AVG. MAXIMUM     98.1              94.2     3.9     94.9
AVG. MINIMUM     75.1              72.0     3.1     73.6
MEAN             86.6              83.1     3.5     84.3
DAYS MAX >= 90     31              25.1     5.9       28
DAYS MAX <= 32      0               0.0     0.0        0
DAYS MIN <= 32      0               0.0     0.0        0
DAYS MIN <= 0       0               0.0     0.0        0

PRECIPITATION (INCHES)
RECORD
 MAXIMUM         8.30   2015
 MINIMUM            T   2011
                        1970
                        1946
TOTALS           0.64              1.87   -1.23     8.30
DAILY AVG.       0.02              0.06   -0.04     0.27
DAYS >= .01         7               5.1     1.9        2
DAYS >= .10         3               3.3    -0.3        1
DAYS >= .50         0               1.0    -1.0        1
DAYS >= 1.00        0               0.4    -0.4        1
GREATEST
 24 HR. TOTAL    0.20   07/09 TO 07/09
                        07/08 TO 07/09
                        07/09 TO 07/09

SNOWFALL (INCHES)
RECORDS
 TOTAL
TOTALS            0.0               0.0     0.0      0.0
SINCE 7/1         0.0               0.0     0.0      0.0
SNOWDEPTH AVG.      0                MM      MM        0
DAYS >= 1.0         0               0.0     0.0        0
GREATEST
 SNOW DEPTH         0   MM                             0  MM
 24 HR TOTAL      0.0   07/31 TO 07/31

DEGREE_DAYS
HEATING TOTAL       0                 0       0        0
 SINCE 7/1          0                 0       0        0
COOLING TOTAL     678               561     117      606
 SINCE 1/1       1440              1393      47     1461
.................................................................

WIND (MPH)
AVERAGE WIND SPEED              12.1
HIGHEST WIND SPEED/DIRECTION    38/340    DATE  07/16
HIGHEST GUST SPEED/DIRECTION    47/290    DATE  07/04

SKY COVER
AVERAGE SKY COVER           0.00

AVERAGE RH (PERCENT)     55

WEATHER CONDITIONS. NUMBER OF DAYS WITH
THUNDERSTORM              3     MIXED PRECIP               0
HEAVY RAIN                0     RAIN                       3
LIGHT RAIN                4     FREEZING RAIN              0
LT FREEZING RAIN          0     HAIL                       0
HEAVY SNOW                0     SNOW                       0
LIGHT SNOW                0     SLEET                      0
FOG                       2     FOG W/VIS <= 1/4 MILE      0
HAZE                      6

-  INDICATES NEGATIVE NUMBERS.
R  INDICATES RECORD WAS SET OR TIED.
MM INDICATES DATA IS MISSING.
T  INDICATES TRACE AMOUNT.

$$
