000
CXUS54 KSJT 011423
CLMABI


CLIMATE REPORT
NATIONAL WEATHER SERVICE SAN ANGELO TX
922 AM CDT FRI JUL 1 2016

...................................

...THE ABILENE CLIMATE SUMMARY FOR THE MONTH OF JUNE 2016...

CLIMATE NORMAL PERIOD 1981 TO 2010
CLIMATE RECORD PERIOD 1886 TO 2016

WEATHER         OBSERVED          NORMAL  DEPART  LAST YEAR`S
                 VALUE   DATE(S)  VALUE   FROM    VALUE  DATE(S)
                                          NORMAL
................................................................
TEMPERATURE (F)
RECORD
 HIGH             110   06/30/1907
 LOW               44   06/03/1919
HIGHEST            97   06/18        MM      MM       96  06/29
                        06/17                             06/10
LOWEST             59   06/06        MM      MM       63  06/01
AVG. MAXIMUM     90.1              90.5    -0.4     91.2
AVG. MINIMUM     69.6              68.5     1.1     69.4
MEAN             79.9              79.5     0.4     80.3
DAYS MAX >= 90     20              17.4     2.6       21
DAYS MAX <= 32      0               0.0     0.0        0
DAYS MIN <= 32      0               0.0     0.0        0
DAYS MIN <= 0       0               0.0     0.0        0

PRECIPITATION (INCHES)
RECORD
 MAXIMUM         9.60   1961
 MINIMUM            T   1994
                        1901
TOTALS           3.13              3.56   -0.43     3.62
DAILY AVG.       0.10              0.12   -0.02     0.12
DAYS >= .01         6               7.0    -1.0        7
DAYS >= .10         6               4.7     1.3        4
DAYS >= .50         3               2.6     0.4        2
DAYS >= 1.00        1               1.2    -0.2        2
GREATEST
 24 HR. TOTAL    1.36   06/02 TO 06/03

SNOWFALL (INCHES)
RECORDS
 TOTAL             MM   5
TOTALS            0.0               0.0     0.0      0.0
SINCE 7/1         5.1               4.7     0.4      3.7
SNOWDEPTH AVG.      0                MM      MM        0
DAYS >= 1.0         0               0.0     0.0        0
GREATEST
 SNOW DEPTH         0   MM                             0  MM
 24 HR TOTAL      0.0   MM

DEGREE_DAYS
HEATING TOTAL       0                 1      -1        0
 SINCE 7/1       2058              2559    -501     2478
COOLING TOTAL     453               435      18      466
 SINCE 1/1        762               832     -70      855
.................................................................

WIND (MPH)
AVERAGE WIND SPEED              9.2
HIGHEST WIND SPEED/DIRECTION    30/030    DATE  06/04
HIGHEST GUST SPEED/DIRECTION    43/040    DATE  06/04

SKY COVER
AVERAGE SKY COVER           0.20

AVERAGE RH (PERCENT)     67

WEATHER CONDITIONS. NUMBER OF DAYS WITH
THUNDERSTORM              0     MIXED PRECIP               0
HEAVY RAIN                2     RAIN                       3
LIGHT RAIN                5     FREEZING RAIN              0
LT FREEZING RAIN          0     HAIL                       0
HEAVY SNOW                0     SNOW                       0
LIGHT SNOW                0     SLEET                      0
FOG                      10     FOG W/VIS <= 1/4 MILE      0
HAZE                      2

-  INDICATES NEGATIVE NUMBERS.
R  INDICATES RECORD WAS SET OR TIED.
MM INDICATES DATA IS MISSING.
T  INDICATES TRACE AMOUNT.

$$
