000
CXUS55 KABQ 011538
CLMABQ


CLIMATE REPORT
NATIONAL WEATHER SERVICE ALBUQUERQUE NM
819 AM MST THU DEC 1 2016

...................................

...THE ALBUQUERQUE  NM CLIMATE SUMMARY FOR THE MONTH OF NOVEMBER 2016...

CLIMATE NORMAL PERIOD 1981 TO 2010
CLIMATE RECORD PERIOD 1891 TO 2016

WEATHER         OBSERVED          NORMAL  DEPART  LAST YEAR`S
                 VALUE   DATE(S)  VALUE   FROM    VALUE  DATE(S)
                                          NORMAL
................................................................
TEMPERATURE (F)
RECORD
 HIGH              77   11/06/1975
 LOW               -7   11/29/1976
HIGHEST            72   11/02        71       1       71  11/03
                                                          11/02
LOWEST             20   11/30        19       1       26  11/22
AVG. MAXIMUM     58.6              55.8     2.8     56.9
AVG. MINIMUM     38.1              34.1     4.0     34.4
MEAN             48.3              44.9     3.4     45.6
DAYS MAX >= 90      0               0.0     0.0        0
DAYS MAX <= 32      0               0.1    -0.1        0
DAYS MIN <= 32      7              11.3    -4.3       11
DAYS MIN <= 0       0               0.0     0.0        0

PRECIPITATION (INCHES)
RECORD
 MAXIMUM         1.93   1991
 MINIMUM         0.00   1949
                        1932
TOTALS           1.03              0.57    0.46     0.58
DAILY AVG.       0.03              0.02    0.01     0.02
DAYS >= .01         6               3.9     2.1        3
DAYS >= .10         3               1.7     1.3        3
DAYS >= .50         0               0.2    -0.2        0
DAYS >= 1.00        0               0.0     0.0        0
GREATEST
 24 HR. TOTAL    0.40   11/05 TO 11/05              0.35

SNOWFALL (INCHES)
RECORDS
 TOTAL            9.2   1940
TOTALS            0.1               1.0    -0.9        T
SINCE 7/1         0.1               1.3    -1.2        T
SNOWDEPTH AVG.      0                MM      MM        0
DAYS >= 1.0         0               0.4    -0.4        0
GREATEST
 SNOW DEPTH         0   MM                             0  MM
 24 HR TOTAL      0.1   MM                             T

DEGREE_DAYS
HEATING TOTAL     491               601    -110      572
 SINCE 7/1        577               867    -290      717
COOLING TOTAL       0                 0       0        0
 SINCE 1/1       1525              1322     203     1534
.................................................................

WIND (MPH)
AVERAGE WIND SPEED              7.8
HIGHEST WIND SPEED/DIRECTION    44/280    DATE  11/17
HIGHEST GUST SPEED/DIRECTION    56/280    DATE  11/17

SKY COVER
POSSIBLE SUNSHINE (PERCENT)   MM
AVERAGE SKY COVER           0.40
NUMBER OF DAYS FAIR           12
NUMBER OF DAYS PC             16
NUMBER OF DAYS CLOUDY          2

AVERAGE RH (PERCENT)     53

WEATHER CONDITIONS. NUMBER OF DAYS WITH
THUNDERSTORM              0     MIXED PRECIP               0
HEAVY RAIN                2     RAIN                       3
LIGHT RAIN                6     FREEZING RAIN              0
LT FREEZING RAIN          0     HAIL                       0
HEAVY SNOW                0     SNOW                       0
LIGHT SNOW                2     SLEET                      0
FOG                       5     FOG W/VIS <= 1/4 MILE      0
HAZE                      1

-  INDICATES NEGATIVE NUMBERS.
R  INDICATES RECORD WAS SET OR TIED.
MM INDICATES DATA IS MISSING.
T  INDICATES TRACE AMOUNT.

$$
---------------------------------------------------------------------------------------------
THE AVERAGE MAX TEMPERATURE AT THE ALBUQUERQUE SUNPORT FOR NOV WAS 58.6 DEGREES. THE AVERAGE
MINIMUM TEMPERATURE WAS FOR NOV WAS 38.1 DEGREES.

THE HIGHEST TEMPERATURE FOR THE MONTH WAS 72 DEGREES ON THE 2ND. THE LOWEST TEMPERATURE WAS
20 DEGREES ON THE 30TH.

TOTAL PRECIPITATION FOR NOV WAS 1.03IN WHICH WAS 0.46 IN ABOVE NORMAL. TOTAL SNOWFALL WAS
0.1 IN.

THE AVERAGE WINDSPEED WAS 7.8 MPH. THE PEAK WIND GUSTS FOR THE MONTH WAS 56 MPH FROM THE
WEST...AND OCCURED ON THE 17TH.

$$
