000
CXUS55 KABQ 092159 CCA
CLMABQ

ABQCLMABQ 000
TTAA00 KABQ 021144


CLIMATE REPORT NATIONAL WEATHER SERVICE ALBUQUERQUE NM...CORRECTED
300 PM MST THU FEB 10 2017

...................................

...THE ALBUQUERQUE  NM CLIMATE SUMMARY FOR THE MONTH OF JANUARY 2017...

CLIMATE NORMAL PERIOD 1981 TO 2010
CLIMATE RECORD PERIOD 1891 TO 2017

WEATHER         OBSERVED          NORMAL  DEPART  LAST YEAR`S
                 VALUE   DATE(S)  VALUE   FROM    VALUE  DATE(S)
                                          NORMAL
................................................................
TEMPERATURE (F)
RECORD
 HIGH              69   01/05/1994
                        01/31/1971
 LOW              -17   01/07/1971
HIGHEST            61   01/31        61       0       66  01/30
                        01/10
LOWEST             14   01/06        10       4       20  01/12
                                                          01/11
                                                          01/03
AVG. MAXIMUM     48.9              46.8     2.1     47.5
AVG. MINIMUM     29.4              26.1     3.3     26.1
MEAN             39.2              36.4     2.8     36.8
DAYS MAX >= 90      0               0.0     0.0        0
DAYS MAX <= 32      0               1.1    -1.1        0
DAYS MIN <= 32     19              25.8    -6.8       27
DAYS MIN <= 0       0               0.0     0.0        0

PRECIPITATION (INCHES)
RECORD
 MAXIMUM         1.38   2005
 MINIMUM         0.00   2014
                        1976
TOTALS           1.04              0.38    0.66     0.37
DAILY AVG.       0.03              0.01    0.02     0.01
DAYS >= .01         7               4.1     2.9        4
DAYS >= .10         2               1.5     0.5        1
DAYS >= .50         1               0.0     1.0        0
DAYS >= 1.00        0               0.0     0.0        0
GREATEST
 24 HR. TOTAL    0.66   01/15 TO 01/15              0.23

SNOWFALL (INCHES)
RECORDS
 TOTAL            9.5   1973
TOTALS            1.1               2.1    -1.0      2.2
SINCE 7/1         1.3               6.1    -4.8      9.4
SNOWDEPTH AVG.      0                MM      MM        0
DAYS >= 1.0         0               0.7    -0.7        0
GREATEST
 SNOW DEPTH         1   01/06                          1  01/09
                                                          01/05
 24 HR TOTAL      0.6   MM                           0.9

DEGREE_DAYS
HEATING TOTAL     795               885     -90      864
 SINCE 7/1       2163              2642    -479     2446
COOLING TOTAL       0                 0       0        0
 SINCE 1/1          0                 0       0        0
.................................................................

WIND (MPH)
AVERAGE WIND SPEED              7.7
HIGHEST WIND SPEED/DIRECTION    41/250    DATE  01/09
HIGHEST GUST SPEED/DIRECTION    52/250    DATE  01/09

SKY COVER
POSSIBLE SUNSHINE (PERCENT)   MM
AVERAGE SKY COVER           0.60
NUMBER OF DAYS FAIR            5
NUMBER OF DAYS PC             16
NUMBER OF DAYS CLOUDY         10

AVERAGE RH (PERCENT)     59

WEATHER CONDITIONS. NUMBER OF DAYS WITH
THUNDERSTORM              0     MIXED PRECIP               0
HEAVY RAIN                1     RAIN                       2
LIGHT RAIN               10     FREEZING RAIN              0
LT FREEZING RAIN          0     HAIL                       0
HEAVY SNOW                0     SNOW                       1
LIGHT SNOW                4     SLEET                      1
FOG                       8     FOG W/VIS <= 1/4 MILE      0
HAZE                      1

-  INDICATES NEGATIVE NUMBERS.
R  INDICATES RECORD WAS SET OR TIED.
MM INDICATES DATA IS MISSING.
T  INDICATES TRACE AMOUNT.

-----------------------------------------------------------------
THE AVERAGE MAXIMUM TEMPERATURE AT THE ALBUQUERQUE SUNPORT IN
JANUARY 2017 WAS 48.9 DEGREES WHICH IS 2.1 DEGREES ABOVE NORMAL.
THE AVERAGE MINIMUM TEMPERATURE FOR THE MONTH WAS 29.4 DEGREES
WHICH IS 3.3 DEGREES ABOVE NORMAL.

THE HIGHEST TEMPERATURE FOR THE MONTH WAS 61 DEGREES WHICH OCCURRED
ON THE 31ST. THE LOWEST TEMPERATURE FOR THE MONTH WAS 14 DEGREES
WHICH OCCURRED ON THE 6TH.

TOTAL PRECIPITATION FOR THE MONTH WAS 1.06 INCHES WHICH IS PLUS 0.66
INCHES ABOVE NORMAL. TOTAL SNOWFALL FOR THE MONTH WAS 1.1 INCHES
WHICH IS MINUS 1.0 INCH BELOW NORMAL.

AVERAGE WIND SPEED FOR THE MONTH WAS 7.0 MPH. THE PEAK WIND GUST FOR
THE MONTH WAS 52 MPH FROM THE WEST, WHICH OCCURRED ON THE 9TH.


$$
