000
CXUS55 KABQ 011128 CCA
CLMABQ

ABQCLMABQ 000
TTAA00 KABQ 011118


CLIMATE REPORT...UPDATED...
NATIONAL WEATHER SERVICE ALBUQUERQUE NM
515 AM MDT WED NOV 1 2017

...................................

...THE ALBUQUERQUE  NM CLIMATE SUMMARY FOR THE MONTH OF OCTOBER
2017...

CLIMATE NORMAL PERIOD 1981 TO 2010
CLIMATE RECORD PERIOD 1891 TO 2017

WEATHER         OBSERVED          NORMAL  DEPART  LAST YEAR`S
                 VALUE   DATE(S)  VALUE   FROM    VALUE  DATE(S)
                                          NORMAL
................................................................
TEMPERATURE (F)
RECORD
 HIGH              91   10/05/1979
 LOW               21   10/31/1991
HIGHEST            82   10/04        83      -1       85  10/17
                                                          10/15
LOWEST             36   10/10        30       6       44  10/21
                        09/9999                           10/05
                        09/9999
AVG. MAXIMUM     72.1              69.0     3.1     75.9
AVG. MINIMUM     46.8              46.1     0.7     50.2
MEAN             59.5              57.5     2.0     63.1
DAYS MAX >= 90      0               0.0     0.0        0
DAYS MAX <= 32      0               0.0     0.0        0
DAYS MIN <= 32      0               0.9    -0.9        0
DAYS MIN <= 0       0               0.0     0.0        0

PRECIPITATION (INCHES)
RECORD
 MAXIMUM         3.08   1972
 MINIMUM         0.00   1952
TOTALS           0.04              1.02   -0.98     0.74
DAILY AVG.       0.00              0.03   -0.03     0.02
DAYS >= .01         2               5.1    -3.1        3
DAYS >= .10         0               2.8    -2.8        2
DAYS >= .50         0               0.5    -0.5        0
DAYS >= 1.00        0               0.1    -0.1        0
GREATEST
 24 HR. TOTAL    0.02   10/01 TO 10/31              0.66

SNOWFALL (INCHES)
RECORDS
 TOTAL            3.2   1986
TOTALS            0.0               0.3    -0.3      0.0
SINCE 7/1         0.0               0.3    -0.3      0.0
SNOWDEPTH AVG.      0                MM      MM        0
DAYS >= 1.0         0               0.1    -0.1        0
GREATEST
 SNOW DEPTH         0   MM                             0  MM
 24 HR TOTAL      0.0   10/31 TO 10/31               0.0

DEGREE_DAYS
HEATING TOTAL     191               240     -49       72
 SINCE 7/1        212               266     -54       86
COOLING TOTAL      27                10      17       18
 SINCE 1/1       1557              1322     235     1525
.................................................................

WIND (MPH)
AVERAGE WIND SPEED              7.5
HIGHEST WIND SPEED/DIRECTION    36/080    DATE  10/30
HIGHEST GUST SPEED/DIRECTION    45/090    DATE  10/30

SKY COVER
POSSIBLE SUNSHINE (PERCENT)   MM
AVERAGE SKY COVER           0.30
NUMBER OF DAYS FAIR           20
NUMBER OF DAYS PC             10
NUMBER OF DAYS CLOUDY          1

AVERAGE RH (PERCENT)     43

WEATHER CONDITIONS. NUMBER OF DAYS WITH
THUNDERSTORM              0     MIXED PRECIP               0
HEAVY RAIN                0     RAIN                       0
LIGHT RAIN                4     FREEZING RAIN              0
LT FREEZING RAIN          0     HAIL                       0
HEAVY SNOW                0     SNOW                       0
LIGHT SNOW                0     SLEET                      0
FOG                       0     FOG W/VIS <= 1/4 MILE      0
HAZE                      1

-  INDICATES NEGATIVE NUMBERS.
R  INDICATES RECORD WAS SET OR TIED.
MM INDICATES DATA IS MISSING.
T  INDICATES TRACE AMOUNT.
_________________________________________________________________

THE AVERAGE MAXIMUM TEMPERATURE AT THE ALBUQUERQUE SUNPORT IN
OCTOBER 2017 WAS 72.1 DEGREES. THE AVERAGE MINIMUM TEMPERATURE
FOR THE MONTH WAS 46.8 DEGREES.

THE HIGHEST TEMPERATURE FOR THE MONTH WAS 82 DEGREES WHICH
OCCURRED ON THE 4TH. THE LOWEST TEMPERATURE FOR THE MONTH WAS 36
DEGREES WHICH OCCURRED ON THE 10TH.

TOTAL PRECIPITATION FOR THE MONTH OF OCTOBER 2017 WAS 0.04 INCHES
WHICH IS 0.98 INCHES BELOW NORMAL.

THE AVERAGE WIND SPEED FOR THE MONTH WAS 7.5 MILES PER HOUR.
THE PEAK WIND SPEED FOR THE MONTH WAS 36 MILES PER HOUR, FROM
THE EAST, WHICH OCCURRED ON THE 30TH.

$$
