000
CXUS53 KABR 011624
CLMABR


CLIMATE REPORT
NATIONAL WEATHER SERVICE ABERDEEN SD
1020 AM CST WED FEB 1 2017

...................................

...THE ABERDEEN SD CLIMATE SUMMARY FOR THE MONTH OF JANUARY 2017...

CLIMATE NORMAL PERIOD 1981 TO 2010
CLIMATE RECORD PERIOD 1893 TO 2017

WEATHER         OBSERVED          NORMAL  DEPART  LAST YEAR`S
                 VALUE   DATE(S)  VALUE   FROM    VALUE  DATE(S)
                                          NORMAL
................................................................
TEMPERATURE (F)
RECORD
 HIGH              63   01/05/2012
 LOW              -46   01/12/1912
HIGHEST            41   01/30        MM      MM       46  01/31
                                                          01/30
                                                          01/29
LOWEST            -19   01/13        MM      MM      -20  01/17
                        01/12
                        01/07
AVG. MAXIMUM     21.0              22.5    -1.5     26.4
AVG. MINIMUM      4.6               1.5     3.1      8.8
MEAN             12.8              12.0     0.8     17.6
DAYS MAX >= 90      0               0.0     0.0        0
DAYS MAX <= 32     23              22.6     0.4       23
DAYS MIN <= 32     31              30.9     0.1       30
DAYS MIN <= 0      15              13.8     1.2        7

PRECIPITATION (INCHES)
RECORD
 MAXIMUM         5.45   1897
 MINIMUM            T   1901
                        1900
                        1898
TOTALS           0.51              0.47    0.04     0.14
DAYS >= .01        10               5.8     4.2        7
DAYS >= .10         2               1.5     0.5        0
DAYS >= .50         0               0.0     0.0        0
DAYS >= 1.00        0               0.0     0.0        0

SNOWFALL (INCHES)
RECORDS
 TOTAL           26.2   1937
 SNOW DEPTH        30   01/18/1997
TOTALS           10.2               6.4     3.8      2.3
SINCE 7/1        26.2              21.0     5.2     17.4
SNOWDEPTH AVG.      4                 5      -1        3
DAYS >= TRACE      14               6.7     7.3       15
DAYS >= 1.0         3               1.8     1.2        1
GREATEST
 SNOW DEPTH         8   01/15                          4  01/27
                        01/14                             01/26
                        01/13                             01/25

DEGREE_DAYS
HEATING TOTAL    1611              1643     -32     1464
 SINCE 7/1       4558              5134    -576     4183
COOLING TOTAL       0                 0       0        0
 SINCE 1/1          0                 0       0        0

FREEZE DATES
RECORD
 EARLIEST     MM
 LATEST       MM
EARLIEST                        MM
LATEST                          MM
.................................................................

WIND (MPH)
AVERAGE WIND SPEED              10.1
RESULTANT WIND SPEED/DIRECTION   4/294
HIGHEST WIND SPEED/DIRECTION    41/310    DATE  01/30
HIGHEST GUST SPEED/DIRECTION    56/310    DATE  01/30

SKY COVER
POSSIBLE SUNSHINE (PERCENT)   MM
AVERAGE SKY COVER           0.50
NUMBER OF DAYS FAIR           14
NUMBER OF DAYS PC              8
NUMBER OF DAYS CLOUDY          9

AVERAGE RH (PERCENT)     77

WEATHER CONDITIONS. NUMBER OF DAYS WITH
THUNDERSTORM              0     MIXED PRECIP               0
HEAVY RAIN                0     RAIN                       0
LIGHT RAIN                0     FREEZING RAIN              0
LT FREEZING RAIN          0     HAIL                       0
HEAVY SNOW                2     SNOW                       2
LIGHT SNOW               14     SLEET                      0
FOG                      14     FOG W/VIS <= 1/4 MILE      4
HAZE                     12

-  INDICATES NEGATIVE NUMBERS.
R  INDICATES RECORD WAS SET OR TIED.
MM INDICATES DATA IS MISSING.
T  INDICATES TRACE AMOUNT.

$$
