000
CXUS53 KABR 011623
CLMABR


CLIMATE REPORT
NATIONAL WEATHER SERVICE ABERDEEN SD
1007 AM CST MON DEC 1 2014

...................................

...THE ABERDEEN SD CLIMATE SUMMARY FOR THE MONTH OF NOVEMBER 2014...

CLIMATE NORMAL PERIOD 1981 TO 2010
CLIMATE RECORD PERIOD 1893 TO 2014

WEATHER         OBSERVED          NORMAL  DEPART  LAST YEAR`S
                 VALUE   DATE(S)  VALUE   FROM    VALUE  DATE(S)
                                          NORMAL
................................................................
TEMPERATURE (F)
RECORD
 HIGH              79   11/05/1904
 LOW              -27   11/30/1964
HIGHEST            68   11/07        MM      MM       62  11/13
LOWEST            -17   11/14        MM      MM       -7  11/23
AVG. MAXIMUM     32.6              39.6    -7.0     40.9
AVG. MINIMUM     11.3              18.9    -7.6     13.3
MEAN             21.9              29.3    -7.4     27.1
DAYS MAX >= 90      0               0.0     0.0        0
DAYS MAX <= 32     18               8.7     9.3        6
DAYS MIN <= 32     26              27.6    -1.6       30
DAYS MIN <= 0       7               1.9     5.1        6

PRECIPITATION (INCHES)
RECORD
 MAXIMUM         6.92   1896
 MINIMUM            T   1999
TOTALS           0.64              0.73   -0.09     0.10
DAYS >= .01         8               6.8     1.2        2
DAYS >= .10         3               2.2     0.8        0
DAYS >= .50         0               0.3    -0.3        0
DAYS >= 1.00        0               0.0     0.0        0

SNOWFALL (INCHES)
RECORDS
 TOTAL           32.8   1896


 SNOW DEPTH        23   11/27/1993
TOTALS            8.1               7.0     1.1        T
SINCE 7/1         8.1               7.7     0.4      3.3
SNOWDEPTH AVG.      3                MM      MM        0
DAYS >= TRACE      13               4.7     8.3        5
DAYS >= 1.0         2               1.9     0.1        0
GREATEST
 SNOW DEPTH         6   11/16

DEGREE_DAYS
HEATING TOTAL    1284              1072     212     1131
 SINCE 7/1       2046              1963      83     1991
COOLING TOTAL       0                 0       0        0
 SINCE 1/1        342               525    -183      580

FREEZE DATES
RECORD
 EARLIEST     MM
 LATEST       MM
EARLIEST                        MM
LATEST                          MM
.................................................................

WIND (MPH)
AVERAGE WIND SPEED              13.1
RESULTANT WIND SPEED/DIRECTION   5/304
HIGHEST WIND SPEED/DIRECTION    43/330    DATE  11/07
HIGHEST GUST SPEED/DIRECTION    54/320    DATE  11/07

SKY COVER
POSSIBLE SUNSHINE (PERCENT)   MM
AVERAGE SKY COVER           0.50
NUMBER OF DAYS FAIR           11
NUMBER OF DAYS PC             10
NUMBER OF DAYS CLOUDY          9

AVERAGE RH (PERCENT)     70

WEATHER CONDITIONS. NUMBER OF DAYS WITH
THUNDERSTORM              0     MIXED PRECIP               0
HEAVY RAIN                0     RAIN                       0
LIGHT RAIN                4     FREEZING RAIN              0
LT FREEZING RAIN          0     HAIL                       0
HEAVY SNOW                0     SNOW                       3
LIGHT SNOW               13     SLEET                      0
FOG                       9     FOG W/VIS <= 1/4 MILE      1
HAZE                      9

-  INDICATES NEGATIVE NUMBERS.
R  INDICATES RECORD WAS SET OR TIED.
MM INDICATES DATA IS MISSING.
T  INDICATES TRACE AMOUNT.

$$
