000
CXUS53 KABR 011558
CLMABR


CLIMATE REPORT
NATIONAL WEATHER SERVICE ABERDEEN SD
1058 AM CDT WED JUL 1 2015

...................................

...THE ABERDEEN SD CLIMATE SUMMARY FOR THE MONTH OF JUNE 2015...

CLIMATE NORMAL PERIOD 1981 TO 2010
CLIMATE RECORD PERIOD 1893 TO 2015

WEATHER         OBSERVED          NORMAL  DEPART  LAST YEAR`S
                 VALUE   DATE(S)  VALUE   FROM    VALUE  DATE(S)
                                          NORMAL
................................................................
TEMPERATURE (F)
RECORD
 HIGH             112   06/28/1931
 LOW               28   06/07/1901
HIGHEST            98   06/09        MM      MM       87  06/21
LOWEST             48   06/12        MM      MM       37  06/13
AVG. MAXIMUM     81.6              77.4     4.2     76.0
AVG. MINIMUM     56.4              53.7     2.7     51.1
MEAN             69.0              65.6     3.4     63.5
DAYS MAX >= 90      3               1.7     1.3        0
DAYS MAX <= 32      0               0.0     0.0        0
DAYS MIN <= 32      0               0.0     0.0        0
DAYS MIN <= 0       0               0.0     0.0        0

PRECIPITATION (INCHES)
RECORD
 MAXIMUM        10.91   1925
 MINIMUM         0.07   1929
TOTALS           2.10              3.70   -1.60     3.31
DAYS >= .01        10              11.1    -1.1       15
DAYS >= .10         6               7.2    -1.2       11
DAYS >= .50         1               2.4    -1.4        2
DAYS >= 1.00        0               0.9    -0.9        0

SNOWFALL (INCHES)
RECORDS
 TOTAL             MM   MM
 SNOW DEPTH        MM   MM
TOTALS            0.0               0.0     0.0      0.0
SINCE 7/1        20.2              38.1   -17.9     32.7
SNOWDEPTH AVG.      0                MM      MM        0
DAYS >= TRACE       0               0.0     0.0        0
DAYS >= 1.0         0               0.0     0.0        0
GREATEST
 SNOW DEPTH         0   MM                             0  MM

DEGREE_DAYS
HEATING TOTAL      14                76     -62       83
 SINCE 7/1       8004              8534    -530     9524
COOLING TOTAL     139                92      47       46
 SINCE 1/1        153               115      38       88

FREEZE DATES
RECORD
 EARLIEST     MM
 LATEST       MM
EARLIEST      09/12             MM
LATEST        05/12             MM
.................................................................

WIND (MPH)
AVERAGE WIND SPEED              9.2
RESULTANT WIND SPEED/DIRECTION   1/019
HIGHEST WIND SPEED/DIRECTION    35/330    DATE  06/22
HIGHEST GUST SPEED/DIRECTION    64/270    DATE  06/21

SKY COVER
POSSIBLE SUNSHINE (PERCENT)   MM
AVERAGE SKY COVER           0.30
NUMBER OF DAYS FAIR           21
NUMBER OF DAYS PC              8
NUMBER OF DAYS CLOUDY          1

AVERAGE RH (PERCENT)     67

WEATHER CONDITIONS. NUMBER OF DAYS WITH
THUNDERSTORM              0     MIXED PRECIP               0
HEAVY RAIN                4     RAIN                       3
LIGHT RAIN               14     FREEZING RAIN              0
LT FREEZING RAIN          0     HAIL                       0
HEAVY SNOW                0     SNOW                       0
LIGHT SNOW                0     SLEET                      0
FOG                      16     FOG W/VIS <= 1/4 MILE      2
HAZE                      7

-  INDICATES NEGATIVE NUMBERS.
R  INDICATES RECORD WAS SET OR TIED.
MM INDICATES DATA IS MISSING.
T  INDICATES TRACE AMOUNT.

$$
