000
CXUS53 KABR 011730
CLMABR


CLIMATE REPORT
NATIONAL WEATHER SERVICE ABERDEEN SD
1126 AM CST WED MAR 1 2017

...................................

...THE ABERDEEN SD CLIMATE SUMMARY FOR THE MONTH OF FEBRUARY 2017...

CLIMATE NORMAL PERIOD 1981 TO 2010
CLIMATE RECORD PERIOD 1893 TO 2017

WEATHER         OBSERVED          NORMAL  DEPART  LAST YEAR`S
                 VALUE   DATE(S)  VALUE   FROM    VALUE  DATE(S)
                                          NORMAL
................................................................
TEMPERATURE (F)
RECORD
 HIGH              70   02/25/1958
 LOW              -45   02/09/1994
HIGHEST            64   02/21        29      35       68  02/27
LOWEST             -5   02/09        MM      MM       -1  02/13
                        02/08                             02/12
AVG. MAXIMUM     36.5              27.9     8.6     37.1
AVG. MINIMUM     17.5               7.2    10.3     19.6
MEAN             27.0              17.6     9.4     28.3
DAYS MAX >= 90      0               0.0     0.0        0
DAYS MAX <= 32     11              16.1    -5.1        7
DAYS MIN <= 32     27              27.4    -0.4       27
DAYS MIN <= 0       4               9.3    -5.3        2

PRECIPITATION (INCHES)
RECORD
 MAXIMUM         3.80   1915
 MINIMUM            T   1932
TOTALS           0.17              0.55   -0.38     0.55
DAYS >= .01         6               6.3    -0.3       12
DAYS >= .10         0               2.0    -2.0        2
DAYS >= .50         0               0.1    -0.1        0
DAYS >= 1.00        0               0.0     0.0        0

SNOWFALL (INCHES)
RECORDS
 TOTAL           38.5   1915
 SNOW DEPTH        25   02/26/2001
                        02/28/1969
TOTALS            1.1               6.8    -5.7      8.5
SINCE 7/1        27.3              27.8    -0.5     25.9
SNOWDEPTH AVG.      0                 5      -5        1
DAYS >= TRACE       8               6.0     2.0       16
DAYS >= 1.0         0               2.2    -2.2        1
GREATEST
 SNOW DEPTH         1   02/10                          6  02/14
                        02/09
                        02/08

DEGREE_DAYS
HEATING TOTAL    1057              1329    -272     1054
 SINCE 7/1       5615              6463    -848     5237
COOLING TOTAL       0                 0       0        0
 SINCE 1/1          0                 0       0        0

FREEZE DATES
RECORD
 EARLIEST     MM
 LATEST       MM
EARLIEST                        MM
LATEST                          MM
.................................................................

WIND (MPH)
AVERAGE WIND SPEED              11.3
RESULTANT WIND SPEED/DIRECTION   3/311
HIGHEST WIND SPEED/DIRECTION    31/320    DATE  02/11
HIGHEST GUST SPEED/DIRECTION    38/310    DATE  02/17

SKY COVER
POSSIBLE SUNSHINE (PERCENT)   MM
AVERAGE SKY COVER           0.30
NUMBER OF DAYS FAIR           17
NUMBER OF DAYS PC             10
NUMBER OF DAYS CLOUDY          1

AVERAGE RH (PERCENT)     71

WEATHER CONDITIONS. NUMBER OF DAYS WITH
THUNDERSTORM              0     MIXED PRECIP               0
HEAVY RAIN                0     RAIN                       1
LIGHT RAIN                2     FREEZING RAIN              0
LT FREEZING RAIN          0     HAIL                       0
HEAVY SNOW                0     SNOW                       1
LIGHT SNOW                9     SLEET                      0
FOG                      11     FOG W/VIS <= 1/4 MILE      0
HAZE                      5

-  INDICATES NEGATIVE NUMBERS.
R  INDICATES RECORD WAS SET OR TIED.
MM INDICATES DATA IS MISSING.
T  INDICATES TRACE AMOUNT.

$$
