000
CXUS54 KFWD 010834
CLMACT


CLIMATE REPORT
NATIONAL WEATHER SERVICE FORT WORTH TX
232 AM CST WED MAR 1 2017

...................................

...THE WACO CLIMATE SUMMARY FOR THE MONTH OF FEBRUARY 2017...

CLIMATE NORMAL PERIOD 1981 TO 2010
CLIMATE RECORD PERIOD 1901 TO 2017

WEATHER         OBSERVED          NORMAL  DEPART  LAST YEAR`S
                 VALUE   DATE(S)  VALUE   FROM    VALUE  DATE(S)
                                          NORMAL
................................................................
TEMPERATURE (F)
RECORD
 HIGH              96   02/22/1996
                        02/21/1996
 LOW                4   02/02/1985
HIGHEST            84   02/23        81       3       83  02/11
                        02/11
LOWEST             31   02/16        23       8       24  02/04
AVG. MAXIMUM     71.8              61.8    10.0     68.3
AVG. MINIMUM     48.6              39.8     8.8     40.3
MEAN             60.2              50.8     9.4     54.3
DAYS MAX >= 90      0               0.1    -0.1        0
DAYS MAX <= 32      0               0.3    -0.3        0
DAYS MAX >= 100     0                                  0
DAYS MIN <= 32      1               5.4    -4.4        7
DAYS MIN <= 0       0               0.0     0.0        0
DAYS MIN >= 80      0                                  0

PRECIPITATION (INCHES)
RECORD
 MAXIMUM         7.91   1997
 MINIMUM            T   1926
                        1916
TOTALS           3.05              2.63    0.42     2.16
DAILY AVG.       0.11              0.09    0.02     0.07
DAYS >= .01         2               6.8    -4.8        3
DAYS >= .10         2               4.1    -2.1        2
DAYS >= .50         2               1.7     0.3        2
DAYS >= 1.00        1               0.8     0.2        2
GREATEST
 24 HR. TOTAL    2.09   02/14 TO 02/14              1.07

SNOWFALL (INCHES)
RECORDS
 TOTAL           13.0   1924
 24 HR TOTAL     13.0   02/25/1924 TO 02/25/1924
TOTALS            0.0               0.4    -0.4      0.0
SINCE 7/1           T               0.8    -0.8      0.0
SNOWDEPTH AVG.      0                MM      MM        0
DAYS >= TRACE       0                                  0
DAYS >= 1.0         0               0.2    -0.2        0
GREATEST
 SNOW DEPTH         0   MM                             0  MM
 24 HR TOTAL      0.0   02/28 TO 02/28               0.0

DEGREE_DAYS
HEATING TOTAL     174               404    -230      312
 SINCE 7/1       1176              1812    -636     1477
COOLING TOTAL      49                 6      43        8
 SINCE 1/1         58                 9      49        8
.................................................................

WIND (MPH)
AVERAGE WIND SPEED              11.3
HIGHEST WIND SPEED/DIRECTION    31/270    DATE  02/20
HIGHEST GUST SPEED/DIRECTION    43/270    DATE  02/20

SKY COVER
POSSIBLE SUNSHINE (PERCENT)   MM
AVERAGE SKY COVER           0.40
NUMBER OF DAYS FAIR           15
NUMBER OF DAYS PC              5
NUMBER OF DAYS CLOUDY          8

AVERAGE RH (PERCENT)     69

WEATHER CONDITIONS. NUMBER OF DAYS WITH
THUNDERSTORM              3     MIXED PRECIP               0
HEAVY RAIN                2     RAIN                       2
LIGHT RAIN                6     FREEZING RAIN              0
LT FREEZING RAIN          0     HAIL                       0
HEAVY SNOW                0     SNOW                       0
LIGHT SNOW                0     SLEET                      0
FOG                      13     FOG W/VIS <= 1/4 MILE      1
HAZE                      5

-  INDICATES NEGATIVE NUMBERS.
R  INDICATES RECORD WAS SET OR TIED.
MM INDICATES DATA IS MISSING.
T  INDICATES TRACE AMOUNT.

$$
