000
CXUS54 KFWD 010956
CLMACT


CLIMATE REPORT
NATIONAL WEATHER SERVICE FORT WORTH TX
353 AM CST MON JAN 1 2018

...................................

...THE WACO CLIMATE SUMMARY FOR THE MONTH OF DECEMBER 2017...

CLIMATE NORMAL PERIOD 1981 TO 2010
CLIMATE RECORD PERIOD 1901 TO 2017

WEATHER         OBSERVED          NORMAL  DEPART  LAST YEAR`S
                 VALUE   DATE(S)  VALUE   FROM    VALUE  DATE(S)
                                          NORMAL
................................................................
TEMPERATURE (F)
RECORD
 HIGH              91   12/24/1955
 LOW               -4   12/23/1989
HIGHEST            83   12/04        78       5       84  12/26
LOWEST             20   12/08        22      -2       18  12/19
AVG. MAXIMUM     59.5              59.0     0.5     60.9
AVG. MINIMUM     36.8              37.5    -0.7     41.8
MEAN             48.1              48.3    -0.2     51.4
DAYS MAX >= 90      0               0.0     0.0        0
DAYS MAX <= 32      0               0.6    -0.6        0
DAYS MAX >= 100     0                                  0
DAYS MIN <= 32     12               9.6     2.4        8
DAYS MIN <= 0       0               0.0     0.0        0
DAYS MIN >= 80      0                                  0

PRECIPITATION (INCHES)
RECORD
 MAXIMUM        11.76   1913
 MINIMUM            T   1922
                        1917
                        1916
TOTALS           1.78              2.75   -0.97     1.27
DAILY AVG.       0.06              0.09   -0.03     0.04
DAYS >= .01         8               7.1     0.9        7
DAYS >= .10         3               4.0    -1.0        2
DAYS >= .50         1               1.6    -0.6        1
DAYS >= 1.00        0               0.7    -0.7        0
GREATEST
 24 HR. TOTAL    0.66   12/16 TO 12/16              0.85

SNOWFALL (INCHES)
RECORDS
 TOTAL           13.0   1929
 24 HR TOTAL     13.0   12/20/1929 TO 12/21/1929
TOTALS              T                 T     0.0        T
SINCE 7/1           T               0.1    -0.1        T
SNOWDEPTH AVG.      0                MM      MM        0
DAYS >= TRACE       3                                  1
DAYS >= 1.0         0               0.0     0.0        0
GREATEST
 SNOW DEPTH         0   MM                             0  MM
 24 HR TOTAL        T   12/31 TO 12/31                 T

DEGREE_DAYS
HEATING TOTAL     524               524       0      440
 SINCE 7/1        765               852     -87      583
COOLING TOTAL       9                 5       4       23
 SINCE 1/1       3065              2797     268     3064
.................................................................

WIND (MPH)
AVERAGE WIND SPEED              8.1
HIGHEST WIND SPEED/DIRECTION    31/340    DATE  12/24
HIGHEST GUST SPEED/DIRECTION    39/350    DATE  12/24

SKY COVER
POSSIBLE SUNSHINE (PERCENT)   MM
AVERAGE SKY COVER           0.50
NUMBER OF DAYS FAIR           15
NUMBER OF DAYS PC              4
NUMBER OF DAYS CLOUDY         12

AVERAGE RH (PERCENT)     70

WEATHER CONDITIONS. NUMBER OF DAYS WITH
THUNDERSTORM              2     MIXED PRECIP               0
HEAVY RAIN                3     RAIN                       4
LIGHT RAIN               11     FREEZING RAIN              0
LT FREEZING RAIN          1     HAIL                       0
HEAVY SNOW                0     SNOW                       0
LIGHT SNOW                2     SLEET                      1
FOG                      14     FOG W/VIS <= 1/4 MILE      4
HAZE                      3

-  INDICATES NEGATIVE NUMBERS.
R  INDICATES RECORD WAS SET OR TIED.
MM INDICATES DATA IS MISSING.
T  INDICATES TRACE AMOUNT.

$$
