000
CXUS54 KFWD 011203 CCA
CLMACT


CLIMATE REPORT...CORRECTED
NATIONAL WEATHER SERVICE FORT WORTH TX
703 AM CDT FRI JUL 1 2016

...................................

...THE WACO CLIMATE SUMMARY FOR THE MONTH OF JUNE 2016...

CLIMATE NORMAL PERIOD 1981 TO 2010
CLIMATE RECORD PERIOD 1901 TO 2016

WEATHER         OBSERVED          NORMAL  DEPART  LAST YEAR`S
                 VALUE   DATE(S)  VALUE   FROM    VALUE  DATE(S)
                                          NORMAL
................................................................
TEMPERATURE (F)
RECORD
 HIGH             109   06/27/1980
 LOW               52   06/01/1964
                        06/03/1919
HIGHEST            98   06/28        99      -1       97  06/10
LOWEST             64   06/07        61       3       60  06/01
AVG. MAXIMUM     92.8              91.7     1.1     91.9
AVG. MINIMUM     71.9              70.8     1.1     71.2
MEAN             82.4              81.2     1.2     81.6
DAYS MAX >= 90     25              20.2     4.8       24
DAYS MAX <= 32      0               0.0     0.0        0
DAYS MAX >= 100     0                                  0
DAYS MIN <= 32      0               0.0     0.0        0
DAYS MIN <= 0       0               0.0     0.0        0
DAYS MIN >= 80      0                                  0

PRECIPITATION (INCHES)
RECORD
 MAXIMUM        12.06   1961
 MINIMUM            T   1934
                        1933
TOTALS           4.59              3.43    1.16     5.97
DAILY AVG.       0.15              0.11    0.04     0.20
DAYS >= .01         5               7.5    -2.5        7
DAYS >= .10         3               5.3    -2.3        6
DAYS >= .50         2               2.1    -0.1        3
DAYS >= 1.00        1               1.1    -0.1        2
GREATEST
 24 HR. TOTAL    3.48   06/12 TO 06/12              2.82
                        06/11 TO 06/12

DEGREE_DAYS
HEATING TOTAL       0                 0       0        0
 SINCE 7/1       1691              2142    -451     2306
COOLING TOTAL     529               488      41      504
 SINCE 1/1        920               940     -20      939
.................................................................

WIND (MPH)
AVERAGE WIND SPEED              8.6
HIGHEST WIND SPEED/DIRECTION    47/100    DATE  06/12
HIGHEST GUST SPEED/DIRECTION    73/120    DATE  06/12

SKY COVER
POSSIBLE SUNSHINE (PERCENT)   MM
AVERAGE SKY COVER           0.20
NUMBER OF DAYS FAIR           25
NUMBER OF DAYS PC              3
NUMBER OF DAYS CLOUDY          2

AVERAGE RH (PERCENT)     68

WEATHER CONDITIONS. NUMBER OF DAYS WITH
THUNDERSTORM              6     MIXED PRECIP               0
HEAVY RAIN                4     RAIN                       4
LIGHT RAIN                6     FREEZING RAIN              0
LT FREEZING RAIN          0     HAIL                       0
HEAVY SNOW                0     SNOW                       0
LIGHT SNOW                0     SLEET                      0
FOG                       8     FOG W/VIS <= 1/4 MILE      1
HAZE                      5

-  INDICATES NEGATIVE NUMBERS.
R  INDICATES RECORD WAS SET OR TIED.
MM INDICATES DATA IS MISSING.
T  INDICATES TRACE AMOUNT.

$$
