000
CXUS54 KFWD 010840
CLMACT


CLIMATE REPORT
NATIONAL WEATHER SERVICE FORT WORTH TX
336 AM CDT TUE AUG 1 2017

...................................

...THE WACO CLIMATE SUMMARY FOR THE MONTH OF JULY 2017...

CLIMATE NORMAL PERIOD 1981 TO 2010
CLIMATE RECORD PERIOD 1901 TO 2017

WEATHER         OBSERVED          NORMAL  DEPART  LAST YEAR`S
                 VALUE   DATE(S)  VALUE   FROM    VALUE  DATE(S)
                                          NORMAL
................................................................
TEMPERATURE (F)
RECORD
 HIGH             109   07/12/1998
 LOW               58   07/03/2013
HIGHEST           106   07/29       102       4      103  07/25
LOWEST             69   07/31        68       1       71  07/01
                        07/01
AVG. MAXIMUM     97.4              96.3     1.1     98.4
AVG. MINIMUM     74.8              74.1     0.7     76.5
MEAN             86.1              85.2     0.9     87.4
DAYS MAX >= 90     31              28.1     2.9       31
DAYS MAX <= 32      0               0.0     0.0        0
DAYS MAX >= 100     9                                  7
DAYS MIN <= 32      0               0.0     0.0        0
DAYS MIN <= 0       0               0.0     0.0        0
DAYS MIN >= 80      0                                  1

PRECIPITATION (INCHES)
RECORD
 MAXIMUM         8.95   1902
 MINIMUM         0.00   2015
                        1993
                        1930
TOTALS           2.09              1.79    0.30     0.14
DAILY AVG.       0.07              0.06    0.01     0.00
DAYS >= .01         6               5.3     0.7        2
DAYS >= .10         2               2.9    -0.9        0
DAYS >= .50         2               1.1     0.9        0
DAYS >= 1.00        1               0.5     0.5        0
GREATEST
 24 HR. TOTAL    1.25   07/04 TO 07/04              0.08

DEGREE_DAYS
HEATING TOTAL       0                 0       0        0
 SINCE 7/1          0                 0       0        0
COOLING TOTAL     661               626      35      704
 SINCE 1/1       1747              1566     181     1624
.................................................................

WIND (MPH)
AVERAGE WIND SPEED              8.8
HIGHEST WIND SPEED/DIRECTION    30/200    DATE  07/09
HIGHEST GUST SPEED/DIRECTION    49/200    DATE  07/09

SKY COVER
POSSIBLE SUNSHINE (PERCENT)   MM
AVERAGE SKY COVER           0.10
NUMBER OF DAYS FAIR           30
NUMBER OF DAYS PC              1
NUMBER OF DAYS CLOUDY          0

AVERAGE RH (PERCENT)     65

WEATHER CONDITIONS. NUMBER OF DAYS WITH
THUNDERSTORM              8     MIXED PRECIP               0
HEAVY RAIN                3     RAIN                       4
LIGHT RAIN                7     FREEZING RAIN              0
LT FREEZING RAIN          0     HAIL                       0
HEAVY SNOW                0     SNOW                       0
LIGHT SNOW                0     SLEET                      0
FOG                       6     FOG W/VIS <= 1/4 MILE      0
HAZE                      2

-  INDICATES NEGATIVE NUMBERS.
R  INDICATES RECORD WAS SET OR TIED.
MM INDICATES DATA IS MISSING.
T  INDICATES TRACE AMOUNT.

$$
