000
CXUS54 KFWD 010837
CLMACT


CLIMATE REPORT
NATIONAL WEATHER SERVICE FORT WORTH TX
234 AM CST MON FEB 1 2016

...................................

...THE WACO CLIMATE SUMMARY FOR THE MONTH OF JANUARY 2016...

CLIMATE NORMAL PERIOD 1981 TO 2010
CLIMATE RECORD PERIOD 1901 TO 2016

WEATHER         OBSERVED          NORMAL  DEPART  LAST YEAR`S
                 VALUE   DATE(S)  VALUE   FROM    VALUE  DATE(S)
                                          NORMAL
................................................................
TEMPERATURE (F)
RECORD
 HIGH              90   01/23/1943
                        01/30/1911
 LOW               -5   01/31/1949
HIGHEST            82   01/31        78       4       80  01/28
LOWEST             24   01/23        19       5       18  01/08
AVG. MAXIMUM     59.3              58.2     1.1     55.5
AVG. MINIMUM     35.2              36.1    -0.9     33.4
MEAN             47.2              47.2     0.0     44.4
DAYS MAX >= 90      0               0.0     0.0        0
DAYS MAX <= 32      0               0.4    -0.4        0
DAYS MAX >= 100     0                                  0
DAYS MIN <= 32     12              11.3     0.7       13
DAYS MIN <= 0       0               0.0     0.0        0
DAYS MIN >= 80      0                                  0

PRECIPITATION (INCHES)
RECORD
 MAXIMUM         6.56   1932
 MINIMUM         0.00   1912
TOTALS           0.29              2.12   -1.83     3.48
DAILY AVG.       0.01              0.07   -0.06     0.11
DAYS >= .01         2               7.1    -5.1       10
DAYS >= .10         1               4.1    -3.1        8
DAYS >= .50         0               1.4    -1.4        1
DAYS >= 1.00        0               0.4    -0.4        1
GREATEST
 24 HR. TOTAL    0.22   01/06 TO 01/06              1.54

SNOWFALL (INCHES)
RECORDS
 TOTAL            8.0   1926
 24 HR TOTAL      8.0   01/24/1926 TO 01/24/1926
TOTALS            0.0               0.3    -0.3        T
SINCE 7/1         0.0               0.4    -0.4        T
SNOWDEPTH AVG.      0                MM      MM        0
DAYS >= TRACE       0                                  1
DAYS >= 1.0         0               0.0     0.0        0
GREATEST
 SNOW DEPTH         0   MM                             0  MM
 24 HR TOTAL      0.0                                  T

DEGREE_DAYS
HEATING TOTAL     546               556     -10      630
 SINCE 7/1       1165              1408    -243     1444
COOLING TOTAL       0                 3      -3        0
 SINCE 1/1          0                 0       0        0
.................................................................

WIND (MPH)
AVERAGE WIND SPEED              8.7
HIGHEST WIND SPEED/DIRECTION    30/320    DATE  01/21
HIGHEST GUST SPEED/DIRECTION    39/340    DATE  01/21

SKY COVER
POSSIBLE SUNSHINE (PERCENT)   MM
AVERAGE SKY COVER           0.30
NUMBER OF DAYS FAIR           21
NUMBER OF DAYS PC              5
NUMBER OF DAYS CLOUDY          5

AVERAGE RH (PERCENT)     66

WEATHER CONDITIONS. NUMBER OF DAYS WITH
THUNDERSTORM              1     MIXED PRECIP               0
HEAVY RAIN                2     RAIN                       1
LIGHT RAIN                3     FREEZING RAIN              0
LT FREEZING RAIN          0     HAIL                       0
HEAVY SNOW                0     SNOW                       0
LIGHT SNOW                0     SLEET                      0
FOG                       7     FOG W/VIS <= 1/4 MILE      3
HAZE                      5

-  INDICATES NEGATIVE NUMBERS.
R  INDICATES RECORD WAS SET OR TIED.
MM INDICATES DATA IS MISSING.
T  INDICATES TRACE AMOUNT.

$$
